-- Table structure for table `detregistro`
--

CREATE TABLE `detregistro` (
  `dreg_numero` int(9) NOT NULL,
  `dreg_codcta` varchar(25) NOT NULL,
  `dreg_vlrtot` double(15,2) DEFAULT NULL,
  PRIMARY KEY (`dreg_numero`,`dreg_codcta`),
  KEY `dreg_numero` (`dreg_numero`),
  KEY `dreg_codcta` (`dreg_codcta`)
) ENGINE=MyISAM DEFAULT CHARSET=latin1;

--
-- Dumping data for table `detregistro`
--


--
-- Table structure for table `detregistroc`
--

CREATE TABLE `detregistroc` (
  `dreg_numero` int(9) NOT NULL,
  `dreg_codcta` varchar(25) NOT NULL,
  `dreg_codcen` int(6) NOT NULL,
  `dreg_vlrtot` double(15,2) DEFAULT NULL,
  PRIMARY KEY (`dreg_numero`,`dreg_codcta`,`dreg_codcen`),
  KEY `dreg_numero` (`dreg_numero`),
  KEY `dreg_codcen` (`dreg_codcen`)
) ENGINE=MyISAM DEFAULT CHARSET=latin1;

--
-- Dumping data for table `detregistroc`
--


--
-- Table structure for table `detregistroct`
--

CREATE TABLE `detregistroct` (
  `dregt_numero` int(9) NOT NULL,
  `dregt_codcta` varchar(25) NOT NULL,
  `dregt_tipcta` varchar(5) NOT NULL DEFAULT '',
  PRIMARY KEY (`dregt_numero`,`dregt_codcta`,`dregt_tipcta`),
  KEY `dregt_numero` (`dregt_numero`)
) ENGINE=MyISAM DEFAULT CHARSET=latin1;

--
-- Dumping data for table `detregistroct`
--


--
-- Table structure for table `detregistrop`
--

CREATE TABLE `detregistrop` (
  `dregp_numero` int(9) NOT NULL,
  `dregp_codcta` varchar(25) NOT NULL,
  `dregp_vlrtot` double(15,2) DEFAULT NULL,
  `dregp_pagado` double(15,2) NOT NULL,
  PRIMARY KEY (`dregp_numero`,`dregp_codcta`),
  KEY `dregp_numero` (`dregp_numero`),
  KEY `dregp_codcta` (`dregp_codcta`)
) ENGINE=InnoDB DEFAULT CHARSET=latin1;

--
-- Dumping data for table `detregistrop`
--


--
-- Table structure for table `detreintegro`
--

CREATE TABLE `detreintegro` (
  `drei_numero` int(9) NOT NULL,
  `drei_codcta` varchar(25) NOT NULL,
  `drei_vlrtot` double(15,2) DEFAULT NULL,
  PRIMARY KEY (`drei_numero`,`drei_codcta`),
  KEY `drei_numero` (`drei_numero`),
  KEY `drei_codcta` (`drei_codcta`)
) ENGINE=MyISAM DEFAULT CHARSET=latin1;

--
-- Dumping data for table `detreintegro`
--


--
-- Table structure for table `detsalidas`
--

CREATE TABLE `detsalidas` (
  `ds_tipo_sa` int(1) NOT NULL,
  `ds_numero` int(9) NOT NULL,
  `ds_codcon` int(4) NOT NULL,
  `ds_cantid` double(15,2) DEFAULT NULL,
  `ds_vlruni` double(15,2) DEFAULT NULL,
  `ds_vlriva` double(15,2) DEFAULT NULL,
  `ds_vlrtot` double(15,2) DEFAULT NULL,
  PRIMARY KEY (`ds_tipo_sa`,`ds_numero`,`ds_codcon`),
  KEY `ds_codcon` (`ds_codcon`)
) ENGINE=MyISAM DEFAULT CHARSET=latin1;

--
-- Dumping data for table `detsalidas`
--


--
-- Table structure for table `detsalidasdev`
--

CREATE TABLE `detsalidasdev` (
  `ds_tipo_sa` int(1) NOT NULL,
  `ds_numero` int(9) NOT NULL,
  `ds_codcon` int(4) NOT NULL,
  `ds_codigo` int(11) NOT NULL,
  `ds_cantid` float(9,2) DEFAULT NULL,
  `ds_vlruni` int(9) DEFAULT NULL,
  `ds_vlriva` int(9) DEFAULT NULL,
  `ds_vlrtot` int(9) DEFAULT NULL,
  PRIMARY KEY (`ds_tipo_sa`,`ds_numero`,`ds_codcon`,`ds_codigo`),
  KEY `ds_codcon` (`ds_codcon`)
) ENGINE=MyISAM DEFAULT CHARSET=latin1;

--
-- Dumping data for table `detsalidasdev`
--

INSERT INTO `detsalidasdev` (`ds_tipo_sa`, `ds_numero`, `ds_codcon`, `ds_codigo`, `ds_cantid`, `ds_vlruni`, `ds_vlriva`, `ds_vlrtot`) VALUES (2,2,858,0,10.00,700000,0,7000000),(2,2,859,0,3.00,845000,0,2535000),(2,3,776,776,1.00,5670000,0,5670000),(2,3,777,777,1.00,7517876,0,7517876),(2,4,1496,1496,1.00,229664,0,229664),(2,5,1496,1496,1.00,229664,0,229664),(2,6,1496,1496,1.00,229664,0,229664),(2,7,1496,1496,1.00,229664,0,229664),(2,8,1496,1496,1.00,229664,0,229664),(2,9,775,775,1.00,5044851,0,5044851),(2,9,1567,1567,1.00,10470250,0,10470250);

--
-- Table structure for table `detsolicitud`
--

CREATE TABLE `detsolicitud` (
  `ddis_numero` int(9) NOT NULL,
  `ddis_codcta` varchar(25) NOT NULL,
  `ddis_vlrtot` double(15,2) DEFAULT NULL,
  `ddis_regist` double(15,2) DEFAULT NULL,
  `ddis_girosp` double(15,2) DEFAULT NULL,
  `ddis_reinte` double(15,2) NOT NULL,
  `ddis_saldod` double(15,2) DEFAULT NULL,
  `ddis_vlrfut` double(15,2) NOT NULL,
  `ddis_ejefut` double(15,2) NOT NULL,
  PRIMARY KEY (`ddis_numero`,`ddis_codcta`),
  KEY `ddis_numero` (`ddis_numero`),
  KEY `ddis_codcta` (`ddis_codcta`)
) ENGINE=MyISAM DEFAULT CHARSET=latin1;

--
-- Dumping data for table `detsolicitud`
--


--
-- Table structure for table `dettraslado`
--

CREATE TABLE `dettraslado` (
  `dtra_numero` int(9) NOT NULL,
  `dtra_codcta` varchar(25) NOT NULL,
  `dtra_coddes` varchar(25) NOT NULL,
  `dtra_vlrtot` double(15,2) DEFAULT NULL,
  PRIMARY KEY (`dtra_numero`,`dtra_codcta`,`dtra_coddes`),
  KEY `dtra_numero` (`dtra_numero`),
  KEY `dtra_codcta` (`dtra_codcta`),
  KEY `dtra_coddes` (`dtra_codcta`),
  KEY `dettraslado_ibfk_3` (`dtra_coddes`)
) ENGINE=MyISAM DEFAULT CHARSET=latin1;

--
-- Dumping data for table `dettraslado`
--


--
-- Table structure for table `diariocol`
--

CREATE TABLE `diariocol` (
  `dco_tipcom` int(3) NOT NULL,
  `dco_codcta` char(4) NOT NULL DEFAULT '',
  `dco_nombre` char(50) DEFAULT NULL,
  `dco_descri` char(30) NOT NULL,
  `dco_debmes` float(10,2) DEFAULT NULL,
  `dco_cremes` float(10,2) DEFAULT NULL,
  PRIMARY KEY (`dco_tipcom`,`dco_codcta`)
) ENGINE=MyISAM DEFAULT CHARSET=latin1;

--
-- Dumping data for table `diariocol`
--

INSERT INTO `diariocol` (`dco_tipcom`, `dco_codcta`, `dco_nombre`, `dco_descri`, `dco_debmes`, `dco_cremes`) VALUES (129,'1906','Avances para vi?ticos y gastos de viaje','Avances',55000.00,0.00),(129,'1110','Cta Cte N 004-9  Energia','Avances',0.00,55000.00),(115,'4323','Recoleccion y Transporte','Notas Debito Facturacion',0.00,336077.34),(115,'4322','CMA Alcantarillado','Notas Debito Facturacion',0.00,623543.69),(115,'4321','CMA','Notas Debito Facturacion',0.00,1725943.00),(115,'4315','Consumo de Energia','Notas Debito Facturacion',0.00,14060421.00),(115,'2407','Alumbrado Publico','Notas Debito Facturacion',0.00,297531.00),(115,'1318','Consumo  de  Energia','Notas Debito Facturacion',19783236.00,2739719.00),(114,'4395','Consumo B?sico ENE','Notas Credito Facturacion',19949568.00,0.00),(114,'2407','Alumbrado Publico','Notas Credito Facturacion',941393.19,0.00),(114,'1318','Consumo  de  Energia','Notas Credito Facturacion',0.00,20890962.00),(113,'2511','Vacaciones','Comprobante de Egreso',3220800.00,0.00),(113,'2490','Servicios p?blicos','Comprobante de Egreso',15802026.00,0.00),(113,'2401','ADQUISICION DE BIENES Y SERVICIO','Comprobante de Egreso',75679720.00,0.00),(113,'1906','Avances y anticipos bienes y servicios','Comprobante de Egreso',0.00,3208800.00),(113,'1110','Cta Cte N 004-9  Energia','Comprobante de Egreso',0.00,91493752.00),(111,'7504','Servicios','Compras y Ctas x Pagar',1800000.00,0.00),(111,'7503','Bienestar Social','Compras y Ctas x Pagar',300000.00,0.00),(111,'7502','SERVICIOS PUBLICOS','Compras y Ctas x Pagar',14710996.00,0.00),(111,'7501','suministro y mantenimiento','Compras y Ctas x Pagar',1760000.00,0.00),(111,'5111','Honorarios','Compras y Ctas x Pagar',3000000.00,0.00),(111,'5108','Capacitaci?n, bienestar social y est?mulos','Compras y Ctas x Pagar',720000.00,0.00),(111,'2901','Convenio Bocatoma','Compras y Ctas x Pagar',100000000.00,0.00),(111,'2511','Capacitaci?n, bienestar social y est?mulos','Compras y Ctas x Pagar',0.00,3208800.00),(111,'2490','Servicios p?blicos','Compras y Ctas x Pagar',0.00,16617026.00),(111,'2436','Servicios Generales 6%','Compras y Ctas x Pagar',0.00,7957709.00),(111,'2407','Estampilla uniamazonia 0.5%','Compras y Ctas x Pagar',0.00,22163060.00),(111,'2401','ADQUISICION DE BIENES Y SERVICIO','Compras y Ctas x Pagar',695400.00,100000000.00),(111,'1384','Convenios por cobrar Alcaldia','Compras y Ctas x Pagar',73343904.00,0.00),(106,'1384','Cuentas por cobrar a terceros','Consignaciones',0.00,98110384.00),(106,'1110','Cta Cte N 002-3  Alcantarillado','Consignaciones',100000000.00,0.00),(106,'1105','Caja principal','Consignaciones',0.00,2176900.00),(101,'4323','Recoleccion y Transporte','Facturas Servicios Publicos',99794.91,91131056.00),(101,'4322','CMA Alcantarillado','Facturas Servicios Publicos',712.14,43622052.00),(101,'4321','CMA','Facturas Servicios Publicos',0.00,100000000.00),(101,'4315','Consumo de Energia','Facturas Servicios Publicos',0.00,100000000.00),(101,'2407','Alumbrado Publico','Facturas Servicios Publicos',0.00,41552428.00),(101,'1318','Consumo  de  Energia','Facturas Servicios Publicos',100000000.00,41628776.00);

--
-- Table structure for table `diasvaca_liq`
--

CREATE TABLE `diasvaca_liq` (
  `dv_periodo` int(7) NOT NULL DEFAULT '0',
  `dv_cedula` bigint(12) NOT NULL DEFAULT '0',
  `dv_pendientes` double(15,3) DEFAULT NULL,
  `dv_disfrutados` double(15,3) DEFAULT NULL,
  `dv_generados` double(15,3) NOT NULL,
  `dv_nuevos` double(15,3) NOT NULL,
  PRIMARY KEY (`dv_periodo`,`dv_cedula`)
) ENGINE=MyISAM DEFAULT CHARSET=latin1;

--
-- Dumping data for table `diasvaca_liq`
--


--
-- Table structure for table `disminucion`
--

CREATE TABLE `disminucion` (
  `dim_numero` int(9) NOT NULL,
  `dim_codres` char(12) NOT NULL,
  `dim_fecreg` date DEFAULT NULL,
  `dim_horreg` time NOT NULL DEFAULT '00:00:00',
  `dim_estado` char(1) NOT NULL,
  `dim_tippag` char(1) NOT NULL,
  `dim_vlrtot` double(15,2) DEFAULT NULL,
  `dim_detalle` text NOT NULL,
  `dim_feccre` date NOT NULL,
  `dim_anopre` int(4) NOT NULL,
  PRIMARY KEY (`dim_numero`)
) ENGINE=MyISAM DEFAULT CHARSET=latin1;

--
-- Dumping data for table `disminucion`
--


--
-- Table structure for table `disponibilidad`
--

CREATE TABLE `disponibilidad` (
  `dis_numero` int(9) NOT NULL,
  `dis_codcli` bigint(12) DEFAULT NULL,
  `dis_codres` char(12) NOT NULL,
  `dis_fecreg` date DEFAULT NULL,
  `dis_horreg` time NOT NULL DEFAULT '00:00:00',
  `dis_estado` char(1) NOT NULL,
  `dis_tippag` char(1) NOT NULL,
  `dis_vlrtot` double(15,2) DEFAULT NULL,
  `dis_regist` double(15,2) DEFAULT NULL,
  `dis_girosp` double(15,2) DEFAULT NULL,
  `dis_reinte` double(15,2) NOT NULL,
  `dis_saldod` double(15,2) DEFAULT NULL,
  `dis_detalle` text NOT NULL,
  `dis_feccre` date NOT NULL,
  `dis_vlrfut` double(15,2) NOT NULL,
  `dis_ejefut` double(15,2) NOT NULL,
  PRIMARY KEY (`dis_numero`),
  KEY `dis_codcli` (`dis_codcli`)
) ENGINE=MyISAM DEFAULT CHARSET=latin1;

--
-- Dumping data for table `disponibilidad`
--


--
-- Table structure for table `empleado_fir`
--

CREATE TABLE `empleado_fir` (
  `em_codemp` char(12) NOT NULL DEFAULT '',
  `em_nombre` char(60) NOT NULL DEFAULT '',
  `em_direcc` char(60) NOT NULL DEFAULT '',
  `em_telefo` char(10) NOT NULL DEFAULT '',
  `em_profes` char(60) NOT NULL DEFAULT '',
  PRIMARY KEY (`em_codemp`)
) ENGINE=MyISAM DEFAULT CHARSET=latin1;

--
-- Dumping data for table `empleado_fir`
--


--
-- Table structure for table `empleadonom`
--

CREATE TABLE `empleadonom` (
  `em_cedula` bigint(12) NOT NULL DEFAULT '0',
  `em_nombre` char(50) NOT NULL DEFAULT '',
  `em_direcc` char(50) NOT NULL DEFAULT '',
  `em_telefo` char(12) NOT NULL DEFAULT '',
  `em_estciv` char(1) NOT NULL,
  `em_numhij` int(3) DEFAULT NULL,
  `em_enteps` bigint(12) NOT NULL DEFAULT '0',
  `em_entarp` bigint(12) NOT NULL DEFAULT '0',
  `em_entpen` bigint(12) NOT NULL DEFAULT '0',
  `em_entcaj` bigint(12) NOT NULL DEFAULT '0',
  `em_ccosto` int(6) NOT NULL DEFAULT '0',
  `em_grupo` int(4) NOT NULL DEFAULT '0',
  `em_fecnac` date DEFAULT NULL,
  `em_fecing` date DEFAULT NULL,
  `em_salbas` double(9,2) DEFAULT NULL,
  `em_estado` char(2) NOT NULL,
  `em_nivest` char(1) DEFAULT NULL,
  `em_catlic` char(1) NOT NULL,
  `em_nrolic` char(25) NOT NULL,
  `em_tipcon` char(1) DEFAULT NULL,
  `em_tipoem` char(4) DEFAULT NULL,
  `em_riesgo` double(9,5) DEFAULT NULL,
  `em_cargo` char(4) NOT NULL DEFAULT '0',
  `em_sexo` char(1) DEFAULT NULL,
  `em_fecter` date DEFAULT NULL,
  `em_correo` varchar(70) NOT NULL,
  `em_nombres` varchar(60) NOT NULL,
  `em_apellidos` varchar(60) NOT NULL,
  `em_banco` varchar(60) NOT NULL,
  PRIMARY KEY (`em_cedula`),
  KEY `em_enteps` (`em_enteps`),
  KEY `em_entarp` (`em_entarp`),
  KEY `em_entpen` (`em_entpen`),
  KEY `em_ccosto` (`em_ccosto`),
  KEY `em_grupo` (`em_grupo`),
  KEY `em_entcaj` (`em_entcaj`),
  KEY `em_cargo` (`em_cargo`),
  KEY `em_tipoem` (`em_tipoem`)
) ENGINE=MyISAM DEFAULT CHARSET=latin1;

--
-- Dumping data for table `empleadonom`
--

INSERT INTO `empleadonom` (`em_cedula`, `em_nombre`, `em_direcc`, `em_telefo`, `em_estciv`, `em_numhij`, `em_enteps`, `em_entarp`, `em_entpen`, `em_entcaj`, `em_ccosto`, `em_grupo`, `em_fecnac`, `em_fecing`, `em_salbas`, `em_estado`, `em_nivest`, `em_catlic`, `em_nrolic`, `em_tipcon`, `em_tipoem`, `em_riesgo`, `em_cargo`, `em_sexo`, `em_fecter`, `em_correo`, `em_nombres`, `em_apellidos`, `em_banco`) VALUES (16187894,'JAMES DIAZ VALENCIA','CALLE 1 NRO 2 - 26 BARRIO EL CENTRO DE CARTAGENA D','3138103577','P',1,900156264,860011153,800227940,891190047,300000,202,'1980-12-24','2009-01-01',1449068.00,'A','B','','475143002207','I','2',2.43600,'26','F','0000-00-00','jd9954850@gmail,com','JAMES ','DIAZ VALENCIA','BANCO AGRARIO'),(79003112,'JAIME WILLIAM MARTINEZ CASTIBLANCO','BARRIO PRIMAVERA CARTAGENA DEL CHAIRA','3133394535','C',2,800251440,860011153,800227940,891190047,0,204,'1970-04-30','2022-01-03',3135000.00,'A','U','','18666122557','F','4',2.43600,'17','M','0000-00-00','','JAIME WILLIAM ','MARTINEZ CASTIBLANCO','BANCOLOMBIA'),(17709400,'NELSON DE JESUS MUNOZ CEBALLOS','CRA7 CALLE 9 -101 BARRIO CAMILO TORRES DE CARTAGEN','3208553044','C',2,901097473,860011153,900336004,891190047,0,201,'1964-08-26','1997-01-02',1449068.00,'A','P','','475142009127','I','1',2.43600,'21','M','0000-00-00','nelsonceballos1964@gmail,com','NELSON DE JESUS','MUÑOZ CEBALLOS','BANCO AGRARIO'),(1117549819,'KAREN ADRIANA CALDERON ARIZA','BARRIO CIUDADELA- CARTAGENA DEL CHAIRA','3228210771','S',0,900156264,860011153,800224808,891190047,0,102,'1988-02-06','2021-12-06',1619750.00,'A','U','','','F','5',2.43600,'14','F','0000-00-00','','KAREN ADRIANA ','CALDERON ARIZA',''),(16189593,'OIDEN LOZADA','BARRIO CENTRO CARTAGENA DEL CHAIRA','3175686075','S',1,805000427,860011153,900336004,891190047,0,101,'1982-01-01','2021-01-26',3135000.00,'A','U','','475142069251','F','5',0.52200,'2','M','0000-00-00','oiden_lozada@hotmail,com','OIDEN ','LOZADA ','BANCO AGRARIO'),(17652212,'NELSON AUGUSTO ROMERO','CRA 2 NRO 3A 24 BARRIO EL CENTRO DE CARTAGENA DEL','3214869432','U',2,900156264,860011153,800224808,891190047,0,203,'1970-03-27','2013-11-30',1449068.00,'A','P','','475142058446','I','3',2.43600,'22','M','0000-00-00','romeronelsonaugusto@gmail,com','NELSON AUGUSTO','ROMERO ','BANCO AGRARIO'),(11379809,'BENIGNO GAMEZ ROZO','CALLE 6 NRO3 51  BARRIO COMUNERO DE CARTAGENA DE C','3118626465','U',1,900156264,860011153,800224808,891190047,0,203,'1959-01-02','2012-06-29',1525335.00,'A','P','','475142058421','I','3',4.35000,'25','M','0000-00-00','benigamez59@gmail,com','BENIGNO ','GAMEZ ROZO','BANCO AGRARIO'),(1117975514,'JUAN DE JESÚS ESPAÑA IQUINA','CALLE 7 NRO.3-34  B/COMUNERO','3115030582','S',0,900935126,860011153,800224808,891190047,0,203,'1999-02-25','2021-06-07',1449068.00,'A','B','','84724497674','F','3',2.43600,'22','M','0000-00-00','espanaiquinajuandejesus@gmail,com','JUAN DE JESUS','ESPAÑA IQUINA','BANCOLOMBIA'),(96333592,'EFREN OSORIO GAONA','CALLE 2 NRO 12A -03 BARRIO BELLA VISTA DE CARTAGEN','3102230933','U',3,900156264,860011153,800224808,891190047,0,201,'1982-05-29','2013-11-30',1449068.00,'A','B','','475142058454','I','1',2.43600,'21','M','0000-00-00','efrenosorio143@gmail,con','EFREN ','OSORIO GAONA','BANCO AGRARIO'),(1676391,'LUIS HUMBERTO FLOREZ CABRERA','CALLE 4 NRO, 7-5 BARRIO COMUNERO DE CARTAGENA DEL','3154356116','U',0,900156264,860011153,800224808,891190047,0,202,'1972-11-15','2013-11-30',1449068.00,'A','P','','475142009208','I','2',2.43600,'26','M','0000-00-00','florezhumberto912@gmail,com','LUIS HUMBERTO','FLOREZ CABRERA','BANCO AGRARIO'),(17709143,'ESAUC JARA ROBAYO','CALLE 3B No.,15-30 BARRIO PRIMERO DE AGOSTO DE CAR','3163934807','U',2,901097473,860011153,900336004,891190047,0,201,'1972-11-24','1998-11-09',1449068.00,'A','B','','475142058160','I','1',2.43600,'21','M','0000-00-00','recursosh@emserpucar-esp,gov,co','ESAUC ','JARA ROBAYO','BANCO AGRARIO'),(18467702,'EDUIN ALEGRIA ROSERO','CRA 4 CALE 5 -38 BARRIO ANTIOQUIA CARTAGENA DELCHA','3219226149','P',1,900156264,860011153,900336004,891190047,0,204,'1976-02-26','2098-05-04',1449068.00,'A','B','','475142009161','I','4',4.35000,'18','M','0000-00-00','adrianaparrapolania,@gmail,com','EDUIN ','ALEGRIA ROSERO','BANCO AGRARIO'),(17710093,'CARLOS ALBERTO TOVAR BERGANO','CALLE 9 No.,11A-09 VILLAS DELCHAIRA CARTAGENA DELC','3123445851','P',4,900156264,860011153,800224808,891190047,0,204,'1974-11-30','2013-11-30',1449068.00,'A','P','','475142058403','I','4',4.35000,'18','M','0000-00-00','caltober123@gmail,com','CARLOS ALBERTO','TOVAR  VERGAÑO','BANCO AGRARIO'),(79201571,'RAFAEL CAMPOS CRUZ','CALLED 12A CON CRA 3 URBANIZACION 15 DE JUNIO DE C','3213701359','U',3,900156264,860011153,900336004,891190047,0,204,'1955-11-15','2009-01-01',2374060.00,'A','B','','475142009259','I','4',4.35000,'16','F','0000-00-00','rafitacc79@gmail,com','RAFAEL ','CAMPOS  CRUZ','BANCO AGRARIO'),(40625532,'MARIA CONSUELO NINCO VARGAS','CARRERA . NRO.3-34 BARRIO EL CENTRO CARTAGENA DEL','3144280414','U',2,900156264,860011153,800224808,891190047,0,102,'1968-11-20','2020-08-01',1541868.00,'A','B','','475142059809','F','5',0.52200,'15','F','0000-00-00','consueloninco26@hotmail,es','MARIA CONSUELO','NINCO VARGAS','BANCO AGRARIO'),(17710062,'JOHN JAIRO ORTIZ SANCHEZ','CALLE 10 CRA 11 BARRIO ANTIOQUIA DE CARTAGENA DEL','3214647379','C',7,900156264,860011153,800224808,891190047,0,201,'1975-12-16','2009-01-01',1449068.00,'A','P','','475142058411','I','1',2.43600,'20','M','0000-00-00','johnortizcart75@gmail,com','JOHN JAIRO','ORTIZ SANCHEZ','BANCO AGRARIO'),(1117963223,'LUZ ADRIANA ALVAREZ SANTANA','CALLE 11 N°3 BIS -43 B','3217153002','U',3,900935126,860011153,800227940,891190047,0,102,'1987-06-25','2021-10-12',1541868.00,'A','','','87049409583','F','5',0.52200,'15','F','0000-00-00','nanita,8720@gmail,com','LUZ ADRIANA','ALVAREZ SANTANA','NEQUI'),(12108861,'HUMBERTO CUENCA GUTIERREZ','BARRIO EL CENTRO CARTAGENA DEL CHAIRA CAQUETA','3203023394','S',0,900156264,860011153,0,891190047,0,101,'1954-09-25','2009-01-02',1211051.00,'A','P','','475143002185','I','5',0.52200,'11','M','0000-00-00','hcuencas786@gmail,com','HUMBERTO ','CUENCA ','BANCO AGRARIO'),(40626164,'ORFILIA BARRERO','CALLE 3 NRO,3- 49 BARRIO EL CENTRO CARTAGENA DL CH','3138520990','S',2,900156264,860011153,800224808,891190047,0,101,'1973-02-16','2009-01-02',1211051.00,'A','P','','475142058128','I','5',4.35000,'10','F','0000-00-00','barreroorfilia@gmail,com','ORFILIA ','BARRERO ','BANCO AGRARIO'),(66873421,'ADRIANA MAYORGA BETANCOURTH','VEREDA EL DIAMANTE/ BARRIO ALONSO GAI DE CARTAGENA','3187691687','C',3,900156264,860011153,800224808,891190047,300000,203,'1980-05-16','2012-01-16',1662408.00,'A','','','475143004218','I','3',2.43600,'24','F','0000-00-00','adriana-11mabe@hotmail,com','ADRIANA ','MAYORGA BETANCOURT','BANCO AGRARIO'),(1117508778,'GENNY KATHERINE POLANCO CEDIEL','CRA 7 No.,4-36 BARRIO ANTIOQUIA CARTAGENA DELCHAIR','3212576375','U',2,900156264,860011153,800224808,891190047,0,101,'1989-08-06','2012-01-10',1619750.00,'A','U','','475142023448','I','5',0.52200,'7','F','0000-00-00','katica_poce@hotmail,com','GENNY KATHERINE','POLANCO CEDIEL','BANCO AGRARIO'),(1117535344,'MAYERLY RAMIREZ  GALEANO','CRA 5 No.,13-53 BARRIO15 DE JUNIO CARTAGENA DEL CH','3135833864','U',1,900156264,860011153,800224808,891190047,0,101,'1995-05-16','2020-01-10',1619750.00,'A','U','','475142038811','F','5',0.52200,'9','F','0000-00-00','princessmaye_95@hotmail,com','MAYERLY ','RAMIREZ GALEANO','BANCO AGRARIO'),(41250731,'DEGNIS YILENA PEREZ JIMENEZ','PRIMAVERA NINO CARTAGENA DELCHAIRA CAQUETA','3108715677','S',2,800251440,860011153,800224808,891190047,0,101,'1975-06-05','2020-01-23',3890821.00,'A','U','','52255813994','I','5',2.43600,'1','F','0000-00-00','degnisyilenaperez@gmail,com','DEGNIS YILENA','PEREZ JIMENEZ','BANCOLOMBIA'),(1117543211,'PEDRO MARIN MARIN','CALLE 6 NRO.10-51 BARRIO ALONSO GAITAN- CARTAGENAD','3162361650','C',1,805000427,860011153,800224808,891190047,0,101,'1996-05-10','2021-01-04',3030500.00,'A','U','','46606114109','F','5',0.52200,'4','M','0000-00-00','pemarinmar@gmail,com','PEDRO ','MARIN MARIN','BANCOLOMBIA'),(17710656,'JHONNIER GARCIA RAMIREZ','CALLE 5A No.,7,-76 BARRIO ANTIOQUIA CARTAGENA DEL','3137736759','U',1,900156264,860011153,800224808,891190047,0,204,'1982-03-08','2013-11-30',1449068.00,'A','B','','475142023375','I','4',4.35000,'18','M','0000-00-00','jhonniergarcia652@gmail,com','JHONNIER ','GARCIA RAMIREZ','BANCO AGRARIO'),(40626007,'YOLANDA FAJARDO','CRA 3No.,4-53 BARRIO EL CENTRO DE CARTAGENA DEL CH','3103229942','C',3,900156264,860011153,800224808,891190047,0,101,'1972-06-20','2011-06-29',2156761.00,'A','','','475143001669','I','5',0.52200,'5','F','0000-00-00','yoly19722009@hotmail,com','YOLANDA ','FAJARDO ','BANCO AGRARIO'),(1109492696,'DEICY JAZMIN CASTANEDA IQUINA','CRA 8 No.,9-79 BARRIO CAMILO TORRES CARTAGENA DEL','3144479137','U',1,900156264,860011153,800224808,891190047,0,102,'1990-09-18','2012-01-10',2282280.00,'A','U','','475142058391','I','5',0.52200,'27','F','0000-00-00','dejascasy_04@hotmail,com','DEICY JAZMIN','CASTAÑEDA IQUINA','BANCO AGRARIO'),(17634946,'FRANCISCO JAVIER ENCIZO CARDONA','CRA 3 NRO, 4 -53 BARRIO CENTRO DE CARTAGENA DELCHA','3142877870','C',4,900156264,860011153,900336004,891190047,0,201,'1962-04-08','1997-01-02',1449068.00,'A','B','','475142009135','I','1',2.43600,'21','M','0000-00-00','fjavierenciso62@gmail,com','FRANCISCO JAVIER','ENCIZO CARDONA','BANCO AGRARIO'),(16227436,'WILMAR TORRES PALACIO','CALLE2 No.,20-03 BARRIO CIUDADELA DE CARTAGENA DEL','3136358451','U',1,900156264,860011153,800227940,891190047,0,203,'1973-01-05','2010-07-05',1449068.00,'A','P','','475142058179','I','3',2.43600,'22','M','0000-00-00','recursosh@emserpucar-esp,gov,co','WILMAR ','TORRES PALACIO','BANCO AGRARIO'),(17775614,'FERNEY ALDANA MUÑOZ','CRA 9 NRO. 1 - 05 B/ PRIMAVERA','3207640240','U',3,900935126,860011153,800224808,891190047,0,201,'1984-06-17','2021-06-09',1449068.00,'A','B','','475142022761','F','1',2.43600,'20','M','0000-00-00','ferneymunoz291@gmail,com','FERNEY ','ALDANA MUÑOZ','BANCO AGRARIO'),(1117964100,'MARTHA ADRIANA GASCA CORREA','CALLE 2 No., 6 -59 BARRIO PRIMAVERA CARTAGENA DEL','3143480231','U',2,900156264,860011153,800224808,891190047,0,101,'1988-03-30','2013-07-02',2156761.00,'A','U','','475142031823','I','5',2.43600,'8','F','0000-00-00','adriana30031@hotmail,com','MARTHA ADRIANA','GASCA CORREA','BANCO AGRARIO'),(1075226711,'MARCELO YANGUAS PACHON','CALLE 3C NRO. 8 -28 BARRIO LA PRIMAVERA DE CVARTAG','3104405447','U',1,800251440,860011153,800224808,891190047,0,101,'1987-10-29','2020-12-03',3135000.00,'A','U','','475142068611','F','5',0.52200,'3','M','0000-00-00','marceloyanguaspachon@hotmail,com','MARCELO ','YANGUAS PACHON','BANCO AGRARIO'),(1075222419,'ARNOLD JAVIER ENCISO PEREZ','CALLE 1 Nro.4 - 55 BARRIO EL CENTRO','3178797900','U',1,900156264,860011153,800227940,891190047,0,201,'1987-07-06','2022-01-11',1449068.00,'A','T','','','F','1',2.43600,'20','M','0000-00-00','erickjavier1612@hotmail.com','ARNOLD JAVIER','ENCISO PEREZ','');

--
-- Table structure for table `empleadonom_dis`
--

CREATE TABLE `empleadonom_dis` (
  `emd_cedula` bigint(12) NOT NULL DEFAULT '0',
  `emd_mcpio` int(9) NOT NULL DEFAULT '0',
  `emd_porce` double(15,3) DEFAULT NULL,
  PRIMARY KEY (`emd_cedula`,`emd_mcpio`)
) ENGINE=MyISAM DEFAULT CHARSET=latin1;

--
-- Dumping data for table `empleadonom_dis`
--


--
-- Table structure for table `empleadonom_liq`
--

CREATE TABLE `empleadonom_liq` (
  `em_periodo` int(7) NOT NULL DEFAULT '0',
  `em_cedula` bigint(12) NOT NULL DEFAULT '0',
  `em_nombre` char(50) NOT NULL DEFAULT '',
  `em_direcc` char(50) NOT NULL DEFAULT '',
  `em_telefo` char(12) NOT NULL DEFAULT '',
  `em_estciv` char(1) NOT NULL,
  `em_numhij` int(3) DEFAULT NULL,
  `em_enteps` bigint(12) NOT NULL DEFAULT '0',
  `em_entarp` bigint(12) NOT NULL DEFAULT '0',
  `em_entpen` bigint(12) NOT NULL DEFAULT '0',
  `em_entcaj` bigint(12) NOT NULL DEFAULT '0',
  `em_ccosto` int(6) NOT NULL DEFAULT '0',
  `em_grupo` int(4) NOT NULL DEFAULT '0',
  `em_fecnac` date DEFAULT NULL,
  `em_fecing` date DEFAULT NULL,
  `em_salbas` double(9,2) DEFAULT NULL,
  `em_estado` char(2) NOT NULL,
  `em_nivest` char(1) DEFAULT NULL,
  `em_catlic` char(1) NOT NULL,
  `em_nrolic` char(15) NOT NULL,
  `em_tipcon` char(1) DEFAULT NULL,
  `em_tipoem` char(4) DEFAULT NULL,
  `em_riesgo` double(9,5) DEFAULT NULL,
  `em_cargo` char(4) NOT NULL DEFAULT '0',
  `em_sexo` char(1) DEFAULT NULL,
  `em_fecter` date DEFAULT NULL,
  `em_correo` varchar(70) NOT NULL,
  `em_nombres` varchar(60) NOT NULL,
  `em_apellidos` varchar(60) NOT NULL,
  `em_banco` varchar(60) NOT NULL,
  PRIMARY KEY (`em_periodo`,`em_cedula`),
  KEY `em_enteps` (`em_enteps`),
  KEY `em_entarp` (`em_entarp`),
  KEY `em_entpen` (`em_entpen`),
  KEY `em_ccosto` (`em_ccosto`),
  KEY `em_grupo` (`em_grupo`),
  KEY `em_entcaj` (`em_entcaj`),
  KEY `em_cargo` (`em_cargo`),
  KEY `em_tipoem` (`em_tipoem`)
) ENGINE=MyISAM DEFAULT CHARSET=latin1;

--
-- Dumping data for table `empleadonom_liq`
--

INSERT INTO `empleadonom_liq` (`em_periodo`, `em_cedula`, `em_nombre`, `em_direcc`, `em_telefo`, `em_estciv`, `em_numhij`, `em_enteps`, `em_entarp`, `em_entpen`, `em_entcaj`, `em_ccosto`, `em_grupo`, `em_fecnac`, `em_fecing`, `em_salbas`, `em_estado`, `em_nivest`, `em_catlic`, `em_nrolic`, `em_tipcon`, `em_tipoem`, `em_riesgo`, `em_cargo`, `em_sexo`, `em_fecter`, `em_correo`, `em_nombres`, `em_apellidos`, `em_banco`) VALUES (202101,16189593,'OIDEN LOZADA','BARRIO CENTRO CARTAGENA DEL CHAIRA','3175686075','S',1,805000427,860011153,900336004,891190047,0,101,'1982-01-01','2021-01-26',3000000.00,'A','U','','475142069251','F','5',1.00000,'2','M','0000-00-00','oiden_lozada@hotmail,com','OIDEN ','LOZADA ','BANCO AGRARIO'),(202101,1115950121,'RAUL ESNEIDER PENAGOS GAITAN','CRA 7 NRO 5-34 BARRIO ANTIOQUIA DE CARTAGENA DEL C','3186299333','S',0,900935126,860011153,800224808,891190047,0,203,'1994-04-24','2019-06-07',1386668.00,'A','B','','','F','3',2.43600,'26','M','0000-00-00','','','',''),(202101,17652212,'NELSON AUGUSTO ROMERO','CRA 2 NRO 3A 24 BARRIO EL CENTRO DE CARTAGENA DEL','3214869432','U',2,900156264,860011153,800224808,891190047,0,203,'1970-03-27','2013-11-30',1386668.00,'A','P','','475142058446','I','3',2.43600,'26','M','0000-00-00','romeronelsonaugusto@gmail,com','NELSON AUGUSTO','ROMERO ','BANCO AGRARIO'),(202101,17709602,'JORGE HUMBERTO  MUNOZ GALEANO','CALLE 10 NRO4 14 BARRIO QUINCE DE JUNIO DE CARTAGE','3112136161','C',3,900156264,860011153,900336004,891190047,0,202,'1975-07-23','2013-11-30',1386668.00,'A','B','','475142049897','I','2',2.43600,'26','F','0000-00-00','recursosh@emserpucar-esp,gov,co','JORGE HUMBERTO','MUÑOZ GALEANO','BANCO AGRARIO'),(202101,11379809,'BENIGNO GAMEZ ROZO','CALLE 6 NRO3 51  BARRIO COMUNERO DE CARTAGENA DE C','3118626465','U',1,900156264,860011153,800224808,891190047,0,203,'1959-01-02','2012-06-29',1386668.00,'A','P','','475142058421','I','3',4.35000,'25','M','0000-00-00','benigamez59@gmail,com','BENIGNO ','GAMEZ ROZO','BANCO AGRARIO'),(202101,66873421,'ADRIANA MAYORGA BETANCOURTH','VEREDA EL DIAMANTE/ BARRIO ALONSO GAI DE CARTAGENA','3187691687','C',3,900156264,860011153,800224808,891190047,300000,203,'1980-05-16','2012-01-16',1590821.00,'A','','','475143004218','I','3',2.43600,'24','F','0000-00-00','adriana-11mabe@hotmail,com','ADRIANA ','MAYORGA BETANCOURT','BANCO AGRARIO'),(202101,96332313,'ARTURO ORDONEZ ROJAS','CRA 12  No., 3A -27 BARRIO VILLA ADRIANA DE CARTAG','3213533654','U',1,9010974735,860011153,800224808,891190047,0,201,'1978-05-12','2019-05-31',1590821.00,'A','B','','','F','1',2.43600,'23','F','0000-00-00','','','',''),(202101,96333592,'EFREN OSORIO GAONA','CALLE 2 NRO 12A -03 BARRIO BELLA VISTA DE CARTAGEN','3102230933','U',3,900156264,860011153,800224808,891190047,0,201,'1982-05-29','2013-11-30',1386668.00,'A','B','','475142058454','I','1',2.43600,'20','M','0000-00-00','efrenosorio143@gmail,con','EFREN ','OSORIO GAONA','BANCO AGRARIO'),(202101,1676391,'LUIS HUMBERTO FLOREZ CABRERA','CALLE 4 NRO, 7-5 BARRIO COMUNERO DE CARTAGENA DEL','3154356116','U',0,900156264,860011153,800224808,891190047,0,202,'1972-11-15','2013-11-30',1386668.00,'A','P','','475142009208','I','2',2.43600,'26','M','0000-00-00','florezhumberto912@gmail,com','LUIS HUMBERTO','FLOREZ CABRERA','BANCO AGRARIO'),(202101,17710062,'JOHN JAIRO ORTIZ SANCHEZ','CALLE 10 CRA 11 BARRIO ANTIOQUIA DE CARTAGENA DEL','3214647379','C',7,900156264,860011153,800224808,891190047,0,201,'1975-12-16','2009-01-01',1386668.00,'A','P','','475142058411','I','1',2.43600,'20','M','0000-00-00','johnortizcart75@gmail,com','JOHN JAIRO','ORTIZ SANCHEZ','BANCO AGRARIO'),(202101,17709143,'ESAUC JARA ROBAYO','CALLE 3B No.,15-30 BARRIO PRIMERO DE AGOSTO DE CAR','3163934807','U',2,9010974735,860011153,900336004,891190047,0,201,'1972-11-24','1998-11-09',1386668.00,'A','B','','475142058160','I','1',2.43600,'22','M','0000-00-00','recursosh@emserpucar-esp,gov,co','ESAUC ','JARA ROBAYO','BANCO AGRARIO'),(202101,17709400,'NELSON DE JESUS MUNOZ CEBALLOS','CRA7 CALLE 9 -101 BARRIO CAMILO TORRES DE CARTAGEN','3208553044','C',2,9010974735,860011153,900336004,891190047,0,201,'1964-08-26','1997-01-02',1386668.00,'A','P','','475142009127','I','1',2.43600,'22','M','0000-00-00','nelsonceballos1964@gmail,com','NELSON DE JESUS','MUÑOZ CEBALLOS','BANCO AGRARIO'),(202101,17634946,'FRANCISCO JAVIER ENCIZO CARDONA','CRA 3 NRO, 4 -53 BARRIO CENTRO DE CARTAGENA DELCHA','3142877870','C',4,900156264,860011153,900336004,891190047,0,201,'1962-04-08','1997-01-02',1386668.00,'A','B','','475142009135','I','1',2.43600,'21','M','0000-00-00','fjavierenciso62@gmail,com','FRANCISCO JAVIER','ENCIZO CARDONA','BANCO AGRARIO'),(202101,16227436,'WILMAR TORRES PALACIO','CALLE2 No.,20-03 BARRIO CIUDADELA DE CARTAGENA DEL','3136358451','U',1,900156264,860011153,800227940,891190047,0,201,'1973-01-05','2010-07-05',1386668.00,'A','P','','475142058179','I','1',2.43600,'20','M','0000-00-00','recursosh@emserpucar-esp,gov,co','WILMAR ','TORRES PALACIO','BANCO AGRARIO'),(202101,16187894,'JAMES DIAZ VALENCIA','CALLE 1 NRO 2 - 26 BARRIO EL CENTRO DE CARTAGENA D','3138103577','P',1,900156264,860011153,800227940,891190047,300000,203,'1980-12-24','2009-01-01',1386668.00,'A','B','','475143002207','I','3',2.43600,'26','F','0000-00-00','jd9954850@gmail,com','JAMES ','DIAZ VALENCIA','BANCO AGRARIO'),(202101,1067524170,'LUIS JONATHAN RAMOS VARGAS','CRA 6 No., 5 - 19 BARRIO EL CENTRO DE CARTAGENA DE','3166397616','P',2,900156264,860011153,800224808,891190047,0,204,'1989-04-14','2019-05-31',1386668.00,'A','B','','','F','4',4.35000,'18','M','0000-00-00','','','',''),(202101,1117497550,'JOSE MANUEL ZABALA DIAZ','CRA 4 NRO,7-36 BARRIO COMUNERO  DE CARTAGENA DELCH','3118179168','U',1,900156264,860011153,800224808,891190047,0,204,'1987-12-10','2013-11-30',1386668.00,'A','B','','475143002215','I','4',4.35000,'18','M','0000-00-00','jomazadi@gmail,com','JOSE MANUEL','ZABALA DIAZ','BANCO AGRARIO'),(202101,18467702,'EDUIN ALEGRIA ROSERO','CRA 4 CALE 5 -38 BARRIO ANTIOQUIA CARTAGENA DELCHA','3219226149','P',1,900156264,860011153,900336004,891190047,0,204,'1976-02-26','2098-05-04',1386668.00,'A','B','','475142009161','I','4',4.35000,'18','M','0000-00-00','adrianaparrapolania,@gmail,com','EDUIN ','ALEGRIA ROSERO','BANCO AGRARIO'),(202101,17710656,'JHONNIER GARCIA RAMIREZ','CALLE 5A No.,7,-76 BARRIO ANTIOQUIA CARTAGENA DEL','3137736759','U',1,900156264,860011153,800224808,891190047,0,204,'1982-03-08','2013-11-30',1386668.00,'A','B','','475142023375','I','4',4.35000,'18','M','0000-00-00','jhonniergarcia652@gmail,com','JHONNIER ','GARCIA RAMIREZ','BANCO AGRARIO'),(202101,17688349,'ANDERSON CHARRY CABRERA','CRA 6 No.,1-15  BARRIO PRIMAVERA CARTAGENA DELCHAI','3138150582','U',2,900156264,800224808,800224808,891190047,0,204,'1983-06-30','2019-07-01',1590821.00,'A','B','','','F','4',4.35000,'17','M','0000-00-00','','','',''),(202101,17710093,'CARLOS ALBERTO TOVAR BERGANO','CALLE 9 No.,11A-09 VILLAS DELCHAIRA CARTAGENA DELC','3123445851','P',4,900156264,860011153,800224808,891190047,0,204,'1974-11-30','2013-11-30',1386668.00,'A','P','','475142058403','I','4',4.35000,'18','M','0000-00-00','caltober123@gmail,com','CARLOS ALBERTO','TOVAR  VERGAÑO','BANCO AGRARIO'),(202101,79201571,'RAFAEL CAMPOS CRUZ','CALLED 12A CON CRA 3 URBANIZACION 15 DE JUNIO DE C','3213701359','U',3,900156264,860011153,900336004,891190047,0,204,'1955-11-15','2009-01-01',2271828.00,'A','B','','475142009259','I','4',4.35000,'16','F','0000-00-00','rafitacc79@gmail,com','RAFAEL ','CAMPOS  CRUZ','BANCO AGRARIO'),(202101,40625532,'MARIA CONSUELO NINCO VARGAS','CARRERA . NRO.3-34 BARRIO EL CENTRO CARTAGENA DEL','3144280414','U',2,900156264,860011153,800224808,891190047,0,102,'1968-11-20','2020-08-01',1475472.00,'A','B','','475142059809','F','5',0.52200,'15','F','0000-00-00','consueloninco26@hotmail,es','MARIA CONSUELO','NINCO VARGAS','BANCO AGRARIO'),(202101,40626885,'MARGOTH MARTINEZ','CALLE 3 No.,4-22 BARRIO EL CENTRO CARTAGENA DELCHA','3186059380','S',3,900156264,860011153,800224808,891190047,0,102,'1980-10-15','2011-06-29',1475472.00,'A','B','','','I','5',2.43600,'14','F','0000-00-00','','','',''),(202101,1109492696,'DEICY JAZMIN CASTANEDA IQUINA','CRA 8 No.,9-79 BARRIO CAMILO TORRES CARTAGENA DEL','3144479137','U',1,900156264,860011153,800224808,891190047,0,102,'1990-09-18','2012-01-10',2184000.00,'A','U','','475142058391','I','5',0.52200,'12','F','0000-00-00','dejascasy_04@hotmail,com','DEICY JAZMIN','CASTAÑEDA IQUINA','BANCO AGRARIO'),(202101,16186270,'JUAN CARLOS SANTAMARIA OSPINA','CALLE 9 No.,9-39 BARRIO CAMILO TORRES,CARTAGENA DE','3214384884','U',2,900156264,860011153,800224808,891190047,0,102,'1980-04-01','2012-01-02',1475472.00,'A','B','','','I','5',0.52200,'13','M','0000-00-00','','','',''),(202101,12108861,'HUMBERTO CUENCA GUTIERREZ','BARRIO EL CENTRO CARTAGENA DEL CHAIRA CAQUETA','3203023394','S',0,900156264,860011153,900336004,891190047,0,101,'1954-09-25','2009-01-02',1158901.00,'A','P','','475143002185','I','5',0.52200,'11','M','0000-00-00','hcuencas786@gmail,com','HUMBERTO ','CUENCA ','BANCO AGRARIO'),(202101,40626164,'ORFILIA BARRERO','CALLE 3 NRO,3- 49 BARRIO EL CENTRO CARTAGENA DL CH','3138520990','S',2,900156264,860011153,800224808,891190047,0,101,'1973-02-16','2009-01-02',1158901.00,'A','P','','475142058128','I','5',4.35000,'10','F','0000-00-00','barreroorfilia@gmail,com','ORFILIA ','BARRERO ','BANCO AGRARIO'),(202101,1116205528,'IDELFONSO LEAL GASCA','CALLE 5 NRO.10-15 BARRIO ANTIOQUIA CARTAGENA DEL C','3106878514','U',2,900935126,860011153,800224808,891190047,0,101,'1990-02-06','2020-08-01',1475472.00,'A','B','','','F','5',0.52200,'9','M','0000-00-00','','','',''),(202101,1117964100,'MARTHA ADRIANA GASCA CORREA','CALLE 2 No., 6 -59 BARRIO PRIMAVERA CARTAGENA DEL','3143480231','U',2,900156264,860011153,800224808,891190047,0,101,'1988-03-30','2013-07-02',2063886.00,'A','U','','475142031823','I','5',2.43600,'8','F','0000-00-00','adriana30031@hotmail,com','MARTHA ADRIANA','GASCA CORREA','BANCO AGRARIO'),(202101,1117535344,'MAYERLY RAMIREZ  GALEANO','CRA 5 No.,13-53 BARRIO15 DE JUNIO CARTAGENA DEL CH','3135833864','U',1,900156264,860011153,800224808,891190047,0,101,'1995-05-16','2020-01-10',1475472.00,'A','U','','475142038811','F','5',0.52200,'6','F','0000-00-00','princessmaye_95@hotmail,com','MAYERLY ','RAMIREZ GALEANO','BANCO AGRARIO'),(202101,1117508778,'GENNY KATHERINE POLANCO CEDIEL','CRA 7 No.,4-36 BARRIO ANTIOQUIA CARTAGENA DELCHAIR','3212576375','U',2,900156264,860011153,800224808,891190047,0,101,'1989-08-06','2012-01-10',1475472.00,'A','U','','475142023448','I','5',0.52200,'7','F','0000-00-00','katica_poce@hotmail,com','GENNY KATHERINE','POLANCO CEDIEL','BANCO AGRARIO'),(202101,40626007,'YOLANDA FAJARDO','CRA 3No.,4-53 BARRIO EL CENTRO DE CARTAGENA DEL CH','3103229942','C',3,900156264,860011153,800224808,891190047,0,101,'1972-06-20','2011-06-29',2063886.00,'A','T','','475143001669','I','5',0.52200,'5','F','0000-00-00','yoly19722009@hotmail,com','YOLANDA ','FAJARDO ','BANCO AGRARIO'),(202101,1117543211,'PEDRO MARIN MARIN','CALLE 6 NRO.10-51 BARRIO ALONSO GAITAN- CARTAGENAD','3162361650','C',1,805000427,860011153,800229739,891190047,0,101,'1996-05-10','2021-01-04',2900000.00,'A','U','','46606114109','F','5',0.52200,'4','M','0000-00-00','pemarinmar@gmail,com','PEDRO ','MARIN MARIN','BANCOLOMBIA'),(202101,41250731,'DEGNIS YILENA PEREZ JIMENEZ','PRIMAVERA NINO CARTAGENA DELCHAIRA CAQUETA','3108715677','S',2,800251440,860011153,800224808,891190047,0,102,'1975-06-05','2020-01-23',3723274.00,'A','U','','52255813994','I','5',2.43600,'1','F','0000-00-00','degnisyilenaperez@gmail,com','DEGNIS YILENA','PEREZ JIMENEZ','BANCOLOMBIA'),(202101,1075226711,'MARCELO YANGUAS CHACON','CALLE 3C NRO. 8 -28 BARRIO LA PRIMAVERA DE CVARTAG','3104405447','U',1,800251440,860011153,800224808,891190047,0,101,'1987-10-29','2020-12-03',3000000.00,'A','U','','475142068611','F','5',0.52200,'3','M','0000-00-00','marceloyanguaspachon@hotmail,com','MARCELO ','YANGUAS PACHON','BANCO AGRARIO'),(2021021,16189593,'OIDEN LOZADA','BARRIO EL CENTRO CARTAGENA DEL CHAIRA CAQUETA','3175686075','S',1,805000427,860011153,900336004,891190047,0,101,'1982-01-01','2021-01-26',3000000.00,'A','U','','475142069251','F','5',1.00000,'2','M','0000-00-00','oiden_lozada@hotmail,com','OIDEN ','LOZADA ','BANCO AGRARIO'),(2021031,40626885,'MARGOTH MARTINEZ','CALLE 3 No.,4-22 BARRIO EL CENTRO CARTAGENA DELCHA','3186059380','S',3,900156264,860011153,800224808,891190047,0,102,'1980-10-15','2011-06-29',1475472.00,'A','B','','','I','5',2.43600,'14','F','0000-00-00','','','',''),(202102,17709602,'JORGE HUMBERTO  MUNOZ GALEANO','CALLE 10 NRO4 14 BARRIO QUINCE DE JUNIO DE CARTAGE','3112136161','C',3,900156264,860011153,900336004,891190047,0,202,'1975-07-23','2013-11-30',1386668.00,'A','B','','475142049897','I','2',2.43600,'26','M','0000-00-00','recursosh@emserpucar-esp,gov,co','JORGE HUMBERTO','MUÑOZ GALEANO','BANCO AGRARIO'),(2021031,12108861,'HUMBERTO CUENCA GUTIERREZ','BARRIO EL CENTRO CARTAGENA DEL CHAIRA CAQUETA','3203023394','S',0,900156264,860011153,0,891190047,0,101,'1954-09-25','2009-01-02',1158901.00,'A','P','','475143002185','I','5',0.52200,'11','M','0000-00-00','hcuencas786@gmail,com','HUMBERTO ','CUENCA ','BANCO AGRARIO'),(2021031,1109492696,'DEICY JAZMIN CASTANEDA IQUINA','CRA 8 No.,9-79 BARRIO CAMILO TORRES CARTAGENA DEL','3144479137','U',1,900156264,860011153,800224808,891190047,0,102,'1990-09-18','2012-01-10',2184000.00,'A','U','','475142058391','I','5',0.52200,'27','F','0000-00-00','dejascasy_04@hotmail,com','DEICY JAZMIN','CASTAÑEDA IQUINA','BANCO AGRARIO'),(2021031,16186270,'JUAN CARLOS SANTAMARIA OSPINA','CALLE 9 No.,9-39 BARRIO CAMILO TORRES,CARTAGENA DE','3214384884','U',2,900156264,860011153,800224808,891190047,0,102,'1980-04-01','2012-01-02',1475472.00,'A','B','','','I','5',0.52200,'13','M','0000-00-00','','','',''),(2021032,96333592,'EFREN OSORIO GAONA','CALLE 2 NRO 12A -03 BARRIO BELLA VISTA DE CARTAGEN','3102230933','U',3,900156264,860011153,800224808,891190047,0,201,'1982-05-29','2013-11-30',1386668.00,'A','B','','475142058454','I','1',2.43600,'20','M','0000-00-00','efrenosorio143@gmail,con','EFREN ','OSORIO GAONA','BANCO AGRARIO'),(2021031,40626164,'ORFILIA BARRERO','CALLE 3 NRO,3- 49 BARRIO EL CENTRO CARTAGENA DL CH','3138520990','S',2,900156264,860011153,800224808,891190047,0,101,'1973-02-16','2009-01-02',1158901.00,'A','P','','475142058128','I','5',4.35000,'10','F','0000-00-00','barreroorfilia@gmail,com','ORFILIA ','BARRERO ','BANCO AGRARIO'),(2021031,17652212,'NELSON AUGUSTO ROMERO','CRA 2 NRO 3A 24 BARRIO EL CENTRO DE CARTAGENA DEL','3214869432','U',2,900156264,860011153,800224808,891190047,0,203,'1970-03-27','2013-11-30',1386668.00,'A','P','','475142058446','I','3',2.43600,'26','M','0000-00-00','romeronelsonaugusto@gmail,com','NELSON AUGUSTO','ROMERO ','BANCO AGRARIO'),(2021031,17709602,'JORGE HUMBERTO  MUNOZ GALEANO','CALLE 10 NRO4 14 BARRIO QUINCE DE JUNIO DE CARTAGE','3112136161','C',3,900156264,860011153,900336004,891190047,0,202,'1975-07-23','2013-11-30',1386668.00,'A','B','','475142049897','I','2',2.43600,'26','M','0000-00-00','recursosh@emserpucar-esp,gov,co','JORGE HUMBERTO','MUÑOZ GALEANO','BANCO AGRARIO'),(2021031,1115950121,'RAUL ESNEIDER PENAGOS GAITAN','CRA 7 NRO 5-34 BARRIO ANTIOQUIA DE CARTAGENA DEL C','3186299333','S',0,900935126,860011153,800224808,891190047,0,203,'1994-04-24','2019-06-07',1386668.00,'A','B','','','F','3',2.43600,'26','M','0000-00-00','','','',''),(2021032,17652212,'NELSON AUGUSTO ROMERO','CRA 2 NRO 3A 24 BARRIO EL CENTRO DE CARTAGENA DEL','3214869432','U',2,900156264,860011153,800224808,891190047,0,203,'1970-03-27','2013-11-30',1386668.00,'A','P','','475142058446','I','3',2.43600,'26','M','0000-00-00','romeronelsonaugusto@gmail,com','NELSON AUGUSTO','ROMERO ','BANCO AGRARIO'),(2021031,16189593,'OIDEN LOZADA','BARRIO EL CENTRO CARTAGENA DEL CHAIRA CAQUETA','3175686075','S',1,805000427,860011153,900336004,891190047,0,101,'1982-01-01','2021-01-26',3000000.00,'A','U','','475142069251','F','5',1.00000,'2','M','0000-00-00','oiden_lozada@hotmail,com','OIDEN ','LOZADA ','BANCO AGRARIO'),(2021031,11379809,'BENIGNO GAMEZ ROZO','CALLE 6 NRO3 51  BARRIO COMUNERO DE CARTAGENA DE C','3118626465','U',1,900156264,860011153,800224808,891190047,321251,203,'1959-01-02','2012-06-29',1386668.00,'A','P','','475142058421','I','3',4.35000,'25','M','0000-00-00','benigamez59@gmail,com','BENIGNO ','GAMEZ ROZO','BANCO AGRARIO'),(2021032,40626007,'YOLANDA FAJARDO','CRA 3No.,4-53 BARRIO EL CENTRO DE CARTAGENA DEL CH','3103229942','C',3,900156264,860011153,800224808,891190047,0,101,'1972-06-20','2011-06-29',2063886.00,'A','T','','475143001669','I','5',0.52200,'5','F','0000-00-00','yoly19722009@hotmail,com','YOLANDA ','FAJARDO ','BANCO AGRARIO'),(2021031,1117497550,'JOSE MANUEL ZABALA DIAZ','CRA 4 NRO,7-36 BARRIO COMUNERO  DE CARTAGENA DELCH','3118179168','U',1,900156264,860011153,800224808,891190047,0,204,'1987-12-10','2013-11-30',1386668.00,'A','B','','475143002215','I','4',4.35000,'18','M','0000-00-00','jomazadi@gmail,com','JOSE MANUEL','ZABALA DIAZ','BANCO AGRARIO'),(2021031,16187894,'JAMES DIAZ VALENCIA','CALLE 1 NRO 2 - 26 BARRIO EL CENTRO DE CARTAGENA D','3138103577','P',1,900156264,860011153,800227940,891190047,300000,203,'1980-12-24','2009-01-01',1386668.00,'A','B','','475143002207','I','3',2.43600,'26','M','0000-00-00','jd9954850@gmail,com','JAMES ','DIAZ VALENCIA','BANCO AGRARIO'),(2021031,16227436,'WILMAR TORRES PALACIO','CALLE2 No.,20-03 BARRIO CIUDADELA DE CARTAGENA DEL','3136358451','U',1,900156264,860011153,800227940,891190047,0,201,'1973-01-05','2010-07-05',1386668.00,'A','P','','475142058179','I','1',2.43600,'20','M','0000-00-00','recursosh@emserpucar-esp,gov,co','WILMAR ','TORRES PALACIO','BANCO AGRARIO'),(2021031,17634946,'FRANCISCO JAVIER ENCIZO CARDONA','CRA 3 NRO, 4 -53 BARRIO CENTRO DE CARTAGENA DELCHA','3142877870','C',4,900156264,860011153,900336004,891190047,0,201,'1962-04-08','1997-01-02',1386668.00,'A','B','','475142009135','I','1',2.43600,'21','M','0000-00-00','fjavierenciso62@gmail,com','FRANCISCO JAVIER','ENCIZO CARDONA','BANCO AGRARIO'),(2021031,17709143,'ESAUC JARA ROBAYO','CALLE 3B No.,15-30 BARRIO PRIMERO DE AGOSTO DE CAR','3163934807','U',2,9010974735,860011153,900336004,891190047,0,201,'1972-11-24','1998-11-09',1386668.00,'A','B','','475142058160','I','1',2.43600,'22','M','0000-00-00','recursosh@emserpucar-esp,gov,co','ESAUC ','JARA ROBAYO','BANCO AGRARIO'),(2021031,17709400,'NELSON DE JESUS MUNOZ CEBALLOS','CRA7 CALLE 9 -101 BARRIO CAMILO TORRES DE CARTAGEN','3208553044','C',2,9010974735,860011153,900336004,891190047,0,201,'1964-08-26','1997-01-02',1386668.00,'A','P','','475142009127','I','1',2.43600,'22','M','0000-00-00','nelsonceballos1964@gmail,com','NELSON DE JESUS','MUÑOZ CEBALLOS','BANCO AGRARIO'),(2021031,17710062,'JOHN JAIRO ORTIZ SANCHEZ','CALLE 10 CRA 11 BARRIO ANTIOQUIA DE CARTAGENA DEL','3214647379','C',7,900156264,860011153,800224808,891190047,0,201,'1975-12-16','2009-01-01',1386668.00,'A','P','','475142058411','I','1',2.43600,'20','M','0000-00-00','johnortizcart75@gmail,com','JOHN JAIRO','ORTIZ SANCHEZ','BANCO AGRARIO'),(2021031,96333592,'EFREN OSORIO GAONA','CALLE 2 NRO 12A -03 BARRIO BELLA VISTA DE CARTAGEN','3102230933','U',3,900156264,860011153,800224808,891190047,0,201,'1982-05-29','2013-11-30',1386668.00,'A','B','','475142058454','I','1',2.43600,'20','M','0000-00-00','efrenosorio143@gmail,con','EFREN ','OSORIO GAONA','BANCO AGRARIO'),(2021031,1676391,'LUIS HUMBERTO FLOREZ CABRERA','CALLE 4 NRO, 7-5 BARRIO COMUNERO DE CARTAGENA DEL','3154356116','U',0,900156264,860011153,800224808,891190047,0,202,'1972-11-15','2013-11-30',1386668.00,'A','P','','475142009208','I','2',2.43600,'26','M','0000-00-00','florezhumberto912@gmail,com','LUIS HUMBERTO','FLOREZ CABRERA','BANCO AGRARIO'),(2021031,96332313,'ARTURO ORDONEZ ROJAS','CRA 12  No., 3A -27 BARRIO VILLA ADRIANA DE CARTAG','3213533654','U',1,9010974735,860011153,800224808,891190047,0,201,'1978-05-12','2019-05-31',1590821.00,'A','B','','','F','1',2.43600,'23','M','0000-00-00','','','',''),(2021031,66873421,'ADRIANA MAYORGA BETANCOURTH','VEREDA EL DIAMANTE/ BARRIO ALONSO GAI DE CARTAGENA','3187691687','C',3,900156264,860011153,800224808,891190047,300000,203,'1980-05-16','2012-01-16',1590821.00,'A','','','475143004218','I','3',2.43600,'24','F','0000-00-00','adriana-11mabe@hotmail,com','ADRIANA ','MAYORGA BETANCOURT','BANCO AGRARIO'),(2021031,1067524170,'LUIS JONATHAN RAMOS VARGAS','CRA 6 No., 5 - 19 BARRIO EL CENTRO DE CARTAGENA DE','3166397616','P',2,900156264,860011153,800224808,891190047,0,204,'1989-04-14','2019-05-31',1386668.00,'A','B','','','F','4',4.35000,'18','M','0000-00-00','','','',''),(2021031,18467702,'EDUIN ALEGRIA ROSERO','CRA 4 CALE 5 -38 BARRIO ANTIOQUIA CARTAGENA DELCHA','3219226149','P',1,900156264,860011153,900336004,891190047,0,204,'1976-02-26','2098-05-04',1386668.00,'A','B','','475142009161','I','4',4.35000,'18','M','0000-00-00','adrianaparrapolania,@gmail,com','EDUIN ','ALEGRIA ROSERO','BANCO AGRARIO'),(2021032,17710093,'CARLOS ALBERTO TOVAR BERGANO','CALLE 9 No.,11A-09 VILLAS DELCHAIRA CARTAGENA DELC','3123445851','P',4,900156264,860011153,800224808,891190047,0,204,'1974-11-30','2013-11-30',1386668.00,'A','P','','475142058403','I','4',4.35000,'18','M','0000-00-00','caltober123@gmail,com','CARLOS ALBERTO','TOVAR  VERGAÑO','BANCO AGRARIO'),(2021031,17710093,'CARLOS ALBERTO TOVAR BERGANO','CALLE 9 No.,11A-09 VILLAS DELCHAIRA CARTAGENA DELC','3123445851','P',4,900156264,860011153,800224808,891190047,0,204,'1974-11-30','2013-11-30',1386668.00,'A','P','','475142058403','I','4',4.35000,'18','M','0000-00-00','caltober123@gmail,com','CARLOS ALBERTO','TOVAR  VERGAÑO','BANCO AGRARIO'),(2021031,17710656,'JHONNIER GARCIA RAMIREZ','CALLE 5A No.,7,-76 BARRIO ANTIOQUIA CARTAGENA DEL','3137736759','U',1,900156264,860011153,800224808,891190047,0,204,'1982-03-08','2013-11-30',1386668.00,'A','B','','475142023375','I','4',4.35000,'18','M','0000-00-00','jhonniergarcia652@gmail,com','JHONNIER ','GARCIA RAMIREZ','BANCO AGRARIO'),(2021031,17688349,'ANDERSON CHARRY CABRERA','CRA 6 No.,1-15  BARRIO PRIMAVERA CARTAGENA DELCHAI','3138150582','U',2,900156264,800224808,800224808,891190047,0,204,'1983-06-30','2019-07-01',1590821.00,'A','B','','','F','4',4.35000,'17','M','0000-00-00','','','',''),(2021031,79201571,'RAFAEL CAMPOS CRUZ','CALLED 12A CON CRA 3 URBANIZACION 15 DE JUNIO DE C','3213701359','U',3,900156264,860011153,900336004,891190047,0,204,'1955-11-15','2009-01-01',2271828.00,'A','B','','475142009259','I','4',4.35000,'16','F','0000-00-00','rafitacc79@gmail,com','RAFAEL ','CAMPOS  CRUZ','BANCO AGRARIO'),(2021031,40625532,'MARIA CONSUELO NINCO VARGAS','CARRERA . NRO.3-34 BARRIO EL CENTRO CARTAGENA DEL','3144280414','U',2,900156264,860011153,800224808,891190047,0,102,'1968-11-20','2020-08-01',1475472.00,'A','B','','475142059809','F','5',0.52200,'15','F','0000-00-00','consueloninco26@hotmail,es','MARIA CONSUELO','NINCO VARGAS','BANCO AGRARIO'),(2021031,40626007,'YOLANDA FAJARDO','CRA 3No.,4-53 BARRIO EL CENTRO DE CARTAGENA DEL CH','3103229942','C',3,900156264,860011153,800224808,891190047,0,101,'1972-06-20','2011-06-29',2063886.00,'A','T','','475143001669','I','5',0.52200,'5','F','0000-00-00','yoly19722009@hotmail,com','YOLANDA ','FAJARDO ','BANCO AGRARIO'),(2021031,1117508778,'GENNY KATHERINE POLANCO CEDIEL','CRA 7 No.,4-36 BARRIO ANTIOQUIA CARTAGENA DELCHAIR','3212576375','U',2,900156264,860011153,800224808,891190047,0,101,'1989-08-06','2012-01-10',1475472.00,'A','U','','475142023448','I','5',0.52200,'7','F','0000-00-00','katica_poce@hotmail,com','GENNY KATHERINE','POLANCO CEDIEL','BANCO AGRARIO'),(2021031,1117535344,'MAYERLY RAMIREZ  GALEANO','CRA 5 No.,13-53 BARRIO15 DE JUNIO CARTAGENA DEL CH','3135833864','U',1,900156264,860011153,800224808,891190047,0,101,'1995-05-16','2020-01-10',1475472.00,'A','U','','475142038811','F','5',0.52200,'9','F','0000-00-00','princessmaye_95@hotmail,com','MAYERLY ','RAMIREZ GALEANO','BANCO AGRARIO'),(2021021,1115950121,'RAUL ESNEIDER PENAGOS GAITAN','CRA 7 NRO 5-34 BARRIO ANTIOQUIA DE CARTAGENA DEL C','3186299333','S',0,900935126,860011153,800224808,891190047,0,203,'1994-04-24','2019-06-07',1386668.00,'A','B','','','F','3',2.43600,'26','M','0000-00-00','','','',''),(2021021,17709602,'JORGE HUMBERTO  MUNOZ GALEANO','CALLE 10 NRO4 14 BARRIO QUINCE DE JUNIO DE CARTAGE','3112136161','C',3,900156264,860011153,900336004,891190047,0,202,'1975-07-23','2013-11-30',1386668.00,'A','B','','475142049897','I','2',2.43600,'26','M','0000-00-00','recursosh@emserpucar-esp,gov,co','JORGE HUMBERTO','MUÑOZ GALEANO','BANCO AGRARIO'),(2021021,17652212,'NELSON AUGUSTO ROMERO','CRA 2 NRO 3A 24 BARRIO EL CENTRO DE CARTAGENA DEL','3214869432','U',2,900156264,860011153,800224808,891190047,0,203,'1970-03-27','2013-11-30',1386668.00,'A','P','','475142058446','I','3',2.43600,'26','M','0000-00-00','romeronelsonaugusto@gmail,com','NELSON AUGUSTO','ROMERO ','BANCO AGRARIO'),(2021021,11379809,'BENIGNO GAMEZ ROZO','CALLE 6 NRO3 51  BARRIO COMUNERO DE CARTAGENA DE C','3118626465','U',1,900156264,860011153,800224808,891190047,0,203,'1959-01-02','2012-06-29',1386668.00,'A','P','','475142058421','I','3',4.35000,'25','M','0000-00-00','benigamez59@gmail,com','BENIGNO ','GAMEZ ROZO','BANCO AGRARIO'),(2021021,96333592,'EFREN OSORIO GAONA','CALLE 2 NRO 12A -03 BARRIO BELLA VISTA DE CARTAGEN','3102230933','U',3,900156264,860011153,800224808,891190047,0,201,'1982-05-29','2013-11-30',1386668.00,'A','B','','475142058454','I','1',2.43600,'20','M','0000-00-00','efrenosorio143@gmail,con','EFREN ','OSORIO GAONA','BANCO AGRARIO'),(2021021,1676391,'LUIS HUMBERTO FLOREZ CABRERA','CALLE 4 NRO, 7-5 BARRIO COMUNERO DE CARTAGENA DEL','3154356116','U',0,900156264,860011153,800224808,891190047,0,202,'1972-11-15','2013-11-30',1386668.00,'A','P','','475142009208','I','2',2.43600,'26','M','0000-00-00','florezhumberto912@gmail,com','LUIS HUMBERTO','FLOREZ CABRERA','BANCO AGRARIO'),(2021021,96332313,'ARTURO ORDONEZ ROJAS','CRA 12  No., 3A -27 BARRIO VILLA ADRIANA DE CARTAG','3213533654','U',1,9010974735,860011153,800224808,891190047,0,201,'1978-05-12','2019-05-31',1590821.00,'A','B','','','F','1',2.43600,'23','M','0000-00-00','','','',''),(2021021,66873421,'ADRIANA MAYORGA BETANCOURTH','VEREDA EL DIAMANTE/ BARRIO ALONSO GAI DE CARTAGENA','3187691687','C',3,900156264,860011153,800224808,891190047,300000,203,'1980-05-16','2012-01-16',1590821.00,'A','','','475143004218','I','3',2.43600,'24','F','0000-00-00','adriana-11mabe@hotmail,com','ADRIANA ','MAYORGA BETANCOURT','BANCO AGRARIO'),(2021021,17709400,'NELSON DE JESUS MUNOZ CEBALLOS','CRA7 CALLE 9 -101 BARRIO CAMILO TORRES DE CARTAGEN','3208553044','C',2,9010974735,860011153,900336004,891190047,0,201,'1964-08-26','1997-01-02',1386668.00,'A','P','','475142009127','I','1',2.43600,'22','M','0000-00-00','nelsonceballos1964@gmail,com','NELSON DE JESUS','MUÑOZ CEBALLOS','BANCO AGRARIO'),(2021021,17710062,'JOHN JAIRO ORTIZ SANCHEZ','CALLE 10 CRA 11 BARRIO ANTIOQUIA DE CARTAGENA DEL','3214647379','C',7,900156264,860011153,800224808,891190047,0,201,'1975-12-16','2009-01-01',1386668.00,'A','P','','475142058411','I','1',2.43600,'20','M','0000-00-00','johnortizcart75@gmail,com','JOHN JAIRO','ORTIZ SANCHEZ','BANCO AGRARIO'),(2021021,17709143,'ESAUC JARA ROBAYO','CALLE 3B No.,15-30 BARRIO PRIMERO DE AGOSTO DE CAR','3163934807','U',2,9010974735,860011153,900336004,891190047,0,201,'1972-11-24','1998-11-09',1386668.00,'A','B','','475142058160','I','1',2.43600,'22','M','0000-00-00','recursosh@emserpucar-esp,gov,co','ESAUC ','JARA ROBAYO','BANCO AGRARIO'),(2021021,17634946,'FRANCISCO JAVIER ENCIZO CARDONA','CRA 3 NRO, 4 -53 BARRIO CENTRO DE CARTAGENA DELCHA','3142877870','C',4,900156264,860011153,900336004,891190047,0,201,'1962-04-08','1997-01-02',1386668.00,'A','B','','475142009135','I','1',2.43600,'21','M','0000-00-00','fjavierenciso62@gmail,com','FRANCISCO JAVIER','ENCIZO CARDONA','BANCO AGRARIO'),(2021021,16227436,'WILMAR TORRES PALACIO','CALLE2 No.,20-03 BARRIO CIUDADELA DE CARTAGENA DEL','3136358451','U',1,900156264,860011153,800227940,891190047,0,201,'1973-01-05','2010-07-05',1386668.00,'A','P','','475142058179','I','1',2.43600,'20','M','0000-00-00','recursosh@emserpucar-esp,gov,co','WILMAR ','TORRES PALACIO','BANCO AGRARIO'),(2021021,16187894,'JAMES DIAZ VALENCIA','CALLE 1 NRO 2 - 26 BARRIO EL CENTRO DE CARTAGENA D','3138103577','P',1,900156264,860011153,800227940,891190047,300000,203,'1980-12-24','2009-01-01',1386668.00,'A','B','','475143002207','I','3',2.43600,'26','M','0000-00-00','jd9954850@gmail,com','JAMES ','DIAZ VALENCIA','BANCO AGRARIO'),(2021021,1117497550,'JOSE MANUEL ZABALA DIAZ','CRA 4 NRO,7-36 BARRIO COMUNERO  DE CARTAGENA DELCH','3118179168','U',1,900156264,860011153,800224808,891190047,0,204,'1987-12-10','2013-11-30',1386668.00,'A','B','','475143002215','I','4',4.35000,'18','M','0000-00-00','jomazadi@gmail,com','JOSE MANUEL','ZABALA DIAZ','BANCO AGRARIO'),(2021021,1067524170,'LUIS JONATHAN RAMOS VARGAS','CRA 6 No., 5 - 19 BARRIO EL CENTRO DE CARTAGENA DE','3166397616','P',2,900156264,860011153,800224808,891190047,0,204,'1989-04-14','2019-05-31',1386668.00,'A','B','','','F','4',4.35000,'18','M','0000-00-00','','','',''),(2021021,18467702,'EDUIN ALEGRIA ROSERO','CRA 4 CALE 5 -38 BARRIO ANTIOQUIA CARTAGENA DELCHA','3219226149','P',1,900156264,860011153,900336004,891190047,0,204,'1976-02-26','2098-05-04',1386668.00,'A','B','','475142009161','I','4',4.35000,'18','M','0000-00-00','adrianaparrapolania,@gmail,com','EDUIN ','ALEGRIA ROSERO','BANCO AGRARIO'),(2021021,17710656,'JHONNIER GARCIA RAMIREZ','CALLE 5A No.,7,-76 BARRIO ANTIOQUIA CARTAGENA DEL','3137736759','U',1,900156264,860011153,800224808,891190047,0,204,'1982-03-08','2013-11-30',1386668.00,'A','B','','475142023375','I','4',4.35000,'18','M','0000-00-00','jhonniergarcia652@gmail,com','JHONNIER ','GARCIA RAMIREZ','BANCO AGRARIO'),(2021021,17710093,'CARLOS ALBERTO TOVAR BERGANO','CALLE 9 No.,11A-09 VILLAS DELCHAIRA CARTAGENA DELC','3123445851','P',4,900156264,860011153,800224808,891190047,0,204,'1974-11-30','2013-11-30',1386668.00,'A','P','','475142058403','I','4',4.35000,'18','M','0000-00-00','caltober123@gmail,com','CARLOS ALBERTO','TOVAR  VERGAÑO','BANCO AGRARIO'),(2021021,17688349,'ANDERSON CHARRY CABRERA','CRA 6 No.,1-15  BARRIO PRIMAVERA CARTAGENA DELCHAI','3138150582','U',2,900156264,800224808,800224808,891190047,0,204,'1983-06-30','2019-07-01',1590821.00,'A','B','','','F','4',4.35000,'17','M','0000-00-00','','','',''),(2021021,79201571,'RAFAEL CAMPOS CRUZ','CALLED 12A CON CRA 3 URBANIZACION 15 DE JUNIO DE C','3213701359','U',3,900156264,860011153,900336004,891190047,0,204,'1955-11-15','2009-01-01',2271828.00,'A','B','','475142009259','I','4',4.35000,'16','F','0000-00-00','rafitacc79@gmail,com','RAFAEL ','CAMPOS  CRUZ','BANCO AGRARIO'),(2021021,40625532,'MARIA CONSUELO NINCO VARGAS','CARRERA . NRO.3-34 BARRIO EL CENTRO CARTAGENA DEL','3144280414','U',2,900156264,860011153,800224808,891190047,0,102,'1968-11-20','2020-08-01',1475472.00,'A','B','','475142059809','F','5',0.52200,'15','F','0000-00-00','consueloninco26@hotmail,es','MARIA CONSUELO','NINCO VARGAS','BANCO AGRARIO'),(2021021,40626885,'MARGOTH MARTINEZ','CALLE 3 No.,4-22 BARRIO EL CENTRO CARTAGENA DELCHA','3186059380','S',3,900156264,860011153,800224808,891190047,0,102,'1980-10-15','2011-06-29',1475472.00,'A','B','','','I','5',2.43600,'14','F','0000-00-00','','','',''),(2021021,16186270,'JUAN CARLOS SANTAMARIA OSPINA','CALLE 9 No.,9-39 BARRIO CAMILO TORRES,CARTAGENA DE','3214384884','U',2,900156264,860011153,800224808,891190047,0,102,'1980-04-01','2012-01-02',1475472.00,'A','B','','','I','5',0.52200,'13','M','0000-00-00','','','',''),(2021021,1109492696,'DEICY JAZMIN CASTANEDA IQUINA','CRA 8 No.,9-79 BARRIO CAMILO TORRES CARTAGENA DEL','3144479137','U',1,900156264,860011153,800224808,891190047,0,102,'1990-09-18','2012-01-10',2184000.00,'A','U','','475142058391','I','5',0.52200,'12','F','0000-00-00','dejascasy_04@hotmail,com','DEICY JAZMIN','CASTAÑEDA IQUINA','BANCO AGRARIO'),(2021021,12108861,'HUMBERTO CUENCA GUTIERREZ','BARRIO EL CENTRO CARTAGENA DEL CHAIRA CAQUETA','3203023394','S',0,900156264,860011153,900336004,891190047,0,101,'1954-09-25','2009-01-02',1158901.00,'A','P','','475143002185','I','5',0.52200,'11','M','0000-00-00','hcuencas786@gmail,com','HUMBERTO ','CUENCA ','BANCO AGRARIO'),(2021021,40626164,'ORFILIA BARRERO','CALLE 3 NRO,3- 49 BARRIO EL CENTRO CARTAGENA DL CH','3138520990','S',2,900156264,860011153,800224808,891190047,0,101,'1973-02-16','2009-01-02',1158901.00,'A','P','','475142058128','I','5',4.35000,'10','F','0000-00-00','barreroorfilia@gmail,com','ORFILIA ','BARRERO ','BANCO AGRARIO'),(2021021,1117964100,'MARTHA ADRIANA GASCA CORREA','CALLE 2 No., 6 -59 BARRIO PRIMAVERA CARTAGENA DEL','3143480231','U',2,900156264,860011153,800224808,891190047,0,101,'1988-03-30','2013-07-02',2063886.00,'A','U','','475142031823','I','5',2.43600,'8','F','0000-00-00','adriana30031@hotmail,com','MARTHA ADRIANA','GASCA CORREA','BANCO AGRARIO'),(2021021,1117535344,'MAYERLY RAMIREZ  GALEANO','CRA 5 No.,13-53 BARRIO15 DE JUNIO CARTAGENA DEL CH','3135833864','U',1,900156264,860011153,800224808,891190047,0,101,'1995-05-16','2020-01-10',1475472.00,'A','U','','475142038811','F','5',0.52200,'6','F','0000-00-00','princessmaye_95@hotmail,com','MAYERLY ','RAMIREZ GALEANO','BANCO AGRARIO'),(2021021,1117508778,'GENNY KATHERINE POLANCO CEDIEL','CRA 7 No.,4-36 BARRIO ANTIOQUIA CARTAGENA DELCHAIR','3212576375','U',2,900156264,860011153,800224808,891190047,0,101,'1989-08-06','2012-01-10',1475472.00,'A','U','','475142023448','I','5',0.52200,'7','F','0000-00-00','katica_poce@hotmail,com','GENNY KATHERINE','POLANCO CEDIEL','BANCO AGRARIO'),(2021021,40626007,'YOLANDA FAJARDO','CRA 3No.,4-53 BARRIO EL CENTRO DE CARTAGENA DEL CH','3103229942','C',3,900156264,860011153,800224808,891190047,0,101,'1972-06-20','2011-06-29',2063886.00,'A','T','','475143001669','I','5',0.52200,'5','F','0000-00-00','yoly19722009@hotmail,com','YOLANDA ','FAJARDO ','BANCO AGRARIO'),(2021021,1117543211,'PEDRO MARIN MARIN','CALLE 6 NRO.10-51 BARRIO ALONSO GAITAN- CARTAGENAD','3162361650','C',1,805000427,860011153,800229739,891190047,0,101,'1996-05-10','2021-01-04',2900000.00,'A','U','','46606114109','F','5',0.52200,'4','M','0000-00-00','pemarinmar@gmail,com','PEDRO ','MARIN MARIN','BANCOLOMBIA'),(2021021,41250731,'DEGNIS YILENA PEREZ JIMENEZ','PRIMAVERA NINO CARTAGENA DELCHAIRA CAQUETA','3108715677','S',2,800251440,860011153,800224808,891190047,0,102,'1975-06-05','2020-01-23',3723274.00,'A','U','','52255813994','I','5',2.43600,'1','F','0000-00-00','degnisyilenaperez@gmail,com','DEGNIS YILENA','PEREZ JIMENEZ','BANCOLOMBIA'),(2021022,17709602,'JORGE HUMBERTO  MUNOZ GALEANO','CALLE 10 NRO4 14 BARRIO QUINCE DE JUNIO DE CARTAGE','3112136161','C',3,900156264,860011153,900336004,891190047,0,202,'1975-07-23','2013-11-30',1386668.00,'A','B','','475142049897','I','2',2.43600,'26','M','0000-00-00','recursosh@emserpucar-esp,gov,co','JORGE HUMBERTO','MUÑOZ GALEANO','BANCO AGRARIO'),(2021021,1075226711,'MARCELO YANGUAS CHACON','CALLE 3C NRO. 8 -28 BARRIO LA PRIMAVERA DE CVARTAG','3104405447','U',1,800251440,860011153,800224808,891190047,0,101,'1987-10-29','2020-12-03',3000000.00,'A','U','','475142068611','F','5',0.52200,'3','M','0000-00-00','marceloyanguaspachon@hotmail,com','MARCELO ','YANGUAS PACHON','BANCO AGRARIO'),(2021031,1117964100,'MARTHA ADRIANA GASCA CORREA','CALLE 2 No., 6 -59 BARRIO PRIMAVERA CARTAGENA DEL','3143480231','U',2,900156264,860011153,800224808,891190047,0,101,'1988-03-30','2013-07-02',2063886.00,'A','U','','475142031823','I','5',2.43600,'8','F','0000-00-00','adriana30031@hotmail,com','MARTHA ADRIANA','GASCA CORREA','BANCO AGRARIO'),(2021031,1117543211,'PEDRO MARIN MARIN','CALLE 6 NRO.10-51 BARRIO ALONSO GAITAN- CARTAGENAD','3162361650','C',1,805000427,860011153,800229739,891190047,0,101,'1996-05-10','2021-01-04',2900000.00,'A','U','','46606114109','F','5',0.52200,'4','M','0000-00-00','pemarinmar@gmail,com','PEDRO ','MARIN MARIN','BANCOLOMBIA'),(2021031,1075226711,'MARCELO YANGUAS CHACON','CALLE 3C NRO. 8 -28 BARRIO LA PRIMAVERA DE CVARTAG','3104405447','U',1,800251440,860011153,800224808,891190047,0,101,'1987-10-29','2020-12-03',3000000.00,'A','U','','475142068611','F','5',0.52200,'3','M','0000-00-00','marceloyanguaspachon@hotmail,com','MARCELO ','YANGUAS PACHON','BANCO AGRARIO'),(2021031,41250731,'DEGNIS YILENA PEREZ JIMENEZ','PRIMAVERA NINO CARTAGENA DELCHAIRA CAQUETA','3108715677','S',2,800251440,860011153,800224808,891190047,0,101,'1975-06-05','2020-01-23',3723274.00,'A','U','','52255813994','I','5',2.43600,'1','F','0000-00-00','degnisyilenaperez@gmail,com','DEGNIS YILENA','PEREZ JIMENEZ','BANCOLOMBIA'),(2021041,17652212,'NELSON AUGUSTO ROMERO','CRA 2 NRO 3A 24 BARRIO EL CENTRO DE CARTAGENA DEL','3214869432','U',2,900156264,860011153,800224808,891190047,0,203,'1970-03-27','2013-11-30',1386668.00,'A','P','','475142058446','I','3',2.43600,'26','M','0000-00-00','romeronelsonaugusto@gmail,com','NELSON AUGUSTO','ROMERO ','BANCO AGRARIO'),(2021041,16227436,'WILMAR TORRES PALACIO','CALLE2 No.,20-03 BARRIO CIUDADELA DE CARTAGENA DEL','3136358451','U',1,900156264,860011153,800227940,891190047,0,201,'1973-01-05','2010-07-05',1386668.00,'A','P','','475142058179','I','1',2.43600,'20','M','0000-00-00','recursosh@emserpucar-esp,gov,co','WILMAR ','TORRES PALACIO','BANCO AGRARIO'),(2021041,1117508778,'GENNY KATHERINE POLANCO CEDIEL','CRA 7 No.,4-36 BARRIO ANTIOQUIA CARTAGENA DELCHAIR','3212576375','U',2,900156264,860011153,800224808,891190047,0,101,'1989-08-06','2012-01-10',1475472.00,'A','U','','475142023448','I','5',0.52200,'7','F','0000-00-00','katica_poce@hotmail,com','GENNY KATHERINE','POLANCO CEDIEL','BANCO AGRARIO'),(2021041,1117535344,'MAYERLY RAMIREZ  GALEANO','CRA 5 No.,13-53 BARRIO15 DE JUNIO CARTAGENA DEL CH','3135833864','U',1,900156264,860011153,800224808,891190047,0,101,'1995-05-16','2020-01-10',1475472.00,'A','U','','475142038811','F','5',0.52200,'9','F','0000-00-00','princessmaye_95@hotmail,com','MAYERLY ','RAMIREZ GALEANO','BANCO AGRARIO'),(2021042,17709400,'NELSON DE JESUS MUNOZ CEBALLOS','CRA7 CALLE 9 -101 BARRIO CAMILO TORRES DE CARTAGEN','3208553044','C',2,9010974735,860011153,900336004,891190047,0,201,'1964-08-26','1997-01-02',1386668.00,'A','P','','475142009127','I','1',2.43600,'22','M','0000-00-00','nelsonceballos1964@gmail,com','NELSON DE JESUS','MUÑOZ CEBALLOS','BANCO AGRARIO'),(2021041,12108861,'HUMBERTO CUENCA GUTIERREZ','BARRIO EL CENTRO CARTAGENA DEL CHAIRA CAQUETA','3203023394','S',0,900156264,860011153,0,891190047,0,101,'1954-09-25','2009-01-02',1158901.00,'A','P','','475143002185','I','5',0.52200,'11','M','0000-00-00','hcuencas786@gmail,com','HUMBERTO ','CUENCA ','BANCO AGRARIO'),(2021041,1109492696,'DEICY JAZMIN CASTANEDA IQUINA','CRA 8 No.,9-79 BARRIO CAMILO TORRES CARTAGENA DEL','3144479137','U',1,900156264,860011153,800224808,891190047,0,102,'1990-09-18','2012-01-10',2184000.00,'A','U','','475142058391','I','5',0.52200,'27','F','0000-00-00','dejascasy_04@hotmail,com','DEICY JAZMIN','CASTAÑEDA IQUINA','BANCO AGRARIO'),(2021041,16186270,'JUAN CARLOS SANTAMARIA OSPINA','CALLE 9 No.,9-39 BARRIO CAMILO TORRES,CARTAGENA DE','3214384884','U',2,900156264,860011153,800224808,891190047,0,102,'1980-04-01','2012-01-02',1475472.00,'A','B','','','I','5',0.52200,'13','M','0000-00-00','','','',''),(2021042,1117497550,'JOSE MANUEL ZABALA DIAZ','CRA 4 NRO,7-36 BARRIO COMUNERO  DE CARTAGENA DELCH','3118179168','U',1,900156264,860011153,800224808,891190047,0,204,'1987-12-10','2013-11-30',1386668.00,'A','B','','475143002215','I','4',4.35000,'18','M','0000-00-00','jomazadi@gmail,com','JOSE MANUEL','ZABALA DIAZ','BANCO AGRARIO'),(2021041,1115950121,'RAUL ESNEIDER PENAGOS GAITAN','CRA 7 NRO 5-34 BARRIO ANTIOQUIA DE CARTAGENA DEL C','3186299333','S',0,900935126,860011153,800224808,891190047,0,203,'1994-04-24','2019-06-07',1386668.00,'A','B','','','F','3',2.43600,'26','M','0000-00-00','','','',''),(2021041,11379809,'BENIGNO GAMEZ ROZO','CALLE 6 NRO3 51  BARRIO COMUNERO DE CARTAGENA DE C','3118626465','U',1,900156264,860011153,800224808,891190047,321251,203,'1959-01-02','2012-06-29',1386668.00,'A','P','','475142058421','I','3',4.35000,'25','M','0000-00-00','benigamez59@gmail,com','BENIGNO ','GAMEZ ROZO','BANCO AGRARIO'),(2021041,66873421,'ADRIANA MAYORGA BETANCOURTH','VEREDA EL DIAMANTE/ BARRIO ALONSO GAI DE CARTAGENA','3187691687','C',3,900156264,860011153,800224808,891190047,300000,203,'1980-05-16','2012-01-16',1590821.00,'A','','','475143004218','I','3',2.43600,'24','F','0000-00-00','adriana-11mabe@hotmail,com','ADRIANA ','MAYORGA BETANCOURT','BANCO AGRARIO'),(2021041,96332313,'ARTURO ORDONEZ ROJAS','CRA 12  No., 3A -27 BARRIO VILLA ADRIANA DE CARTAG','3213533654','U',1,901097473,860011153,800224808,891190047,0,201,'1978-05-12','2019-05-31',1590821.00,'A','B','','','F','1',2.43600,'23','M','0000-00-00','','','',''),(2021041,1676391,'LUIS HUMBERTO FLOREZ CABRERA','CALLE 4 NRO, 7-5 BARRIO COMUNERO DE CARTAGENA DEL','3154356116','U',0,900156264,860011153,800224808,891190047,0,202,'1972-11-15','2013-11-30',1386668.00,'A','P','','475142009208','I','2',2.43600,'26','M','0000-00-00','florezhumberto912@gmail,com','LUIS HUMBERTO','FLOREZ CABRERA','BANCO AGRARIO'),(2021041,96333592,'EFREN OSORIO GAONA','CALLE 2 NRO 12A -03 BARRIO BELLA VISTA DE CARTAGEN','3102230933','U',3,900156264,860011153,800224808,891190047,0,201,'1982-05-29','2013-11-30',1386668.00,'A','B','','475142058454','I','1',2.43600,'20','M','0000-00-00','efrenosorio143@gmail,con','EFREN ','OSORIO GAONA','BANCO AGRARIO'),(2021041,17710062,'JOHN JAIRO ORTIZ SANCHEZ','CALLE 10 CRA 11 BARRIO ANTIOQUIA DE CARTAGENA DEL','3214647379','C',7,900156264,860011153,800224808,891190047,0,201,'1975-12-16','2009-01-01',1386668.00,'A','P','','475142058411','I','1',2.43600,'20','M','0000-00-00','johnortizcart75@gmail,com','JOHN JAIRO','ORTIZ SANCHEZ','BANCO AGRARIO'),(2021041,17709400,'NELSON DE JESUS MUNOZ CEBALLOS','CRA7 CALLE 9 -101 BARRIO CAMILO TORRES DE CARTAGEN','3208553044','C',2,901097473,860011153,900336004,891190047,0,201,'1964-08-26','1997-01-02',1386668.00,'A','P','','475142009127','I','1',2.43600,'22','M','0000-00-00','nelsonceballos1964@gmail,com','NELSON DE JESUS','MUÑOZ CEBALLOS','BANCO AGRARIO'),(2021041,17709143,'ESAUC JARA ROBAYO','CALLE 3B No.,15-30 BARRIO PRIMERO DE AGOSTO DE CAR','3163934807','U',2,901097473,860011153,900336004,891190047,0,201,'1972-11-24','1998-11-09',1386668.00,'A','B','','475142058160','I','1',2.43600,'22','M','0000-00-00','recursosh@emserpucar-esp,gov,co','ESAUC ','JARA ROBAYO','BANCO AGRARIO'),(2021041,17634946,'FRANCISCO JAVIER ENCIZO CARDONA','CRA 3 NRO, 4 -53 BARRIO CENTRO DE CARTAGENA DELCHA','3142877870','C',4,900156264,860011153,900336004,891190047,0,201,'1962-04-08','1997-01-02',1386668.00,'A','B','','475142009135','I','1',2.43600,'21','M','0000-00-00','fjavierenciso62@gmail,com','FRANCISCO JAVIER','ENCIZO CARDONA','BANCO AGRARIO'),(2021041,16187894,'JAMES DIAZ VALENCIA','CALLE 1 NRO 2 - 26 BARRIO EL CENTRO DE CARTAGENA D','3138103577','P',1,900156264,860011153,800227940,891190047,300000,203,'1980-12-24','2009-01-01',1386668.00,'A','B','','475143002207','I','3',2.43600,'26','M','0000-00-00','jd9954850@gmail,com','JAMES ','DIAZ VALENCIA','BANCO AGRARIO'),(2021042,12108861,'HUMBERTO CUENCA GUTIERREZ','BARRIO EL CENTRO CARTAGENA DEL CHAIRA CAQUETA','3203023394','S',0,900156264,860011153,0,891190047,0,101,'1954-09-25','2009-01-02',1158901.00,'A','P','','475143002185','I','5',0.52200,'11','M','0000-00-00','hcuencas786@gmail,com','HUMBERTO ','CUENCA ','BANCO AGRARIO'),(2021042,40626164,'ORFILIA BARRERO','CALLE 3 NRO,3- 49 BARRIO EL CENTRO CARTAGENA DL CH','3138520990','S',2,900156264,860011153,800224808,891190047,0,101,'1973-02-16','2009-01-02',1158901.00,'A','P','','475142058128','I','5',4.35000,'10','F','0000-00-00','barreroorfilia@gmail,com','ORFILIA ','BARRERO ','BANCO AGRARIO'),(2021041,1117497550,'JOSE MANUEL ZABALA DIAZ','CRA 4 NRO,7-36 BARRIO COMUNERO  DE CARTAGENA DELCH','3118179168','U',1,900156264,860011153,800224808,891190047,0,204,'1987-12-10','2013-11-30',1386668.00,'A','B','','475143002215','I','4',4.35000,'18','M','0000-00-00','jomazadi@gmail,com','JOSE MANUEL','ZABALA DIAZ','BANCO AGRARIO'),(2021041,1067524170,'LUIS JONATHAN RAMOS VARGAS','CRA 6 No., 5 - 19 BARRIO EL CENTRO DE CARTAGENA DE','3166397616','P',2,900156264,860011153,800224808,891190047,0,204,'1989-04-14','2019-05-31',1386668.00,'A','B','','','F','4',4.35000,'18','M','0000-00-00','','','',''),(2021041,18467702,'EDUIN ALEGRIA ROSERO','CRA 4 CALE 5 -38 BARRIO ANTIOQUIA CARTAGENA DELCHA','3219226149','P',1,900156264,860011153,900336004,891190047,0,204,'1976-02-26','2098-05-04',1386668.00,'A','B','','475142009161','I','4',4.35000,'18','M','0000-00-00','adrianaparrapolania,@gmail,com','EDUIN ','ALEGRIA ROSERO','BANCO AGRARIO'),(2021041,17710656,'JHONNIER GARCIA RAMIREZ','CALLE 5A No.,7,-76 BARRIO ANTIOQUIA CARTAGENA DEL','3137736759','U',1,900156264,860011153,800224808,891190047,0,204,'1982-03-08','2013-11-30',1386668.00,'A','B','','475142023375','I','4',4.35000,'18','M','0000-00-00','jhonniergarcia652@gmail,com','JHONNIER ','GARCIA RAMIREZ','BANCO AGRARIO'),(2021041,17710093,'CARLOS ALBERTO TOVAR BERGANO','CALLE 9 No.,11A-09 VILLAS DELCHAIRA CARTAGENA DELC','3123445851','P',4,900156264,860011153,800224808,891190047,0,204,'1974-11-30','2013-11-30',1386668.00,'A','P','','475142058403','I','4',4.35000,'18','M','0000-00-00','caltober123@gmail,com','CARLOS ALBERTO','TOVAR  VERGAÑO','BANCO AGRARIO'),(2021041,17688349,'ANDERSON CHARRY CABRERA','CRA 6 No.,1-15  BARRIO PRIMAVERA CARTAGENA DELCHAI','3138150582','U',2,900156264,800224808,800224808,891190047,0,204,'1983-06-30','2019-07-01',1590821.00,'A','B','','','F','4',4.35000,'17','M','0000-00-00','','','',''),(2021042,41250731,'DEGNIS YILENA PEREZ JIMENEZ','PRIMAVERA NINO CARTAGENA DELCHAIRA CAQUETA','3108715677','S',2,800251440,860011153,800224808,891190047,0,101,'1975-06-05','2020-01-23',3723274.00,'A','U','','52255813994','I','5',2.43600,'1','F','0000-00-00','degnisyilenaperez@gmail,com','DEGNIS YILENA','PEREZ JIMENEZ','BANCOLOMBIA'),(2021041,17709602,'JORGE HUMBERTO  MUNOZ GALEANO','CALLE 10 NRO4 14 BARRIO QUINCE DE JUNIO DE CARTAGE','3112136161','C',3,900156264,860011153,900336004,891190047,0,202,'1975-07-23','2013-11-30',1386668.00,'A','B','','475142049897','I','2',2.43600,'26','M','0000-00-00','recursosh@emserpucar-esp,gov,co','JORGE HUMBERTO','MUÑOZ GALEANO','BANCO AGRARIO'),(2021041,40625532,'MARIA CONSUELO NINCO VARGAS','CARRERA . NRO.3-34 BARRIO EL CENTRO CARTAGENA DEL','3144280414','U',2,900156264,860011153,800224808,891190047,0,102,'1968-11-20','2020-08-01',1475472.00,'A','B','','475142059809','F','5',0.52200,'15','F','0000-00-00','consueloninco26@hotmail,es','MARIA CONSUELO','NINCO VARGAS','BANCO AGRARIO'),(2021041,79201571,'RAFAEL CAMPOS CRUZ','CALLED 12A CON CRA 3 URBANIZACION 15 DE JUNIO DE C','3213701359','U',3,900156264,860011153,900336004,891190047,0,204,'1955-11-15','2009-01-01',2271828.00,'A','B','','475142009259','I','4',4.35000,'16','F','0000-00-00','rafitacc79@gmail,com','RAFAEL ','CAMPOS  CRUZ','BANCO AGRARIO'),(2021041,40626885,'MARGOTH MARTINEZ','CALLE 3 No.,4-22 BARRIO EL CENTRO CARTAGENA DELCHA','3186059380','S',3,900156264,860011153,800224808,891190047,0,102,'1980-10-15','2011-06-29',1475472.00,'A','B','','','I','5',2.43600,'14','F','0000-00-00','','','',''),(2021041,40626164,'ORFILIA BARRERO','CALLE 3 NRO,3- 49 BARRIO EL CENTRO CARTAGENA DL CH','3138520990','S',2,900156264,860011153,800224808,891190047,0,101,'1973-02-16','2009-01-02',1158901.00,'A','P','','475142058128','I','5',4.35000,'10','F','0000-00-00','barreroorfilia@gmail,com','ORFILIA ','BARRERO ','BANCO AGRARIO'),(2021041,1117964100,'MARTHA ADRIANA GASCA CORREA','CALLE 2 No., 6 -59 BARRIO PRIMAVERA CARTAGENA DEL','3143480231','U',2,900156264,860011153,800224808,891190047,0,101,'1988-03-30','2013-07-02',2063886.00,'A','U','','475142031823','I','5',2.43600,'8','F','0000-00-00','adriana30031@hotmail,com','MARTHA ADRIANA','GASCA CORREA','BANCO AGRARIO'),(2021041,40626007,'YOLANDA FAJARDO','CRA 3No.,4-53 BARRIO EL CENTRO DE CARTAGENA DEL CH','3103229942','C',3,900156264,860011153,800224808,891190047,0,101,'1972-06-20','2011-06-29',2063886.00,'A','T','','475143001669','I','5',0.52200,'5','F','0000-00-00','yoly19722009@hotmail,com','YOLANDA ','FAJARDO ','BANCO AGRARIO'),(2021041,1117543211,'PEDRO MARIN MARIN','CALLE 6 NRO.10-51 BARRIO ALONSO GAITAN- CARTAGENAD','3162361650','C',1,805000427,860011153,800229739,891190047,0,101,'1996-05-10','2021-01-04',2900000.00,'A','U','','46606114109','F','5',0.52200,'4','M','0000-00-00','pemarinmar@gmail,com','PEDRO ','MARIN MARIN','BANCOLOMBIA'),(2021041,1075226711,'MARCELO YANGUAS PACHON','CALLE 3C NRO. 8 -28 BARRIO LA PRIMAVERA DE CVARTAG','3104405447','U',1,800251440,860011153,800224808,891190047,0,101,'1987-10-29','2020-12-03',3000000.00,'A','U','','475142068611','F','5',0.52200,'3','M','0000-00-00','marceloyanguaspachon@hotmail,com','MARCELO ','YANGUAS PACHON','BANCO AGRARIO'),(2021041,41250731,'DEGNIS YILENA PEREZ JIMENEZ','PRIMAVERA NINO CARTAGENA DELCHAIRA CAQUETA','3108715677','S',2,800251440,860011153,800224808,891190047,0,101,'1975-06-05','2020-01-23',3723274.00,'A','U','','52255813994','I','5',2.43600,'1','F','0000-00-00','degnisyilenaperez@gmail,com','DEGNIS YILENA','PEREZ JIMENEZ','BANCOLOMBIA'),(2021041,16189593,'OIDEN LOZADA','BARRIO EL CENTRO CARTAGENA DEL CHAIRA CAQUETA','3175686075','S',1,805000427,860011153,900336004,891190047,0,101,'1982-01-01','2021-01-26',3000000.00,'A','U','','475142069251','F','5',0.52200,'2','M','0000-00-00','oiden_lozada@hotmail,com','OIDEN ','LOZADA ','BANCO AGRARIO'),(2021061,17710062,'JOHN JAIRO ORTIZ SANCHEZ','CALLE 10 CRA 11 BARRIO ANTIOQUIA DE CARTAGENA DEL','3214647379','C',7,900156264,860011153,800224808,891190047,0,201,'1975-12-16','2009-01-01',1386668.00,'A','P','','475142058411','I','1',2.43600,'20','M','0000-00-00','johnortizcart75@gmail,com','JOHN JAIRO','ORTIZ SANCHEZ','BANCO AGRARIO'),(2021061,96333592,'EFREN OSORIO GAONA','CALLE 2 NRO 12A -03 BARRIO BELLA VISTA DE CARTAGEN','3102230933','U',3,900156264,860011153,800224808,891190047,0,201,'1982-05-29','2013-11-30',1386668.00,'A','B','','475142058454','I','1',2.43600,'20','M','0000-00-00','efrenosorio143@gmail,con','EFREN ','OSORIO GAONA','BANCO AGRARIO'),(2021062,17709143,'ESAUC JARA ROBAYO','CALLE 3B No.,15-30 BARRIO PRIMERO DE AGOSTO DE CAR','3163934807','U',2,901097473,860011153,900336004,891190047,0,201,'1972-11-24','1998-11-09',1386668.00,'A','B','','475142058160','I','1',2.43600,'22','M','0000-00-00','recursosh@emserpucar-esp,gov,co','ESAUC ','JARA ROBAYO','BANCO AGRARIO'),(2021071,16187894,'JAMES DIAZ VALENCIA','CALLE 1 NRO 2 - 26 BARRIO EL CENTRO DE CARTAGENA D','3138103577','P',1,900156264,860011153,800227940,891190047,300000,202,'1980-12-24','2009-01-01',1386668.00,'A','B','','475143002207','I','2',2.43600,'26','F','0000-00-00','jd9954850@gmail,com','JAMES ','DIAZ VALENCIA','BANCO AGRARIO'),(2021061,66873421,'ADRIANA MAYORGA BETANCOURTH','VEREDA EL DIAMANTE/ BARRIO ALONSO GAI DE CARTAGENA','3187691687','C',3,900156264,860011153,800224808,891190047,300000,203,'1980-05-16','2012-01-16',1590821.00,'A','','','475143004218','I','3',2.43600,'24','F','0000-00-00','adriana-11mabe@hotmail,com','ADRIANA ','MAYORGA BETANCOURT','BANCO AGRARIO'),(2021051,1117975514,'JUAN DE JESÚS ESPAÑA IQUINA','CALLE 7 NRO.3-34  B/COMUNERO','3115030582','S',0,900935126,860011153,800224808,891190047,0,203,'1999-02-25','2021-06-07',1386668.00,'A','B','','84724497674','F','3',2.43600,'26','M','0000-00-00','espanaiquinajuandejesus@gmail,com','JUAN DE JESUS','ESPAÑA IQUINA','BANCOLOMBIA'),(2021051,11379809,'BENIGNO GAMEZ ROZO','CL 6 3 51 BRR COMUNEROS','3118626465','U',1,900156264,860011153,800224808,891190047,0,203,'2021-05-25','2021-05-25',1386668.00,'A','P','','475142058421','I','3',4.35000,'25','M','0000-00-00','benigamez59@gmail,com','BENIGNO ','GAMEZ ROZO','BANCO AGRARIO'),(2021072,66873421,'ADRIANA MAYORGA BETANCOURTH','VEREDA EL DIAMANTE/ BARRIO ALONSO GAI DE CARTAGENA','3187691687','C',3,900156264,860011153,800224808,891190047,300000,203,'1980-05-16','2012-01-16',1590821.00,'A','','','475143004218','I','3',2.43600,'24','F','0000-00-00','adriana-11mabe@hotmail,com','ADRIANA ','MAYORGA BETANCOURT','BANCO AGRARIO'),(2021051,16189593,'OIDEN LOZADA','BARRIO EL CENTRO CARTAGENA DEL CHAIRA CAQUETA','3175686075','S',1,805000427,860011153,900336004,891190047,0,101,'1982-01-01','2021-01-26',3000000.00,'A','U','','475142069251','F','5',0.52200,'2','M','0000-00-00','oiden_lozada@hotmail,com','OIDEN ','LOZADA ','BANCO AGRARIO'),(2021052,1117508778,'GENNY KATHERINE POLANCO CEDIEL','CRA 7 No.,4-36 BARRIO ANTIOQUIA CARTAGENA DELCHAIR','3212576375','U',2,900156264,860011153,800224808,891190047,0,101,'1989-08-06','2012-01-10',1475472.00,'A','U','','475142023448','I','5',0.52200,'7','F','0000-00-00','katica_poce@hotmail,com','GENNY KATHERINE','POLANCO CEDIEL','BANCO AGRARIO'),(202105,40078584,'SANDRA GLEIDIS BETANCOURT TORRES','CLLE 5 NRO.8-33 B/ ANTIOQUIA','3103019686','C',1,901097473,860011153,800224808,891190047,0,101,'1980-03-30','2021-05-14',1400000.00,'A','T','','','F','5',1.00000,'15','F','0000-00-00','sandrabetancour-@hotmail.com','','',''),(2021061,1676391,'LUIS HUMBERTO FLOREZ CABRERA','CALLE 4 NRO, 7-5 BARRIO COMUNERO DE CARTAGENA DEL','3154356116','U',0,900156264,860011153,800224808,891190047,0,202,'1972-11-15','2013-11-30',1386668.00,'A','P','','475142009208','I','2',2.43600,'26','M','0000-00-00','florezhumberto912@gmail,com','LUIS HUMBERTO','FLOREZ CABRERA','BANCO AGRARIO'),(2021061,17709143,'ESAUC JARA ROBAYO','CALLE 3B No.,15-30 BARRIO PRIMERO DE AGOSTO DE CAR','3163934807','U',2,901097473,860011153,900336004,891190047,0,201,'1972-11-24','1998-11-09',1386668.00,'A','B','','475142058160','I','1',2.43600,'22','M','0000-00-00','recursosh@emserpucar-esp,gov,co','ESAUC ','JARA ROBAYO','BANCO AGRARIO'),(2021051,40078584,'SANDRA GLEIDIS BETANCOURT TORRES','CL 5 NO. 8 - 33 BRR ANTIOQUIA','3103019686','C',1,805000427,860011153,800224808,891190047,0,101,'1980-03-30','2021-05-14',1400000.00,'A','B','','','F','5',0.52200,'15','F','0000-00-00','sandrabetancourt-@hotmail.com','','',''),(2021051,1117508778,'GENNY KATHERINE POLANCO CEDIEL','CRA 7 No.,4-36 BARRIO ANTIOQUIA CARTAGENA DELCHAIR','3212576375','U',2,900156264,860011153,800224808,891190047,0,101,'1989-08-06','2012-01-10',1475472.00,'A','U','','475142023448','I','5',0.52200,'7','F','0000-00-00','katica_poce@hotmail,com','GENNY KATHERINE','POLANCO CEDIEL','BANCO AGRARIO'),(2021051,40626007,'YOLANDA FAJARDO','CRA 3No.,4-53 BARRIO EL CENTRO DE CARTAGENA DEL CH','3103229942','C',3,900156264,860011153,800224808,891190047,0,101,'1972-06-20','2011-06-29',2063886.00,'A','T','','475143001669','I','5',0.52200,'5','F','0000-00-00','yoly19722009@hotmail,com','YOLANDA ','FAJARDO ','BANCO AGRARIO'),(2021051,41250731,'DEGNIS YILENA PEREZ JIMENEZ','PRIMAVERA NINO CARTAGENA DELCHAIRA CAQUETA','3108715677','S',2,800251440,860011153,800224808,891190047,0,101,'1975-06-05','2020-01-23',3723274.00,'A','U','','52255813994','I','5',2.43600,'1','F','0000-00-00','degnisyilenaperez@gmail,com','DEGNIS YILENA','PEREZ JIMENEZ','BANCOLOMBIA'),(2021051,1075226711,'MARCELO YANGUAS PACHON','CALLE 3C NRO. 8 -28 BARRIO LA PRIMAVERA DE CVARTAG','3104405447','U',1,800251440,860011153,800224808,891190047,0,101,'1987-10-29','2020-12-03',3000000.00,'A','U','','475142068611','F','5',0.52200,'3','M','0000-00-00','marceloyanguaspachon@hotmail,com','MARCELO ','YANGUAS PACHON','BANCO AGRARIO'),(2021051,1117543211,'PEDRO MARIN MARIN','CALLE 6 NRO.10-51 BARRIO ALONSO GAITAN- CARTAGENAD','3162361650','C',1,805000427,860011153,800229739,891190047,0,101,'1996-05-10','2021-01-04',2900000.00,'A','U','','46606114109','F','5',0.52200,'4','M','0000-00-00','pemarinmar@gmail,com','PEDRO ','MARIN MARIN','BANCOLOMBIA'),(2021052,17710656,'JHONNIER GARCIA RAMIREZ','CALLE 5A No.,7,-76 BARRIO ANTIOQUIA CARTAGENA DEL','3137736759','U',1,900156264,860011153,800224808,891190047,0,204,'1982-03-08','2013-11-30',1386668.00,'A','B','','475142023375','I','4',4.35000,'18','M','0000-00-00','jhonniergarcia652@gmail,com','JHONNIER ','GARCIA RAMIREZ','BANCO AGRARIO'),(2021051,17775614,'FERNEY ALDANA MUÑOZ','CRA 9 NRO. 1 - 05 B/ PRIMAVERA','3207640240','U',3,900935126,860011153,900336004,891190047,0,201,'1984-06-17','2021-06-09',1386668.00,'A','B','','475142022761','F','1',2.43600,'20','M','0000-00-00','ferneymunoz291@gmail,com','FERNEY ','ALDANA MUÑOZ','BANCO AGRARIO'),(2021051,40625532,'MARIA CONSUELO NINCO VARGAS','CARRERA . NRO.3-34 BARRIO EL CENTRO CARTAGENA DEL','3144280414','U',2,900156264,860011153,800224808,891190047,0,102,'1968-11-20','2020-08-01',1475472.00,'A','B','','475142059809','F','5',0.52200,'15','F','0000-00-00','consueloninco26@hotmail,es','MARIA CONSUELO','NINCO VARGAS','BANCO AGRARIO'),(2021051,79201571,'RAFAEL CAMPOS CRUZ','CALLED 12A CON CRA 3 URBANIZACION 15 DE JUNIO DE C','3213701359','U',3,900156264,860011153,900336004,891190047,0,204,'1955-11-15','2009-01-01',2271828.00,'A','B','','475142009259','I','4',4.35000,'16','F','0000-00-00','rafitacc79@gmail,com','RAFAEL ','CAMPOS  CRUZ','BANCO AGRARIO'),(2021051,17710093,'CARLOS ALBERTO TOVAR BERGANO','CALLE 9 No.,11A-09 VILLAS DELCHAIRA CARTAGENA DELC','3123445851','P',4,900156264,860011153,800224808,891190047,0,204,'1974-11-30','2013-11-30',1386668.00,'A','P','','475142058403','I','4',4.35000,'18','M','0000-00-00','caltober123@gmail,com','CARLOS ALBERTO','TOVAR  VERGAÑO','BANCO AGRARIO'),(2021052,16187894,'JAMES DIAZ VALENCIA','CALLE 1 NRO 2 - 26 BARRIO EL CENTRO DE CARTAGENA D','3138103577','P',1,900156264,860011153,800227940,891190047,300000,203,'1980-12-24','2009-01-01',1386668.00,'A','B','','475143002207','I','3',2.43600,'26','M','0000-00-00','jd9954850@gmail,com','JAMES ','DIAZ VALENCIA','BANCO AGRARIO'),(2021061,17634946,'FRANCISCO JAVIER ENCIZO CARDONA','CRA 3 NRO, 4 -53 BARRIO CENTRO DE CARTAGENA DELCHA','3142877870','C',4,900156264,860011153,900336004,891190047,0,201,'1962-04-08','1997-01-02',1386668.00,'A','B','','475142009135','I','1',2.43600,'21','M','0000-00-00','fjavierenciso62@gmail,com','FRANCISCO JAVIER','ENCIZO CARDONA','BANCO AGRARIO'),(2021051,17652212,'NELSON AUGUSTO ROMERO','CRA 2 NRO 3A 24 BARRIO EL CENTRO DE CARTAGENA DEL','3214869432','U',2,900156264,860011153,800224808,891190047,0,203,'1970-03-27','2013-11-30',1386668.00,'A','P','','475142058446','I','3',2.43600,'26','M','0000-00-00','romeronelsonaugusto@gmail,com','NELSON AUGUSTO','ROMERO ','BANCO AGRARIO'),(2021051,17709602,'JORGE HUMBERTO  MUNOZ GALEANO','CALLE 10 NRO4 14 BARRIO QUINCE DE JUNIO DE CARTAGE','3112136161','C',3,900156264,860011153,900336004,891190047,0,201,'1975-07-23','2013-11-30',1386668.00,'A','B','','475142049897','I','1',2.43600,'26','M','0000-00-00','recursosh@emserpucar-esp,gov,co','JORGE HUMBERTO','MUÑOZ GALEANO','BANCO AGRARIO'),(2021051,17709400,'NELSON DE JESUS MUNOZ CEBALLOS','CRA7 CALLE 9 -101 BARRIO CAMILO TORRES DE CARTAGEN','3208553044','C',2,901097473,860011153,900336004,891190047,0,201,'1964-08-26','1997-01-02',1386668.00,'A','P','','475142009127','I','1',2.43600,'22','M','0000-00-00','nelsonceballos1964@gmail,com','NELSON DE JESUS','MUÑOZ CEBALLOS','BANCO AGRARIO'),(2021051,17710062,'JOHN JAIRO ORTIZ SANCHEZ','CALLE 10 CRA 11 BARRIO ANTIOQUIA DE CARTAGENA DEL','3214647379','C',7,900156264,860011153,800224808,891190047,0,201,'1975-12-16','2009-01-01',1386668.00,'A','P','','475142058411','I','1',2.43600,'20','M','0000-00-00','johnortizcart75@gmail,com','JOHN JAIRO','ORTIZ SANCHEZ','BANCO AGRARIO'),(2021051,96333592,'EFREN OSORIO GAONA','CALLE 2 NRO 12A -03 BARRIO BELLA VISTA DE CARTAGEN','3102230933','U',3,900156264,860011153,800224808,891190047,0,201,'1982-05-29','2013-11-30',1386668.00,'A','B','','475142058454','I','1',2.43600,'20','M','0000-00-00','efrenosorio143@gmail,con','EFREN ','OSORIO GAONA','BANCO AGRARIO'),(2021051,1676391,'LUIS HUMBERTO FLOREZ CABRERA','CALLE 4 NRO, 7-5 BARRIO COMUNERO DE CARTAGENA DEL','3154356116','U',0,900156264,860011153,800224808,891190047,0,202,'1972-11-15','2013-11-30',1386668.00,'A','P','','475142009208','I','2',2.43600,'26','M','0000-00-00','florezhumberto912@gmail,com','LUIS HUMBERTO','FLOREZ CABRERA','BANCO AGRARIO'),(2021051,66873421,'ADRIANA MAYORGA BETANCOURTH','VEREDA EL DIAMANTE/ BARRIO ALONSO GAI DE CARTAGENA','3187691687','C',3,900156264,860011153,800224808,891190047,300000,203,'1980-05-16','2012-01-16',1590821.00,'A','','','475143004218','I','3',2.43600,'24','F','0000-00-00','adriana-11mabe@hotmail,com','ADRIANA ','MAYORGA BETANCOURT','BANCO AGRARIO'),(2021051,17710656,'JHONNIER GARCIA RAMIREZ','CALLE 5A No.,7,-76 BARRIO ANTIOQUIA CARTAGENA DEL','3137736759','U',1,900156264,860011153,800224808,891190047,0,204,'1982-03-08','2013-11-30',1386668.00,'A','B','','475142023375','I','4',4.35000,'18','M','0000-00-00','jhonniergarcia652@gmail,com','JHONNIER ','GARCIA RAMIREZ','BANCO AGRARIO'),(2021051,1117535344,'MAYERLY RAMIREZ  GALEANO','CRA 5 No.,13-53 BARRIO15 DE JUNIO CARTAGENA DEL CH','3135833864','U',1,900156264,860011153,800224808,891190047,0,101,'1995-05-16','2020-01-10',1475472.00,'A','U','','475142038811','F','5',0.52200,'9','F','0000-00-00','princessmaye_95@hotmail,com','MAYERLY ','RAMIREZ GALEANO','BANCO AGRARIO'),(2021051,1117964100,'MARTHA ADRIANA GASCA CORREA','CALLE 2 No., 6 -59 BARRIO PRIMAVERA CARTAGENA DEL','3143480231','U',2,900156264,860011153,800224808,891190047,0,101,'1988-03-30','2013-07-02',2063886.00,'A','U','','475142031823','I','5',2.43600,'8','F','0000-00-00','adriana30031@hotmail,com','MARTHA ADRIANA','GASCA CORREA','BANCO AGRARIO'),(2021051,40626164,'ORFILIA BARRERO','CALLE 3 NRO,3- 49 BARRIO EL CENTRO CARTAGENA DL CH','3138520990','S',2,900156264,860011153,800224808,891190047,0,101,'1973-02-16','2009-01-02',1158901.00,'A','P','','475142058128','I','5',4.35000,'10','F','0000-00-00','barreroorfilia@gmail,com','ORFILIA ','BARRERO ','BANCO AGRARIO'),(2021051,12108861,'HUMBERTO CUENCA GUTIERREZ','BARRIO EL CENTRO CARTAGENA DEL CHAIRA CAQUETA','3203023394','S',0,900156264,860011153,0,891190047,0,101,'1954-09-25','2009-01-02',1158901.00,'A','P','','475143002185','I','5',0.52200,'11','M','0000-00-00','hcuencas786@gmail,com','HUMBERTO ','CUENCA ','BANCO AGRARIO'),(2021051,1109492696,'DEICY JAZMIN CASTANEDA IQUINA','CRA 8 No.,9-79 BARRIO CAMILO TORRES CARTAGENA DEL','3144479137','U',1,900156264,860011153,800224808,891190047,0,102,'1990-09-18','2012-01-10',2184000.00,'A','U','','475142058391','I','5',0.52200,'27','F','0000-00-00','dejascasy_04@hotmail,com','DEICY JAZMIN','CASTAÑEDA IQUINA','BANCO AGRARIO'),(2021051,16186270,'JUAN CARLOS SANTAMARIA OSPINA','CALLE 9 No.,9-39 BARRIO CAMILO TORRES,CARTAGENA DE','3214384884','U',2,900156264,860011153,800224808,891190047,0,102,'1980-04-01','2012-01-02',1475472.00,'A','B','','','I','5',0.52200,'13','M','0000-00-00','','','',''),(2021051,40626885,'MARGOTH MARTINEZ','CALLE 3 No.,4-22 BARRIO EL CENTRO CARTAGENA DELCHA','3186059380','S',3,900156264,860011153,800224808,891190047,0,102,'1980-10-15','2011-06-29',1475472.00,'A','B','','','I','5',2.43600,'14','F','0000-00-00','','','',''),(2021062,1676391,'LUIS HUMBERTO FLOREZ CABRERA','CALLE 4 NRO, 7-5 BARRIO COMUNERO DE CARTAGENA DEL','3154356116','U',0,900156264,860011153,800224808,891190047,0,202,'1972-11-15','2013-11-30',1386668.00,'A','P','','475142009208','I','2',2.43600,'26','M','0000-00-00','florezhumberto912@gmail,com','LUIS HUMBERTO','FLOREZ CABRERA','BANCO AGRARIO'),(2021061,17652212,'NELSON AUGUSTO ROMERO','CRA 2 NRO 3A 24 BARRIO EL CENTRO DE CARTAGENA DEL','3214869432','U',2,900156264,860011153,800224808,891190047,0,203,'1970-03-27','2013-11-30',1386668.00,'A','P','','475142058446','I','3',2.43600,'26','M','0000-00-00','romeronelsonaugusto@gmail,com','NELSON AUGUSTO','ROMERO ','BANCO AGRARIO'),(2021061,1117543211,'PEDRO MARIN MARIN','CALLE 6 NRO.10-51 BARRIO ALONSO GAITAN- CARTAGENAD','3162361650','C',1,805000427,860011153,800229739,891190047,0,101,'1996-05-10','2021-01-04',2900000.00,'A','U','','46606114109','F','5',0.52200,'4','M','0000-00-00','pemarinmar@gmail,com','PEDRO ','MARIN MARIN','BANCOLOMBIA'),(2021061,40626007,'YOLANDA FAJARDO','CRA 3No.,4-53 BARRIO EL CENTRO DE CARTAGENA DEL CH','3103229942','C',3,900156264,860011153,800224808,891190047,0,101,'1972-06-20','2011-06-29',2063886.00,'A','T','','475143001669','I','5',0.52200,'5','F','0000-00-00','yoly19722009@hotmail,com','YOLANDA ','FAJARDO ','BANCO AGRARIO'),(2021061,1117508778,'GENNY KATHERINE POLANCO CEDIEL','CRA 7 No.,4-36 BARRIO ANTIOQUIA CARTAGENA DELCHAIR','3212576375','U',2,900156264,860011153,800224808,891190047,0,101,'1989-08-06','2012-01-10',1475472.00,'A','U','','475142023448','I','5',0.52200,'7','F','0000-00-00','katica_poce@hotmail,com','GENNY KATHERINE','POLANCO CEDIEL','BANCO AGRARIO'),(2021061,1117535344,'MAYERLY RAMIREZ  GALEANO','CRA 5 No.,13-53 BARRIO15 DE JUNIO CARTAGENA DEL CH','3135833864','U',1,900156264,860011153,800224808,891190047,0,101,'1995-05-16','2020-01-10',1475472.00,'A','U','','475142038811','F','5',0.52200,'9','F','0000-00-00','princessmaye_95@hotmail,com','MAYERLY ','RAMIREZ GALEANO','BANCO AGRARIO'),(2021061,41250731,'DEGNIS YILENA PEREZ JIMENEZ','PRIMAVERA NINO CARTAGENA DELCHAIRA CAQUETA','3108715677','S',2,800251440,860011153,800224808,891190047,0,101,'1975-06-05','2020-01-23',3723274.00,'A','U','','52255813994','I','5',2.43600,'1','F','0000-00-00','degnisyilenaperez@gmail,com','DEGNIS YILENA','PEREZ JIMENEZ','BANCOLOMBIA'),(2021061,1075226711,'MARCELO YANGUAS PACHON','CALLE 3C NRO. 8 -28 BARRIO LA PRIMAVERA DE CVARTAG','3104405447','U',1,800251440,860011153,800224808,891190047,0,101,'1987-10-29','2020-12-03',3000000.00,'A','U','','475142068611','F','5',0.52200,'3','M','0000-00-00','marceloyanguaspachon@hotmail,com','MARCELO ','YANGUAS PACHON','BANCO AGRARIO'),(2021072,17710062,'JOHN JAIRO ORTIZ SANCHEZ','CALLE 10 CRA 11 BARRIO ANTIOQUIA DE CARTAGENA DEL','3214647379','C',7,900156264,860011153,800224808,891190047,0,201,'1975-12-16','2009-01-01',1386668.00,'A','P','','475142058411','I','1',2.43600,'20','M','0000-00-00','johnortizcart75@gmail,com','JOHN JAIRO','ORTIZ SANCHEZ','BANCO AGRARIO'),(2021062,1117535344,'MAYERLY RAMIREZ  GALEANO','CRA 5 No.,13-53 BARRIO15 DE JUNIO CARTAGENA DEL CH','3135833864','U',1,900156264,860011153,800224808,891190047,0,101,'1995-05-16','2020-01-10',1475472.00,'A','U','','475142038811','F','5',0.52200,'9','F','0000-00-00','princessmaye_95@hotmail,com','MAYERLY ','RAMIREZ GALEANO','BANCO AGRARIO'),(2021051,18467702,'EDUIN ALEGRIA ROSERO','CRA 4 CALE 5 -38 BARRIO ANTIOQUIA CARTAGENA DELCHA','3219226149','P',1,900156264,860011153,900336004,891190047,0,204,'1976-02-26','2098-05-04',1386668.00,'A','B','','475142009161','I','4',4.35000,'18','M','0000-00-00','adrianaparrapolania,@gmail,com','EDUIN ','ALEGRIA ROSERO','BANCO AGRARIO'),(2021051,1117497550,'JOSE MANUEL ZABALA DIAZ','CRA 4 NRO,7-36 BARRIO COMUNERO  DE CARTAGENA DELCH','3118179168','U',1,900156264,860011153,800224808,891190047,0,204,'1987-12-10','2013-11-30',1386668.00,'A','B','','475143002215','I','4',4.35000,'18','M','0000-00-00','jomazadi@gmail,com','JOSE MANUEL','ZABALA DIAZ','BANCO AGRARIO'),(2021051,16187894,'JAMES DIAZ VALENCIA','CALLE 1 NRO 2 - 26 BARRIO EL CENTRO DE CARTAGENA D','3138103577','P',1,900156264,860011153,800227940,891190047,300000,202,'1980-12-24','2009-01-01',1386668.00,'A','B','','475143002207','I','2',2.43600,'26','M','0000-00-00','jd9954850@gmail,com','JAMES ','DIAZ VALENCIA','BANCO AGRARIO'),(2021051,16227436,'WILMAR TORRES PALACIO','CALLE2 No.,20-03 BARRIO CIUDADELA DE CARTAGENA DEL','3136358451','U',1,900156264,860011153,800227940,891190047,0,203,'1973-01-05','2010-07-05',1386668.00,'A','P','','475142058179','I','3',2.43600,'20','M','0000-00-00','recursosh@emserpucar-esp,gov,co','WILMAR ','TORRES PALACIO','BANCO AGRARIO'),(2021051,17634946,'FRANCISCO JAVIER ENCIZO CARDONA','CRA 3 NRO, 4 -53 BARRIO CENTRO DE CARTAGENA DELCHA','3142877870','C',4,900156264,860011153,900336004,891190047,0,201,'1962-04-08','1997-01-02',1386668.00,'A','B','','475142009135','I','1',2.43600,'21','M','0000-00-00','fjavierenciso62@gmail,com','FRANCISCO JAVIER','ENCIZO CARDONA','BANCO AGRARIO'),(2021051,17709143,'ESAUC JARA ROBAYO','CALLE 3B No.,15-30 BARRIO PRIMERO DE AGOSTO DE CAR','3163934807','U',2,901097473,860011153,900336004,891190047,0,201,'1972-11-24','1998-11-09',1386668.00,'A','B','','475142058160','I','1',2.43600,'22','M','0000-00-00','recursosh@emserpucar-esp,gov,co','ESAUC ','JARA ROBAYO','BANCO AGRARIO'),(2021061,40078584,'SANDRA GLEIDIS BETANCOURT TORRES','CL 5 NO. 8 - 33 BRR ANTIOQUIA','3103019686','C',1,805000427,860011153,800224808,891190047,0,101,'1980-03-30','2021-05-14',1400000.00,'A','B','','','F','5',0.52200,'15','F','0000-00-00','sandrabetancourt-@hotmail.com','','',''),(2021061,17709602,'JORGE HUMBERTO  MUNOZ GALEANO','CALLE 10 NRO4 14 BARRIO QUINCE DE JUNIO DE CARTAGE','3112136161','C',3,900156264,860011153,900336004,891190047,0,201,'1975-07-23','2013-11-30',1386668.00,'A','B','','475142049897','I','1',2.43600,'26','M','0000-00-00','recursosh@emserpucar-esp,gov,co','JORGE HUMBERTO','MUÑOZ GALEANO','BANCO AGRARIO'),(2021061,17709400,'NELSON DE JESUS MUNOZ CEBALLOS','CRA7 CALLE 9 -101 BARRIO CAMILO TORRES DE CARTAGEN','3208553044','C',2,901097473,860011153,900336004,891190047,0,201,'1964-08-26','1997-01-02',1386668.00,'A','P','','475142009127','I','1',2.43600,'22','M','0000-00-00','nelsonceballos1964@gmail,com','NELSON DE JESUS','MUÑOZ CEBALLOS','BANCO AGRARIO'),(2021061,1117964100,'MARTHA ADRIANA GASCA CORREA','CALLE 2 No., 6 -59 BARRIO PRIMAVERA CARTAGENA DEL','3143480231','U',2,900156264,860011153,800224808,891190047,0,101,'1988-03-30','2013-07-02',2063886.00,'A','U','','475142031823','I','5',2.43600,'8','F','0000-00-00','adriana30031@hotmail,com','MARTHA ADRIANA','GASCA CORREA','BANCO AGRARIO'),(2021061,40626164,'ORFILIA BARRERO','CALLE 3 NRO,3- 49 BARRIO EL CENTRO CARTAGENA DL CH','3138520990','S',2,900156264,860011153,800224808,891190047,0,101,'1973-02-16','2009-01-02',1158901.00,'A','P','','475142058128','I','5',4.35000,'10','F','0000-00-00','barreroorfilia@gmail,com','ORFILIA ','BARRERO ','BANCO AGRARIO'),(2021061,12108861,'HUMBERTO CUENCA GUTIERREZ','BARRIO EL CENTRO CARTAGENA DEL CHAIRA CAQUETA','3203023394','S',0,900156264,860011153,0,891190047,0,101,'1954-09-25','2009-01-02',1158901.00,'A','P','','475143002185','I','5',0.52200,'11','M','0000-00-00','hcuencas786@gmail,com','HUMBERTO ','CUENCA ','BANCO AGRARIO'),(2021061,1109492696,'DEICY JAZMIN CASTANEDA IQUINA','CRA 8 No.,9-79 BARRIO CAMILO TORRES CARTAGENA DEL','3144479137','U',1,900156264,860011153,800224808,891190047,0,102,'1990-09-18','2012-01-10',2184000.00,'A','U','','475142058391','I','5',0.52200,'27','F','0000-00-00','dejascasy_04@hotmail,com','DEICY JAZMIN','CASTAÑEDA IQUINA','BANCO AGRARIO'),(2021061,16186270,'JUAN CARLOS SANTAMARIA OSPINA','CALLE 9 No.,9-39 BARRIO CAMILO TORRES,CARTAGENA DE','3214384884','U',2,900156264,860011153,800224808,891190047,0,102,'1980-04-01','2012-01-02',1475472.00,'A','B','','','I','5',0.52200,'13','M','0000-00-00','','','',''),(2021061,40626885,'MARGOTH MARTINEZ','CALLE 3 No.,4-22 BARRIO EL CENTRO CARTAGENA DELCHA','3186059380','S',3,900156264,860011153,800224808,891190047,0,102,'1980-10-15','2011-06-29',1475472.00,'A','B','','','I','5',2.43600,'14','F','0000-00-00','','','',''),(2021061,40625532,'MARIA CONSUELO NINCO VARGAS','CARRERA . NRO.3-34 BARRIO EL CENTRO CARTAGENA DEL','3144280414','U',2,900156264,860011153,800224808,891190047,0,102,'1968-11-20','2020-08-01',1475472.00,'A','B','','475142059809','F','5',0.52200,'15','F','0000-00-00','consueloninco26@hotmail,es','MARIA CONSUELO','NINCO VARGAS','BANCO AGRARIO'),(2021061,79201571,'RAFAEL CAMPOS CRUZ','CALLED 12A CON CRA 3 URBANIZACION 15 DE JUNIO DE C','3213701359','U',3,900156264,860011153,900336004,891190047,0,204,'1955-11-15','2009-01-01',2271828.00,'A','B','','475142009259','I','4',4.35000,'16','F','0000-00-00','rafitacc79@gmail,com','RAFAEL ','CAMPOS  CRUZ','BANCO AGRARIO'),(2021071,17634946,'FRANCISCO JAVIER ENCIZO CARDONA','CRA 3 NRO, 4 -53 BARRIO CENTRO DE CARTAGENA DELCHA','3142877870','C',4,900156264,860011153,900336004,891190047,0,201,'1962-04-08','1997-01-02',1386668.00,'A','B','','475142009135','I','1',2.43600,'21','M','0000-00-00','fjavierenciso62@gmail,com','FRANCISCO JAVIER','ENCIZO CARDONA','BANCO AGRARIO'),(2021061,17710093,'CARLOS ALBERTO TOVAR BERGANO','CALLE 9 No.,11A-09 VILLAS DELCHAIRA CARTAGENA DELC','3123445851','P',4,900156264,860011153,800224808,891190047,0,204,'1974-11-30','2013-11-30',1386668.00,'A','P','','475142058403','I','4',4.35000,'18','M','0000-00-00','caltober123@gmail,com','CARLOS ALBERTO','TOVAR  VERGAÑO','BANCO AGRARIO'),(2021061,17710656,'JHONNIER GARCIA RAMIREZ','CALLE 5A No.,7,-76 BARRIO ANTIOQUIA CARTAGENA DEL','3137736759','U',1,900156264,860011153,800224808,891190047,0,204,'1982-03-08','2013-11-30',1386668.00,'A','B','','475142023375','I','4',4.35000,'18','M','0000-00-00','jhonniergarcia652@gmail,com','JHONNIER ','GARCIA RAMIREZ','BANCO AGRARIO'),(2021061,18467702,'EDUIN ALEGRIA ROSERO','CRA 4 CALE 5 -38 BARRIO ANTIOQUIA CARTAGENA DELCHA','3219226149','P',1,900156264,860011153,900336004,891190047,0,204,'1976-02-26','2098-05-04',1386668.00,'A','B','','475142009161','I','4',4.35000,'18','M','0000-00-00','adrianaparrapolania,@gmail,com','EDUIN ','ALEGRIA ROSERO','BANCO AGRARIO'),(2021061,1117497550,'JOSE MANUEL ZABALA DIAZ','CRA 4 NRO,7-36 BARRIO COMUNERO  DE CARTAGENA DELCH','3118179168','U',1,900156264,860011153,800224808,891190047,0,204,'1987-12-10','2013-11-30',1386668.00,'A','B','','475143002215','I','4',4.35000,'18','M','0000-00-00','jomazadi@gmail,com','JOSE MANUEL','ZABALA DIAZ','BANCO AGRARIO'),(2021061,16187894,'JAMES DIAZ VALENCIA','CALLE 1 NRO 2 - 26 BARRIO EL CENTRO DE CARTAGENA D','3138103577','P',1,900156264,860011153,800227940,891190047,300000,202,'1980-12-24','2009-01-01',1386668.00,'A','B','','475143002207','I','2',2.43600,'26','M','0000-00-00','jd9954850@gmail,com','JAMES ','DIAZ VALENCIA','BANCO AGRARIO'),(2021061,16227436,'WILMAR TORRES PALACIO','CALLE2 No.,20-03 BARRIO CIUDADELA DE CARTAGENA DEL','3136358451','U',1,900156264,860011153,800227940,891190047,0,203,'1973-01-05','2010-07-05',1386668.00,'A','P','','475142058179','I','3',2.43600,'20','M','0000-00-00','recursosh@emserpucar-esp,gov,co','WILMAR ','TORRES PALACIO','BANCO AGRARIO'),(2021061,16189593,'OIDEN LOZADA','BARRIO EL CENTRO CARTAGENA DEL CHAIRA CAQUETA','3175686075','S',1,805000427,860011153,900336004,891190047,0,101,'1982-01-01','2021-01-26',3000000.00,'A','U','','475142069251','F','5',0.52200,'2','M','0000-00-00','oiden_lozada@hotmail,com','OIDEN ','LOZADA ','BANCO AGRARIO'),(2021061,11379809,'BENIGNO GAMEZ ROZO','CL 6 3 51 BRR COMUNEROS','3118626465','U',1,900156264,860011153,800224808,891190047,0,203,'2021-05-25','2021-05-25',1386668.00,'A','P','','475142058421','I','3',4.35000,'25','M','0000-00-00','benigamez59@gmail,com','BENIGNO ','GAMEZ ROZO','BANCO AGRARIO'),(202106,16186270,'JUAN CARLOS SANTAMARIA OSPINA','CALLE 9 No.,9-39 BARRIO CAMILO TORRES,CARTAGENA DE','3214384884','U',2,900156264,860011153,800224808,891190047,0,102,'1980-04-01','2012-01-02',1475472.00,'A','B','','','I','5',0.52200,'13','M','0000-00-00','','','',''),(202106,12108861,'HUMBERTO CUENCA GUTIERREZ','BARRIO EL CENTRO CARTAGENA DEL CHAIRA CAQUETA','3203023394','S',0,900156264,860011153,900336004,891190047,0,101,'1954-09-25','2009-01-02',1158901.00,'A','P','','475143002185','I','5',0.52200,'11','M','0000-00-00','hcuencas786@gmail,com','HUMBERTO ','CUENCA ','BANCO AGRARIO'),(202106,17709143,'ESAUC JARA ROBAYO','CALLE 3B No.,15-30 BARRIO PRIMERO DE AGOSTO DE CAR','3163934807','U',2,9010974735,860011153,900336004,891190047,0,201,'1972-11-24','1998-11-09',1386668.00,'A','B','','475142058160','I','1',243.60000,'22','M','0000-00-00','recursosh@emserpucar-esp,gov,co','ESAUC ','JARA ROBAYO','BANCO AGRARIO'),(202106,18467702,'EDUIN ALEGRIA ROSERO','CRA 4 CALE 5 -38 BARRIO ANTIOQUIA CARTAGENA DELCHA','3219226149','P',1,900156264,860011153,900336004,891190047,0,204,'1976-02-26','2098-05-04',1386668.00,'A','B','','475142009161','I','4',4.35000,'18','M','0000-00-00','adrianaparrapolania,@gmail,com','EDUIN ','ALEGRIA ROSERO','BANCO AGRARIO'),(2021071,16227436,'WILMAR TORRES PALACIO','CALLE2 No.,20-03 BARRIO CIUDADELA DE CARTAGENA DEL','3136358451','U',1,900156264,860011153,800227940,891190047,0,203,'1973-01-05','2010-07-05',1386668.00,'A','P','','475142058179','I','3',2.43600,'22','M','0000-00-00','recursosh@emserpucar-esp,gov,co','WILMAR ','TORRES PALACIO','BANCO AGRARIO'),(202106,17710093,'CARLOS ALBERTO TOVAR BERGANO','CALLE 9 No.,11A-09 VILLAS DELCHAIRA CARTAGENA DELC','3123445851','P',4,900156264,860011153,800224808,891190047,0,204,'1974-11-30','2013-11-30',1386668.00,'A','P','','475142058403','I','4',435.00000,'18','M','0000-00-00','caltober123@gmail,com','CARLOS ALBERTO','TOVAR  VERGAÑO','BANCO AGRARIO'),(202106,79201571,'RAFAEL CAMPOS CRUZ','CALLED 12A CON CRA 3 URBANIZACION 15 DE JUNIO DE C','3213701359','U',3,900156264,860011153,900336004,891190047,0,204,'1955-11-15','2009-01-01',2271828.00,'A','B','','475142009259','I','4',435.00000,'16','F','0000-00-00','rafitacc79@gmail,com','RAFAEL ','CAMPOS  CRUZ','BANCO AGRARIO'),(202106,40625532,'MARIA CONSUELO NINCO VARGAS','CARRERA . NRO.3-34 BARRIO EL CENTRO CARTAGENA DEL','3144280414','U',2,900156264,860011153,800224808,891190047,0,102,'1968-11-20','2020-08-01',1475472.00,'A','B','','475142059809','F','5',0.52200,'15','F','0000-00-00','consueloninco26@hotmail,es','MARIA CONSUELO','NINCO VARGAS','BANCO AGRARIO'),(202106,40626885,'MARGOTH MARTINEZ','CALLE 3 No.,4-22 BARRIO EL CENTRO CARTAGENA DELCHA','3186059380','S',3,900156264,860011153,800224808,891190047,0,102,'1980-10-15','2011-06-29',1475472.00,'A','B','','','I','5',243.60000,'14','F','0000-00-00','','','',''),(202106,17710062,'JOHN JAIRO ORTIZ SANCHEZ','CALLE 10 CRA 11 BARRIO ANTIOQUIA DE CARTAGENA DEL','3214647379','C',7,900156264,860011153,800224808,891190047,0,201,'1975-12-16','2009-01-01',1386668.00,'A','P','','475142058411','I','1',2.43600,'20','M','0000-00-00','johnortizcart75@gmail,com','JOHN JAIRO','ORTIZ SANCHEZ','BANCO AGRARIO'),(2021063,18467702,'EDUIN ALEGRIA ROSERO','CRA 4 CALE 5 -38 BARRIO ANTIOQUIA CARTAGENA DELCHA','3219226149','P',1,900156264,860011153,900336004,891190047,0,204,'1976-02-26','2098-05-04',1386668.00,'A','B','','475142009161','I','4',4.35000,'18','M','0000-00-00','adrianaparrapolania,@gmail,com','EDUIN ','ALEGRIA ROSERO','BANCO AGRARIO'),(2021063,17710062,'JOHN JAIRO ORTIZ SANCHEZ','CALLE 10 CRA 11 BARRIO ANTIOQUIA DE CARTAGENA DEL','3214647379','C',7,900156264,860011153,800224808,891190047,0,201,'1975-12-16','2009-01-01',1386668.00,'A','P','','475142058411','I','1',2.43600,'20','M','0000-00-00','johnortizcart75@gmail,com','JOHN JAIRO','ORTIZ SANCHEZ','BANCO AGRARIO'),(2021063,66873421,'ADRIANA MAYORGA BETANCOURTH','VEREDA EL DIAMANTE/ BARRIO ALONSO GAI DE CARTAGENA','3187691687','C',3,900156264,860011153,800224808,891190047,300000,203,'1980-05-16','2012-01-16',1590821.00,'A','','','475143004218','I','3',2.43600,'24','F','0000-00-00','adriana-11mabe@hotmail,com','ADRIANA ','MAYORGA BETANCOURT','BANCO AGRARIO'),(2021060,18467702,'EDUIN ALEGRIA ROSERO','CRA 4 CALE 5 -38 BARRIO ANTIOQUIA CARTAGENA DELCHA','3219226149','P',1,900156264,860011153,900336004,891190047,0,204,'1976-02-26','2098-05-04',1386668.00,'A','B','','475142009161','I','4',4.35000,'18','M','0000-00-00','adrianaparrapolania,@gmail,com','EDUIN ','ALEGRIA ROSERO','BANCO AGRARIO'),(2021060,17710062,'JOHN JAIRO ORTIZ SANCHEZ','CALLE 10 CRA 11 BARRIO ANTIOQUIA DE CARTAGENA DEL','3214647379','C',7,900156264,860011153,800224808,891190047,0,201,'1975-12-16','2009-01-01',1386668.00,'A','P','','475142058411','I','1',2.43600,'20','M','0000-00-00','johnortizcart75@gmail,com','JOHN JAIRO','ORTIZ SANCHEZ','BANCO AGRARIO'),(2021060,66873421,'ADRIANA MAYORGA BETANCOURTH','VEREDA EL DIAMANTE/ BARRIO ALONSO GAI DE CARTAGENA','3187691687','C',3,900156264,860011153,800224808,891190047,300000,203,'1980-05-16','2012-01-16',1590821.00,'A','','','475143004218','I','3',2.43600,'24','F','0000-00-00','adriana-11mabe@hotmail,com','ADRIANA ','MAYORGA BETANCOURT','BANCO AGRARIO'),(2021071,1117497550,'JOSE MANUEL ZABALA DIAZ','CRA 4 NRO,7-36 BARRIO COMUNERO  DE CARTAGENA DELCH','3118179168','U',1,900156264,860011153,800224808,891190047,0,204,'1987-12-10','2013-11-30',1386668.00,'A','B','','475143002215','I','4',4.35000,'18','M','0000-00-00','jomazadi@gmail,com','JOSE MANUEL','ZABALA DIAZ','BANCO AGRARIO'),(2021071,17709400,'NELSON DE JESUS MUNOZ CEBALLOS','CRA7 CALLE 9 -101 BARRIO CAMILO TORRES DE CARTAGEN','3208553044','C',2,901097473,860011153,900336004,891190047,0,201,'1964-08-26','1997-01-02',1386668.00,'A','P','','475142009127','I','1',2.43600,'21','M','0000-00-00','nelsonceballos1964@gmail,com','NELSON DE JESUS','MUÑOZ CEBALLOS','BANCO AGRARIO'),(2021071,40078584,'SANDRA GLEIDIS BETANCOURT TORRES','CLLE 5 NRO.8-33 B/ ANTIOQUIA','3103019686','C',1,805000427,860011153,800224808,891190047,0,101,'1980-03-30','2021-05-14',1400000.00,'A','','','','F','5',0.52200,'6','F','0000-00-00','sandrabetancour-@hotmail.com','','',''),(2021071,17709602,'JORGE HUMBERTO  MUNOZ GALEANO','CALLE 10 NRO4 14 BARRIO QUINCE DE JUNIO DE CARTAGE','3112136161','C',3,900156264,860011153,900336004,891190047,0,201,'1975-07-23','2013-11-30',1386668.00,'A','B','','475142049897','I','1',2.43600,'20','M','0000-00-00','recursosh@emserpucar-esp,gov,co','JORGE HUMBERTO','MUÑOZ GALEANO','BANCO AGRARIO'),(202106,40626164,'ORFILIA BARRERO','CALLE 3 NRO,3- 49 BARRIO EL CENTRO CARTAGENA DL CH','3138520990','S',2,900156264,860011153,800224808,891190047,0,101,'1973-02-16','2009-01-02',1158901.00,'A','P','','475142058128','I','5',435.00000,'10','F','0000-00-00','barreroorfilia@gmail,com','ORFILIA ','BARRERO ','BANCO AGRARIO'),(202106,66873421,'ADRIANA MAYORGA BETANCOURTH','VEREDA EL DIAMANTE/ BARRIO ALONSO GAI DE CARTAGENA','3187691687','C',3,900156264,860011153,800224808,891190047,300000,203,'1980-05-16','2012-01-16',1590821.00,'A','','','475143004218','I','3',2.43600,'24','F','0000-00-00','adriana-11mabe@hotmail,com','ADRIANA ','MAYORGA BETANCOURT','BANCO AGRARIO'),(202106,1117508778,'GENNY KATHERINE POLANCO CEDIEL','CRA 7 No.,4-36 BARRIO ANTIOQUIA CARTAGENA DELCHAIR','3212576375','U',2,900156264,860011153,800224808,891190047,0,101,'1989-08-06','2012-01-10',1475472.00,'A','U','','475142023448','I','5',0.52200,'7','F','0000-00-00','katica_poce@hotmail,com','GENNY KATHERINE','POLANCO CEDIEL','BANCO AGRARIO'),(202106,1117535344,'MAYERLY RAMIREZ  GALEANO','CRA 5 No.,13-53 BARRIO15 DE JUNIO CARTAGENA DEL CH','3135833864','U',1,900156264,860011153,800224808,891190047,0,101,'1995-05-16','2020-01-10',1475472.00,'A','U','','475142038811','F','5',0.52200,'6','F','0000-00-00','princessmaye_95@hotmail,com','MAYERLY ','RAMIREZ GALEANO','BANCO AGRARIO'),(202106,41250731,'DEGNIS YILENA PEREZ JIMENEZ','PRIMAVERA NINO CARTAGENA DELCHAIRA CAQUETA','3108715677','S',2,800251440,860011153,800224808,891190047,0,101,'1975-06-05','2020-01-23',3723274.00,'A','U','','52255813994','I','5',243.60000,'1','F','0000-00-00','degnisyilenaperez@gmail,com','DEGNIS YILENA','PEREZ JIMENEZ','BANCOLOMBIA'),(202106,1117543211,'PEDRO MARIN MARIN','CALLE 6 NRO.10-51 BARRIO ALONSO GAITAN- CARTAGENAD','3162361650','C',1,805000427,860011153,800229739,891190047,0,101,'1996-05-10','2021-01-04',2900000.00,'A','U','','46606114109','F','5',0.52200,'4','M','0000-00-00','pemarinmar@gmail,com','PEDRO ','MARIN MARIN','BANCOLOMBIA'),(202106,17710656,'JHONNIER GARCIA RAMIREZ','CALLE 5A No.,7,-76 BARRIO ANTIOQUIA CARTAGENA DEL','3137736759','U',1,900156264,860011153,800224808,891190047,0,204,'1982-03-08','2013-11-30',1386668.00,'A','B','','475142023375','I','4',435.00000,'18','M','0000-00-00','jhonniergarcia652@gmail,com','JHONNIER ','GARCIA RAMIREZ','BANCO AGRARIO'),(202106,40626007,'YOLANDA FAJARDO','CRA 3No.,4-53 BARRIO EL CENTRO DE CARTAGENA DEL CH','3103229942','C',3,900156264,860011153,800224808,891190047,0,101,'1972-06-20','2011-06-29',2063886.00,'A','T','','475143001669','I','5',0.52200,'5','F','0000-00-00','yoly19722009@hotmail,com','YOLANDA ','FAJARDO ','BANCO AGRARIO'),(202106,1109492696,'DEICY JAZMIN CASTANEDA IQUINA','CRA 8 No.,9-79 BARRIO CAMILO TORRES CARTAGENA DEL','3144479137','U',1,900156264,860011153,800224808,891190047,0,102,'1990-09-18','2012-01-10',2184000.00,'A','U','','475142058391','I','5',0.52200,'12','F','0000-00-00','dejascasy_04@hotmail,com','DEICY JAZMIN','CASTAÑEDA IQUINA','BANCO AGRARIO'),(202106,17634946,'FRANCISCO JAVIER ENCIZO CARDONA','CRA 3 NRO, 4 -53 BARRIO CENTRO DE CARTAGENA DELCHA','3142877870','C',4,900156264,860011153,900336004,891190047,0,201,'1962-04-08','1997-01-02',1386668.00,'A','B','','475142009135','I','1',243.60000,'21','M','0000-00-00','fjavierenciso62@gmail,com','FRANCISCO JAVIER','ENCIZO CARDONA','BANCO AGRARIO'),(202106,16227436,'WILMAR TORRES PALACIO','CALLE2 No.,20-03 BARRIO CIUDADELA DE CARTAGENA DEL','3136358451','U',1,900156264,860011153,800227940,891190047,0,203,'1973-01-05','2010-07-05',1386668.00,'A','P','','475142058179','I','3',243.60000,'26','M','0000-00-00','recursosh@emserpucar-esp,gov,co','WILMAR ','TORRES PALACIO','BANCO AGRARIO'),(202106,1117964100,'MARTHA ADRIANA GASCA CORREA','CALLE 2 No., 6 -59 BARRIO PRIMAVERA CARTAGENA DEL','3143480231','U',2,900156264,860011153,800224808,891190047,0,101,'1988-03-30','2013-07-02',2063886.00,'A','U','','475142031823','I','5',243.60000,'8','F','0000-00-00','adriana30031@hotmail,com','MARTHA ADRIANA','GASCA CORREA','BANCO AGRARIO'),(202106,1075226711,'MARCELO YANGUAS CHACON','CALLE 3C NRO. 8 -28 BARRIO LA PRIMAVERA DE CVARTAG','3104405447','U',1,800251440,860011153,800224808,891190047,0,101,'1987-10-29','2020-12-03',3000000.00,'A','U','','475142068611','F','5',0.52200,'3','M','0000-00-00','marceloyanguaspachon@hotmail,com','MARCELO ','YANGUAS PACHON','BANCO AGRARIO'),(2021061,1117975514,'JUAN DE JESÚS ESPAÑA IQUINA','CALLE 7 NRO.3-34  B/COMUNERO','3115030582','S',0,900935126,860011153,800224808,891190047,0,203,'1999-02-25','2021-06-07',1386668.00,'A','B','','84724497674','F','3',2.43600,'26','M','0000-00-00','espanaiquinajuandejesus@gmail,com','JUAN DE JESUS','ESPAÑA IQUINA','BANCOLOMBIA'),(2021071,79201571,'RAFAEL CAMPOS CRUZ','CALLED 12A CON CRA 3 URBANIZACION 15 DE JUNIO DE C','3213701359','U',3,900156264,860011153,900336004,891190047,0,204,'1955-11-15','2009-01-01',2271828.00,'A','B','','475142009259','I','4',4.35000,'16','F','0000-00-00','rafitacc79@gmail,com','RAFAEL ','CAMPOS  CRUZ','BANCO AGRARIO'),(2021071,40625532,'MARIA CONSUELO NINCO VARGAS','CARRERA . NRO.3-34 BARRIO EL CENTRO CARTAGENA DEL','3144280414','U',2,900156264,860011153,800224808,891190047,0,102,'1968-11-20','2020-08-01',1475472.00,'A','B','','475142059809','F','5',0.52200,'15','F','0000-00-00','consueloninco26@hotmail,es','MARIA CONSUELO','NINCO VARGAS','BANCO AGRARIO'),(2021071,40626885,'MARGOTH MARTINEZ','CALLE 3 No.,4-22 BARRIO EL CENTRO CARTAGENA DELCHA','3186059380','S',3,900156264,860011153,800224808,891190047,0,102,'1980-10-15','2011-06-29',1475472.00,'A','B','','','I','5',2.43600,'14','F','0000-00-00','','','',''),(2021071,17710062,'JOHN JAIRO ORTIZ SANCHEZ','CALLE 10 CRA 11 BARRIO ANTIOQUIA DE CARTAGENA DEL','3214647379','C',7,900156264,860011153,800224808,891190047,0,201,'1975-12-16','2009-01-01',1386668.00,'A','P','','475142058411','I','1',2.43600,'20','M','0000-00-00','johnortizcart75@gmail,com','JOHN JAIRO','ORTIZ SANCHEZ','BANCO AGRARIO'),(2021071,16186270,'JUAN CARLOS SANTAMARIA OSPINA','CALLE 9 No.,9-39 BARRIO CAMILO TORRES,CARTAGENA DE','3214384884','U',2,900156264,860011153,800224808,891190047,0,102,'1980-04-01','2012-01-02',1475472.00,'A','B','','','I','5',0.52200,'13','M','0000-00-00','','','',''),(2021071,12108861,'HUMBERTO CUENCA GUTIERREZ','BARRIO EL CENTRO CARTAGENA DEL CHAIRA CAQUETA','3203023394','S',0,900156264,860011153,900336004,891190047,0,101,'1954-09-25','2009-01-02',1158901.00,'A','P','','475143002185','I','5',0.52200,'11','M','0000-00-00','hcuencas786@gmail,com','HUMBERTO ','CUENCA ','BANCO AGRARIO'),(2021071,40626164,'ORFILIA BARRERO','CALLE 3 NRO,3- 49 BARRIO EL CENTRO CARTAGENA DL CH','3138520990','S',2,900156264,860011153,800224808,891190047,0,101,'1973-02-16','2009-01-02',1158901.00,'A','P','','475142058128','I','5',4.35000,'10','F','0000-00-00','barreroorfilia@gmail,com','ORFILIA ','BARRERO ','BANCO AGRARIO'),(2021071,66873421,'ADRIANA MAYORGA BETANCOURTH','VEREDA EL DIAMANTE/ BARRIO ALONSO GAI DE CARTAGENA','3187691687','C',3,900156264,860011153,800224808,891190047,300000,203,'1980-05-16','2012-01-16',1590821.00,'A','','','475143004218','I','3',2.43600,'24','F','0000-00-00','adriana-11mabe@hotmail,com','ADRIANA ','MAYORGA BETANCOURT','BANCO AGRARIO'),(2021071,1117508778,'GENNY KATHERINE POLANCO CEDIEL','CRA 7 No.,4-36 BARRIO ANTIOQUIA CARTAGENA DELCHAIR','3212576375','U',2,900156264,860011153,800224808,891190047,0,101,'1989-08-06','2012-01-10',1550000.00,'A','U','','475142023448','I','5',0.52200,'7','F','0000-00-00','katica_poce@hotmail,com','GENNY KATHERINE','POLANCO CEDIEL','BANCO AGRARIO'),(2021071,17710093,'CARLOS ALBERTO TOVAR BERGANO','CALLE 9 No.,11A-09 VILLAS DELCHAIRA CARTAGENA DELC','3123445851','P',4,900156264,860011153,800224808,891190047,0,204,'1974-11-30','2013-11-30',1386668.00,'A','P','','475142058403','I','4',4.35000,'18','M','0000-00-00','caltober123@gmail,com','CARLOS ALBERTO','TOVAR  VERGAÑO','BANCO AGRARIO'),(2021071,1117535344,'MAYERLY RAMIREZ  GALEANO','CRA 5 No.,13-53 BARRIO15 DE JUNIO CARTAGENA DEL CH','3135833864','U',1,900156264,860011153,800224808,891190047,0,101,'1995-05-16','2020-01-10',1475472.00,'A','U','','475142038811','F','5',0.52200,'9','F','0000-00-00','princessmaye_95@hotmail,com','MAYERLY ','RAMIREZ GALEANO','BANCO AGRARIO'),(2021071,41250731,'DEGNIS YILENA PEREZ JIMENEZ','PRIMAVERA NINO CARTAGENA DELCHAIRA CAQUETA','3108715677','S',2,800251440,860011153,800224808,891190047,0,101,'1975-06-05','2020-01-23',3723274.00,'A','U','','52255813994','I','5',2.43600,'1','F','0000-00-00','degnisyilenaperez@gmail,com','DEGNIS YILENA','PEREZ JIMENEZ','BANCOLOMBIA'),(2021071,1117543211,'PEDRO MARIN MARIN','CALLE 6 NRO.10-51 BARRIO ALONSO GAITAN- CARTAGENAD','3162361650','C',1,805000427,860011153,800224808,891190047,0,101,'1996-05-10','2021-01-04',2900000.00,'A','U','','46606114109','F','5',0.52200,'4','M','0000-00-00','pemarinmar@gmail,com','PEDRO ','MARIN MARIN','BANCOLOMBIA'),(2021071,17710656,'JHONNIER GARCIA RAMIREZ','CALLE 5A No.,7,-76 BARRIO ANTIOQUIA CARTAGENA DEL','3137736759','U',1,900156264,860011153,800224808,891190047,0,204,'1982-03-08','2013-11-30',1386668.00,'A','B','','475142023375','I','4',4.35000,'18','M','0000-00-00','jhonniergarcia652@gmail,com','JHONNIER ','GARCIA RAMIREZ','BANCO AGRARIO'),(2021071,40626007,'YOLANDA FAJARDO','CRA 3No.,4-53 BARRIO EL CENTRO DE CARTAGENA DEL CH','3103229942','C',3,900156264,860011153,800224808,891190047,0,101,'1972-06-20','2011-06-29',2063886.00,'A','T','','475143001669','I','5',0.52200,'5','F','0000-00-00','yoly19722009@hotmail,com','YOLANDA ','FAJARDO ','BANCO AGRARIO'),(2021071,1109492696,'DEICY JAZMIN CASTANEDA IQUINA','CRA 8 No.,9-79 BARRIO CAMILO TORRES CARTAGENA DEL','3144479137','U',1,900156264,860011153,800224808,891190047,0,102,'1990-09-18','2012-01-10',2184000.00,'A','U','','475142058391','I','5',0.52200,'27','F','0000-00-00','dejascasy_04@hotmail,com','DEICY JAZMIN','CASTAÑEDA IQUINA','BANCO AGRARIO'),(202106,16187894,'JAMES DIAZ VALENCIA','CALLE 1 NRO 2 - 26 BARRIO EL CENTRO DE CARTAGENA D','3138103577','P',1,900156264,860011153,800227940,891190047,300000,202,'1980-12-24','2009-01-01',1386668.00,'A','B','','475143002207','I','2',243.60000,'26','F','0000-00-00','jd9954850@gmail,com','JAMES ','DIAZ VALENCIA','BANCO AGRARIO'),(202106,1117497550,'JOSE MANUEL ZABALA DIAZ','CRA 4 NRO,7-36 BARRIO COMUNERO  DE CARTAGENA DELCH','3118179168','U',1,900156264,860011153,800224808,891190047,0,204,'1987-12-10','2013-11-30',1386668.00,'A','B','','475143002215','I','4',435.00000,'18','M','0000-00-00','jomazadi@gmail,com','JOSE MANUEL','ZABALA DIAZ','BANCO AGRARIO'),(202106,17709400,'NELSON DE JESUS MUNOZ CEBALLOS','CRA7 CALLE 9 -101 BARRIO CAMILO TORRES DE CARTAGEN','3208553044','C',2,9010974735,860011153,900336004,891190047,0,201,'1964-08-26','1997-01-02',1386668.00,'A','P','','475142009127','I','1',243.60000,'22','M','0000-00-00','nelsonceballos1964@gmail,com','NELSON DE JESUS','MUÑOZ CEBALLOS','BANCO AGRARIO'),(202106,40078584,'SANDRA GLEIDIS BETANCOURT TORRES','CLLE 5 NRO.8-33 B/ ANTIOQUIA','3103019686','C',1,901097473,860011153,800224808,891190047,0,101,'1980-03-30','2021-05-14',1400000.00,'A','T','','','F','5',100.00000,'15','F','0000-00-00','sandrabetancour-@hotmail.com','','',''),(202106,17709602,'JORGE HUMBERTO  MUNOZ GALEANO','CALLE 10 NRO4 14 BARRIO QUINCE DE JUNIO DE CARTAGE','3112136161','C',3,900156264,860011153,900336004,891190047,0,201,'1975-07-23','2013-11-30',1386668.00,'A','B','','475142049897','I','1',243.60000,'26','M','0000-00-00','recursosh@emserpucar-esp,gov,co','JORGE HUMBERTO','MUÑOZ GALEANO','BANCO AGRARIO'),(202106,16189593,'OIDEN LOZADA','BARRIO CENTRO CARTAGENA DEL CHAIRA','3175686075','S',1,805000427,860011153,900336004,891190047,0,101,'1982-01-01','2021-01-26',3000000.00,'A','U','','475142069251','F','5',100.00000,'2','M','0000-00-00','oiden_lozada@hotmail,com','OIDEN ','LOZADA ','BANCO AGRARIO'),(2021061,17775614,'FERNEY ALDANA MUÑOZ','CRA 9 NRO. 1 - 05 B/ PRIMAVERA','3207640240','U',3,900935126,860011153,900336004,891190047,0,201,'1984-06-17','2021-06-09',1386668.00,'A','B','','475142022761','F','1',2.43600,'20','M','0000-00-00','ferneymunoz291@gmail,com','FERNEY ','ALDANA MUÑOZ','BANCO AGRARIO'),(2021071,17709143,'ESAUC JARA ROBAYO','CALLE 3B No.,15-30 BARRIO PRIMERO DE AGOSTO DE CAR','3163934807','U',2,901097473,860011153,900336004,891190047,0,201,'1972-11-24','1998-11-09',1386668.00,'A','B','','475142058160','I','1',2.43600,'21','M','0000-00-00','recursosh@emserpucar-esp,gov,co','ESAUC ','JARA ROBAYO','BANCO AGRARIO'),(2021071,18467702,'EDUIN ALEGRIA ROSERO','CRA 4 CALE 5 -38 BARRIO ANTIOQUIA CARTAGENA DELCHA','3219226149','P',1,900156264,860011153,900336004,891190047,0,204,'1976-02-26','2098-05-04',1386668.00,'A','B','','475142009161','I','4',4.35000,'18','M','0000-00-00','adrianaparrapolania,@gmail,com','EDUIN ','ALEGRIA ROSERO','BANCO AGRARIO'),(2021071,96333592,'EFREN OSORIO GAONA','CALLE 2 NRO 12A -03 BARRIO BELLA VISTA DE CARTAGEN','3102230933','U',3,900156264,860011153,800224808,891190047,0,201,'1982-05-29','2013-11-30',1386668.00,'A','B','','475142058454','I','1',2.43600,'21','M','0000-00-00','efrenosorio143@gmail,con','EFREN ','OSORIO GAONA','BANCO AGRARIO'),(2021071,1676391,'LUIS HUMBERTO FLOREZ CABRERA','CALLE 4 NRO, 7-5 BARRIO COMUNERO DE CARTAGENA DEL','3154356116','U',0,900156264,860011153,800224808,891190047,0,202,'1972-11-15','2013-11-30',1386668.00,'A','P','','475142009208','I','2',2.43600,'26','M','0000-00-00','florezhumberto912@gmail,com','LUIS HUMBERTO','FLOREZ CABRERA','BANCO AGRARIO'),(202106,17775614,'FERNEY ALDANA MUÑOZ','CR 9 1 05 BRR PRIMAVERA','3207640240','U',3,900935126,860011153,900336004,891190047,0,201,'1984-06-17','2021-06-09',1386668.00,'A','B','','475142022761','F','1',2.43600,'20','M','0000-00-00','ferneymunoz291@gmail,com','FERNEY ','ALDANA MUÑOZ','BANCO AGRARIO'),(202106,1117975514,'JUAN DE JESÚS ESPAÑA IQUINA','CL 7 3 34 BRR COMUNEROS','3115030586','S',0,900935126,860011153,800224808,891190047,0,203,'1999-02-25','2021-06-07',1386668.00,'A','B','','84724497674','F','3',2.43600,'26','F','0000-00-00','espanaiquinajuandejesus@gmail,com','JUAN DE JESUS','ESPAÑA IQUINA','BANCOLOMBIA'),(202106,17652212,'NELSON AUGUSTO ROMERO','CRA 2 NRO 3A 24 BARRIO EL CENTRO DE CARTAGENA DEL','3214869432','U',2,900156264,860011153,800224808,891190047,0,203,'1970-03-27','2013-11-30',1386668.00,'A','P','','475142058446','I','3',243.60000,'26','M','0000-00-00','romeronelsonaugusto@gmail,com','NELSON AUGUSTO','ROMERO ','BANCO AGRARIO'),(202106,11379809,'BENIGNO GAMEZ ROZO','CALLE 6 NRO3 51  BARRIO COMUNERO DE CARTAGENA DE C','3118626465','U',1,900156264,860011153,800224808,891190047,0,203,'1959-01-02','2012-06-29',1386668.00,'A','P','','475142058421','I','3',435.00000,'25','M','0000-00-00','benigamez59@gmail,com','BENIGNO ','GAMEZ ROZO','BANCO AGRARIO'),(2021071,1075226711,'MARCELO YANGUAS CHACON','CALLE 3C NRO. 8 -28 BARRIO LA PRIMAVERA DE CVARTAG','3104405447','U',1,800251440,860011153,800224808,891190047,0,101,'1987-10-29','2020-12-03',3000000.00,'A','U','','475142068611','F','5',0.52200,'3','M','0000-00-00','marceloyanguaspachon@hotmail,com','MARCELO ','YANGUAS PACHON','BANCO AGRARIO'),(202106,96333592,'EFREN OSORIO GAONA','CALLE 2 NRO 12A -03 BARRIO BELLA VISTA DE CARTAGEN','3102230933','U',3,900156264,860011153,800224808,891190047,0,201,'1982-05-29','2013-11-30',1386668.00,'A','B','','475142058454','I','1',243.60000,'20','M','0000-00-00','efrenosorio143@gmail,con','EFREN ','OSORIO GAONA','BANCO AGRARIO'),(202106,1676391,'LUIS HUMBERTO FLOREZ CABRERA','CALLE 4 NRO, 7-5 BARRIO COMUNERO DE CARTAGENA DEL','3154356116','U',0,900156264,860011153,800224808,891190047,0,202,'1972-11-15','2013-11-30',1386668.00,'A','P','','475142009208','I','2',243.60000,'26','M','0000-00-00','florezhumberto912@gmail,com','LUIS HUMBERTO','FLOREZ CABRERA','BANCO AGRARIO'),(2021072,18467702,'EDUIN ALEGRIA ROSERO','CRA 4 CALE 5 -38 BARRIO ANTIOQUIA CARTAGENA DELCHA','3219226149','P',1,900156264,860011153,900336004,891190047,0,204,'1976-02-26','2098-05-04',1386668.00,'A','B','','475142009161','I','4',4.35000,'18','M','0000-00-00','adrianaparrapolania,@gmail,com','EDUIN ','ALEGRIA ROSERO','BANCO AGRARIO'),(2021071,1117964100,'MARTHA ADRIANA GASCA CORREA','CALLE 2 No., 6 -59 BARRIO PRIMAVERA CARTAGENA DEL','3143480231','U',2,900156264,860011153,800224808,891190047,0,101,'1988-03-30','2013-07-02',2063886.00,'A','U','','475142031823','I','5',2.43600,'8','F','0000-00-00','adriana30031@hotmail,com','MARTHA ADRIANA','GASCA CORREA','BANCO AGRARIO'),(2021071,16189593,'OIDEN LOZADA','BARRIO CENTRO CARTAGENA DEL CHAIRA','3175686075','S',1,805000427,860011153,900336004,891190047,0,101,'1982-01-01','2021-01-26',3000000.00,'A','U','','475142069251','F','5',0.52200,'2','M','0000-00-00','oiden_lozada@hotmail,com','OIDEN ','LOZADA ','BANCO AGRARIO'),(2021071,17652212,'NELSON AUGUSTO ROMERO','CRA 2 NRO 3A 24 BARRIO EL CENTRO DE CARTAGENA DEL','3214869432','U',2,900156264,860011153,800224808,891190047,0,203,'1970-03-27','2013-11-30',1386668.00,'A','P','','475142058446','I','3',2.43600,'22','M','0000-00-00','romeronelsonaugusto@gmail,com','NELSON AUGUSTO','ROMERO ','BANCO AGRARIO'),(2021071,11379809,'BENIGNO GAMEZ ROZO','CALLE 6 NRO3 51  BARRIO COMUNERO DE CARTAGENA DE C','3118626465','U',1,900156264,860011153,800224808,891190047,0,203,'1959-01-02','2012-06-29',1386668.00,'A','P','','475142058421','I','3',4.35000,'25','M','0000-00-00','benigamez59@gmail,com','BENIGNO ','GAMEZ ROZO','BANCO AGRARIO'),(2021071,17775614,'FERNEY ALDANA MUÑOZ','CRA 9 NRO. 1 - 05 B/ PRIMAVERA','3207640240','U',3,900935126,860011153,900336004,891190047,0,201,'1984-06-17','2021-06-09',1386668.00,'A','B','','475142022761','F','1',2.43600,'20','M','0000-00-00','ferneymunoz291@gmail,com','FERNEY ','ALDANA MUÑOZ','BANCO AGRARIO'),(2021071,1117975514,'JUAN DE JESÚS ESPAÑA IQUINA','CALLE 7 NRO.3-34  B/COMUNERO','3115030582','S',0,900935126,860011153,800224808,891190047,0,203,'1999-02-25','2021-06-07',1386668.00,'A','B','','84724497674','F','3',2.43600,'22','M','0000-00-00','espanaiquinajuandejesus@gmail,com','JUAN DE JESUS','ESPAÑA IQUINA','BANCOLOMBIA'),(2021071,1006526995,'RAFAEL ANTONIO BOCANEGRA LOZADA','CRA. 13 NRO.11- 132','3232869504','S',0,900156264,860011153,800224808,891190047,0,204,'1991-03-24','2021-07-11',1386668.00,'A','T','','475142069421','F','4',4.35000,'18','M','0000-00-00','rbocanegralozada@gmail,com','RAFAEL ANTONIO','BOCANEGRA LOZADA','BANCO AGRARIO'),(2021071,1075320448,'YULIANA PANIAGUA AMAYA','CALLE 2 NRO.6-26 BARRIO PRIMAVERA','3192168810','S',0,900935126,860011153,800229739,891190047,0,101,'1999-08-27','2021-07-21',2500000.00,'A','U','','91299881895','F','5',2.43600,'17','F','0000-00-00','yulianapaniagua2708@gmail,com','YULIANA ','PANIAGUA AMAYA','BANCOLOMBIA'),(2021071,1007447792,'KAREN YULIANA JIMENEZ GASCA','CRA 7 NRO.4-48 CARTAGENA DEL CHAIRA CAQUETA','3174249510','S',0,900935126,860011153,800229739,891190047,0,102,'1999-07-22','2021-07-19',1500000.00,'A','U','','87041573881','F','5',2.43600,'14','F','0000-00-00','karenjimenezgasca@gmail,com','KAREN YULIANA','JIMENEZ GASCA','NEQUI'),(2021081,16187894,'JAMES DIAZ VALENCIA','CALLE 1 NRO 2 - 26 BARRIO EL CENTRO DE CARTAGENA D','3138103577','P',1,900156264,860011153,800227940,891190047,300000,202,'1980-12-24','2009-01-01',1386668.00,'A','B','','475143002207','I','2',2.43600,'26','F','0000-00-00','jd9954850@gmail,com','JAMES ','DIAZ VALENCIA','BANCO AGRARIO'),(2021081,1006526995,'RAFAEL ANTONIO BOCANEGRA LOZADA','CRA. 13 NRO.11- 132','3232869504','S',0,900156264,860011153,800224808,891190047,0,204,'1991-03-24','2021-07-12',1386668.00,'A','T','','475142069421','F','4',4.35000,'18','M','0000-00-00','rbocanegralozada@gmail,com','RAFAEL ANTONIO','BOCANEGRA LOZADA','BANCO AGRARIO'),(2021081,1117497550,'JOSE MANUEL ZABALA DIAZ','CRA 4 NRO,7-36 BARRIO COMUNERO  DE CARTAGENA DELCH','3118179168','U',1,900156264,860011153,800224808,891190047,0,204,'1987-12-10','2013-11-30',1386668.00,'A','B','','475143002215','I','4',4.35000,'18','M','0000-00-00','jomazadi@gmail,com','JOSE MANUEL','ZABALA DIAZ','BANCO AGRARIO'),(2021081,17709400,'NELSON DE JESUS MUNOZ CEBALLOS','CRA7 CALLE 9 -101 BARRIO CAMILO TORRES DE CARTAGEN','3208553044','C',2,901097473,860011153,900336004,891190047,0,201,'1964-08-26','1997-01-02',1386668.00,'A','P','','475142009127','I','1',2.43600,'21','M','0000-00-00','nelsonceballos1964@gmail,com','NELSON DE JESUS','MUÑOZ CEBALLOS','BANCO AGRARIO'),(2021081,40078584,'SANDRA GLEIDIS BETANCOURT TORRES','CLLE 5 NRO.8-33 B/ ANTIOQUIA','3103019686','C',1,805000427,860011153,800224808,891190047,0,101,'1980-03-30','2021-05-14',1400000.00,'A','','','','F','5',0.52200,'6','F','0000-00-00','sandrabetancour-@hotmail.com','','',''),(2021081,17709602,'JORGE HUMBERTO  MUNOZ GALEANO','CALLE 10 NRO4 14 BARRIO QUINCE DE JUNIO DE CARTAGE','3112136161','C',3,900156264,860011153,900336004,891190047,0,201,'1975-07-23','2013-11-30',1386668.00,'A','B','','475142049897','I','1',2.43600,'20','M','0000-00-00','recursosh@emserpucar-esp,gov,co','JORGE HUMBERTO','MUÑOZ GALEANO','BANCO AGRARIO'),(2021081,16189593,'OIDEN LOZADA','BARRIO CENTRO CARTAGENA DEL CHAIRA','3175686075','S',1,805000427,860011153,900336004,891190047,0,101,'1982-01-01','2021-01-26',3000000.00,'A','U','','475142069251','F','5',0.52200,'2','M','0000-00-00','oiden_lozada@hotmail,com','OIDEN ','LOZADA ','BANCO AGRARIO'),(2021082,79201571,'RAFAEL CAMPOS CRUZ','CALLED 12A CON CRA 3 URBANIZACION 15 DE JUNIO DE C','3213701359','U',3,900156264,860011153,900336004,891190047,0,204,'1955-11-15','2009-01-01',0.00,'A','B','','475142009259','I','4',435.00000,'16','F','0000-00-00','rafitacc79@gmail,com','RAFAEL ','CAMPOS  CRUZ','BANCO AGRARIO'),(2021081,17634946,'FRANCISCO JAVIER ENCIZO CARDONA','CRA 3 NRO, 4 -53 BARRIO CENTRO DE CARTAGENA DELCHA','3142877870','C',4,900156264,860011153,900336004,891190047,0,201,'1962-04-08','1997-01-02',1386668.00,'A','B','','475142009135','I','1',2.43600,'21','M','0000-00-00','fjavierenciso62@gmail,com','FRANCISCO JAVIER','ENCIZO CARDONA','BANCO AGRARIO'),(2021081,1007447792,'KAREN YULIANA JIMENEZ GASCA','CRA 7 NRO.4-48 CARTAGENA DEL CHAIRA CAQUETA','3174249510','S',0,900935126,860011153,800229739,891190047,0,102,'1999-07-22','2021-07-19',1500000.00,'A','U','','87041573881','F','5',2.43600,'14','F','0000-00-00','karenjimenezgasca@gmail,com','KAREN YULIANA','JIMENEZ GASCA','NEQUI'),(2021081,18467702,'EDUIN ALEGRIA ROSERO','CRA 4 CALE 5 -38 BARRIO ANTIOQUIA CARTAGENA DELCHA','3219226149','P',1,900156264,860011153,900336004,891190047,0,204,'1976-02-26','2098-05-04',1386668.00,'A','B','','475142009161','I','4',4.35000,'18','M','0000-00-00','adrianaparrapolania,@gmail,com','EDUIN ','ALEGRIA ROSERO','BANCO AGRARIO'),(2021082,16186270,'JUAN CARLOS SANTAMARIA OSPINA','CALLE 9 No.,9-39 BARRIO CAMILO TORRES,CARTAGENA DE','3214384884','U',2,900156264,860011153,800224808,891190047,0,102,'1980-04-01','2012-01-02',0.00,'A','B','','','I','5',0.52200,'13','M','0000-00-00','','','',''),(2021081,12108861,'HUMBERTO CUENCA GUTIERREZ','BARRIO EL CENTRO CARTAGENA DEL CHAIRA CAQUETA','3203023394','S',0,900156264,860011153,0,891190047,0,101,'1954-09-25','2009-01-02',1158901.00,'A','P','','475143002185','I','5',0.52200,'11','M','0000-00-00','hcuencas786@gmail,com','HUMBERTO ','CUENCA ','BANCO AGRARIO'),(2021081,96333592,'EFREN OSORIO GAONA','CALLE 2 NRO 12A -03 BARRIO BELLA VISTA DE CARTAGEN','3102230933','U',3,900156264,860011153,800224808,891190047,0,201,'1982-05-29','2013-11-30',1386668.00,'A','B','','475142058454','I','1',2.43600,'21','M','0000-00-00','efrenosorio143@gmail,con','EFREN ','OSORIO GAONA','BANCO AGRARIO'),(2021081,1676391,'LUIS HUMBERTO FLOREZ CABRERA','CALLE 4 NRO, 7-5 BARRIO COMUNERO DE CARTAGENA DEL','3154356116','U',0,900156264,860011153,800224808,891190047,0,202,'1972-11-15','2013-11-30',1386668.00,'A','P','','475142009208','I','2',2.43600,'26','M','0000-00-00','florezhumberto912@gmail,com','LUIS HUMBERTO','FLOREZ CABRERA','BANCO AGRARIO'),(2021081,17709143,'ESAUC JARA ROBAYO','CALLE 3B No.,15-30 BARRIO PRIMERO DE AGOSTO DE CAR','3163934807','U',2,901097473,860011153,900336004,891190047,0,201,'1972-11-24','1998-11-09',1386668.00,'A','B','','475142058160','I','1',2.43600,'21','M','0000-00-00','recursosh@emserpucar-esp,gov,co','ESAUC ','JARA ROBAYO','BANCO AGRARIO'),(2021082,40625532,'MARIA CONSUELO NINCO VARGAS','CR 3 34 BRR CENTRO','3144280414','U',2,900156264,860011153,800224808,891190047,0,102,'1968-11-20','2020-08-01',0.00,'A','B','','475142059809','F','5',0.52200,'15','F','0000-00-00','consueloninco26@hotmail,es','MARIA CONSUELO','NINCO VARGAS','BANCO AGRARIO'),(2021081,1075320448,'YULIANA PANIAGUA AMAYA','CALLE 2 NRO.6-26 BARRIO PRIMAVERA','3192168810','S',0,900935126,860011153,800229739,891190047,0,101,'1999-08-27','2021-07-21',2500000.00,'A','U','','91299881895','F','5',2.43600,'17','F','0000-00-00','yulianapaniagua2708@gmail,com','YULIANA ','PANIAGUA AMAYA','BANCOLOMBIA'),(2021081,40626164,'ORFILIA BARRERO','CALLE 3 NRO,3- 49 BARRIO EL CENTRO CARTAGENA DL CH','3138520990','S',2,900156264,860011153,800224808,891190047,0,101,'1973-02-16','2009-01-02',1158901.00,'A','P','','475142058128','I','5',4.35000,'10','F','0000-00-00','barreroorfilia@gmail,com','ORFILIA ','BARRERO ','BANCO AGRARIO'),(2021081,17710093,'CARLOS ALBERTO TOVAR BERGANO','CALLE 9 No.,11A-09 VILLAS DELCHAIRA CARTAGENA DELC','3123445851','P',4,900156264,860011153,800224808,891190047,0,204,'1974-11-30','2013-11-30',1386668.00,'A','P','','475142058403','I','4',4.35000,'18','M','0000-00-00','caltober123@gmail,com','CARLOS ALBERTO','TOVAR  VERGAÑO','BANCO AGRARIO'),(2021081,79201571,'RAFAEL CAMPOS CRUZ','CALLED 12A CON CRA 3 URBANIZACION 15 DE JUNIO DE C','3213701359','U',3,900156264,860011153,900336004,891190047,0,204,'1955-11-15','2009-01-01',2271828.00,'A','B','','475142009259','I','4',4.35000,'16','F','0000-00-00','rafitacc79@gmail,com','RAFAEL ','CAMPOS  CRUZ','BANCO AGRARIO'),(2021081,40625532,'MARIA CONSUELO NINCO VARGAS','CARRERA . NRO.3-34 BARRIO EL CENTRO CARTAGENA DEL','3144280414','U',2,900156264,860011153,800224808,891190047,0,102,'1968-11-20','2020-08-01',1475472.00,'A','B','','475142059809','F','5',0.52200,'15','F','0000-00-00','consueloninco26@hotmail,es','MARIA CONSUELO','NINCO VARGAS','BANCO AGRARIO'),(2021091,1117964100,'MARTHA ADRIANA GASCA CORREA','CALLE 2 No., 6 -59 BARRIO PRIMAVERA CARTAGENA DEL','3143480231','U',2,900156264,860011153,800224808,891190047,0,101,'1988-03-30','2013-07-02',2063886.00,'A','U','','475142031823','I','5',2.43600,'8','F','0000-00-00','adriana30031@hotmail,com','MARTHA ADRIANA','GASCA CORREA','BANCO AGRARIO'),(2021081,17710062,'JOHN JAIRO ORTIZ SANCHEZ','CALLE 10 CRA 11 BARRIO ANTIOQUIA DE CARTAGENA DEL','3214647379','C',7,900156264,860011153,800224808,891190047,0,201,'1975-12-16','2009-01-01',1386668.00,'A','P','','475142058411','I','1',2.43600,'20','M','0000-00-00','johnortizcart75@gmail,com','JOHN JAIRO','ORTIZ SANCHEZ','BANCO AGRARIO'),(2021081,16186270,'JUAN CARLOS SANTAMARIA OSPINA','CALLE 9 No.,9-39 BARRIO CAMILO TORRES,CARTAGENA DE','3214384884','U',2,900156264,860011153,800224808,891190047,0,102,'1980-04-01','2012-01-02',1475472.00,'A','B','','','I','5',0.52200,'13','M','0000-00-00','','','',''),(2021082,1117964100,'MARTHA ADRIANA GASCA CORREA','CALLE 2 No., 6 -59 BARRIO PRIMAVERA CARTAGENA DEL','3143480231','U',2,900156264,860011153,800224808,891190047,0,101,'1988-03-30','2013-07-02',0.00,'A','U','','475142031823','I','5',243.60000,'8','F','0000-00-00','adriana30031@hotmail,com','MARTHA ADRIANA','GASCA CORREA','BANCO AGRARIO'),(2021081,66873421,'ADRIANA MAYORGA BETANCOURTH','VEREDA EL DIAMANTE/ BARRIO ALONSO GAI DE CARTAGENA','3187691687','C',3,900156264,860011153,800224808,891190047,300000,203,'1980-05-16','2012-01-16',1590821.00,'A','','','475143004218','I','3',2.43600,'24','F','0000-00-00','adriana-11mabe@hotmail,com','ADRIANA ','MAYORGA BETANCOURT','BANCO AGRARIO'),(2021081,1117508778,'GENNY KATHERINE POLANCO CEDIEL','CRA 7 No.,4-36 BARRIO ANTIOQUIA CARTAGENA DELCHAIR','3212576375','U',2,900156264,860011153,800224808,891190047,0,101,'1989-08-06','2012-01-10',1550000.00,'A','U','','475142023448','I','5',0.52200,'7','F','0000-00-00','katica_poce@hotmail,com','GENNY KATHERINE','POLANCO CEDIEL','BANCO AGRARIO'),(2021081,1117535344,'MAYERLY RAMIREZ  GALEANO','CRA 5 No.,13-53 BARRIO15 DE JUNIO CARTAGENA DEL CH','3135833864','U',1,900156264,860011153,800224808,891190047,0,101,'1995-05-16','2020-01-10',1475472.00,'A','U','','475142038811','F','5',0.52200,'9','F','0000-00-00','princessmaye_95@hotmail,com','MAYERLY ','RAMIREZ GALEANO','BANCO AGRARIO'),(2021081,41250731,'DEGNIS YILENA PEREZ JIMENEZ','PRIMAVERA NINO CARTAGENA DELCHAIRA CAQUETA','3108715677','S',2,800251440,860011153,800224808,891190047,0,101,'1975-06-05','2020-01-23',3723274.00,'A','U','','52255813994','I','5',2.43600,'1','F','0000-00-00','degnisyilenaperez@gmail,com','DEGNIS YILENA','PEREZ JIMENEZ','BANCOLOMBIA'),(2021081,1117543211,'PEDRO MARIN MARIN','CALLE 6 NRO.10-51 BARRIO ALONSO GAITAN- CARTAGENAD','3162361650','C',1,805000427,860011153,800224808,891190047,0,101,'1996-05-10','2021-01-04',2900000.00,'A','U','','46606114109','F','5',0.52200,'4','M','0000-00-00','pemarinmar@gmail,com','PEDRO ','MARIN MARIN','BANCOLOMBIA'),(2021081,17710656,'JHONNIER GARCIA RAMIREZ','CALLE 5A No.,7,-76 BARRIO ANTIOQUIA CARTAGENA DEL','3137736759','U',1,900156264,860011153,800224808,891190047,0,204,'1982-03-08','2013-11-30',1386668.00,'A','B','','475142023375','I','4',4.35000,'18','M','0000-00-00','jhonniergarcia652@gmail,com','JHONNIER ','GARCIA RAMIREZ','BANCO AGRARIO'),(2021081,40626007,'YOLANDA FAJARDO','CRA 3No.,4-53 BARRIO EL CENTRO DE CARTAGENA DEL CH','3103229942','C',3,900156264,860011153,800224808,891190047,0,101,'1972-06-20','2011-06-29',2063886.00,'A','T','','475143001669','I','5',0.52200,'5','F','0000-00-00','yoly19722009@hotmail,com','YOLANDA ','FAJARDO ','BANCO AGRARIO'),(2021081,1109492696,'DEICY JAZMIN CASTANEDA IQUINA','CRA 8 No.,9-79 BARRIO CAMILO TORRES CARTAGENA DEL','3144479137','U',1,900156264,860011153,800224808,891190047,0,102,'1990-09-18','2012-01-10',2184000.00,'A','U','','475142058391','I','5',0.52200,'27','F','0000-00-00','dejascasy_04@hotmail,com','DEICY JAZMIN','CASTAÑEDA IQUINA','BANCO AGRARIO'),(2021082,11379809,'BENIGNO GAMEZ ROZO','CALLE 6 NRO3 51  BARRIO COMUNERO DE CARTAGENA DE C','3118626465','U',1,900156264,860011153,800224808,891190047,0,203,'1959-01-02','2012-06-29',0.00,'A','P','','475142058421','I','3',435.00000,'25','M','0000-00-00','benigamez59@gmail,com','BENIGNO ','GAMEZ ROZO','BANCO AGRARIO'),(2021081,16227436,'WILMAR TORRES PALACIO','CALLE2 No.,20-03 BARRIO CIUDADELA DE CARTAGENA DEL','3136358451','U',1,900156264,860011153,800227940,891190047,0,203,'1973-01-05','2010-07-05',1386668.00,'A','P','','475142058179','I','3',2.43600,'22','M','0000-00-00','recursosh@emserpucar-esp,gov,co','WILMAR ','TORRES PALACIO','BANCO AGRARIO'),(2021081,17775614,'FERNEY ALDANA MUÑOZ','CRA 9 NRO. 1 - 05 B/ PRIMAVERA','3207640240','U',3,900935126,860011153,800224808,891190047,0,201,'1984-06-17','2021-06-09',1386668.00,'A','B','','475142022761','F','1',2.43600,'20','M','0000-00-00','ferneymunoz291@gmail,com','FERNEY ','ALDANA MUÑOZ','BANCO AGRARIO'),(2021081,1117964100,'MARTHA ADRIANA GASCA CORREA','CALLE 2 No., 6 -59 BARRIO PRIMAVERA CARTAGENA DEL','3143480231','U',2,900156264,860011153,800224808,891190047,0,101,'1988-03-30','2013-07-02',2063886.00,'A','U','','475142031823','I','5',2.43600,'8','F','0000-00-00','adriana30031@hotmail,com','MARTHA ADRIANA','GASCA CORREA','BANCO AGRARIO'),(2021081,1075226711,'MARCELO YANGUAS PACHON','CALLE 3C NRO. 8 -28 BARRIO LA PRIMAVERA DE CVARTAG','3104405447','U',1,800251440,860011153,800224808,891190047,0,101,'1987-10-29','2020-12-03',3000000.00,'A','U','','475142068611','F','5',0.52200,'3','M','0000-00-00','marceloyanguaspachon@hotmail,com','MARCELO ','YANGUAS PACHON','BANCO AGRARIO'),(2021081,17652212,'NELSON AUGUSTO ROMERO','CRA 2 NRO 3A 24 BARRIO EL CENTRO DE CARTAGENA DEL','3214869432','U',2,900156264,860011153,800224808,891190047,0,203,'1970-03-27','2013-11-30',1386668.00,'A','P','','475142058446','I','3',2.43600,'22','M','0000-00-00','romeronelsonaugusto@gmail,com','NELSON AUGUSTO','ROMERO ','BANCO AGRARIO'),(2021081,11379809,'BENIGNO GAMEZ ROZO','CALLE 6 NRO3 51  BARRIO COMUNERO DE CARTAGENA DE C','3118626465','U',1,900156264,860011153,800224808,891190047,0,203,'1959-01-02','2012-06-29',1386668.00,'A','P','','475142058421','I','3',4.35000,'25','M','0000-00-00','benigamez59@gmail,com','BENIGNO ','GAMEZ ROZO','BANCO AGRARIO'),(2021081,1117975514,'JUAN DE JESÚS ESPAÑA IQUINA','CALLE 7 NRO.3-34  B/COMUNERO','3115030582','S',0,900935126,860011153,800224808,891190047,0,203,'1999-02-25','2021-06-07',1386668.00,'A','B','','84724497674','F','3',2.43600,'22','M','0000-00-00','espanaiquinajuandejesus@gmail,com','JUAN DE JESUS','ESPAÑA IQUINA','BANCOLOMBIA'),(2021091,17775614,'FERNEY ALDANA MUÑOZ','CRA 9 NRO. 1 - 05 B/ PRIMAVERA','3207640240','U',3,900935126,860011153,800224808,891190047,0,201,'1984-06-17','2021-06-09',1386668.00,'A','B','','475142022761','F','1',2.43600,'20','M','0000-00-00','ferneymunoz291@gmail,com','FERNEY ','ALDANA MUÑOZ','BANCO AGRARIO'),(2021091,41250731,'DEGNIS YILENA PEREZ JIMENEZ','PRIMAVERA NINO CARTAGENA DELCHAIRA CAQUETA','3108715677','S',2,800251440,860011153,800224808,891190047,0,101,'1975-06-05','2020-01-23',3723274.00,'A','U','','52255813994','I','5',2.43600,'1','F','0000-00-00','degnisyilenaperez@gmail,com','DEGNIS YILENA','PEREZ JIMENEZ','BANCOLOMBIA'),(2021091,1117543211,'PEDRO MARIN MARIN','CALLE 6 NRO.10-51 BARRIO ALONSO GAITAN- CARTAGENAD','3162361650','C',1,805000427,860011153,800224808,891190047,0,101,'1996-05-10','2021-01-04',2900000.00,'A','U','','46606114109','F','5',0.52200,'4','M','0000-00-00','pemarinmar@gmail,com','PEDRO ','MARIN MARIN','BANCOLOMBIA'),(2021091,17710656,'JHONNIER GARCIA RAMIREZ','CALLE 5A No.,7,-76 BARRIO ANTIOQUIA CARTAGENA DEL','3137736759','U',1,900156264,860011153,800224808,891190047,0,204,'1982-03-08','2013-11-30',1386668.00,'A','B','','475142023375','I','4',4.35000,'18','M','0000-00-00','jhonniergarcia652@gmail,com','JHONNIER ','GARCIA RAMIREZ','BANCO AGRARIO'),(2021091,40626007,'YOLANDA FAJARDO','CRA 3No.,4-53 BARRIO EL CENTRO DE CARTAGENA DEL CH','3103229942','C',3,900156264,860011153,800224808,891190047,0,101,'1972-06-20','2011-06-29',2063886.00,'A','T','','475143001669','I','5',0.52200,'5','F','0000-00-00','yoly19722009@hotmail,com','YOLANDA ','FAJARDO ','BANCO AGRARIO'),(2021091,1109492696,'DEICY JAZMIN CASTANEDA IQUINA','CRA 8 No.,9-79 BARRIO CAMILO TORRES CARTAGENA DEL','3144479137','U',1,900156264,860011153,800224808,891190047,0,102,'1990-09-18','2012-01-10',2184000.00,'A','U','','475142058391','I','5',0.52200,'27','F','0000-00-00','dejascasy_04@hotmail,com','DEICY JAZMIN','CASTAÑEDA IQUINA','BANCO AGRARIO'),(2021091,17634946,'FRANCISCO JAVIER ENCIZO CARDONA','CRA 3 NRO, 4 -53 BARRIO CENTRO DE CARTAGENA DELCHA','3142877870','C',4,900156264,860011153,900336004,891190047,0,201,'1962-04-08','1997-01-02',1386668.00,'A','B','','475142009135','I','1',2.43600,'21','M','0000-00-00','fjavierenciso62@gmail,com','FRANCISCO JAVIER','ENCIZO CARDONA','BANCO AGRARIO'),(2021091,16227436,'WILMAR TORRES PALACIO','CALLE2 No.,20-03 BARRIO CIUDADELA DE CARTAGENA DEL','3136358451','U',1,900156264,860011153,800227940,891190047,0,203,'1973-01-05','2010-07-05',1386668.00,'A','P','','475142058179','I','3',2.43600,'22','M','0000-00-00','recursosh@emserpucar-esp,gov,co','WILMAR ','TORRES PALACIO','BANCO AGRARIO'),(2021091,16187894,'JAMES DIAZ VALENCIA','CALLE 1 NRO 2 - 26 BARRIO EL CENTRO DE CARTAGENA D','3138103577','P',1,900156264,860011153,800227940,891190047,300000,202,'1980-12-24','2009-01-01',1386668.00,'A','B','','475143002207','I','2',2.43600,'26','F','0000-00-00','jd9954850@gmail,com','JAMES ','DIAZ VALENCIA','BANCO AGRARIO'),(2021091,1006526995,'RAFAEL ANTONIO BOCANEGRA LOZADA','CRA. 13 NRO.11- 132','3232869504','S',0,900156264,860011153,800224808,891190047,0,204,'1991-03-24','2021-07-12',1386668.00,'A','T','','475142069421','F','4',4.35000,'18','M','0000-00-00','rbocanegralozada@gmail,com','RAFAEL ANTONIO','BOCANEGRA LOZADA','BANCO AGRARIO'),(2021091,1117497550,'JOSE MANUEL ZABALA DIAZ','CRA 4 NRO,7-36 BARRIO COMUNERO  DE CARTAGENA DELCH','3118179168','U',1,900156264,860011153,800224808,891190047,0,204,'1987-12-10','2013-11-30',1386668.00,'A','B','','475143002215','I','4',4.35000,'18','M','0000-00-00','jomazadi@gmail,com','JOSE MANUEL','ZABALA DIAZ','BANCO AGRARIO'),(2021091,17709400,'NELSON DE JESUS MUNOZ CEBALLOS','CRA7 CALLE 9 -101 BARRIO CAMILO TORRES DE CARTAGEN','3208553044','C',2,901097473,860011153,900336004,891190047,0,201,'1964-08-26','1997-01-02',1386668.00,'A','P','','475142009127','I','1',2.43600,'21','M','0000-00-00','nelsonceballos1964@gmail,com','NELSON DE JESUS','MUÑOZ CEBALLOS','BANCO AGRARIO'),(2021101,1117963223,'LUZ ADRIANA ALVAREZ SANTANA','CALLE 11 N°3 BIS -43 B','3207153002','U',3,900935126,860011153,800227940,891190047,0,102,'1987-06-25','2021-10-12',1475472.00,'A','T','','87049409583','F','5',0.52200,'15','F','0000-00-00','nanita,8720@gmail,com','LUZ ADRIANA','ALVAREZ SANTANA','NEQUI'),(2021091,17709602,'JORGE HUMBERTO  MUNOZ GALEANO','CALLE 10 NRO4 14 BARRIO QUINCE DE JUNIO DE CARTAGE','3112136161','C',3,900156264,860011153,900336004,891190047,0,201,'1975-07-23','2013-11-30',1386668.00,'A','B','','475142049897','I','1',2.43600,'20','M','0000-00-00','recursosh@emserpucar-esp,gov,co','JORGE HUMBERTO','MUÑOZ GALEANO','BANCO AGRARIO'),(2021091,16189593,'OIDEN LOZADA','BARRIO CENTRO CARTAGENA DEL CHAIRA','3175686075','S',1,805000427,860011153,900336004,891190047,0,101,'1982-01-01','2021-01-26',3000000.00,'A','U','','475142069251','F','5',0.52200,'2','M','0000-00-00','oiden_lozada@hotmail,com','OIDEN ','LOZADA ','BANCO AGRARIO'),(2021091,17652212,'NELSON AUGUSTO ROMERO','CRA 2 NRO 3A 24 BARRIO EL CENTRO DE CARTAGENA DEL','3214869432','U',2,900156264,860011153,800224808,891190047,0,203,'1970-03-27','2013-11-30',1386668.00,'A','P','','475142058446','I','3',2.43600,'22','M','0000-00-00','romeronelsonaugusto@gmail,com','NELSON AUGUSTO','ROMERO ','BANCO AGRARIO'),(2021091,11379809,'BENIGNO GAMEZ ROZO','CALLE 6 NRO3 51  BARRIO COMUNERO DE CARTAGENA DE C','3118626465','U',1,900156264,860011153,800224808,891190047,0,203,'1959-01-02','2012-06-29',1386668.00,'A','P','','475142058421','I','3',4.35000,'25','M','0000-00-00','benigamez59@gmail,com','BENIGNO ','GAMEZ ROZO','BANCO AGRARIO'),(2021091,1117975514,'JUAN DE JESÚS ESPAÑA IQUINA','CALLE 7 NRO.3-34  B/COMUNERO','3115030582','S',0,900935126,860011153,800224808,891190047,0,203,'1999-02-25','2021-06-07',1386668.00,'A','B','','84724497674','F','3',2.43600,'22','M','0000-00-00','espanaiquinajuandejesus@gmail,com','JUAN DE JESUS','ESPAÑA IQUINA','BANCOLOMBIA'),(2021091,96333592,'EFREN OSORIO GAONA','CALLE 2 NRO 12A -03 BARRIO BELLA VISTA DE CARTAGEN','3102230933','U',3,900156264,860011153,800224808,891190047,0,201,'1982-05-29','2013-11-30',1386668.00,'A','B','','475142058454','I','1',2.43600,'21','M','0000-00-00','efrenosorio143@gmail,con','EFREN ','OSORIO GAONA','BANCO AGRARIO'),(2021091,1676391,'LUIS HUMBERTO FLOREZ CABRERA','CALLE 4 NRO, 7-5 BARRIO COMUNERO DE CARTAGENA DEL','3154356116','U',0,900156264,860011153,800224808,891190047,0,202,'1972-11-15','2013-11-30',1386668.00,'A','P','','475142009208','I','2',2.43600,'26','M','0000-00-00','florezhumberto912@gmail,com','LUIS HUMBERTO','FLOREZ CABRERA','BANCO AGRARIO'),(2021091,17709143,'ESAUC JARA ROBAYO','CALLE 3B No.,15-30 BARRIO PRIMERO DE AGOSTO DE CAR','3163934807','U',2,901097473,860011153,900336004,891190047,0,201,'1972-11-24','1998-11-09',1386668.00,'A','B','','475142058160','I','1',2.43600,'21','M','0000-00-00','recursosh@emserpucar-esp,gov,co','ESAUC ','JARA ROBAYO','BANCO AGRARIO'),(2021091,18467702,'EDUIN ALEGRIA ROSERO','CRA 4 CALE 5 -38 BARRIO ANTIOQUIA CARTAGENA DELCHA','3219226149','P',1,900156264,860011153,900336004,891190047,0,204,'1976-02-26','2098-05-04',1386668.00,'A','B','','475142009161','I','4',4.35000,'18','M','0000-00-00','adrianaparrapolania,@gmail,com','EDUIN ','ALEGRIA ROSERO','BANCO AGRARIO'),(2021091,1007447792,'KAREN YULIANA JIMENEZ GASCA','CRA 7 NRO.4-48 CARTAGENA DEL CHAIRA CAQUETA','3174249510','S',0,900935126,860011153,800229739,891190047,0,102,'1999-07-22','2021-07-19',1500000.00,'A','U','','87041573881','F','5',2.43600,'14','F','0000-00-00','karenjimenezgasca@gmail,com','KAREN YULIANA','JIMENEZ GASCA','NEQUI'),(2021091,17710093,'CARLOS ALBERTO TOVAR BERGANO','CALLE 9 No.,11A-09 VILLAS DELCHAIRA CARTAGENA DELC','3123445851','P',4,900156264,860011153,800224808,891190047,0,204,'1974-11-30','2013-11-30',1386668.00,'A','P','','475142058403','I','4',4.35000,'18','M','0000-00-00','caltober123@gmail,com','CARLOS ALBERTO','TOVAR  VERGAÑO','BANCO AGRARIO'),(2021091,79201571,'RAFAEL CAMPOS CRUZ','CALLED 12A CON CRA 3 URBANIZACION 15 DE JUNIO DE C','3213701359','U',3,900156264,860011153,900336004,891190047,0,204,'1955-11-15','2009-01-01',2271828.00,'A','B','','475142009259','I','4',4.35000,'16','F','0000-00-00','rafitacc79@gmail,com','RAFAEL ','CAMPOS  CRUZ','BANCO AGRARIO'),(2021091,40625532,'MARIA CONSUELO NINCO VARGAS','CARRERA . NRO.3-34 BARRIO EL CENTRO CARTAGENA DEL','3144280414','U',2,900156264,860011153,800224808,891190047,0,102,'1968-11-20','2020-08-01',1475472.00,'A','B','','475142059809','F','5',0.52200,'15','F','0000-00-00','consueloninco26@hotmail,es','MARIA CONSUELO','NINCO VARGAS','BANCO AGRARIO'),(2021091,17710062,'JOHN JAIRO ORTIZ SANCHEZ','CALLE 10 CRA 11 BARRIO ANTIOQUIA DE CARTAGENA DEL','3214647379','C',7,900156264,860011153,800224808,891190047,0,201,'1975-12-16','2009-01-01',1386668.00,'A','P','','475142058411','I','1',2.43600,'20','M','0000-00-00','johnortizcart75@gmail,com','JOHN JAIRO','ORTIZ SANCHEZ','BANCO AGRARIO'),(2021101,1075226711,'MARCELO YANGUAS PACHON','CALLE 3C NRO. 8 -28 BARRIO LA PRIMAVERA DE CVARTAG','3104405447','U',1,800251440,860011153,800224808,891190047,0,101,'1987-10-29','2020-12-03',3000000.00,'A','U','','475142068611','F','5',0.52200,'3','M','0000-00-00','marceloyanguaspachon@hotmail,com','MARCELO ','YANGUAS PACHON','BANCO AGRARIO'),(2021091,12108861,'HUMBERTO CUENCA GUTIERREZ','BARRIO EL CENTRO CARTAGENA DEL CHAIRA CAQUETA','3203023394','S',0,900156264,860011153,0,891190047,0,101,'1954-09-25','2009-01-02',1158901.00,'A','P','','475143002185','I','5',0.52200,'11','M','0000-00-00','hcuencas786@gmail,com','HUMBERTO ','CUENCA ','BANCO AGRARIO'),(2021091,40626164,'ORFILIA BARRERO','CALLE 3 NRO,3- 49 BARRIO EL CENTRO CARTAGENA DL CH','3138520990','S',2,900156264,860011153,800224808,891190047,0,101,'1973-02-16','2009-01-02',1158901.00,'A','P','','475142058128','I','5',4.35000,'10','F','0000-00-00','barreroorfilia@gmail,com','ORFILIA ','BARRERO ','BANCO AGRARIO'),(2021091,66873421,'ADRIANA MAYORGA BETANCOURTH','VEREDA EL DIAMANTE/ BARRIO ALONSO GAI DE CARTAGENA','3187691687','C',3,900156264,860011153,800224808,891190047,300000,203,'1980-05-16','2012-01-16',1590821.00,'A','','','475143004218','I','3',2.43600,'24','F','0000-00-00','adriana-11mabe@hotmail,com','ADRIANA ','MAYORGA BETANCOURT','BANCO AGRARIO'),(2021091,1117508778,'GENNY KATHERINE POLANCO CEDIEL','CRA 7 No.,4-36 BARRIO ANTIOQUIA CARTAGENA DELCHAIR','3212576375','U',2,900156264,860011153,800224808,891190047,0,101,'1989-08-06','2012-01-10',1550000.00,'A','U','','475142023448','I','5',0.52200,'7','F','0000-00-00','katica_poce@hotmail,com','GENNY KATHERINE','POLANCO CEDIEL','BANCO AGRARIO'),(2021091,1117535344,'MAYERLY RAMIREZ  GALEANO','CRA 5 No.,13-53 BARRIO15 DE JUNIO CARTAGENA DEL CH','3135833864','U',1,900156264,860011153,800224808,891190047,0,101,'1995-05-16','2020-01-10',1475472.00,'A','U','','475142038811','F','5',0.52200,'9','F','0000-00-00','princessmaye_95@hotmail,com','MAYERLY ','RAMIREZ GALEANO','BANCO AGRARIO'),(2021091,1075226711,'MARCELO YANGUAS PACHON','CALLE 3C NRO. 8 -28 BARRIO LA PRIMAVERA DE CVARTAG','3104405447','U',1,800251440,860011153,800224808,891190047,0,101,'1987-10-29','2020-12-03',3000000.00,'A','U','','475142068611','F','5',0.52200,'3','M','0000-00-00','marceloyanguaspachon@hotmail,com','MARCELO ','YANGUAS PACHON','BANCO AGRARIO'),(2021091,1075320448,'YULIANA PANIAGUA AMAYA','CALLE 2 NRO.6-26 BARRIO PRIMAVERA','3192168810','S',0,900935126,860011153,800229739,891190047,0,101,'1999-08-27','2021-07-21',2500000.00,'A','U','','91299881895','F','5',2.43600,'17','F','0000-00-00','yulianapaniagua2708@gmail,com','YULIANA ','PANIAGUA AMAYA','BANCOLOMBIA'),(2021101,1075320448,'YULIANA PANIAGUA AMAYA','CALLE 2 NRO.6-26 BARRIO PRIMAVERA','3192168810','S',0,900935126,860011153,800229739,891190047,0,101,'1999-08-27','2021-07-21',2500000.00,'A','U','','91299881895','F','5',2.43600,'17','F','0000-00-00','yulianapaniagua2708@gmail,com','YULIANA ','PANIAGUA AMAYA','BANCOLOMBIA'),(2021101,17710656,'JHONNIER GARCIA RAMIREZ','CALLE 5A No.,7,-76 BARRIO ANTIOQUIA CARTAGENA DEL','3137736759','U',1,900156264,860011153,800224808,891190047,0,204,'1982-03-08','2013-11-30',1386668.00,'A','B','','475142023375','I','4',4.35000,'18','M','0000-00-00','jhonniergarcia652@gmail,com','JHONNIER ','GARCIA RAMIREZ','BANCO AGRARIO'),(2021101,40626007,'YOLANDA FAJARDO','CRA 3No.,4-53 BARRIO EL CENTRO DE CARTAGENA DEL CH','3103229942','C',3,900156264,860011153,800224808,891190047,0,101,'1972-06-20','2011-06-29',2063886.00,'A','T','','475143001669','I','5',0.52200,'5','F','0000-00-00','yoly19722009@hotmail,com','YOLANDA ','FAJARDO ','BANCO AGRARIO'),(2021101,1109492696,'DEICY JAZMIN CASTANEDA IQUINA','CRA 8 No.,9-79 BARRIO CAMILO TORRES CARTAGENA DEL','3144479137','U',1,900156264,860011153,800224808,891190047,0,102,'1990-09-18','2012-01-10',2184000.00,'A','U','','475142058391','I','5',0.52200,'27','F','0000-00-00','dejascasy_04@hotmail,com','DEICY JAZMIN','CASTAÑEDA IQUINA','BANCO AGRARIO'),(2021101,17634946,'FRANCISCO JAVIER ENCIZO CARDONA','CRA 3 NRO, 4 -53 BARRIO CENTRO DE CARTAGENA DELCHA','3142877870','C',4,900156264,860011153,900336004,891190047,0,201,'1962-04-08','1997-01-02',1386668.00,'A','B','','475142009135','I','1',2.43600,'21','M','0000-00-00','fjavierenciso62@gmail,com','FRANCISCO JAVIER','ENCIZO CARDONA','BANCO AGRARIO'),(2021102,1109492696,'DEICY JAZMIN CASTANEDA IQUINA','CRA 8 No.,9-79 BARRIO CAMILO TORRES CARTAGENA DEL','3144479137','U',1,900156264,860011153,800224808,891190047,0,102,'1990-09-18','2012-01-10',2184000.00,'A','U','','475142058391','I','5',0.52200,'27','F','0000-00-00','dejascasy_04@hotmail,com','DEICY JAZMIN','CASTAÑEDA IQUINA','BANCO AGRARIO'),(2021101,1117964100,'MARTHA ADRIANA GASCA CORREA','CALLE 2 No., 6 -59 BARRIO PRIMAVERA CARTAGENA DEL','3143480231','U',2,900156264,860011153,800224808,891190047,0,101,'1988-03-30','2013-07-02',2063886.00,'A','U','','475142031823','I','5',2.43600,'8','F','0000-00-00','adriana30031@hotmail,com','MARTHA ADRIANA','GASCA CORREA','BANCO AGRARIO'),(2021102,16227436,'WILMAR TORRES PALACIO','CALLE2 No.,20-03 BARRIO CIUDADELA DE CARTAGENA DEL','3136358451','U',1,900156264,860011153,800227940,891190047,0,203,'1973-01-05','2010-07-05',1386668.00,'A','P','','475142058179','I','3',2.43600,'22','M','0000-00-00','recursosh@emserpucar-esp,gov,co','WILMAR ','TORRES PALACIO','BANCO AGRARIO'),(2021101,17775614,'FERNEY ALDANA MUÑOZ','CRA 9 NRO. 1 - 05 B/ PRIMAVERA','3207640240','U',3,900935126,860011153,800224808,891190047,0,201,'1984-06-17','2021-06-09',1386668.00,'A','B','','475142022761','F','1',2.43600,'20','M','0000-00-00','ferneymunoz291@gmail,com','FERNEY ','ALDANA MUÑOZ','BANCO AGRARIO'),(2021101,16227436,'WILMAR TORRES PALACIO','CALLE2 No.,20-03 BARRIO CIUDADELA DE CARTAGENA DEL','3136358451','U',1,900156264,860011153,800227940,891190047,0,203,'1973-01-05','2010-07-05',1386668.00,'A','P','','475142058179','I','3',2.43600,'22','M','0000-00-00','recursosh@emserpucar-esp,gov,co','WILMAR ','TORRES PALACIO','BANCO AGRARIO'),(2021102,1117497550,'JOSE MANUEL ZABALA DIAZ','CRA 4 NRO,7-36 BARRIO COMUNERO  DE CARTAGENA DELCH','3118179168','U',1,900156264,860011153,800224808,891190047,0,204,'1987-12-10','2013-11-30',1386668.00,'A','B','','475143002215','I','4',4.35000,'18','M','0000-00-00','jomazadi@gmail,com','JOSE MANUEL','ZABALA DIAZ','BANCO AGRARIO'),(2021101,1117497550,'JOSE MANUEL ZABALA DIAZ','CRA 4 NRO,7-36 BARRIO COMUNERO  DE CARTAGENA DELCH','3118179168','U',1,900156264,860011153,800224808,891190047,0,204,'1987-12-10','2013-11-30',1386668.00,'A','B','','475143002215','I','4',4.35000,'18','M','0000-00-00','jomazadi@gmail,com','JOSE MANUEL','ZABALA DIAZ','BANCO AGRARIO'),(2021101,17709400,'NELSON DE JESUS MUNOZ CEBALLOS','CRA7 CALLE 9 -101 BARRIO CAMILO TORRES DE CARTAGEN','3208553044','C',2,901097473,860011153,900336004,891190047,0,201,'1964-08-26','1997-01-02',1386668.00,'A','P','','475142009127','I','1',2.43600,'21','M','0000-00-00','nelsonceballos1964@gmail,com','NELSON DE JESUS','MUÑOZ CEBALLOS','BANCO AGRARIO'),(2021101,17709602,'JORGE HUMBERTO  MUNOZ GALEANO','CALLE 10 NRO4 14 BARRIO QUINCE DE JUNIO DE CARTAGE','3112136161','C',3,900156264,860011153,900336004,891190047,0,201,'1975-07-23','2013-11-30',1386668.00,'A','B','','475142049897','I','1',2.43600,'20','M','0000-00-00','recursosh@emserpucar-esp,gov,co','JORGE HUMBERTO','MUÑOZ GALEANO','BANCO AGRARIO'),(2021101,16189593,'OIDEN LOZADA','BARRIO CENTRO CARTAGENA DEL CHAIRA','3175686075','S',1,805000427,860011153,900336004,891190047,0,101,'1982-01-01','2021-01-26',3000000.00,'A','U','','475142069251','F','5',0.52200,'2','M','0000-00-00','oiden_lozada@hotmail,com','OIDEN ','LOZADA ','BANCO AGRARIO'),(2021101,17652212,'NELSON AUGUSTO ROMERO','CRA 2 NRO 3A 24 BARRIO EL CENTRO DE CARTAGENA DEL','3214869432','U',2,900156264,860011153,800224808,891190047,0,203,'1970-03-27','2013-11-30',1386668.00,'A','P','','475142058446','I','3',2.43600,'22','M','0000-00-00','romeronelsonaugusto@gmail,com','NELSON AUGUSTO','ROMERO ','BANCO AGRARIO'),(2021101,11379809,'BENIGNO GAMEZ ROZO','CALLE 6 NRO3 51  BARRIO COMUNERO DE CARTAGENA DE C','3118626465','U',1,900156264,860011153,800224808,891190047,0,203,'1959-01-02','2012-06-29',1386668.00,'A','P','','475142058421','I','3',4.35000,'25','M','0000-00-00','benigamez59@gmail,com','BENIGNO ','GAMEZ ROZO','BANCO AGRARIO'),(2021101,1117975514,'JUAN DE JESÚS ESPAÑA IQUINA','CALLE 7 NRO.3-34  B/COMUNERO','3115030582','S',0,900935126,860011153,800224808,891190047,0,203,'1999-02-25','2021-06-07',1386668.00,'A','B','','84724497674','F','3',2.43600,'22','M','0000-00-00','espanaiquinajuandejesus@gmail,com','JUAN DE JESUS','ESPAÑA IQUINA','BANCOLOMBIA'),(2021101,96333592,'EFREN OSORIO GAONA','CALLE 2 NRO 12A -03 BARRIO BELLA VISTA DE CARTAGEN','3102230933','U',3,900156264,860011153,800224808,891190047,0,201,'1982-05-29','2013-11-30',1386668.00,'A','B','','475142058454','I','1',2.43600,'21','M','0000-00-00','efrenosorio143@gmail,con','EFREN ','OSORIO GAONA','BANCO AGRARIO'),(2021101,1676391,'LUIS HUMBERTO FLOREZ CABRERA','CALLE 4 NRO, 7-5 BARRIO COMUNERO DE CARTAGENA DEL','3154356116','U',0,900156264,860011153,800224808,891190047,0,202,'1972-11-15','2013-11-30',1386668.00,'A','P','','475142009208','I','2',2.43600,'26','M','0000-00-00','florezhumberto912@gmail,com','LUIS HUMBERTO','FLOREZ CABRERA','BANCO AGRARIO'),(2021101,17709143,'ESAUC JARA ROBAYO','CALLE 3B No.,15-30 BARRIO PRIMERO DE AGOSTO DE CAR','3163934807','U',2,901097473,860011153,900336004,891190047,0,201,'1972-11-24','1998-11-09',1386668.00,'A','B','','475142058160','I','1',2.43600,'21','M','0000-00-00','recursosh@emserpucar-esp,gov,co','ESAUC ','JARA ROBAYO','BANCO AGRARIO'),(2021101,18467702,'EDUIN ALEGRIA ROSERO','CRA 4 CALE 5 -38 BARRIO ANTIOQUIA CARTAGENA DELCHA','3219226149','P',1,900156264,860011153,900336004,891190047,0,204,'1976-02-26','2098-05-04',1386668.00,'A','B','','475142009161','I','4',4.35000,'18','M','0000-00-00','adrianaparrapolania,@gmail,com','EDUIN ','ALEGRIA ROSERO','BANCO AGRARIO'),(2021101,1007447792,'KAREN YULIANA JIMENEZ GASCA','CRA 7 NRO.4-48 CARTAGENA DEL CHAIRA CAQUETA','3174249510','S',0,900935126,860011153,800229739,891190047,0,102,'1999-07-22','2021-07-19',1500000.00,'A','U','','87041573881','F','5',2.43600,'14','F','0000-00-00','karenjimenezgasca@gmail,com','KAREN YULIANA','JIMENEZ GASCA','NEQUI'),(2021101,17710093,'CARLOS ALBERTO TOVAR BERGANO','CALLE 9 No.,11A-09 VILLAS DELCHAIRA CARTAGENA DELC','3123445851','P',4,900156264,860011153,800224808,891190047,0,204,'1974-11-30','2013-11-30',1386668.00,'A','P','','475142058403','I','4',4.35000,'18','M','0000-00-00','caltober123@gmail,com','CARLOS ALBERTO','TOVAR  VERGAÑO','BANCO AGRARIO'),(2021101,79201571,'RAFAEL CAMPOS CRUZ','CALLED 12A CON CRA 3 URBANIZACION 15 DE JUNIO DE C','3213701359','U',3,900156264,860011153,900336004,891190047,0,204,'1955-11-15','2009-01-01',2271828.00,'A','B','','475142009259','I','4',4.35000,'16','F','0000-00-00','rafitacc79@gmail,com','RAFAEL ','CAMPOS  CRUZ','BANCO AGRARIO'),(2021101,40625532,'MARIA CONSUELO NINCO VARGAS','CARRERA . NRO.3-34 BARRIO EL CENTRO CARTAGENA DEL','3144280414','U',2,900156264,860011153,800224808,891190047,0,102,'1968-11-20','2020-08-01',1475472.00,'A','B','','475142059809','F','5',0.52200,'15','F','0000-00-00','consueloninco26@hotmail,es','MARIA CONSUELO','NINCO VARGAS','BANCO AGRARIO'),(2021101,17710062,'JOHN JAIRO ORTIZ SANCHEZ','CALLE 10 CRA 11 BARRIO ANTIOQUIA DE CARTAGENA DEL','3214647379','C',7,900156264,860011153,800224808,891190047,0,201,'1975-12-16','2009-01-01',1386668.00,'A','P','','475142058411','I','1',2.43600,'20','M','0000-00-00','johnortizcart75@gmail,com','JOHN JAIRO','ORTIZ SANCHEZ','BANCO AGRARIO'),(2021101,12108861,'HUMBERTO CUENCA GUTIERREZ','BARRIO EL CENTRO CARTAGENA DEL CHAIRA CAQUETA','3203023394','S',0,900156264,860011153,0,891190047,0,101,'1954-09-25','2009-01-02',1158901.00,'A','P','','475143002185','I','5',0.52200,'11','M','0000-00-00','hcuencas786@gmail,com','HUMBERTO ','CUENCA ','BANCO AGRARIO'),(2021101,40626164,'ORFILIA BARRERO','CALLE 3 NRO,3- 49 BARRIO EL CENTRO CARTAGENA DL CH','3138520990','S',2,900156264,860011153,800224808,891190047,0,101,'1973-02-16','2009-01-02',1158901.00,'A','P','','475142058128','I','5',4.35000,'10','F','0000-00-00','barreroorfilia@gmail,com','ORFILIA ','BARRERO ','BANCO AGRARIO'),(2021101,66873421,'ADRIANA MAYORGA BETANCOURTH','VEREDA EL DIAMANTE/ BARRIO ALONSO GAI DE CARTAGENA','3187691687','C',3,900156264,860011153,800224808,891190047,300000,203,'1980-05-16','2012-01-16',1590821.00,'A','','','475143004218','I','3',2.43600,'24','F','0000-00-00','adriana-11mabe@hotmail,com','ADRIANA ','MAYORGA BETANCOURT','BANCO AGRARIO'),(2021101,1117508778,'GENNY KATHERINE POLANCO CEDIEL','CRA 7 No.,4-36 BARRIO ANTIOQUIA CARTAGENA DELCHAIR','3212576375','U',2,900156264,860011153,800224808,891190047,0,101,'1989-08-06','2012-01-10',1550000.00,'A','U','','475142023448','I','5',0.52200,'7','F','0000-00-00','katica_poce@hotmail,com','GENNY KATHERINE','POLANCO CEDIEL','BANCO AGRARIO'),(2021101,1117535344,'MAYERLY RAMIREZ  GALEANO','CRA 5 No.,13-53 BARRIO15 DE JUNIO CARTAGENA DEL CH','3135833864','U',1,900156264,860011153,800224808,891190047,0,101,'1995-05-16','2020-01-10',1475472.00,'A','U','','475142038811','F','5',0.52200,'9','F','0000-00-00','princessmaye_95@hotmail,com','MAYERLY ','RAMIREZ GALEANO','BANCO AGRARIO'),(2021101,41250731,'DEGNIS YILENA PEREZ JIMENEZ','PRIMAVERA NINO CARTAGENA DELCHAIRA CAQUETA','3108715677','S',2,800251440,860011153,800224808,891190047,0,101,'1975-06-05','2020-01-23',3723274.00,'A','U','','52255813994','I','5',2.43600,'1','F','0000-00-00','degnisyilenaperez@gmail,com','DEGNIS YILENA','PEREZ JIMENEZ','BANCOLOMBIA'),(2021101,1117543211,'PEDRO MARIN MARIN','CALLE 6 NRO.10-51 BARRIO ALONSO GAITAN- CARTAGENAD','3162361650','C',1,805000427,860011153,800224808,891190047,0,101,'1996-05-10','2021-01-04',2900000.00,'A','U','','46606114109','F','5',0.52200,'4','M','0000-00-00','pemarinmar@gmail,com','PEDRO ','MARIN MARIN','BANCOLOMBIA'),(2021101,16187894,'JAMES DIAZ VALENCIA','CALLE 1 NRO 2 - 26 BARRIO EL CENTRO DE CARTAGENA D','3138103577','P',1,900156264,860011153,800227940,891190047,300000,202,'1980-12-24','2009-01-01',1386668.00,'A','B','','475143002207','I','2',2.43600,'26','F','0000-00-00','jd9954850@gmail,com','JAMES ','DIAZ VALENCIA','BANCO AGRARIO'),(2021101,1006526995,'RAFAEL ANTONIO BOCANEGRA LOZADA','CRA. 13 NRO.11- 132','3232869504','S',0,900156264,860011153,800224808,891190047,0,204,'1991-03-24','2021-07-12',1386668.00,'A','T','','475142069421','F','4',4.35000,'18','M','0000-00-00','rbocanegralozada@gmail,com','RAFAEL ANTONIO','BOCANEGRA LOZADA','BANCO AGRARIO'),(2021111,17775614,'FERNEY ALDANA MUÑOZ','CRA 9 NRO. 1 - 05 B/ PRIMAVERA','3207640240','U',3,900935126,860011153,800224808,891190047,0,201,'1984-06-17','2021-06-09',1386668.00,'A','B','','475142022761','F','1',2.43600,'20','M','0000-00-00','ferneymunoz291@gmail,com','FERNEY ','ALDANA MUÑOZ','BANCO AGRARIO'),(2021111,1117964100,'MARTHA ADRIANA GASCA CORREA','CALLE 2 No., 6 -59 BARRIO PRIMAVERA CARTAGENA DEL','3143480231','U',2,900156264,860011153,800224808,891190047,0,101,'1988-03-30','2013-07-02',2063886.00,'A','U','','475142031823','I','5',2.43600,'8','F','0000-00-00','adriana30031@hotmail,com','MARTHA ADRIANA','GASCA CORREA','BANCO AGRARIO'),(2021111,1075226711,'MARCELO YANGUAS PACHON','CALLE 3C NRO. 8 -28 BARRIO LA PRIMAVERA DE CVARTAG','3104405447','U',1,800251440,860011153,800224808,891190047,0,101,'1987-10-29','2020-12-03',3000000.00,'A','U','','475142068611','F','5',0.52200,'3','M','0000-00-00','marceloyanguaspachon@hotmail,com','MARCELO ','YANGUAS PACHON','BANCO AGRARIO'),(2021111,1075320448,'YULIANA PANIAGUA AMAYA','CALLE 2 NRO.6-26 BARRIO PRIMAVERA','3192168810','S',0,900935126,860011153,800229739,891190047,0,101,'1999-08-27','2021-07-21',2500000.00,'A','U','','91299881895','F','5',2.43600,'17','F','0000-00-00','yulianapaniagua2708@gmail,com','YULIANA ','PANIAGUA AMAYA','BANCOLOMBIA'),(2021111,16227436,'WILMAR TORRES PALACIO','CALLE2 No.,20-03 BARRIO CIUDADELA DE CARTAGENA DEL','3136358451','U',1,900156264,860011153,800227940,891190047,0,203,'1973-01-05','2010-07-05',1386668.00,'A','P','','475142058179','I','3',2.43600,'22','M','0000-00-00','recursosh@emserpucar-esp,gov,co','WILMAR ','TORRES PALACIO','BANCO AGRARIO'),(2021111,1109492696,'DEICY JAZMIN CASTANEDA IQUINA','CRA 8 No.,9-79 BARRIO CAMILO TORRES CARTAGENA DEL','3144479137','U',1,900156264,860011153,800224808,891190047,0,102,'1990-09-18','2012-01-10',2184000.00,'A','U','','475142058391','I','5',0.52200,'27','F','0000-00-00','dejascasy_04@hotmail,com','DEICY JAZMIN','CASTAÑEDA IQUINA','BANCO AGRARIO'),(2021111,17634946,'FRANCISCO JAVIER ENCIZO CARDONA','CRA 3 NRO, 4 -53 BARRIO CENTRO DE CARTAGENA DELCHA','3142877870','C',4,900156264,860011153,900336004,891190047,0,201,'1962-04-08','1997-01-02',1386668.00,'A','B','','475142009135','I','1',2.43600,'21','M','0000-00-00','fjavierenciso62@gmail,com','FRANCISCO JAVIER','ENCIZO CARDONA','BANCO AGRARIO'),(2021111,41250731,'DEGNIS YILENA PEREZ JIMENEZ','PRIMAVERA NINO CARTAGENA DELCHAIRA CAQUETA','3108715677','S',2,800251440,860011153,800224808,891190047,0,101,'1975-06-05','2020-01-23',3723274.00,'A','U','','52255813994','I','5',2.43600,'1','F','0000-00-00','degnisyilenaperez@gmail,com','DEGNIS YILENA','PEREZ JIMENEZ','BANCOLOMBIA'),(2021111,1117543211,'PEDRO MARIN MARIN','CALLE 6 NRO.10-51 BARRIO ALONSO GAITAN- CARTAGENAD','3162361650','C',1,805000427,860011153,800224808,891190047,0,101,'1996-05-10','2021-01-04',2900000.00,'A','U','','46606114109','F','5',0.52200,'4','M','0000-00-00','pemarinmar@gmail,com','PEDRO ','MARIN MARIN','BANCOLOMBIA'),(2021111,17710656,'JHONNIER GARCIA RAMIREZ','CALLE 5A No.,7,-76 BARRIO ANTIOQUIA CARTAGENA DEL','3137736759','U',1,900156264,860011153,800224808,891190047,0,204,'1982-03-08','2013-11-30',1386668.00,'A','B','','475142023375','I','4',4.35000,'18','M','0000-00-00','jhonniergarcia652@gmail,com','JHONNIER ','GARCIA RAMIREZ','BANCO AGRARIO'),(2021111,40626007,'YOLANDA FAJARDO','CRA 3No.,4-53 BARRIO EL CENTRO DE CARTAGENA DEL CH','3103229942','C',3,900156264,860011153,800224808,891190047,0,101,'1972-06-20','2011-06-29',2063886.00,'A','T','','475143001669','I','5',0.52200,'5','F','0000-00-00','yoly19722009@hotmail,com','YOLANDA ','FAJARDO ','BANCO AGRARIO'),(2021112,17709602,'JORGE HUMBERTO  MUNOZ GALEANO','CALLE 10 NRO4 14 BARRIO QUINCE DE JUNIO DE CARTAGE','3112136161','C',3,900156264,860011153,900336004,891190047,0,201,'1975-07-23','2013-11-30',1386668.00,'A','B','','475142049897','I','1',2.43600,'20','M','0000-00-00','recursosh@emserpucar-esp,gov,co','JORGE HUMBERTO','MUÑOZ GALEANO','BANCO AGRARIO'),(2021111,40625532,'MARIA CONSUELO NINCO VARGAS','CARRERA . NRO.3-34 BARRIO EL CENTRO CARTAGENA DEL','3144280414','U',2,900156264,860011153,800224808,891190047,0,102,'1968-11-20','2020-08-01',1475472.00,'A','B','','475142059809','F','5',0.52200,'15','F','0000-00-00','consueloninco26@hotmail,es','MARIA CONSUELO','NINCO VARGAS','BANCO AGRARIO'),(2021111,17710062,'JOHN JAIRO ORTIZ SANCHEZ','CALLE 10 CRA 11 BARRIO ANTIOQUIA DE CARTAGENA DEL','3214647379','C',7,900156264,860011153,800224808,891190047,0,201,'1975-12-16','2009-01-01',1386668.00,'A','P','','475142058411','I','1',2.43600,'20','M','0000-00-00','johnortizcart75@gmail,com','JOHN JAIRO','ORTIZ SANCHEZ','BANCO AGRARIO'),(2021111,1117963223,'LUZ ADRIANA ALVAREZ SANTANA','CALLE 11 N°3 BIS -43 B','3217153002','U',3,900935126,860011153,800227940,891190047,0,102,'1987-06-25','2021-10-12',1475472.00,'A','T','','87049409583','F','5',0.52200,'15','F','0000-00-00','nanita,8720@gmail,com','LUZ ADRIANA','ALVAREZ SANTANA','NEQUI'),(2021111,12108861,'HUMBERTO CUENCA GUTIERREZ','BARRIO EL CENTRO CARTAGENA DEL CHAIRA CAQUETA','3203023394','S',0,900156264,860011153,0,891190047,0,101,'1954-09-25','2009-01-02',1158901.00,'A','P','','475143002185','I','5',0.52200,'11','M','0000-00-00','hcuencas786@gmail,com','HUMBERTO ','CUENCA ','BANCO AGRARIO'),(2021111,40626164,'ORFILIA BARRERO','CALLE 3 NRO,3- 49 BARRIO EL CENTRO CARTAGENA DL CH','3138520990','S',2,900156264,860011153,800224808,891190047,0,101,'1973-02-16','2009-01-02',1158901.00,'A','P','','475142058128','I','5',4.35000,'10','F','0000-00-00','barreroorfilia@gmail,com','ORFILIA ','BARRERO ','BANCO AGRARIO'),(2021111,66873421,'ADRIANA MAYORGA BETANCOURTH','VEREDA EL DIAMANTE/ BARRIO ALONSO GAI DE CARTAGENA','3187691687','C',3,900156264,860011153,800224808,891190047,300000,203,'1980-05-16','2012-01-16',1590821.00,'A','','','475143004218','I','3',2.43600,'24','F','0000-00-00','adriana-11mabe@hotmail,com','ADRIANA ','MAYORGA BETANCOURT','BANCO AGRARIO'),(2021111,1117508778,'GENNY KATHERINE POLANCO CEDIEL','CRA 7 No.,4-36 BARRIO ANTIOQUIA CARTAGENA DELCHAIR','3212576375','U',2,900156264,860011153,800224808,891190047,0,101,'1989-08-06','2012-01-10',1550000.00,'A','U','','475142023448','I','5',0.52200,'7','F','0000-00-00','katica_poce@hotmail,com','GENNY KATHERINE','POLANCO CEDIEL','BANCO AGRARIO'),(2021111,1117535344,'MAYERLY RAMIREZ  GALEANO','CRA 5 No.,13-53 BARRIO15 DE JUNIO CARTAGENA DEL CH','3135833864','U',1,900156264,860011153,800224808,891190047,0,101,'1995-05-16','2020-01-10',1475472.00,'A','U','','475142038811','F','5',0.52200,'9','F','0000-00-00','princessmaye_95@hotmail,com','MAYERLY ','RAMIREZ GALEANO','BANCO AGRARIO'),(2021111,16187894,'JAMES DIAZ VALENCIA','CALLE 1 NRO 2 - 26 BARRIO EL CENTRO DE CARTAGENA D','3138103577','P',1,900156264,860011153,800227940,891190047,300000,202,'1980-12-24','2009-01-01',1386668.00,'A','B','','475143002207','I','2',2.43600,'26','F','0000-00-00','jd9954850@gmail,com','JAMES ','DIAZ VALENCIA','BANCO AGRARIO'),(2021111,1006526995,'RAFAEL ANTONIO BOCANEGRA LOZADA','CRA. 13 NRO.11- 132','3232869504','S',0,900156264,860011153,800224808,891190047,0,204,'1991-03-24','2021-07-12',1386668.00,'A','T','','475142069421','F','4',4.35000,'18','M','0000-00-00','rbocanegralozada@gmail,com','RAFAEL ANTONIO','BOCANEGRA LOZADA','BANCO AGRARIO'),(2021111,1117497550,'JOSE MANUEL ZABALA DIAZ','CRA 4 NRO,7-36 BARRIO COMUNERO  DE CARTAGENA DELCH','3118179168','U',1,900156264,860011153,800224808,891190047,0,204,'1987-12-10','2013-11-30',1386668.00,'A','B','','475143002215','I','4',4.35000,'18','M','0000-00-00','jomazadi@gmail,com','JOSE MANUEL','ZABALA DIAZ','BANCO AGRARIO'),(2021111,17709400,'NELSON DE JESUS MUNOZ CEBALLOS','CRA7 CALLE 9 -101 BARRIO CAMILO TORRES DE CARTAGEN','3208553044','C',2,901097473,860011153,900336004,891190047,0,201,'1964-08-26','1997-01-02',1386668.00,'A','P','','475142009127','I','1',2.43600,'21','M','0000-00-00','nelsonceballos1964@gmail,com','NELSON DE JESUS','MUÑOZ CEBALLOS','BANCO AGRARIO'),(2021111,17709602,'JORGE HUMBERTO  MUNOZ GALEANO','CALLE 10 NRO4 14 BARRIO QUINCE DE JUNIO DE CARTAGE','3112136161','C',3,900156264,860011153,900336004,891190047,0,201,'1975-07-23','2013-11-30',1386668.00,'A','B','','475142049897','I','1',2.43600,'20','M','0000-00-00','recursosh@emserpucar-esp,gov,co','JORGE HUMBERTO','MUÑOZ GALEANO','BANCO AGRARIO'),(2021111,16189593,'OIDEN LOZADA','BARRIO CENTRO CARTAGENA DEL CHAIRA','3175686075','S',1,805000427,860011153,900336004,891190047,0,101,'1982-01-01','2021-01-26',3000000.00,'A','U','','475142069251','F','5',0.52200,'2','M','0000-00-00','oiden_lozada@hotmail,com','OIDEN ','LOZADA ','BANCO AGRARIO'),(2021111,17652212,'NELSON AUGUSTO ROMERO','CRA 2 NRO 3A 24 BARRIO EL CENTRO DE CARTAGENA DEL','3214869432','U',2,900156264,860011153,800224808,891190047,0,203,'1970-03-27','2013-11-30',1386668.00,'A','P','','475142058446','I','3',2.43600,'22','M','0000-00-00','romeronelsonaugusto@gmail,com','NELSON AUGUSTO','ROMERO ','BANCO AGRARIO'),(2021111,11379809,'BENIGNO GAMEZ ROZO','CALLE 6 NRO3 51  BARRIO COMUNERO DE CARTAGENA DE C','3118626465','U',1,900156264,860011153,800224808,891190047,0,203,'1959-01-02','2012-06-29',1386668.00,'A','P','','475142058421','I','3',4.35000,'25','M','0000-00-00','benigamez59@gmail,com','BENIGNO ','GAMEZ ROZO','BANCO AGRARIO'),(2021111,1117975514,'JUAN DE JESÚS ESPAÑA IQUINA','CALLE 7 NRO.3-34  B/COMUNERO','3115030582','S',0,900935126,860011153,800224808,891190047,0,203,'1999-02-25','2021-06-07',1386668.00,'A','B','','84724497674','F','3',2.43600,'22','M','0000-00-00','espanaiquinajuandejesus@gmail,com','JUAN DE JESUS','ESPAÑA IQUINA','BANCOLOMBIA'),(2021111,96333592,'EFREN OSORIO GAONA','CALLE 2 NRO 12A -03 BARRIO BELLA VISTA DE CARTAGEN','3102230933','U',3,900156264,860011153,800224808,891190047,0,201,'1982-05-29','2013-11-30',1386668.00,'A','B','','475142058454','I','1',2.43600,'21','M','0000-00-00','efrenosorio143@gmail,con','EFREN ','OSORIO GAONA','BANCO AGRARIO'),(2021111,1676391,'LUIS HUMBERTO FLOREZ CABRERA','CALLE 4 NRO, 7-5 BARRIO COMUNERO DE CARTAGENA DEL','3154356116','U',0,900156264,860011153,800224808,891190047,0,202,'1972-11-15','2013-11-30',1386668.00,'A','P','','475142009208','I','2',2.43600,'26','M','0000-00-00','florezhumberto912@gmail,com','LUIS HUMBERTO','FLOREZ CABRERA','BANCO AGRARIO'),(2021111,17709143,'ESAUC JARA ROBAYO','CALLE 3B No.,15-30 BARRIO PRIMERO DE AGOSTO DE CAR','3163934807','U',2,901097473,860011153,900336004,891190047,0,201,'1972-11-24','1998-11-09',1386668.00,'A','B','','475142058160','I','1',2.43600,'21','M','0000-00-00','recursosh@emserpucar-esp,gov,co','ESAUC ','JARA ROBAYO','BANCO AGRARIO'),(2021111,18467702,'EDUIN ALEGRIA ROSERO','CRA 4 CALE 5 -38 BARRIO ANTIOQUIA CARTAGENA DELCHA','3219226149','P',1,900156264,860011153,900336004,891190047,0,204,'1976-02-26','2098-05-04',1386668.00,'A','B','','475142009161','I','4',4.35000,'18','M','0000-00-00','adrianaparrapolania,@gmail,com','EDUIN ','ALEGRIA ROSERO','BANCO AGRARIO'),(2021111,1007447792,'KAREN YULIANA JIMENEZ GASCA','CRA 7 NRO.4-48 CARTAGENA DEL CHAIRA CAQUETA','3174249510','S',0,900935126,860011153,800229739,891190047,0,102,'1999-07-22','2021-07-19',1500000.00,'A','U','','87041573881','F','5',2.43600,'14','F','0000-00-00','karenjimenezgasca@gmail,com','KAREN YULIANA','JIMENEZ GASCA','NEQUI'),(2021111,17710093,'CARLOS ALBERTO TOVAR BERGANO','CALLE 9 No.,11A-09 VILLAS DELCHAIRA CARTAGENA DELC','3123445851','P',4,900156264,860011153,800224808,891190047,0,204,'1974-11-30','2013-11-30',1386668.00,'A','P','','475142058403','I','4',4.35000,'18','M','0000-00-00','caltober123@gmail,com','CARLOS ALBERTO','TOVAR  VERGAÑO','BANCO AGRARIO'),(2021111,79201571,'RAFAEL CAMPOS CRUZ','CALLED 12A CON CRA 3 URBANIZACION 15 DE JUNIO DE C','3213701359','U',3,900156264,860011153,900336004,891190047,0,204,'1955-11-15','2009-01-01',2271828.00,'A','B','','475142009259','I','4',4.35000,'16','F','0000-00-00','rafitacc79@gmail,com','RAFAEL ','CAMPOS  CRUZ','BANCO AGRARIO'),(2021113,1117964100,'MARTHA ADRIANA GASCA CORREA','CALLE 2 No., 6 -59 BARRIO PRIMAVERA CARTAGENA DEL','3143480231','U',2,900156264,860011153,800224808,891190047,0,101,'1988-03-30','2013-07-02',2063886.00,'A','U','','475142031823','I','5',2.43600,'8','F','0000-00-00','adriana30031@hotmail,com','MARTHA ADRIANA','GASCA CORREA','BANCO AGRARIO'),(2021113,17775614,'FERNEY ALDANA MUÑOZ','CRA 9 NRO. 1 - 05 B/ PRIMAVERA','3207640240','U',3,900935126,860011153,800224808,891190047,0,201,'1984-06-17','2021-06-09',1386668.00,'A','B','','475142022761','F','1',2.43600,'20','M','0000-00-00','ferneymunoz291@gmail,com','FERNEY ','ALDANA MUÑOZ','BANCO AGRARIO'),(2021113,1117543211,'PEDRO MARIN MARIN','CALLE 6 NRO.10-51 BARRIO ALONSO GAITAN- CARTAGENAD','3162361650','C',1,805000427,860011153,800224808,891190047,0,101,'1996-05-10','2021-01-04',2900000.00,'A','U','','46606114109','F','5',0.52200,'4','M','0000-00-00','pemarinmar@gmail,com','PEDRO ','MARIN MARIN','BANCOLOMBIA'),(2021113,17710656,'JHONNIER GARCIA RAMIREZ','CALLE 5A No.,7,-76 BARRIO ANTIOQUIA CARTAGENA DEL','3137736759','U',1,900156264,860011153,800224808,891190047,0,204,'1982-03-08','2013-11-30',1386668.00,'A','B','','475142023375','I','4',4.35000,'18','M','0000-00-00','jhonniergarcia652@gmail,com','JHONNIER ','GARCIA RAMIREZ','BANCO AGRARIO'),(2021113,40626007,'YOLANDA FAJARDO','CRA 3No.,4-53 BARRIO EL CENTRO DE CARTAGENA DEL CH','3103229942','C',3,900156264,860011153,800224808,891190047,0,101,'1972-06-20','2011-06-29',2063886.00,'A','T','','475143001669','I','5',0.52200,'5','F','0000-00-00','yoly19722009@hotmail,com','YOLANDA ','FAJARDO ','BANCO AGRARIO'),(2021113,1109492696,'DEICY JAZMIN CASTANEDA IQUINA','CRA 8 No.,9-79 BARRIO CAMILO TORRES CARTAGENA DEL','3144479137','U',1,900156264,860011153,800224808,891190047,0,102,'1990-09-18','2012-01-10',2184000.00,'A','U','','475142058391','I','5',0.52200,'27','F','0000-00-00','dejascasy_04@hotmail,com','DEICY JAZMIN','CASTAÑEDA IQUINA','BANCO AGRARIO'),(2021113,17634946,'FRANCISCO JAVIER ENCIZO CARDONA','CRA 3 NRO, 4 -53 BARRIO CENTRO DE CARTAGENA DELCHA','3142877870','C',4,900156264,860011153,900336004,891190047,0,201,'1962-04-08','1997-01-02',1386668.00,'A','B','','475142009135','I','1',2.43600,'21','M','0000-00-00','fjavierenciso62@gmail,com','FRANCISCO JAVIER','ENCIZO CARDONA','BANCO AGRARIO'),(2021113,16227436,'WILMAR TORRES PALACIO','CALLE2 No.,20-03 BARRIO CIUDADELA DE CARTAGENA DEL','3136358451','U',1,900156264,860011153,800227940,891190047,0,203,'1973-01-05','2010-07-05',1386668.00,'A','P','','475142058179','I','3',2.43600,'22','M','0000-00-00','recursosh@emserpucar-esp,gov,co','WILMAR ','TORRES PALACIO','BANCO AGRARIO'),(2021113,16187894,'JAMES DIAZ VALENCIA','CALLE 1 NRO 2 - 26 BARRIO EL CENTRO DE CARTAGENA D','3138103577','P',1,900156264,860011153,800227940,891190047,300000,202,'1980-12-24','2009-01-01',1386668.00,'A','B','','475143002207','I','2',2.43600,'26','F','0000-00-00','jd9954850@gmail,com','JAMES ','DIAZ VALENCIA','BANCO AGRARIO'),(2021113,1006526995,'RAFAEL ANTONIO BOCANEGRA LOZADA','CRA. 13 NRO.11- 132','3232869504','S',0,900156264,860011153,800224808,891190047,0,204,'1991-03-24','2021-07-12',1386668.00,'A','T','','475142069421','F','4',4.35000,'18','M','0000-00-00','rbocanegralozada@gmail,com','RAFAEL ANTONIO','BOCANEGRA LOZADA','BANCO AGRARIO'),(2021113,1117497550,'JOSE MANUEL ZABALA DIAZ','CRA 4 NRO,7-36 BARRIO COMUNERO  DE CARTAGENA DELCH','3118179168','U',1,900156264,860011153,800224808,891190047,0,204,'1987-12-10','2013-11-30',1386668.00,'A','B','','475143002215','I','4',4.35000,'18','M','0000-00-00','jomazadi@gmail,com','JOSE MANUEL','ZABALA DIAZ','BANCO AGRARIO'),(2021113,17709400,'NELSON DE JESUS MUNOZ CEBALLOS','CRA7 CALLE 9 -101 BARRIO CAMILO TORRES DE CARTAGEN','3208553044','C',2,901097473,860011153,900336004,891190047,0,201,'1964-08-26','1997-01-02',1386668.00,'A','P','','475142009127','I','1',2.43600,'21','M','0000-00-00','nelsonceballos1964@gmail,com','NELSON DE JESUS','MUÑOZ CEBALLOS','BANCO AGRARIO'),(2021113,17709602,'JORGE HUMBERTO  MUNOZ GALEANO','CALLE 10 NRO4 14 BARRIO QUINCE DE JUNIO DE CARTAGE','3112136161','C',3,900156264,860011153,900336004,891190047,0,201,'1975-07-23','2013-11-30',1386668.00,'A','B','','475142049897','I','1',2.43600,'20','M','0000-00-00','recursosh@emserpucar-esp,gov,co','JORGE HUMBERTO','MUÑOZ GALEANO','BANCO AGRARIO'),(2021113,16189593,'OIDEN LOZADA','BARRIO CENTRO CARTAGENA DEL CHAIRA','3175686075','S',1,805000427,860011153,900336004,891190047,0,101,'1982-01-01','2021-01-26',3000000.00,'A','U','','475142069251','F','5',0.52200,'2','M','0000-00-00','oiden_lozada@hotmail,com','OIDEN ','LOZADA ','BANCO AGRARIO'),(2021113,17652212,'NELSON AUGUSTO ROMERO','CRA 2 NRO 3A 24 BARRIO EL CENTRO DE CARTAGENA DEL','3214869432','U',2,900156264,860011153,800224808,891190047,0,203,'1970-03-27','2013-11-30',1386668.00,'A','P','','475142058446','I','3',2.43600,'22','M','0000-00-00','romeronelsonaugusto@gmail,com','NELSON AUGUSTO','ROMERO ','BANCO AGRARIO'),(2021113,11379809,'BENIGNO GAMEZ ROZO','CALLE 6 NRO3 51  BARRIO COMUNERO DE CARTAGENA DE C','3118626465','U',1,900156264,860011153,800224808,891190047,0,203,'1959-01-02','2012-06-29',1386668.00,'A','P','','475142058421','I','3',4.35000,'25','M','0000-00-00','benigamez59@gmail,com','BENIGNO ','GAMEZ ROZO','BANCO AGRARIO'),(2021113,1117975514,'JUAN DE JESÚS ESPAÑA IQUINA','CALLE 7 NRO.3-34  B/COMUNERO','3115030582','S',0,900935126,860011153,800224808,891190047,0,203,'1999-02-25','2021-06-07',1386668.00,'A','B','','84724497674','F','3',2.43600,'22','M','0000-00-00','espanaiquinajuandejesus@gmail,com','JUAN DE JESUS','ESPAÑA IQUINA','BANCOLOMBIA'),(2021113,96333592,'EFREN OSORIO GAONA','CALLE 2 NRO 12A -03 BARRIO BELLA VISTA DE CARTAGEN','3102230933','U',3,900156264,860011153,800224808,891190047,0,201,'1982-05-29','2013-11-30',1386668.00,'A','B','','475142058454','I','1',2.43600,'21','M','0000-00-00','efrenosorio143@gmail,con','EFREN ','OSORIO GAONA','BANCO AGRARIO'),(2021113,1676391,'LUIS HUMBERTO FLOREZ CABRERA','CALLE 4 NRO, 7-5 BARRIO COMUNERO DE CARTAGENA DEL','3154356116','U',0,900156264,860011153,800224808,891190047,0,202,'1972-11-15','2013-11-30',1386668.00,'A','P','','475142009208','I','2',2.43600,'26','M','0000-00-00','florezhumberto912@gmail,com','LUIS HUMBERTO','FLOREZ CABRERA','BANCO AGRARIO'),(2021113,17709143,'ESAUC JARA ROBAYO','CALLE 3B No.,15-30 BARRIO PRIMERO DE AGOSTO DE CAR','3163934807','U',2,901097473,860011153,900336004,891190047,0,201,'1972-11-24','1998-11-09',1386668.00,'A','B','','475142058160','I','1',2.43600,'21','M','0000-00-00','recursosh@emserpucar-esp,gov,co','ESAUC ','JARA ROBAYO','BANCO AGRARIO'),(2021113,18467702,'EDUIN ALEGRIA ROSERO','CRA 4 CALE 5 -38 BARRIO ANTIOQUIA CARTAGENA DELCHA','3219226149','P',1,900156264,860011153,900336004,891190047,0,204,'1976-02-26','2098-05-04',1386668.00,'A','B','','475142009161','I','4',4.35000,'18','M','0000-00-00','adrianaparrapolania,@gmail,com','EDUIN ','ALEGRIA ROSERO','BANCO AGRARIO'),(2021113,1007447792,'KAREN YULIANA JIMENEZ GASCA','CRA 7 NRO.4-48 CARTAGENA DEL CHAIRA CAQUETA','3174249510','S',0,900935126,860011153,800229739,891190047,0,102,'1999-07-22','2021-07-19',1500000.00,'A','U','','87041573881','F','5',2.43600,'14','F','0000-00-00','karenjimenezgasca@gmail,com','KAREN YULIANA','JIMENEZ GASCA','NEQUI'),(2021113,17710093,'CARLOS ALBERTO TOVAR BERGANO','CALLE 9 No.,11A-09 VILLAS DELCHAIRA CARTAGENA DELC','3123445851','P',4,900156264,860011153,800224808,891190047,0,204,'1974-11-30','2013-11-30',1386668.00,'A','P','','475142058403','I','4',4.35000,'18','M','0000-00-00','caltober123@gmail,com','CARLOS ALBERTO','TOVAR  VERGAÑO','BANCO AGRARIO'),(2021113,79201571,'RAFAEL CAMPOS CRUZ','CALLED 12A CON CRA 3 URBANIZACION 15 DE JUNIO DE C','3213701359','U',3,900156264,860011153,900336004,891190047,0,204,'1955-11-15','2009-01-01',2271828.00,'A','B','','475142009259','I','4',4.35000,'16','F','0000-00-00','rafitacc79@gmail,com','RAFAEL ','CAMPOS  CRUZ','BANCO AGRARIO'),(2021113,40625532,'MARIA CONSUELO NINCO VARGAS','CARRERA . NRO.3-34 BARRIO EL CENTRO CARTAGENA DEL','3144280414','U',2,900156264,860011153,800224808,891190047,0,102,'1968-11-20','2020-08-01',1475472.00,'A','B','','475142059809','F','5',0.52200,'15','F','0000-00-00','consueloninco26@hotmail,es','MARIA CONSUELO','NINCO VARGAS','BANCO AGRARIO'),(2021113,17710062,'JOHN JAIRO ORTIZ SANCHEZ','CALLE 10 CRA 11 BARRIO ANTIOQUIA DE CARTAGENA DEL','3214647379','C',7,900156264,860011153,800224808,891190047,0,201,'1975-12-16','2009-01-01',1386668.00,'A','P','','475142058411','I','1',2.43600,'20','M','0000-00-00','johnortizcart75@gmail,com','JOHN JAIRO','ORTIZ SANCHEZ','BANCO AGRARIO'),(2021113,1117963223,'LUZ ADRIANA ALVAREZ SANTANA','CALLE 11 N°3 BIS -43 B','3217153002','U',3,900935126,860011153,800227940,891190047,0,102,'1987-06-25','2021-10-12',1475472.00,'A','T','','87049409583','F','5',0.52200,'15','F','0000-00-00','nanita,8720@gmail,com','LUZ ADRIANA','ALVAREZ SANTANA','NEQUI'),(2021113,12108861,'HUMBERTO CUENCA GUTIERREZ','BARRIO EL CENTRO CARTAGENA DEL CHAIRA CAQUETA','3203023394','S',0,900156264,860011153,0,891190047,0,101,'1954-09-25','2009-01-02',1158901.00,'A','P','','475143002185','I','5',0.52200,'11','M','0000-00-00','hcuencas786@gmail,com','HUMBERTO ','CUENCA ','BANCO AGRARIO'),(2021113,40626164,'ORFILIA BARRERO','CALLE 3 NRO,3- 49 BARRIO EL CENTRO CARTAGENA DL CH','3138520990','S',2,900156264,860011153,800224808,891190047,0,101,'1973-02-16','2009-01-02',1158901.00,'A','P','','475142058128','I','5',4.35000,'10','F','0000-00-00','barreroorfilia@gmail,com','ORFILIA ','BARRERO ','BANCO AGRARIO'),(2021113,66873421,'ADRIANA MAYORGA BETANCOURTH','VEREDA EL DIAMANTE/ BARRIO ALONSO GAI DE CARTAGENA','3187691687','C',3,900156264,860011153,800224808,891190047,300000,203,'1980-05-16','2012-01-16',1590821.00,'A','','','475143004218','I','3',2.43600,'24','F','0000-00-00','adriana-11mabe@hotmail,com','ADRIANA ','MAYORGA BETANCOURT','BANCO AGRARIO'),(2021113,1117508778,'GENNY KATHERINE POLANCO CEDIEL','CRA 7 No.,4-36 BARRIO ANTIOQUIA CARTAGENA DELCHAIR','3212576375','U',2,900156264,860011153,800224808,891190047,0,101,'1989-08-06','2012-01-10',1550000.00,'A','U','','475142023448','I','5',0.52200,'7','F','0000-00-00','katica_poce@hotmail,com','GENNY KATHERINE','POLANCO CEDIEL','BANCO AGRARIO'),(2021113,1117535344,'MAYERLY RAMIREZ  GALEANO','CRA 5 No.,13-53 BARRIO15 DE JUNIO CARTAGENA DEL CH','3135833864','U',1,900156264,860011153,800224808,891190047,0,101,'1995-05-16','2020-01-10',1475472.00,'A','U','','475142038811','F','5',0.52200,'9','F','0000-00-00','princessmaye_95@hotmail,com','MAYERLY ','RAMIREZ GALEANO','BANCO AGRARIO'),(2021113,41250731,'DEGNIS YILENA PEREZ JIMENEZ','PRIMAVERA NINO CARTAGENA DELCHAIRA CAQUETA','3108715677','S',2,800251440,860011153,800224808,891190047,0,101,'1975-06-05','2020-01-23',3723274.00,'A','U','','52255813994','I','5',2.43600,'1','F','0000-00-00','degnisyilenaperez@gmail,com','DEGNIS YILENA','PEREZ JIMENEZ','BANCOLOMBIA'),(2021113,1075226711,'MARCELO YANGUAS PACHON','CALLE 3C NRO. 8 -28 BARRIO LA PRIMAVERA DE CVARTAG','3104405447','U',1,800251440,860011153,800224808,891190047,0,101,'1987-10-29','2020-12-03',3000000.00,'A','U','','475142068611','F','5',0.52200,'3','M','0000-00-00','marceloyanguaspachon@hotmail,com','MARCELO ','YANGUAS PACHON','BANCO AGRARIO'),(2021113,1075320448,'YULIANA PANIAGUA AMAYA','CALLE 2 NRO.6-26 BARRIO PRIMAVERA','3192168810','S',0,900935126,860011153,800229739,891190047,0,101,'1999-08-27','2021-07-21',2500000.00,'A','U','','91299881895','F','5',2.43600,'17','F','0000-00-00','yulianapaniagua2708@gmail,com','YULIANA ','PANIAGUA AMAYA','BANCOLOMBIA'),(2021122,1075226711,'MARCELO YANGUAS PACHON','CALLE 3C NRO. 8 -28 BARRIO LA PRIMAVERA DE CVARTAG','3104405447','U',1,800251440,860011153,800224808,891190047,0,101,'1987-10-29','2020-12-03',3000000.00,'A','U','','475142068611','F','5',0.52200,'3','M','0000-00-00','marceloyanguaspachon@hotmail,com','MARCELO ','YANGUAS PACHON','BANCO AGRARIO'),(2021122,17634946,'FRANCISCO JAVIER ENCIZO CARDONA','CRA 3 NRO, 4 -53 BARRIO CENTRO DE CARTAGENA DELCHA','3142877870','C',4,900156264,860011153,900336004,891190047,0,201,'1962-04-08','1997-01-02',1386668.00,'A','B','','475142009135','I','1',2.43600,'21','M','0000-00-00','fjavierenciso62@gmail,com','FRANCISCO JAVIER','ENCIZO CARDONA','BANCO AGRARIO'),(2021122,40626007,'YOLANDA FAJARDO','CRA 3No.,4-53 BARRIO EL CENTRO DE CARTAGENA DEL CH','3103229942','C',3,900156264,860011153,800224808,891190047,0,101,'1972-06-20','2011-06-29',2063886.00,'A','T','','475143001669','I','5',0.52200,'5','F','0000-00-00','yoly19722009@hotmail,com','YOLANDA ','FAJARDO ','BANCO AGRARIO'),(2021113,1117549819,'KAREN ADRIANA CALDERON ARIZA','BARRIO CIUDADELA- CARTAGENA DEL CHAIRA','3228210771','S',0,900156264,860011153,900336004,891190047,0,102,'1998-02-06','2021-12-06',1500000.00,'A','U','','','F','5',2.43600,'xx','F','0000-00-00','','KAREN ADRIANA ','CALDERON ARIZA',''),(2021121,1117964100,'MARTHA ADRIANA GASCA CORREA','CALLE 2 No., 6 -59 BARRIO PRIMAVERA CARTAGENA DEL','3143480231','U',2,900156264,860011153,800224808,891190047,0,101,'1988-03-30','2013-07-02',2063886.00,'A','U','','475142031823','I','5',2.43600,'8','F','0000-00-00','adriana30031@hotmail,com','MARTHA ADRIANA','GASCA CORREA','BANCO AGRARIO'),(2021121,17775614,'FERNEY ALDANA MUÑOZ','CRA 9 NRO. 1 - 05 B/ PRIMAVERA','3207640240','U',3,900935126,860011153,800224808,891190047,0,201,'1984-06-17','2021-06-09',1386668.00,'A','B','','475142022761','F','1',2.43600,'20','M','0000-00-00','ferneymunoz291@gmail,com','FERNEY ','ALDANA MUÑOZ','BANCO AGRARIO'),(2021121,16227436,'WILMAR TORRES PALACIO','CALLE2 No.,20-03 BARRIO CIUDADELA DE CARTAGENA DEL','3136358451','U',1,900156264,860011153,800227940,891190047,0,203,'1973-01-05','2010-07-05',1386668.00,'A','P','','475142058179','I','3',2.43600,'22','M','0000-00-00','recursosh@emserpucar-esp,gov,co','WILMAR ','TORRES PALACIO','BANCO AGRARIO'),(2021121,1117543211,'PEDRO MARIN MARIN','CALLE 6 NRO.10-51 BARRIO ALONSO GAITAN- CARTAGENAD','3162361650','C',1,805000427,860011153,800224808,891190047,0,101,'1996-05-10','2021-01-04',2900000.00,'A','U','','46606114109','F','5',0.52200,'4','M','0000-00-00','pemarinmar@gmail,com','PEDRO ','MARIN MARIN','BANCOLOMBIA'),(2021121,17710656,'JHONNIER GARCIA RAMIREZ','CALLE 5A No.,7,-76 BARRIO ANTIOQUIA CARTAGENA DEL','3137736759','U',1,900156264,860011153,800224808,891190047,0,204,'1982-03-08','2013-11-30',1386668.00,'A','B','','475142023375','I','4',4.35000,'18','M','0000-00-00','jhonniergarcia652@gmail,com','JHONNIER ','GARCIA RAMIREZ','BANCO AGRARIO'),(2021121,40626007,'YOLANDA FAJARDO','CRA 3No.,4-53 BARRIO EL CENTRO DE CARTAGENA DEL CH','3103229942','C',3,900156264,860011153,800224808,891190047,0,101,'1972-06-20','2011-06-29',2063886.00,'A','T','','475143001669','I','5',0.52200,'5','F','0000-00-00','yoly19722009@hotmail,com','YOLANDA ','FAJARDO ','BANCO AGRARIO'),(2021121,1109492696,'DEICY JAZMIN CASTANEDA IQUINA','CRA 8 No.,9-79 BARRIO CAMILO TORRES CARTAGENA DEL','3144479137','U',1,900156264,860011153,800224808,891190047,0,102,'1990-09-18','2012-01-10',2184000.00,'A','U','','475142058391','I','5',0.52200,'27','F','0000-00-00','dejascasy_04@hotmail,com','DEICY JAZMIN','CASTAÑEDA IQUINA','BANCO AGRARIO'),(2021121,17634946,'FRANCISCO JAVIER ENCIZO CARDONA','CRA 3 NRO, 4 -53 BARRIO CENTRO DE CARTAGENA DELCHA','3142877870','C',4,900156264,860011153,900336004,891190047,0,201,'1962-04-08','1997-01-02',1386668.00,'A','B','','475142009135','I','1',2.43600,'21','M','0000-00-00','fjavierenciso62@gmail,com','FRANCISCO JAVIER','ENCIZO CARDONA','BANCO AGRARIO'),(2021121,16187894,'JAMES DIAZ VALENCIA','CALLE 1 NRO 2 - 26 BARRIO EL CENTRO DE CARTAGENA D','3138103577','P',1,900156264,860011153,800227940,891190047,300000,202,'1980-12-24','2009-01-01',1386668.00,'A','B','','475143002207','I','2',2.43600,'26','F','0000-00-00','jd9954850@gmail,com','JAMES ','DIAZ VALENCIA','BANCO AGRARIO'),(2021121,1006526995,'RAFAEL ANTONIO BOCANEGRA LOZADA','CRA. 13 NRO.11- 132','3232869504','S',0,900156264,860011153,800224808,891190047,0,204,'1991-03-24','2021-07-12',1386668.00,'A','T','','475142069421','F','4',4.35000,'18','M','0000-00-00','rbocanegralozada@gmail,com','RAFAEL ANTONIO','BOCANEGRA LOZADA','BANCO AGRARIO'),(2021121,1117497550,'JOSE MANUEL ZABALA DIAZ','CRA 4 NRO,7-36 BARRIO COMUNERO  DE CARTAGENA DELCH','3118179168','U',1,900156264,860011153,800224808,891190047,0,204,'1987-12-10','2013-11-30',1386668.00,'A','B','','475143002215','I','4',4.35000,'18','M','0000-00-00','jomazadi@gmail,com','JOSE MANUEL','ZABALA DIAZ','BANCO AGRARIO'),(2021121,17709400,'NELSON DE JESUS MUNOZ CEBALLOS','CRA7 CALLE 9 -101 BARRIO CAMILO TORRES DE CARTAGEN','3208553044','C',2,901097473,860011153,900336004,891190047,0,201,'1964-08-26','1997-01-02',1386668.00,'A','P','','475142009127','I','1',2.43600,'21','M','0000-00-00','nelsonceballos1964@gmail,com','NELSON DE JESUS','MUÑOZ CEBALLOS','BANCO AGRARIO'),(2021121,1117549819,'KAREN ADRIANA CALDERON ARIZA','BARRIO CIUDADELA- CARTAGENA DEL CHAIRA','3228210771','S',0,900156264,860011153,900336004,891190047,0,102,'1988-02-06','2021-12-06',1500000.00,'A','U','','','F','5',2.43600,'14','F','0000-00-00','','KAREN ADRIANA ','CALDERON ARIZA',''),(2021121,17709602,'JORGE HUMBERTO  MUNOZ GALEANO','CALLE 10 NRO4 14 BARRIO QUINCE DE JUNIO DE CARTAGE','3112136161','C',3,900156264,860011153,900336004,891190047,0,201,'1975-07-23','2013-11-30',1386668.00,'A','B','','475142049897','I','1',2.43600,'20','M','0000-00-00','recursosh@emserpucar-esp,gov,co','JORGE HUMBERTO','MUÑOZ GALEANO','BANCO AGRARIO'),(2021121,16189593,'OIDEN LOZADA','BARRIO CENTRO CARTAGENA DEL CHAIRA','3175686075','S',1,805000427,860011153,900336004,891190047,0,101,'1982-01-01','2021-01-26',3000000.00,'A','U','','475142069251','F','5',0.52200,'2','M','0000-00-00','oiden_lozada@hotmail,com','OIDEN ','LOZADA ','BANCO AGRARIO'),(2021121,17652212,'NELSON AUGUSTO ROMERO','CRA 2 NRO 3A 24 BARRIO EL CENTRO DE CARTAGENA DEL','3214869432','U',2,900156264,860011153,800224808,891190047,0,203,'1970-03-27','2013-11-30',1386668.00,'A','P','','475142058446','I','3',2.43600,'22','M','0000-00-00','romeronelsonaugusto@gmail,com','NELSON AUGUSTO','ROMERO ','BANCO AGRARIO'),(2021121,11379809,'BENIGNO GAMEZ ROZO','CALLE 6 NRO3 51  BARRIO COMUNERO DE CARTAGENA DE C','3118626465','U',1,900156264,860011153,800224808,891190047,0,203,'1959-01-02','2012-06-29',1386668.00,'A','P','','475142058421','I','3',4.35000,'25','M','0000-00-00','benigamez59@gmail,com','BENIGNO ','GAMEZ ROZO','BANCO AGRARIO'),(2021121,1117975514,'JUAN DE JESÚS ESPAÑA IQUINA','CALLE 7 NRO.3-34  B/COMUNERO','3115030582','S',0,900935126,860011153,800224808,891190047,0,203,'1999-02-25','2021-06-07',1386668.00,'A','B','','84724497674','F','3',2.43600,'22','M','0000-00-00','espanaiquinajuandejesus@gmail,com','JUAN DE JESUS','ESPAÑA IQUINA','BANCOLOMBIA'),(2021121,96333592,'EFREN OSORIO GAONA','CALLE 2 NRO 12A -03 BARRIO BELLA VISTA DE CARTAGEN','3102230933','U',3,900156264,860011153,800224808,891190047,0,201,'1982-05-29','2013-11-30',1386668.00,'A','B','','475142058454','I','1',2.43600,'21','M','0000-00-00','efrenosorio143@gmail,con','EFREN ','OSORIO GAONA','BANCO AGRARIO'),(2021121,1676391,'LUIS HUMBERTO FLOREZ CABRERA','CALLE 4 NRO, 7-5 BARRIO COMUNERO DE CARTAGENA DEL','3154356116','U',0,900156264,860011153,800224808,891190047,0,202,'1972-11-15','2013-11-30',1386668.00,'A','P','','475142009208','I','2',2.43600,'26','M','0000-00-00','florezhumberto912@gmail,com','LUIS HUMBERTO','FLOREZ CABRERA','BANCO AGRARIO'),(2021121,17709143,'ESAUC JARA ROBAYO','CALLE 3B No.,15-30 BARRIO PRIMERO DE AGOSTO DE CAR','3163934807','U',2,901097473,860011153,900336004,891190047,0,201,'1972-11-24','1998-11-09',1386668.00,'A','B','','475142058160','I','1',2.43600,'21','M','0000-00-00','recursosh@emserpucar-esp,gov,co','ESAUC ','JARA ROBAYO','BANCO AGRARIO'),(2021121,18467702,'EDUIN ALEGRIA ROSERO','CRA 4 CALE 5 -38 BARRIO ANTIOQUIA CARTAGENA DELCHA','3219226149','P',1,900156264,860011153,900336004,891190047,0,204,'1976-02-26','2098-05-04',1386668.00,'A','B','','475142009161','I','4',4.35000,'18','M','0000-00-00','adrianaparrapolania,@gmail,com','EDUIN ','ALEGRIA ROSERO','BANCO AGRARIO'),(2021121,17710093,'CARLOS ALBERTO TOVAR BERGANO','CALLE 9 No.,11A-09 VILLAS DELCHAIRA CARTAGENA DELC','3123445851','P',4,900156264,860011153,800224808,891190047,0,204,'1974-11-30','2013-11-30',1386668.00,'A','P','','475142058403','I','4',4.35000,'18','M','0000-00-00','caltober123@gmail,com','CARLOS ALBERTO','TOVAR  VERGAÑO','BANCO AGRARIO'),(2021121,79201571,'RAFAEL CAMPOS CRUZ','CALLED 12A CON CRA 3 URBANIZACION 15 DE JUNIO DE C','3213701359','U',3,900156264,860011153,900336004,891190047,0,204,'1955-11-15','2009-01-01',2271828.00,'A','B','','475142009259','I','4',4.35000,'16','F','0000-00-00','rafitacc79@gmail,com','RAFAEL ','CAMPOS  CRUZ','BANCO AGRARIO'),(2021121,40625532,'MARIA CONSUELO NINCO VARGAS','CARRERA . NRO.3-34 BARRIO EL CENTRO CARTAGENA DEL','3144280414','U',2,900156264,860011153,800224808,891190047,0,102,'1968-11-20','2020-08-01',1475472.00,'A','B','','475142059809','F','5',0.52200,'15','F','0000-00-00','consueloninco26@hotmail,es','MARIA CONSUELO','NINCO VARGAS','BANCO AGRARIO'),(2021121,17710062,'JOHN JAIRO ORTIZ SANCHEZ','CALLE 10 CRA 11 BARRIO ANTIOQUIA DE CARTAGENA DEL','3214647379','C',7,900156264,860011153,800224808,891190047,0,201,'1975-12-16','2009-01-01',1386668.00,'A','P','','475142058411','I','1',2.43600,'20','M','0000-00-00','johnortizcart75@gmail,com','JOHN JAIRO','ORTIZ SANCHEZ','BANCO AGRARIO'),(2021121,1117963223,'LUZ ADRIANA ALVAREZ SANTANA','CALLE 11 N°3 BIS -43 B','3217153002','U',3,900935126,860011153,800227940,891190047,0,102,'1987-06-25','2021-10-12',1475472.00,'A','T','','87049409583','F','5',0.52200,'15','F','0000-00-00','nanita,8720@gmail,com','LUZ ADRIANA','ALVAREZ SANTANA','NEQUI'),(2021121,12108861,'HUMBERTO CUENCA GUTIERREZ','BARRIO EL CENTRO CARTAGENA DEL CHAIRA CAQUETA','3203023394','S',0,900156264,860011153,0,891190047,0,101,'1954-09-25','2009-01-02',1158901.00,'A','P','','475143002185','I','5',0.52200,'11','M','0000-00-00','hcuencas786@gmail,com','HUMBERTO ','CUENCA ','BANCO AGRARIO'),(2021121,40626164,'ORFILIA BARRERO','CALLE 3 NRO,3- 49 BARRIO EL CENTRO CARTAGENA DL CH','3138520990','S',2,900156264,860011153,800224808,891190047,0,101,'1973-02-16','2009-01-02',1158901.00,'A','P','','475142058128','I','5',4.35000,'10','F','0000-00-00','barreroorfilia@gmail,com','ORFILIA ','BARRERO ','BANCO AGRARIO'),(2021121,66873421,'ADRIANA MAYORGA BETANCOURTH','VEREDA EL DIAMANTE/ BARRIO ALONSO GAI DE CARTAGENA','3187691687','C',3,900156264,860011153,800224808,891190047,300000,203,'1980-05-16','2012-01-16',1590821.00,'A','','','475143004218','I','3',2.43600,'24','F','0000-00-00','adriana-11mabe@hotmail,com','ADRIANA ','MAYORGA BETANCOURT','BANCO AGRARIO'),(2021121,1117508778,'GENNY KATHERINE POLANCO CEDIEL','CRA 7 No.,4-36 BARRIO ANTIOQUIA CARTAGENA DELCHAIR','3212576375','U',2,900156264,860011153,800224808,891190047,0,101,'1989-08-06','2012-01-10',1550000.00,'A','U','','475142023448','I','5',0.52200,'7','F','0000-00-00','katica_poce@hotmail,com','GENNY KATHERINE','POLANCO CEDIEL','BANCO AGRARIO'),(2021121,1117535344,'MAYERLY RAMIREZ  GALEANO','CRA 5 No.,13-53 BARRIO15 DE JUNIO CARTAGENA DEL CH','3135833864','U',1,900156264,860011153,800224808,891190047,0,101,'1995-05-16','2020-01-10',1550000.00,'A','U','','475142038811','F','5',0.52200,'9','F','0000-00-00','princessmaye_95@hotmail,com','MAYERLY ','RAMIREZ GALEANO','BANCO AGRARIO'),(2021121,41250731,'DEGNIS YILENA PEREZ JIMENEZ','PRIMAVERA NINO CARTAGENA DELCHAIRA CAQUETA','3108715677','S',2,800251440,860011153,800224808,891190047,0,101,'1975-06-05','2020-01-23',3723274.00,'A','U','','52255813994','I','5',2.43600,'1','F','0000-00-00','degnisyilenaperez@gmail,com','DEGNIS YILENA','PEREZ JIMENEZ','BANCOLOMBIA'),(2021121,1075226711,'MARCELO YANGUAS PACHON','CALLE 3C NRO. 8 -28 BARRIO LA PRIMAVERA DE CVARTAG','3104405447','U',1,800251440,860011153,800224808,891190047,0,101,'1987-10-29','2020-12-03',3000000.00,'A','U','','475142068611','F','5',0.52200,'3','M','0000-00-00','marceloyanguaspachon@hotmail,com','MARCELO ','YANGUAS PACHON','BANCO AGRARIO'),(2021121,1075320448,'YULIANA PANIAGUA AMAYA','CALLE 2 NRO.6-26 BARRIO PRIMAVERA','3192168810','S',0,900935126,860011153,800229739,891190047,0,101,'1999-08-27','2021-07-21',2500000.00,'A','U','','91299881895','F','5',2.43600,'17','F','0000-00-00','yulianapaniagua2708@gmail,com','YULIANA ','PANIAGUA AMAYA','BANCOLOMBIA'),(202210,1117964100,'MARTHA ADRIANA GASCA CORREA','CALLE 2 No., 6 -59 BARRIO PRIMAVERA CARTAGENA DEL','3143480231','U',2,900156264,860011153,800224808,891190047,0,101,'1988-03-30','2013-07-02',2063886.00,'A','U','','475142031823','I','5',2.43600,'8','F','0000-00-00','adriana30031@hotmail,com','MARTHA ADRIANA','GASCA CORREA','BANCO AGRARIO'),(202210,17775614,'FERNEY ALDANA MUÑOZ','CRA 9 NRO. 1 - 05 B/ PRIMAVERA','3207640240','U',3,900935126,860011153,800224808,891190047,0,201,'1984-06-17','2021-06-09',1386668.00,'A','B','','475142022761','F','1',2.43600,'20','M','0000-00-00','ferneymunoz291@gmail,com','FERNEY ','ALDANA MUÑOZ','BANCO AGRARIO'),(202210,16227436,'WILMAR TORRES PALACIO','CALLE2 No.,20-03 BARRIO CIUDADELA DE CARTAGENA DEL','3136358451','U',1,900156264,860011153,800227940,891190047,0,203,'1973-01-05','2010-07-05',1386668.00,'A','P','','475142058179','I','3',2.43600,'22','M','0000-00-00','recursosh@emserpucar-esp,gov,co','WILMAR ','TORRES PALACIO','BANCO AGRARIO'),(202210,1117543211,'PEDRO MARIN MARIN','CALLE 6 NRO.10-51 BARRIO ALONSO GAITAN- CARTAGENAD','3162361650','C',1,805000427,860011153,800224808,891190047,0,101,'1996-05-10','2021-01-04',2900000.00,'A','U','','46606114109','F','5',0.52200,'4','M','0000-00-00','pemarinmar@gmail,com','PEDRO ','MARIN MARIN','BANCOLOMBIA'),(202210,17710656,'JHONNIER GARCIA RAMIREZ','CALLE 5A No.,7,-76 BARRIO ANTIOQUIA CARTAGENA DEL','3137736759','U',1,900156264,860011153,800224808,891190047,0,204,'1982-03-08','2013-11-30',1386668.00,'A','B','','475142023375','I','4',4.35000,'18','M','0000-00-00','jhonniergarcia652@gmail,com','JHONNIER ','GARCIA RAMIREZ','BANCO AGRARIO'),(202210,40626007,'YOLANDA FAJARDO','CRA 3No.,4-53 BARRIO EL CENTRO DE CARTAGENA DEL CH','3103229942','C',3,900156264,860011153,800224808,891190047,0,101,'1972-06-20','2011-06-29',2063886.00,'A','T','','475143001669','I','5',0.52200,'5','F','0000-00-00','yoly19722009@hotmail,com','YOLANDA ','FAJARDO ','BANCO AGRARIO'),(202210,1109492696,'DEICY JAZMIN CASTANEDA IQUINA','CRA 8 No.,9-79 BARRIO CAMILO TORRES CARTAGENA DEL','3144479137','U',1,900156264,860011153,800224808,891190047,0,102,'1990-09-18','2012-01-10',2184000.00,'A','U','','475142058391','I','5',0.52200,'27','F','0000-00-00','dejascasy_04@hotmail,com','DEICY JAZMIN','CASTAÑEDA IQUINA','BANCO AGRARIO'),(202210,17634946,'FRANCISCO JAVIER ENCIZO CARDONA','CRA 3 NRO, 4 -53 BARRIO CENTRO DE CARTAGENA DELCHA','3142877870','C',4,900156264,860011153,900336004,891190047,0,201,'1962-04-08','1997-01-02',1386668.00,'A','B','','475142009135','I','1',2.43600,'21','M','0000-00-00','fjavierenciso62@gmail,com','FRANCISCO JAVIER','ENCIZO CARDONA','BANCO AGRARIO'),(202210,16187894,'JAMES DIAZ VALENCIA','CALLE 1 NRO 2 - 26 BARRIO EL CENTRO DE CARTAGENA D','3138103577','P',1,900156264,860011153,800227940,891190047,300000,202,'1980-12-24','2009-01-01',1386668.00,'A','B','','475143002207','I','2',2.43600,'26','F','0000-00-00','jd9954850@gmail,com','JAMES ','DIAZ VALENCIA','BANCO AGRARIO'),(202210,1006526995,'RAFAEL ANTONIO BOCANEGRA LOZADA','CRA. 13 NRO.11- 132','3232869504','S',0,900156264,860011153,800224808,891190047,0,204,'1991-03-24','2021-07-12',1386668.00,'A','T','','475142069421','F','4',4.35000,'18','M','0000-00-00','rbocanegralozada@gmail,com','RAFAEL ANTONIO','BOCANEGRA LOZADA','BANCO AGRARIO'),(202210,1117497550,'JOSE MANUEL ZABALA DIAZ','CRA 4 NRO,7-36 BARRIO COMUNERO  DE CARTAGENA DELCH','3118179168','U',1,900156264,860011153,800224808,891190047,0,204,'1987-12-10','2013-11-30',1386668.00,'A','B','','475143002215','I','4',4.35000,'18','M','0000-00-00','jomazadi@gmail,com','JOSE MANUEL','ZABALA DIAZ','BANCO AGRARIO'),(202210,17709400,'NELSON DE JESUS MUNOZ CEBALLOS','CRA7 CALLE 9 -101 BARRIO CAMILO TORRES DE CARTAGEN','3208553044','C',2,901097473,860011153,900336004,891190047,0,201,'1964-08-26','1997-01-02',1386668.00,'A','P','','475142009127','I','1',2.43600,'21','M','0000-00-00','nelsonceballos1964@gmail,com','NELSON DE JESUS','MUÑOZ CEBALLOS','BANCO AGRARIO'),(202210,1117549819,'KAREN ADRIANA CALDERON ARIZA','BARRIO CIUDADELA- CARTAGENA DEL CHAIRA','3228210771','S',0,900156264,860011153,900336004,891190047,0,102,'1988-02-06','2021-12-06',1500000.00,'A','U','','','F','5',2.43600,'14','F','0000-00-00','','KAREN ADRIANA ','CALDERON ARIZA',''),(202210,17709602,'JORGE HUMBERTO  MUNOZ GALEANO','CALLE 10 NRO4 14 BARRIO QUINCE DE JUNIO DE CARTAGE','3112136161','C',3,900156264,860011153,900336004,891190047,0,201,'1975-07-23','2013-11-30',1386668.00,'A','B','','475142049897','I','1',2.43600,'20','M','0000-00-00','recursosh@emserpucar-esp,gov,co','JORGE HUMBERTO','MUÑOZ GALEANO','BANCO AGRARIO'),(202210,16189593,'OIDEN LOZADA','BARRIO CENTRO CARTAGENA DEL CHAIRA','3175686075','S',1,805000427,860011153,900336004,891190047,0,101,'1982-01-01','2021-01-26',3000000.00,'A','U','','475142069251','F','5',0.52200,'2','M','0000-00-00','oiden_lozada@hotmail,com','OIDEN ','LOZADA ','BANCO AGRARIO'),(202210,17652212,'NELSON AUGUSTO ROMERO','CRA 2 NRO 3A 24 BARRIO EL CENTRO DE CARTAGENA DEL','3214869432','U',2,900156264,860011153,800224808,891190047,0,203,'1970-03-27','2013-11-30',1386668.00,'A','P','','475142058446','I','3',2.43600,'22','M','0000-00-00','romeronelsonaugusto@gmail,com','NELSON AUGUSTO','ROMERO ','BANCO AGRARIO'),(202210,11379809,'BENIGNO GAMEZ ROZO','CALLE 6 NRO3 51  BARRIO COMUNERO DE CARTAGENA DE C','3118626465','U',1,900156264,860011153,800224808,891190047,0,203,'1959-01-02','2012-06-29',1525335.00,'A','P','','475142058421','I','3',4.35000,'25','M','0000-00-00','benigamez59@gmail,com','BENIGNO ','GAMEZ ROZO','BANCO AGRARIO'),(202210,1117975514,'JUAN DE JESÚS ESPAÑA IQUINA','CALLE 7 NRO.3-34  B/COMUNERO','3115030582','S',0,900935126,860011153,800224808,891190047,0,203,'1999-02-25','2021-06-07',1386668.00,'A','B','','84724497674','F','3',2.43600,'22','M','0000-00-00','espanaiquinajuandejesus@gmail,com','JUAN DE JESUS','ESPAÑA IQUINA','BANCOLOMBIA'),(202210,96333592,'EFREN OSORIO GAONA','CALLE 2 NRO 12A -03 BARRIO BELLA VISTA DE CARTAGEN','3102230933','U',3,900156264,860011153,800224808,891190047,0,201,'1982-05-29','2013-11-30',1386668.00,'A','B','','475142058454','I','1',2.43600,'21','M','0000-00-00','efrenosorio143@gmail,con','EFREN ','OSORIO GAONA','BANCO AGRARIO'),(202210,1676391,'LUIS HUMBERTO FLOREZ CABRERA','CALLE 4 NRO, 7-5 BARRIO COMUNERO DE CARTAGENA DEL','3154356116','U',0,900156264,860011153,800224808,891190047,0,202,'1972-11-15','2013-11-30',1449068.00,'A','P','','475142009208','I','2',2.43600,'26','M','0000-00-00','florezhumberto912@gmail,com','LUIS HUMBERTO','FLOREZ CABRERA','BANCO AGRARIO'),(202210,17709143,'ESAUC JARA ROBAYO','CALLE 3B No.,15-30 BARRIO PRIMERO DE AGOSTO DE CAR','3163934807','U',2,901097473,860011153,900336004,891190047,0,201,'1972-11-24','1998-11-09',1386668.00,'A','B','','475142058160','I','1',2.43600,'21','M','0000-00-00','recursosh@emserpucar-esp,gov,co','ESAUC ','JARA ROBAYO','BANCO AGRARIO'),(202210,18467702,'EDUIN ALEGRIA ROSERO','CRA 4 CALE 5 -38 BARRIO ANTIOQUIA CARTAGENA DELCHA','3219226149','P',1,900156264,860011153,900336004,891190047,0,204,'1976-02-26','2098-05-04',1386668.00,'A','B','','475142009161','I','4',4.35000,'18','M','0000-00-00','adrianaparrapolania,@gmail,com','EDUIN ','ALEGRIA ROSERO','BANCO AGRARIO'),(202210,1007447792,'KAREN YULIANA JIMENEZ GASCA','CRA 7 NRO.4-48 CARTAGENA DEL CHAIRA CAQUETA','3174249510','S',0,900935126,860011153,800229739,891190047,0,102,'1999-07-22','2021-07-19',1500000.00,'A','U','','87041573881','F','5',2.43600,'14','F','0000-00-00','karenjimenezgasca@gmail,com','KAREN YULIANA','JIMENEZ GASCA','NEQUI'),(202210,17710093,'CARLOS ALBERTO TOVAR BERGANO','CALLE 9 No.,11A-09 VILLAS DELCHAIRA CARTAGENA DELC','3123445851','P',4,900156264,860011153,800224808,891190047,0,204,'1974-11-30','2013-11-30',1386668.00,'A','P','','475142058403','I','4',4.35000,'18','M','0000-00-00','caltober123@gmail,com','CARLOS ALBERTO','TOVAR  VERGAÑO','BANCO AGRARIO'),(202210,79201571,'RAFAEL CAMPOS CRUZ','CALLED 12A CON CRA 3 URBANIZACION 15 DE JUNIO DE C','3213701359','U',3,900156264,860011153,900336004,891190047,0,204,'1955-11-15','2009-01-01',2271828.00,'A','B','','475142009259','I','4',4.35000,'16','F','0000-00-00','rafitacc79@gmail,com','RAFAEL ','CAMPOS  CRUZ','BANCO AGRARIO'),(202210,40625532,'MARIA CONSUELO NINCO VARGAS','CARRERA . NRO.3-34 BARRIO EL CENTRO CARTAGENA DEL','3144280414','U',2,900156264,860011153,800224808,891190047,0,102,'1968-11-20','2020-08-01',1475472.00,'A','B','','475142059809','F','5',0.52200,'15','F','0000-00-00','consueloninco26@hotmail,es','MARIA CONSUELO','NINCO VARGAS','BANCO AGRARIO'),(202210,17710062,'JOHN JAIRO ORTIZ SANCHEZ','CALLE 10 CRA 11 BARRIO ANTIOQUIA DE CARTAGENA DEL','3214647379','C',7,900156264,860011153,800224808,891190047,0,201,'1975-12-16','2009-01-01',1386668.00,'A','P','','475142058411','I','1',2.43600,'20','M','0000-00-00','johnortizcart75@gmail,com','JOHN JAIRO','ORTIZ SANCHEZ','BANCO AGRARIO'),(202210,1117963223,'LUZ ADRIANA ALVAREZ SANTANA','CALLE 11 N°3 BIS -43 B','3217153002','U',3,900935126,860011153,800227940,891190047,0,102,'1987-06-25','2021-10-12',1475472.00,'A','T','','87049409583','F','5',0.52200,'15','F','0000-00-00','nanita,8720@gmail,com','LUZ ADRIANA','ALVAREZ SANTANA','NEQUI'),(202210,12108861,'HUMBERTO CUENCA GUTIERREZ','BARRIO EL CENTRO CARTAGENA DEL CHAIRA CAQUETA','3203023394','S',0,900156264,860011153,0,891190047,0,101,'1954-09-25','2009-01-02',1211051.00,'A','P','','475143002185','I','5',0.52200,'11','M','0000-00-00','hcuencas786@gmail,com','HUMBERTO ','CUENCA ','BANCO AGRARIO'),(202210,40626164,'ORFILIA BARRERO','CALLE 3 NRO,3- 49 BARRIO EL CENTRO CARTAGENA DL CH','3138520990','S',2,900156264,860011153,800224808,891190047,0,101,'1973-02-16','2009-01-02',1158901.00,'A','P','','475142058128','I','5',4.35000,'10','F','0000-00-00','barreroorfilia@gmail,com','ORFILIA ','BARRERO ','BANCO AGRARIO'),(202210,66873421,'ADRIANA MAYORGA BETANCOURTH','VEREDA EL DIAMANTE/ BARRIO ALONSO GAI DE CARTAGENA','3187691687','C',3,900156264,860011153,800224808,891190047,300000,203,'1980-05-16','2012-01-16',1590821.00,'A','','','475143004218','I','3',2.43600,'24','F','0000-00-00','adriana-11mabe@hotmail,com','ADRIANA ','MAYORGA BETANCOURT','BANCO AGRARIO'),(202210,1117508778,'GENNY KATHERINE POLANCO CEDIEL','CRA 7 No.,4-36 BARRIO ANTIOQUIA CARTAGENA DELCHAIR','3212576375','U',2,900156264,860011153,800224808,891190047,0,101,'1989-08-06','2012-01-10',1550000.00,'A','U','','475142023448','I','5',0.52200,'7','F','0000-00-00','katica_poce@hotmail,com','GENNY KATHERINE','POLANCO CEDIEL','BANCO AGRARIO'),(202210,1117535344,'MAYERLY RAMIREZ  GALEANO','CRA 5 No.,13-53 BARRIO15 DE JUNIO CARTAGENA DEL CH','3135833864','U',1,900156264,860011153,800224808,891190047,0,101,'1995-05-16','2020-01-10',1475472.00,'A','U','','475142038811','F','5',0.52200,'9','F','0000-00-00','princessmaye_95@hotmail,com','MAYERLY ','RAMIREZ GALEANO','BANCO AGRARIO'),(202210,41250731,'DEGNIS YILENA PEREZ JIMENEZ','PRIMAVERA NINO CARTAGENA DELCHAIRA CAQUETA','3108715677','S',2,800251440,860011153,800224808,891190047,0,101,'1975-06-05','2020-01-23',3723274.00,'A','U','','52255813994','I','5',2.43600,'1','F','0000-00-00','degnisyilenaperez@gmail,com','DEGNIS YILENA','PEREZ JIMENEZ','BANCOLOMBIA'),(202210,1075226711,'MARCELO YANGUAS PACHON','CALLE 3C NRO. 8 -28 BARRIO LA PRIMAVERA DE CVARTAG','3104405447','U',1,800251440,860011153,800224808,891190047,0,101,'1987-10-29','2020-12-03',3000000.00,'A','U','','475142068611','F','5',0.52200,'3','M','0000-00-00','marceloyanguaspachon@hotmail,com','MARCELO ','YANGUAS PACHON','BANCO AGRARIO'),(202210,1075320448,'YULIANA PANIAGUA AMAYA','CALLE 2 NRO.6-26 BARRIO PRIMAVERA','3192168810','S',0,900935126,860011153,800229739,891190047,0,101,'1999-08-27','2021-07-21',2500000.00,'A','U','','91299881895','F','5',2.43600,'17','F','0000-00-00','yulianapaniagua2708@gmail,com','YULIANA ','PANIAGUA AMAYA','BANCOLOMBIA'),(202201,66873421,'ADRIANA MAYORGA BETANCOURTH','VEREDA EL DIAMANTE/ BARRIO ALONSO GAI DE CARTAGENA','3187691687','C',3,900156264,860011153,800224808,891190047,300000,203,'1980-05-16','2012-01-16',1662408.00,'A','','','475143004218','I','3',2.43600,'24','F','0000-00-00','adriana-11mabe@hotmail,com','ADRIANA ','MAYORGA BETANCOURT','BANCO AGRARIO'),(202201,1117508778,'GENNY KATHERINE POLANCO CEDIEL','CRA 7 No.,4-36 BARRIO ANTIOQUIA CARTAGENA DELCHAIR','3212576375','U',2,900156264,860011153,800224808,891190047,0,101,'1989-08-06','2012-01-10',1619750.00,'A','U','','475142023448','I','5',0.52200,'7','F','0000-00-00','katica_poce@hotmail,com','GENNY KATHERINE','POLANCO CEDIEL','BANCO AGRARIO'),(202201,1117535344,'MAYERLY RAMIREZ  GALEANO','CRA 5 No.,13-53 BARRIO15 DE JUNIO CARTAGENA DEL CH','3135833864','U',1,900156264,860011153,800224808,891190047,0,101,'1995-05-16','2020-01-10',1619750.00,'A','U','','475142038811','F','5',0.52200,'9','F','0000-00-00','princessmaye_95@hotmail,com','MAYERLY ','RAMIREZ GALEANO','BANCO AGRARIO'),(202201,41250731,'DEGNIS YILENA PEREZ JIMENEZ','PRIMAVERA NINO CARTAGENA DELCHAIRA CAQUETA','3108715677','S',2,800251440,860011153,800224808,891190047,0,101,'1975-06-05','2020-01-23',3890821.00,'A','U','','52255813994','I','5',2.43600,'1','F','0000-00-00','degnisyilenaperez@gmail,com','DEGNIS YILENA','PEREZ JIMENEZ','BANCOLOMBIA'),(202201,1117543211,'PEDRO MARIN MARIN','CALLE 6 NRO.10-51 BARRIO ALONSO GAITAN- CARTAGENAD','3162361650','C',1,805000427,860011153,800224808,891190047,0,101,'1996-05-10','2021-01-04',3030500.00,'A','U','','46606114109','F','5',0.52200,'4','M','0000-00-00','pemarinmar@gmail,com','PEDRO ','MARIN MARIN','BANCOLOMBIA'),(202201,17710656,'JHONNIER GARCIA RAMIREZ','CALLE 5A No.,7,-76 BARRIO ANTIOQUIA CARTAGENA DEL','3137736759','U',1,900156264,860011153,800224808,891190047,0,204,'1982-03-08','2013-11-30',1449068.00,'A','B','','475142023375','I','4',4.35000,'18','M','0000-00-00','jhonniergarcia652@gmail,com','JHONNIER ','GARCIA RAMIREZ','BANCO AGRARIO'),(202201,40626007,'YOLANDA FAJARDO','CRA 3No.,4-53 BARRIO EL CENTRO DE CARTAGENA DEL CH','3103229942','C',3,900156264,860011153,800224808,891190047,0,101,'1972-06-20','2011-06-29',2156761.00,'A','','','475143001669','I','5',0.52200,'5','F','0000-00-00','yoly19722009@hotmail,com','YOLANDA ','FAJARDO ','BANCO AGRARIO'),(202201,1109492696,'DEICY JAZMIN CASTANEDA IQUINA','CRA 8 No.,9-79 BARRIO CAMILO TORRES CARTAGENA DEL','3144479137','U',1,900156264,860011153,800224808,891190047,0,102,'1990-09-18','2012-01-10',2282280.00,'A','U','','475142058391','I','5',0.52200,'27','F','0000-00-00','dejascasy_04@hotmail,com','DEICY JAZMIN','CASTAÑEDA IQUINA','BANCO AGRARIO'),(202201,17634946,'FRANCISCO JAVIER ENCIZO CARDONA','CRA 3 NRO, 4 -53 BARRIO CENTRO DE CARTAGENA DELCHA','3142877870','C',4,900156264,860011153,900336004,891190047,0,201,'1962-04-08','1997-01-02',1449068.00,'A','B','','475142009135','I','1',2.43600,'21','M','0000-00-00','fjavierenciso62@gmail,com','FRANCISCO JAVIER','ENCIZO CARDONA','BANCO AGRARIO'),(202201,16227436,'WILMAR TORRES PALACIO','CALLE2 No.,20-03 BARRIO CIUDADELA DE CARTAGENA DEL','3136358451','U',1,900156264,860011153,800227940,891190047,0,203,'1973-01-05','2010-07-05',1449068.00,'A','P','','475142058179','I','3',2.43600,'22','M','0000-00-00','recursosh@emserpucar-esp,gov,co','WILMAR ','TORRES PALACIO','BANCO AGRARIO'),(202201,17775614,'FERNEY ALDANA MUÑOZ','CRA 9 NRO. 1 - 05 B/ PRIMAVERA','3207640240','U',3,900935126,860011153,800224808,891190047,0,201,'1984-06-17','2021-06-09',1449068.00,'A','B','','475142022761','F','1',2.43600,'20','M','0000-00-00','ferneymunoz291@gmail,com','FERNEY ','ALDANA MUÑOZ','BANCO AGRARIO'),(202201,1117964100,'MARTHA ADRIANA GASCA CORREA','CALLE 2 No., 6 -59 BARRIO PRIMAVERA CARTAGENA DEL','3143480231','U',2,900156264,860011153,800224808,891190047,0,101,'1988-03-30','2013-07-02',2156761.00,'A','U','','475142031823','I','5',2.43600,'8','F','0000-00-00','adriana30031@hotmail,com','MARTHA ADRIANA','GASCA CORREA','BANCO AGRARIO'),(202201,1075226711,'MARCELO YANGUAS PACHON','CALLE 3C NRO. 8 -28 BARRIO LA PRIMAVERA DE CVARTAG','3104405447','U',1,800251440,860011153,800224808,891190047,0,101,'1987-10-29','2020-12-03',3135000.00,'A','U','','475142068611','F','5',0.52200,'3','M','0000-00-00','marceloyanguaspachon@hotmail,com','MARCELO ','YANGUAS PACHON','BANCO AGRARIO'),(202201,1676391,'LUIS HUMBERTO FLOREZ CABRERA','CALLE 4 NRO, 7-5 BARRIO COMUNERO DE CARTAGENA DEL','3154356116','U',0,900156264,860011153,800224808,891190047,0,202,'1972-11-15','2013-11-30',1449068.00,'A','P','','475142009208','I','2',2.43600,'26','M','0000-00-00','florezhumberto912@gmail,com','LUIS HUMBERTO','FLOREZ CABRERA','BANCO AGRARIO'),(202201,17709143,'ESAUC JARA ROBAYO','CALLE 3B No.,15-30 BARRIO PRIMERO DE AGOSTO DE CAR','3163934807','U',2,901097473,860011153,900336004,891190047,0,201,'1972-11-24','1998-11-09',1449068.00,'A','B','','475142058160','I','1',2.43600,'21','M','0000-00-00','recursosh@emserpucar-esp,gov,co','ESAUC ','JARA ROBAYO','BANCO AGRARIO'),(202201,18467702,'EDUIN ALEGRIA ROSERO','CRA 4 CALE 5 -38 BARRIO ANTIOQUIA CARTAGENA DELCHA','3219226149','P',1,900156264,860011153,900336004,891190047,0,204,'1976-02-26','2098-05-04',1449068.00,'A','B','','475142009161','I','4',4.35000,'18','M','0000-00-00','adrianaparrapolania,@gmail,com','EDUIN ','ALEGRIA ROSERO','BANCO AGRARIO'),(202201,17710093,'CARLOS ALBERTO TOVAR BERGANO','CALLE 9 No.,11A-09 VILLAS DELCHAIRA CARTAGENA DELC','3123445851','P',4,900156264,860011153,800224808,891190047,0,204,'1974-11-30','2013-11-30',1449068.00,'A','P','','475142058403','I','4',4.35000,'18','M','0000-00-00','caltober123@gmail,com','CARLOS ALBERTO','TOVAR  VERGAÑO','BANCO AGRARIO'),(202201,79201571,'RAFAEL CAMPOS CRUZ','CALLED 12A CON CRA 3 URBANIZACION 15 DE JUNIO DE C','3213701359','U',3,900156264,860011153,900336004,891190047,0,204,'1955-11-15','2009-01-01',2374060.00,'A','B','','475142009259','I','4',4.35000,'16','F','0000-00-00','rafitacc79@gmail,com','RAFAEL ','CAMPOS  CRUZ','BANCO AGRARIO'),(202201,40625532,'MARIA CONSUELO NINCO VARGAS','CARRERA . NRO.3-34 BARRIO EL CENTRO CARTAGENA DEL','3144280414','U',2,900156264,860011153,800224808,891190047,0,102,'1968-11-20','2020-08-01',1541868.00,'A','B','','475142059809','F','5',0.52200,'13','F','0000-00-00','consueloninco26@hotmail,es','MARIA CONSUELO','NINCO VARGAS','BANCO AGRARIO'),(202201,17710062,'JOHN JAIRO ORTIZ SANCHEZ','CALLE 10 CRA 11 BARRIO ANTIOQUIA DE CARTAGENA DEL','3214647379','C',7,900156264,860011153,800224808,891190047,0,201,'1975-12-16','2009-01-01',1449068.00,'A','P','','475142058411','I','1',2.43600,'20','M','0000-00-00','johnortizcart75@gmail,com','JOHN JAIRO','ORTIZ SANCHEZ','BANCO AGRARIO'),(202201,1117963223,'LUZ ADRIANA ALVAREZ SANTANA','CALLE 11 N°3 BIS -43 B','3217153002','U',3,900935126,860011153,800227940,891190047,0,102,'1987-06-25','2021-10-12',1541868.00,'A','','','87049409583','F','5',0.52200,'15','F','0000-00-00','nanita,8720@gmail,com','LUZ ADRIANA','ALVAREZ SANTANA','NEQUI'),(202201,12108861,'HUMBERTO CUENCA GUTIERREZ','BARRIO EL CENTRO CARTAGENA DEL CHAIRA CAQUETA','3203023394','S',0,900156264,860011153,0,891190047,0,101,'1954-09-25','2009-01-02',1211051.00,'A','P','','475143002185','I','5',0.52200,'11','M','0000-00-00','hcuencas786@gmail,com','HUMBERTO ','CUENCA ','BANCO AGRARIO'),(202201,40626164,'ORFILIA BARRERO','CALLE 3 NRO,3- 49 BARRIO EL CENTRO CARTAGENA DL CH','3138520990','S',2,900156264,860011153,800224808,891190047,0,101,'1973-02-16','2009-01-02',1211051.00,'A','P','','475142058128','I','5',4.35000,'10','F','0000-00-00','barreroorfilia@gmail,com','ORFILIA ','BARRERO ','BANCO AGRARIO'),(202201,16187894,'JAMES DIAZ VALENCIA','CALLE 1 NRO 2 - 26 BARRIO EL CENTRO DE CARTAGENA D','3138103577','P',1,900156264,860011153,800227940,891190047,300000,202,'1980-12-24','2009-01-01',1449068.00,'A','B','','475143002207','I','2',2.43600,'26','F','0000-00-00','jd9954850@gmail,com','JAMES ','DIAZ VALENCIA','BANCO AGRARIO'),(202201,1075222419,'ARNOLD JAVIER ENCISO PEREZ','CALLE 1 Nro.4 - 55 BARRIO EL CENTRO','3178797900','U',1,900156264,800224808,800227940,891190047,0,201,'1987-07-06','2022-01-11',1449068.00,'A','T','','','F','1',2.43600,'20','M','0000-00-00','erickjavier1612@hotmail.com','ARNOLD JAVIER','ENCISO PEREZ',''),(202201,17709400,'NELSON DE JESUS MUNOZ CEBALLOS','CRA7 CALLE 9 -101 BARRIO CAMILO TORRES DE CARTAGEN','3208553044','C',2,901097473,860011153,900336004,891190047,0,201,'1964-08-26','1997-01-02',1449068.00,'A','P','','475142009127','I','1',2.43600,'21','M','0000-00-00','nelsonceballos1964@gmail,com','NELSON DE JESUS','MUÑOZ CEBALLOS','BANCO AGRARIO'),(202201,1117549819,'KAREN ADRIANA CALDERON ARIZA','BARRIO CIUDADELA- CARTAGENA DEL CHAIRA','3228210771','S',0,900156264,860011153,800224808,891190047,0,102,'1988-02-06','2021-12-06',1619750.00,'A','U','','','F','5',2.43600,'14','F','0000-00-00','','KAREN ADRIANA ','CALDERON ARIZA',''),(202201,16189593,'OIDEN LOZADA','BARRIO CENTRO CARTAGENA DEL CHAIRA','3175686075','S',1,805000427,860011153,900336004,891190047,0,101,'1982-01-01','2021-01-26',3135000.00,'A','U','','475142069251','F','5',0.52200,'2','M','0000-00-00','oiden_lozada@hotmail,com','OIDEN ','LOZADA ','BANCO AGRARIO'),(202201,17652212,'NELSON AUGUSTO ROMERO','CRA 2 NRO 3A 24 BARRIO EL CENTRO DE CARTAGENA DEL','3214869432','U',2,900156264,860011153,800224808,891190047,0,203,'1970-03-27','2013-11-30',1449068.00,'A','P','','475142058446','I','3',2.43600,'22','M','0000-00-00','romeronelsonaugusto@gmail,com','NELSON AUGUSTO','ROMERO ','BANCO AGRARIO'),(202201,11379809,'BENIGNO GAMEZ ROZO','CALLE 6 NRO3 51  BARRIO COMUNERO DE CARTAGENA DE C','3118626465','U',1,900156264,860011153,800224808,891190047,0,203,'1959-01-02','2012-06-29',1525335.00,'A','P','','475142058421','I','3',4.35000,'25','M','0000-00-00','benigamez59@gmail,com','BENIGNO ','GAMEZ ROZO','BANCO AGRARIO'),(202201,1117975514,'JUAN DE JESÚS ESPAÑA IQUINA','CALLE 7 NRO.3-34  B/COMUNERO','3115030582','S',0,900935126,860011153,800224808,891190047,0,203,'1999-02-25','2021-06-07',1449068.00,'A','B','','84724497674','F','3',2.43600,'22','M','0000-00-00','espanaiquinajuandejesus@gmail,com','JUAN DE JESUS','ESPAÑA IQUINA','BANCOLOMBIA'),(202201,96333592,'EFREN OSORIO GAONA','CALLE 2 NRO 12A -03 BARRIO BELLA VISTA DE CARTAGEN','3102230933','U',3,900156264,860011153,800224808,891190047,0,201,'1982-05-29','2013-11-30',1449068.00,'A','B','','475142058454','I','1',2.43600,'21','M','0000-00-00','efrenosorio143@gmail,con','EFREN ','OSORIO GAONA','BANCO AGRARIO'),(202201,79003112,'JAIME WILLIAM MARTINEZ CASTIBLANCO','BARRIO PRIMAVERA CARTAGENA DEL CHAIRA','3133394335','C',2,800251440,860011153,860011153,891190047,0,204,'1970-04-30','2022-01-03',3135000.00,'A','U','','18666122557','F','4',2.43600,'17','M','0000-00-00','','JAIME WILLIAM ','MARTINEZ CASTIBLANCO','BANCOLOMBIA');

--
-- Table structure for table `empresa`
--

CREATE TABLE `empresa` (
  `ep_codemp` char(12) NOT NULL DEFAULT '',
  `ep_nombre` char(70) NOT NULL DEFAULT '',
  `ep_direcc` char(40) NOT NULL DEFAULT '',
  `ep_telefo` char(10) NOT NULL DEFAULT '',
  `ep_dpto` varchar(3) NOT NULL,
  `ep_mcpio` varchar(3) NOT NULL,
  PRIMARY KEY (`ep_codemp`)
) ENGINE=InnoDB DEFAULT CHARSET=latin1;

--
-- Dumping data for table `empresa`
--

INSERT INTO `empresa` (`ep_codemp`, `ep_nombre`, `ep_direcc`, `ep_telefo`, `ep_dpto`, `ep_mcpio`) VALUES ('828000191-2','EMPRESA MUNICIPAL DE SERVICIOS PUBLICOS DE CARTAGENA DEL CHAIRA','CL 4 5 32 BRR EL CENTRO','3213701363','','');

--
-- Table structure for table `entidad`
--

CREATE TABLE `entidad` (
  `en_codigo` bigint(12) NOT NULL DEFAULT '0',
  `en_nombre` char(50) NOT NULL DEFAULT '',
  `en_respon` char(50) NOT NULL DEFAULT '',
  `en_telefo` char(12) NOT NULL DEFAULT '',
  PRIMARY KEY (`en_codigo`)
) ENGINE=MyISAM DEFAULT CHARSET=latin1;

--
-- Dumping data for table `entidad`
--

INSERT INTO `entidad` (`en_codigo`, `en_nombre`, `en_respon`, `en_telefo`) VALUES (0,'NO APLICA','NO APLICA','0'),(890924205,'FONDO NACIONAL DEL AHORRO','FONDO NACIONAL DEL AHORRO','270000'),(800130907,'SALUD TOTAL','SALUD TOTAL','EPS002'),(800140949,'CAFESALUD','CAFESALUD','EPS003'),(891800213,'COMFABOY','COMFABOY','CCF10'),(800224808,'PORVENIR','PORVENIR','230301'),(800226175,'COLMENA','COLMENA','14-25'),(800227940,'COLFONDOS','COLFONDOS','231001'),(800229739,'PROTECCION','PROTECCION','230201'),(800231967,'HORIZONTE','HORIZONTE','230501'),(800250119,'SALUDCOOP','SALUDCOOP','EPS013'),(800251440,'SANITAS','SANITAS','EPS005'),(804002273,'SOLSALUD','SOLSALUD','EPS026'),(805000427,'COOMEVA','COOMEVA','EPS016'),(805001157,'S.O.S. SERVICIO OCCIDENTAL DE SALUD S.A.','S.O.S. SERVICIO OCCIDENTAL DE SALUD S.A.','EPS018'),(830006404,'HUMANA VIVIR','HUMANA VIVIR','EPS014'),(830074184,'SALUDVIDA','SALUDVIDA','EPS033'),(860002503,'SEGUROS BOLIVAR','SEGUROS BOLIVAR','ARP14-7'),(890700148,'COMFENALCO TOLIMA','COMFENALCO TOLIMA','CCF50'),(899999034,'SENA','SENA','PASENA'),(899999239,'INSTITUTO COLOMBIANO DE BIENESTAR FAMILIAR','INSTITUTO COLOMBIANO DE BIENESTAR FAMILIAR','PAICBF'),(900074992,'GOLDEN CROSS S.A.','GOLDEN CROSS S.A.','EPS039'),(900156264,'NUEVA EPS','NUEVA EPS','EPS037'),(900336004,'COLPENSIONES','COLPENSIONES','25-14'),(830054904,'MAPFRE','','14-30'),(892200015,'COMFASUCRE','COMFASUCRE','CCF41'),(806008394,'MUTUAL SER','MUTUAL SER','ESS207'),(860011153,'POSITIVA ARL','','14-23'),(8300035647,'FAMISANAR','FAMISANAR','EPS017'),(892115006,'COMFAGUAJIRA','LUIS EDUARDO MEDINA ROMERO','CCFC23'),(8001485142,'OLDMUTUAL','OLDMUTUAL','230901'),(890310455,'FUNERALES LOS OLIVOS','','1'),(8902015787,'COMFENALCO SANTANDER','COMFENALCO SANTANDER','CCF40'),(8002561619,'SEGUROS DE RIESGOS LABORALES SURAMERICANA','SEGUROS DE RIESGOS LABORALES SURAMERINACA','14-28'),(8040021050,'COMPARTA','COMPARTA','ESSC33'),(891190047,'COMFACA CAJA','COMFACA CAJA','CCF13'),(900935126,'ASMET SALUD EPS','ASMET SALUD EPS','EPS54'),(901097473,'MEDIMAS','MEDIMAS','EPS044');

--
-- Table structure for table `estudios`
--

CREATE TABLE `estudios` (
  `est_codcli` bigint(12) NOT NULL DEFAULT '0',
  `est_registro` int(11) NOT NULL,
  `est_titulo` char(40) NOT NULL DEFAULT '',
  `est_institucion` char(40) NOT NULL DEFAULT '',
  `est_ciudad` char(20) NOT NULL DEFAULT '',
  `est_anos` int(2) DEFAULT NULL,
  `est_fecter` date DEFAULT NULL,
  PRIMARY KEY (`est_codcli`,`est_registro`)
) ENGINE=MyISAM DEFAULT CHARSET=latin1;

--
-- Dumping data for table `estudios`
--


--
-- Table structure for table `exogena`
--

CREATE TABLE `exogena` (
  `exo_vigencia` int(4) NOT NULL,
  `exo_formato` char(12) NOT NULL,
  `exo_concepto` char(12) NOT NULL,
  `exo_nit` bigint(12) NOT NULL,
  `exo_col1` double(15,2) NOT NULL,
  `exo_col2` double(15,2) NOT NULL,
  `exo_col3` double(15,2) NOT NULL,
  `exo_col4` double(15,2) NOT NULL,
  `exo_col5` double(15,2) NOT NULL,
  `exo_col6` double(15,2) NOT NULL,
  `exo_col7` double(15,2) NOT NULL,
  `exo_col8` double(15,2) NOT NULL,
  `exo_col9` double(15,2) NOT NULL,
  PRIMARY KEY (`exo_vigencia`,`exo_formato`,`exo_concepto`,`exo_nit`)
) ENGINE=MyISAM DEFAULT CHARSET=latin1;

--
-- Dumping data for table `exogena`
--


--
-- Table structure for table `experiencia`
--

CREATE TABLE `experiencia` (
  `exp_codcli` bigint(12) NOT NULL DEFAULT '0',
  `exp_registro` int(11) NOT NULL,
  `exp_empresa` char(40) NOT NULL DEFAULT '',
  `exp_direccion` char(40) NOT NULL DEFAULT '',
  `exp_cargo` char(20) NOT NULL DEFAULT '',
  `exp_jefe` char(40) NOT NULL DEFAULT '',
  `exp_telefo` char(20) NOT NULL DEFAULT '',
  `exp_fecing` date DEFAULT NULL,
  `exp_fecret` date DEFAULT NULL,
  `exp_motivo` char(15) NOT NULL DEFAULT '',
  `exp_placa` char(10) NOT NULL DEFAULT '',
  PRIMARY KEY (`exp_codcli`,`exp_registro`)
) ENGINE=MyISAM DEFAULT CHARSET=latin1;

--
-- Dumping data for table `experiencia`
--


--
-- Table structure for table `facturas`
--

CREATE TABLE `facturas` (
  `fa_numero` int(9) NOT NULL,
  `fa_codcli` bigint(12) NOT NULL DEFAULT '0',
  `fa_nropla` char(6) DEFAULT NULL,
  `fa_codres` char(12) NOT NULL,
  `fa_fecreg` date DEFAULT NULL,
  `fa_horreg` time NOT NULL DEFAULT '00:00:00',
  `fa_vlrtot` double(15,2) DEFAULT NULL,
  `fa_descli` double(15,2) DEFAULT NULL,
  `fa_vlriva` double(15,2) DEFAULT NULL,
  `fa_apagar` double(15,2) DEFAULT NULL,
  `fa_estado` char(1) NOT NULL,
  `fa_tippag` char(1) NOT NULL,
  `fa_pagado` double(15,2) DEFAULT NULL,
  PRIMARY KEY (`fa_numero`),
  KEY `fa_codcli` (`fa_codcli`),
  KEY `fa_nropla` (`fa_nropla`),
  KEY `fa_codres` (`fa_codres`)
) ENGINE=MyISAM DEFAULT CHARSET=latin1;

--
-- Dumping data for table `facturas`
--


--
-- Table structure for table `falta`
--

CREATE TABLE `falta` (
  `fal_codigo` char(2) NOT NULL,
  `fal_descri` char(50) DEFAULT NULL,
  `fal_dias` int(11) DEFAULT NULL,
  PRIMARY KEY (`fal_codigo`)
) ENGINE=MyISAM DEFAULT CHARSET=latin1;

--
-- Dumping data for table `falta`
--

INSERT INTO `falta` (`fal_codigo`, `fal_descri`, `fal_dias`) VALUES ('1','Inasistencia',3),('2','VACACIONES',1);

--
-- Table structure for table `familia`
--

CREATE TABLE `familia` (
  `fam_codcli` bigint(12) NOT NULL DEFAULT '0',
  `fam_registro` int(11) NOT NULL,
  `fam_nombre` char(40) NOT NULL DEFAULT '',
  `fam_direccion` char(40) NOT NULL DEFAULT '',
  `fam_parentesco` char(20) NOT NULL DEFAULT '',
  `fam_anos` date DEFAULT NULL,
  PRIMARY KEY (`fam_codcli`,`fam_registro`)
) ENGINE=MyISAM DEFAULT CHARSET=latin1;

--
-- Dumping data for table `familia`
--


--
-- Table structure for table `fe`
--

CREATE TABLE `fe` (
  `fe_numero` int(9) NOT NULL,
  `fe_codcli` bigint(12) NOT NULL DEFAULT '0',
  `fe_codpro` bigint(12) NOT NULL DEFAULT '0',
  `fe_nropla` char(6) DEFAULT NULL,
  `fe_codres` char(12) NOT NULL,
  `fe_fecreg` date DEFAULT NULL,
  `fe_horreg` time NOT NULL DEFAULT '00:00:00',
  `fe_vlrtot` double(15,2) DEFAULT NULL,
  `fe_descli` double(15,2) DEFAULT NULL,
  `fe_vlriva` double(15,2) DEFAULT NULL,
  `fe_apagar` double(15,2) DEFAULT NULL,
  `fe_estado` char(1) NOT NULL,
  `fe_tippag` char(1) NOT NULL,
  `fe_pagado` double(15,2) DEFAULT NULL,
  `fe_observ` varchar(70) NOT NULL,
  `fe_fecven` date DEFAULT NULL,
  `fe_usuari` char(12) NOT NULL,
  PRIMARY KEY (`fe_numero`),
  KEY `fe_codcli` (`fe_codcli`),
  KEY `fe_codpro` (`fe_codpro`),
  KEY `fe_nropla` (`fe_nropla`),
  KEY `fe_codres` (`fe_codres`)
) ENGINE=MyISAM DEFAULT CHARSET=latin1;

--
-- Dumping data for table `fe`
--


--
-- Table structure for table `giro`
--

CREATE TABLE `giro` (
  `gir_numero` int(9) NOT NULL,
  `gir_codcli` bigint(12) DEFAULT NULL,
  `gir_codres` char(12) NOT NULL,
  `gir_fecreg` date DEFAULT NULL,
  `gir_horreg` time NOT NULL DEFAULT '00:00:00',
  `gir_estado` char(1) NOT NULL,
  `gir_tippag` char(1) NOT NULL,
  `gir_dispon` int(9) NOT NULL,
  `gir_vlrtot` double(15,2) DEFAULT NULL,
  `gir_detalle` text NOT NULL,
  `gir_feccre` date NOT NULL,
  `gir_cuenta` char(12) NOT NULL,
  `gir_cretencion` varchar(12) NOT NULL,
  `gir_creteica` varchar(12) NOT NULL,
  `gir_retencion` double(15,2) NOT NULL,
  `gir_reteica` double(15,2) NOT NULL,
  `gir_ccosto` int(6) NOT NULL,
  `gir_vlrgir` double(15,2) NOT NULL,
  `gir_cheque` varchar(12) NOT NULL,
  `gir_codaux` int(9) NOT NULL,
  `gir_egreso` int(9) NOT NULL,
  `gir_origen` varchar(20) NOT NULL,
  PRIMARY KEY (`gir_numero`),
  KEY `gir_codcli` (`gir_codcli`),
  KEY `gir_dispon` (`gir_dispon`),
  KEY `gir_cuenta` (`gir_cuenta`),
  KEY `gir_codaux` (`gir_codaux`)
) ENGINE=InnoDB DEFAULT CHARSET=latin1;

--
-- Dumping data for table `giro`
--


--
-- Table structure for table `grupo`
--

CREATE TABLE `grupo` (
  `gr_codgru` int(3) NOT NULL DEFAULT '0',
  `gr_descri` varchar(80) NOT NULL,
  `entradas_deb` varchar(15) NOT NULL,
  `entradas_cre` varchar(15) NOT NULL,
  `salidas_deb` varchar(15) NOT NULL,
  `salidas_cre` varchar(15) NOT NULL,
  PRIMARY KEY (`gr_codgru`)
) ENGINE=MyISAM DEFAULT CHARSET=latin1;

--
-- Dumping data for table `grupo`
--

INSERT INTO `grupo` (`gr_codgru`, `gr_descri`, `entradas_deb`, `entradas_cre`, `salidas_deb`, `salidas_cre`) VALUES (1,'INGRESOS','','','',''),(2,'GASTOS','','','',''),(219,'Redes de Distribucion','','','',''),(215,'Equipos y maquinas de oficina','','','',''),(222,'Redes, lineas y cables','','','',''),(230,'Edificios y Construcciones',' ',' ',' ',' '),(221,'Plantas, Ductos y tuneles',' ',' ',' ',' '),(218,'Equipos Enseres y Maquinas para Oficina',' ',' ',' ',' '),(220,'Vestuario, Ropa y Equipo',' ',' ',' ',' '),(217,'Llantas y Neumaticos',' ',' ',' ',' '),(216,'Elementos Electromecanicos',' ',' ',' ',' '),(214,'Herramientas y Accesorios',' ',' ',' ',' '),(213,'Equipos y Maquinas para Transporte',' ',' ',' ',' '),(212,'Equipos y Maquinas para Oficina',' ',' ',' ',' '),(211,'Equipos y Maquinas para Laboratorio',' ',' ',' ',' '),(209,'Equipos para la estacion de bombeo',' ',' ',' ',' '),(208,'Equipos y Maquinas de Construccion',' ',' ',' ',' '),(206,'Equipos y Maquinas Industrial',' ',' ',' ',' '),(207,'Equipos y Maquinas de Comunicaciones Transformadores',' ',' ',' ',' '),(203,'Otros Muebles, Enseres y Equipo de Oficina',' ',' ',' ',' '),(120,'Otros',' ',' ',' ',' '),(202,'Elementos Intangibles Software',' ',' ',' ',' '),(117,'Otros Elementos de energia ',' ',' ',' ',' '),(116,'Elementos y Equipos de Proteccion',' ',' ',' ',' '),(114,'Medidores de Agua',' ',' ',' ',' '),(115,'Otros Elementos de Consumo',' ',' ',' ',' '),(113,'Elementos de Aseo',' ',' ',' ',' '),(112,'Mantenimiento Vehiculos',' ',' ',' ',' '),(111,'Viveres, Rancho y Licores',' ',' ',' ',' '),(110,'Utiles de Escritorio, Dibujo y papeleria Energia',' ',' ',' ',' '),(109,'Accesorios para computador',' ',' ',' ',' '),(108,'Materiales y Herramientas Acueducto',' ',' ',' ',' '),(107,'Materiales para laboratorio',' ',' ',' ',' '),(106,'Elementos para Construccion e Instalacion Aseo',' ',' ',' ',' '),(105,'Elementos para Construccion e Instalacion Alcantarillado',' ',' ',' ',' '),(104,'Elementos para Construccion e Instalacion Acueducto',' ',' ',' ',' '),(103,'Insumos Quimicos Acueducto',' ',' ',' ',' '),(102,'Aceites y Lubricantes Aseo',' ',' ',' ',' '),(101,'Elementos y Materiales de Energia',' ',' ',' ',' '),(122,'Aceites y Lubricantes Energia','','','',''),(123,'Materiales y Herramientas Alcantarillado','','','',''),(124,'Materiales y Herramientas Aseo','','','',''),(125,'Materiales y Herramientas Energia','','','',''),(126,'Elementos de Aseo Energia','','','',''),(118,'Elementos de proteccion y dotacion Acueducto','','','',''),(119,'Elementos de proteccion y dotacion Aseo','','','',''),(127,'Elementos de proteccion y dotacion Energia','','','',''),(128,'Otros Elementos Alcantarillado','','','',''),(129,'Otros Elementos Aseo','','','',''),(130,'Otros Elementos Energia','','','',''),(131,'Dotacion Aseo','','','',''),(132,'Suministro y Mantenimiento de Energia','','','',''),(135,'Utiles de Escritorio, Dibujo y papeleria Acueducto','','','',''),(136,'materiales para distribucion de energia ','','','',''),(137,'Elementos de aseo Administrativo','','','',''),(138,'Otros elementos de Energia ','','','',''),(139,'Materiales para distribucion energia ','','','',''),(140,'Activos fijos de consumo energia','','','',''),(141,'Activos Fijos de Consumo Alcantarillado','','','',''),(142,'Activos fijos de consumo acueducto','','','',''),(143,'Activo fijo de Consumo Aseo','','','',''),(144,'Materiales Transitorios Varios','','','',''),(145,'Herramientas activos','','','',''),(146,'Otros energia','','','',''),(147,'Muebles y enseres acueducto','','','',''),(148,'blanco','','','',''),(201,'Elementos Intangibles Licencia','','','',''),(121,'Elementos Dotacion','','','',''),(149,'Activos menor cuantía energía','','','',''),(231,'Redes de Distribución Acueducto ','','','',''),(232,'Casetas y Campamentos','','','',''),(233,'Parquederos','','','',''),(234,'Tanques de Almacenamientos','','','',''),(235,'Equipos de Comunicación  Varios','','','',''),(236,'Edificios y Casas','','','',''),(237,'Plantas de tratamiento','','','','');

--
-- Table structure for table `grupo_nom`
--

CREATE TABLE `grupo_nom` (
  `gr_codgru` int(3) NOT NULL DEFAULT '0',
  `gr_descri` varchar(80) NOT NULL,
  PRIMARY KEY (`gr_codgru`)
) ENGINE=MyISAM DEFAULT CHARSET=latin1;

--
-- Dumping data for table `grupo_nom`
--

INSERT INTO `grupo_nom` (`gr_codgru`, `gr_descri`) VALUES (101,'Administracion y financiera'),(102,'Comercial'),(204,'Energia'),(201,'Acueducto'),(202,'Alcantarillado'),(203,'Aseo'),(52,'Pensionados');

--
-- Table structure for table `horasnom_liq`
--

CREATE TABLE `horasnom_liq` (
  `ho_periodo` int(7) NOT NULL DEFAULT '0',
  `ho_cedula` bigint(12) NOT NULL DEFAULT '0',
  `ho_codcon` int(4) NOT NULL,
  `ho_cantidad` double(15,2) DEFAULT NULL,
  `ho_fecreg` date DEFAULT NULL,
  `ho_usuari` char(12) NOT NULL,
  `ho_fecini` date NOT NULL,
  `ho_fecfin` date NOT NULL,
  `ho_observa` varchar(70) NOT NULL,
  PRIMARY KEY (`ho_periodo`,`ho_cedula`,`ho_codcon`),
  KEY `ho_cedula` (`ho_cedula`),
  KEY `ho_codcon` (`ho_codcon`)
) ENGINE=MyISAM DEFAULT CHARSET=latin1;

--
-- Dumping data for table `horasnom_liq`
--

INSERT INTO `horasnom_liq` (`ho_periodo`, `ho_cedula`, `ho_codcon`, `ho_cantidad`, `ho_fecreg`, `ho_usuari`, `ho_fecini`, `ho_fecfin`, `ho_observa`) VALUES (202101,96333592,7,16.00,'2021-01-26','1117535344','2021-01-01','2021-01-25','HORAS DOMINICAL O FESTIVA DIURNA ENERO PTAP'),(202101,17634946,12,77.00,'2021-01-26','1117535344','2021-01-01','2021-01-25','RECARGOS NOCTURNOS ENERO PTAP'),(202101,1117535344,214,17.00,'2021-01-26','asexis','2021-01-01','2021-01-19','incapacidad por cirugía de apendicitis'),(202101,18467702,119,7.00,'2021-01-20','40626007','2021-01-06','2021-01-14','SUSPENSIÓN DISCIPLINARIA'),(202101,1117543211,1,27.00,'2021-01-27','asexis','2021-01-04','2021-01-30','INGRESO A LA EMPRESA EL 4 ENERO '),(202101,17709143,12,87.00,'2021-01-26','1117535344','2021-01-01','2021-01-25','RECARGOS NOCTURNOS ENERO PTAP'),(202101,17709400,12,86.00,'2021-01-26','1117535344','2021-01-01','2021-01-25','RECARGOS NOCTURNOS ENERO PTAP'),(202101,16187894,12,4.00,'2021-01-26','1117535344','2021-01-01','2021-01-25','RECARGOS NOCTURNOS ENERO PTAP'),(202101,96333592,12,20.00,'2021-01-26','1117535344','2021-01-01','2021-01-25','RECARGOS NOCTURNOS ENERO PTAP'),(202101,17634946,7,32.00,'2021-01-26','1117535344','2021-01-01','2021-01-25','HORAS DOMINICAL O FESTIVA DIURNA ENERO PTAP'),(202101,17634946,9,11.00,'2021-01-26','1117535344','2021-01-01','2021-01-25','HORAS DOMINICAL O FESTIVA NOCTURNA ENERO PTAP'),(202101,17709143,7,32.00,'2021-01-26','1117535344','2021-01-01','2021-01-25','HORAS DOMINICAL O FESTIVA DIURNA ENERO PTAP'),(202101,17709143,9,11.00,'2021-01-26','1117535344','2021-01-01','2021-01-25','HORAS DOMINICAL O FESTIVA NOCTURNA ENERO'),(202101,17709400,7,40.00,'2021-01-26','1117535344','2021-01-01','2021-01-25','HORAS DOMINICAL O FESTIVA DIURNA ENERO PTAP'),(202101,17709400,9,13.00,'2021-01-26','1117535344','2021-01-01','2021-01-25','HORAS DOMINICAL O FESTIVA NOCTURNA ENERO PTAP'),(202101,17709602,7,24.00,'2021-01-26','1117535344','2021-01-01','2021-01-25','HORAS DOMINICAL O FESTIVA DIURNA ENERO DISPONIBLE ACUEDUCTO'),(202101,1676391,11,9.00,'2021-01-26','1117535344','2021-01-01','2021-01-25','HORA EXTRA DOMINICAL O FESTIVA DIURNA ENERO DISPONIBLE ACUEDUCTO'),(202101,1676391,7,8.00,'2021-01-26','1117535344','2021-01-01','2021-01-25','HORAS DOMINICAL O FESTIVA DIURNA ENERO DISPONIBLE ACUEDUCTO'),(202101,17710062,7,32.00,'2021-01-26','1117535344','2021-01-01','2021-01-25','HORAS DOMINICAL O FESTIVA DIURNA ENERO DISPONIBLE ACUEDUCTO'),(202101,17710093,11,4.00,'2021-01-26','1117535344','2021-01-01','2021-01-25','HORA EXTRA DOMINICAL O FESTIVA DIURNA ENERO DISPONIBLE ENERGIA'),(202101,17710093,7,8.00,'2021-01-26','1117535344','2021-01-01','2021-01-25','HORAS DOMINICAL O FESTIVA DIURNA ENERO DISPONIBLE ENERGIA'),(202101,17710656,7,32.00,'2021-01-26','1117535344','2021-01-01','2021-01-25','HORAS DOMINICAL O FESTIVA DIURNA ENERO DISPONIBLE ENERGIA'),(202101,16187894,7,8.00,'2021-01-26','1117535344','2021-01-01','2021-01-25','HORAS DOMINICAL O FESTIVA DIURNA ENERO ASEO'),(202101,16227436,7,8.00,'2021-01-26','1117535344','2021-01-01','2021-01-25','HORAS DOMINICAL O FESTIVA DIURNA ENERO ASEO'),(202101,16189593,1,6.00,'2021-01-26','1117535344','2021-01-26','2020-01-31','INGRESO EL 26 DE ENERO '),(202101,16189593,14,6.00,'2021-01-27','40626007','2021-01-26','2021-01-30','INGRESO EL 26 DE ENERO '),(202101,1116205528,1,28.00,'2021-01-27','40626007','2021-01-01','2021-01-28','RENUNCIA'),(202101,1115950121,214,7.00,'2021-01-26','asexis','2021-01-16','2021-01-25','incapacidad por aislamiento preventivo'),(202101,1116205528,14,28.00,'2021-01-27','40626007','2021-01-01','2021-01-28','RENUNCIA'),(202102,17709602,36,17.00,'2021-02-05','40626007','2021-02-11','2021-02-27','PERIODO VACACIONAL 2018-2019'),(202102,1117497550,214,5.00,'2021-02-05','40626007','2021-02-04','2021-02-08','INCAPACIDAD  GENERAL'),(202102,66873421,119,5.00,'2021-02-05','asexis','0000-00-00','0000-00-00',''),(202102,17709602,1,13.00,'2021-02-05','40626007','2021-02-01','0000-00-00','TIEMPO LABORADO'),(2021022,17709602,1,0.00,'2021-02-12','1117543211','2021-02-01','2021-02-28','VACACIONES DISFRUTADAS 11 AL 27 DE FEBRERO DE 2021'),(2021021,1115950121,214,4.00,'2021-02-18','1117535344','2021-02-01','2021-02-04','INCAPACIDAD ENFERMEDAD GENERAL'),(2021021,1117497550,214,5.00,'2021-02-18','1117535344','2021-02-04','2021-02-08','INCAPACIDAD ENFERMEDAD GENERAL'),(2021021,17634946,12,85.00,'2021-02-18','1117535344','2021-02-01','0000-00-00','RECARGOS PTAP '),(2021021,17634946,7,16.00,'2021-02-18','1117535344','2021-02-01','0000-00-00','HORA DOMINICAL DIURNA PTAP '),(2021021,17634946,9,11.00,'2021-02-18','1117535344','2021-02-01','0000-00-00','HORA DOMINICAL NOCTURNA PTAP '),(2021021,17709143,12,93.00,'2021-02-18','1117535344','2021-02-01','0000-00-00','RECARGOS PTAP '),(2021021,17709143,7,24.00,'2021-02-18','1117535344','2021-02-01','0000-00-00','HORA DOMINICAL DIURNA PTAP '),(2021021,17709143,9,8.00,'2021-02-18','1117535344','2021-02-01','0000-00-00','HORA DOMINICAL NOCTURNA PTAP '),(2021021,17709400,12,86.00,'2021-02-18','1117535344','2021-02-01','0000-00-00','RECARGOS PTAP '),(2021021,17709400,7,24.00,'2021-02-18','1117535344','2021-02-01','0000-00-00','HORA DOMINICAL DIURNA PTAP '),(2021021,17709400,9,13.00,'2021-02-18','1117535344','2021-02-01','2021-02-28','HORA DOMINICAL NOCTURNA PTAP '),(2021021,96333592,12,15.00,'2021-02-18','1117535344','2021-02-01','2021-02-28','RECARGOS PTAP '),(2021021,17710062,7,32.00,'2021-02-18','1117535344','2021-02-01','2021-02-28','HORA DOMINICAL DIURNA DISPONIBLE ACUEDUCTO'),(2021021,17710093,7,32.00,'2021-02-18','1117535344','2021-02-01','2021-02-28','HORA DOMINICAL DIURNA DISPONIBLE ENERGÍA'),(2021021,17709602,1,13.00,'2021-02-19','1117543211','2021-02-01','2021-02-28','Dias laborados '),(2021021,1115950121,1,23.00,'2021-02-23','1117535344','2021-02-01','2021-02-23','SUSPENSION DISIPLINARIA'),(2021021,18467702,1,23.00,'2021-02-23','1117535344','2021-02-01','2021-02-23','SUSPENSION DISIPLINARIA'),(2021031,17710093,1,11.00,'2021-03-15','1117535344','2021-03-01','2021-03-30','DIAS LABORADOS'),(2021031,17652212,1,11.00,'2021-03-15','1117535344','2021-03-01','2021-03-30','DIAS LABORADOS'),(2021031,96333592,1,11.00,'2021-03-15','1117535344','2021-03-01','2021-03-30','DIAS LABORADOS'),(2021031,40626007,1,11.00,'2021-03-15','1117535344','2021-03-01','2021-03-30','DIAS LABORADOS'),(2021031,17634946,12,78.00,'2021-03-24','1117535344','2021-03-01','2021-03-30','RECARGO NOCTURNO PTAP'),(2021031,17634946,9,16.00,'2021-03-24','1117535344','2021-03-01','2021-03-30','HORA FESTIVA NOCTURNA PTAP'),(2021031,17634946,7,32.00,'2021-03-24','1117535344','2021-03-01','2021-03-30','HORA DOMINICAL DIURNA PTAP'),(2021031,17709143,12,77.00,'2021-03-24','1117535344','2021-03-01','2021-03-30','RECARGO NOCTURNO PTAP'),(2021031,17709143,9,16.00,'2021-03-24','1117535344','2021-03-01','2021-03-30','HORA FESTIVA NOCTURNA PTAP'),(2021031,17709143,7,24.00,'2021-03-24','1117535344','2021-03-01','2021-03-30','HORA DOMINICAL DIURNA PTAP'),(2021031,17709400,12,77.00,'2021-03-24','1117535344','2021-03-01','2021-03-30','RECARGO NOCTURNO PTAP'),(2021031,17709400,9,11.00,'2021-03-24','1117535344','2021-03-01','2021-03-30','HORA FESTIVA NOCTURNA PTAP'),(2021031,17709400,7,24.00,'2021-03-24','1117535344','2021-03-01','2021-03-30','HORA DOMINICAL DIURNA PTAP'),(2021031,16187894,12,6.00,'2021-03-24','1117535344','2021-03-01','2021-03-30','RECARGO NOCTURNO PTAP'),(2021031,96333592,12,6.00,'2021-03-24','1117535344','2021-03-01','2021-03-30','RECARGO NOCTURNO PTAP'),(2021031,17710656,7,48.00,'2021-03-24','1117535344','2021-03-01','2021-03-30','DISPONIBLE ENERGÍA MARZO - INCLUYE EL 31 ENERO '),(2021031,17709602,7,40.00,'2021-03-24','1117535344','2021-03-01','2021-03-30','DIPONIBLE ACUEDUCTO '),(2021031,11379809,7,8.00,'2021-03-25','1117535344','2021-03-01','2021-03-30','FESTIVO LABORADO AREA ASEO'),(2021031,16227436,7,8.00,'2021-03-25','1117535344','2021-03-01','2021-03-30','FESTIVO LABORADO AREA ASEO'),(2021031,1115950121,1,29.00,'2021-03-25','1117535344','2021-03-01','2021-03-30','LLAMADO DE ATENCION '),(2021041,17634946,7,32.00,'2021-04-28','1117535344','2021-04-01','2021-04-30','HORA DOMINICAL DIURNA PTAP '),(2021041,17634946,9,21.00,'2021-04-28','1117535344','2021-04-01','2021-04-30','HORA DOMINICAL NOCTURNA PTAP '),(2021041,17634946,12,94.00,'2021-04-28','1117535344','2021-04-01','2021-04-30','RECARGOS PTAP '),(2021041,17709143,7,32.00,'2021-04-28','1117535344','2021-04-01','2021-04-30','HORA DOMINICAL DIURNA PTAP '),(2021041,17709143,9,11.00,'2021-04-28','1117535344','2021-04-01','2021-04-30','HORA DOMINICAL NOCTURNA PTAP '),(2021041,17709143,12,86.00,'2021-04-28','1117535344','2021-04-01','2021-04-30','RECARGOS PTAP '),(2021041,17709400,7,32.00,'2021-04-28','1117535344','2021-04-01','2021-04-30','HORA DOMINICAL DIURNA PTAP '),(2021041,17709400,9,13.00,'2021-04-29','1117535344','2021-04-01','2021-04-30','HORA DOMINICAL NOCTURNA PTAP '),(2021041,17709400,12,52.00,'2021-04-28','1117535344','2021-04-01','2021-04-30','RECARGOS PTAP '),(2021041,16187894,12,6.00,'2021-04-28','1117535344','2021-04-01','2021-04-30','RECARGOS PTAP '),(2021041,96333592,7,8.00,'2021-04-28','1117535344','2021-04-01','2021-04-30','HORA DOMINICAL DIURNA PTAP '),(2021041,96333592,9,8.00,'2021-04-28','1117535344','2021-04-01','2021-04-30','HORA DOMINICAL NOCTURNA PTAP '),(2021041,96333592,12,39.00,'2021-04-28','1117535344','2021-04-01','2021-04-30','RECARGOS PTAP '),(2021041,17710093,7,48.00,'2021-04-28','1117535344','2021-04-01','2021-04-30','DISPONIBLE ENERGIA ABRIL'),(2021041,17710062,7,48.00,'2021-04-28','1117535344','2021-04-01','2021-04-30','DISPONIBLE ACUEDUCTO ABRIL'),(2021041,17688349,7,8.00,'2021-04-28','1117535344','2021-04-01','2021-04-30','HORA DOMINICAL DIURNA ASEO'),(2021041,1115950121,7,8.00,'2021-04-28','1117535344','2021-04-01','2021-04-30','HORA DOMINICAL DIURNA ASEO'),(2021041,16227436,7,8.00,'2021-04-28','1117535344','2021-04-01','2021-04-30','HORA DOMINICAL DIURNA ASEO'),(2021041,41250731,1,13.00,'2021-04-28','1117535344','2021-04-01','2021-04-30','DIAS LABORADOS'),(2021041,12108861,1,13.00,'2021-04-28','1117535344','2021-04-01','2021-04-30','DIAS LABORADOS'),(2021041,40626164,1,13.00,'2021-04-28','1117535344','2021-04-01','2021-04-30','DIAS LABORADOS'),(2021041,17709400,1,13.00,'2021-04-28','1117535344','2021-04-01','2021-04-30','DIAS LABORADOS'),(2021041,1117497550,1,13.00,'2021-04-28','1117535344','2021-04-01','2021-04-30','DIAS LABORADOS'),(2021061,1676391,1,10.00,'2021-06-02','40626007','2021-06-01','2021-06-30','DIAS LABORADOS ANTES DEL PERIODO VACACIONAL'),(2021061,1115950121,1,6.00,'2021-06-04','40626007','2021-06-01','2021-06-30','TERMINACIÓN DEL CONTRATO LABORAL'),(2021061,16227436,7,16.00,'2021-06-29','40626007','2021-06-01','2021-06-30','DISPONIBLE AREA DE ASEO EN RECOLECCIÓN'),(2021061,1117975514,7,16.00,'2021-06-29','40626007','2021-06-01','2021-06-30','DISPONIBLE ÁREA DE ASEO EN RECOLECCIÓN'),(2021061,17634946,7,32.00,'2021-06-29','40626007','2021-06-01','2021-06-30','TURNOS PTAP JUNIO'),(2021061,18467702,216,2.00,'2021-06-29','40626007','0000-00-00','0000-00-00','INCAPACIDAD ACCIDENTE LABORAL JUNIO 2021'),(2021061,17634946,9,10.00,'2021-06-29','40626007','2021-06-01','2021-06-30','TURNOS PTAP JUNIO'),(2021061,17709143,12,67.00,'2021-06-29','40626007','2021-06-01','2021-06-30','RECARGO NOCTURNO PTAP JUNIO 2021'),(2021061,17709143,7,16.00,'2021-06-29','40626007','2021-06-01','2021-06-30','TURNOS PTAP JUNIO'),(2021061,17709143,9,8.00,'2021-06-29','40626007','2021-06-01','2021-06-30','TURNOS PTAP JUNIO'),(2021061,17709400,12,86.00,'2021-06-29','40626007','2021-06-01','2021-06-30','TURNOS PTAP JUNIO'),(2021061,17709400,9,14.00,'2021-06-29','40626007','2021-06-01','2021-06-30','TURNOS PTAP JUNIO'),(2021061,16187894,12,15.00,'2021-06-29','40626007','2021-06-01','2021-06-30','TURNOS PTAP JUNIO'),(2021061,96333592,12,50.00,'2021-06-29','40626007','2021-06-01','2021-06-30','TURNOS PTAP JUNIO'),(2021061,16187894,7,8.00,'2021-06-29','40626007','2021-06-01','2021-06-30','TURNOS PTAP JUNIO'),(2021061,18467702,5,15.00,'2021-06-29','40626007','0000-00-00','0000-00-00',''),(2021061,40625532,90,30.00,'2021-06-29','40626007','2021-06-01','2021-06-30','LICENCIA NO REMUNERADA DURANTE EL MES DE JUNIO 2021'),(2021061,12108861,214,1.00,'2021-06-29','40626007','2021-06-01','2021-06-30','INCAPACIDAD POR ENFERMEDAD GENERAL'),(2021061,17710656,7,48.00,'2021-06-29','40626007','2021-06-01','2021-06-30','DISPONIBLE AREA DE ENERGIA MES DE JUNIO 2021'),(2021061,17710062,7,48.00,'2021-06-29','40626007','2021-06-01','2021-06-30','DISPONIBLE AREA DE ACUEDUCTO MES DE JUNIO 2021'),(2021061,16227436,214,1.00,'2021-06-29','40626007','2021-06-01','2021-06-30','INCAPACIDAD POR ENFERMEDAD GENERAL'),(2021061,17634946,12,60.00,'2021-06-29','40626007','2021-06-01','2021-06-30','RECARGO NOCTURNO PTAP'),(2021061,1117975514,1,24.00,'2021-06-05','40626007','2021-06-07','2021-06-30','INGRESA CONTRATO LABORAL EN EL ÁREA DE ASEO'),(2021061,17775614,1,22.00,'2021-06-05','40626007','2021-06-09','2021-06-30','INICIA CONTRATO LABORAL EN EL ÁREA DE ACUEDUCTO'),(2021061,1117535344,1,12.00,'2021-06-05','40626007','2021-06-01','2021-06-30','SALIO A DISFRUTAR SU PERIODO VACACIONAL 2020-2021'),(2021061,17709143,1,11.00,'2021-06-05','40626007','2021-06-01','2021-06-30','SALIO A  DISFRUTAR SU PERIODO VACACIONAL 2019-2020'),(2021061,96333592,7,16.00,'2021-06-29','40626007','2021-06-01','2021-06-30','TURNOS PTAP JUNIO'),(2021061,96333592,9,8.00,'2021-06-29','40626007','2021-06-01','2021-06-30','TURNOS PTAP JUNIO'),(2021061,17709400,7,24.00,'2021-06-29','40626007','2021-06-01','2021-06-30','TURNOS PTAP JUNIO'),(2021071,66873421,1,10.00,'2021-07-14','40626007','2021-07-01','2021-07-30','DIAS LABORADOS ANTES DEL PERIODO VACACIONAL'),(2021071,17710062,1,11.00,'2021-07-14','40626007','2021-07-01','2021-07-30','DIAS LABORADOS ANTES DEL PERIODO VACACIONAL'),(2021071,18467702,1,7.00,'2021-07-27','asexis','2021-07-01','2021-07-30','DIAS LABORADOS ANTES DEL PERIODO VACACIONAL'),(2021071,1006526995,1,19.00,'2021-07-14','40626007','2021-07-12','2021-07-30','INGRESA  CONTRATO LABORAL DESDE EL DIA 12-07-2021 EN EL AREA DE ENERGI'),(2021071,40626885,1,16.00,'2021-07-14','40626007','2021-07-01','2021-07-16','TERMINACIÓN DEL CONTRATO LABORAL'),(2021071,40625532,1,16.00,'2021-07-15','40626007','2021-07-01','2021-07-30','SE REINTEGRA DE LA LICENCIA NO REMUNERADA'),(2021071,1075320448,1,10.00,'2021-07-27','40626007','2021-07-21','2021-07-30','INGRESA A LABORAR COMO COORDINADORA DEL AREA OPERATIVA'),(2021071,1007447792,1,12.00,'2021-07-27','40626007','2021-07-19','2021-07-30','INGRESA A LABORAR COMO TÉCNICA EN FACTURACION'),(2021071,17710093,7,48.00,'2021-07-23','40626007','2021-07-01','2021-07-30','DISPONIBLE DEL AREA DE ENERGIA MES DE JULIO DE 2021'),(2021071,17709602,7,48.00,'2021-07-23','40626007','2021-07-01','2021-07-30','DISPONIBLE EN EL AREA DE ACUEDUCTO DURANTE EL MES  DE JULIO 2021'),(2021071,1117975514,7,16.00,'2021-07-23','40626007','2021-07-01','2021-07-30','DISPONIBLE EN EL AREA DE ASEO MES DE JULIO DE 2021'),(2021071,16227436,7,16.00,'2021-07-23','40626007','2021-07-01','2021-07-30','DISPONIBLE EN EL ÁREA DE ASEO DURANTE EL MES DE JULIO DE 2021'),(2021071,1117535344,219,30.00,'2021-07-26','asexis','2021-07-01','2021-07-31','LICENCIA DE MATERNIDAD'),(2021071,16187894,214,4.00,'2021-07-27','40626007','2021-07-27','2021-07-30','LE CONCEDEN INCAPÁCIDAD POR ENFERMEDAD GENERAL'),(2021071,17634946,12,61.00,'2021-07-26','40626007','2021-07-01','2021-07-30','TURNOS PTP JULIO 2021'),(2021071,17634946,7,24.00,'2021-07-26','40626007','2021-07-01','2021-07-30','TURNOS PTP JULIO 2021'),(2021071,17634946,9,11.00,'2021-07-26','40626007','2021-07-01','2021-07-30','TURNOS PTP JULIO 2021'),(2021071,17709143,12,76.00,'2021-07-26','40626007','2021-07-01','2021-07-30','TURNOS PTP JULIO 2021'),(2021071,17709143,7,32.00,'2021-07-26','40626007','2021-07-01','2021-07-30','TURNOS PTP JULIO 2021'),(2021071,17709143,9,15.00,'2021-07-26','40626007','2021-07-01','2021-07-30','TURNOS PTP JULIO 2021'),(2021071,17709400,12,86.00,'2021-07-26','40626007','2021-07-01','2021-07-30','TURNOS PTP JULIO 2021'),(2021071,17709400,7,32.00,'2021-07-26','40626007','2021-07-01','2021-07-30','TURNOS PTP JULIO 2021'),(2021071,17709400,9,14.00,'2021-07-26','40626007','2021-07-01','2021-07-30','TURNOS PTP JULIO 2021'),(2021071,16187894,12,12.00,'2021-07-26','40626007','2021-07-01','2021-07-30','TURNOS PTP JULIO 2021'),(2021071,96333592,12,29.00,'2021-07-26','40626007','2021-07-01','2021-07-30','TURNOS PTP JULIO 2021'),(2021071,96333592,7,24.00,'2021-07-26','40626007','2021-07-01','2021-07-30','TURNOS PTP JULIO 2021'),(2021071,96333592,9,8.00,'2021-07-26','40626007','2021-07-01','2021-07-30','TURNOS PTP JULIO 2021'),(2021071,17634946,214,4.00,'2021-07-26','40626007','2021-07-01','2021-07-30','INCAPACIDAD POR ENFERMEDAD GENERAL'),(2021081,11379809,1,11.00,'2021-08-10','40626007','2021-08-01','2021-08-30','DIAS LABORADOS ANTES DEL PERIODO VACACIONAL'),(2021081,16186270,1,11.00,'2021-08-11','40626007','2021-08-01','2021-08-30','DIAS LABORADOS ANTES DEL PERIODO VACACIONAL'),(2021081,1117964100,1,12.00,'2021-08-11','40626007','2021-08-01','2021-08-30','DIAS LABORADOS ANTES DEL PERIODO VACACIONAL'),(2021081,1007447792,214,4.00,'2021-08-11','40626007','2021-08-01','2021-08-30','INCAPACIDAD POR ENFERMEDAD GENERAL'),(2021081,16187894,214,4.00,'2021-08-11','40626007','2021-08-01','2021-08-30','INCAPACIDAD POR ENFERMEDAD GENERAL'),(2021081,1117497550,214,3.00,'2021-08-11','40626007','2021-08-01','2021-08-30','INCAPACIDAD POR ENFERMEDAD GENERAL'),(2021081,79201571,1,28.00,'2021-08-20','40626007','2021-08-01','2021-08-30','SE REINTEGRA DE SUS VACACIONES SOLO DISFRUTO 2 DÍAS PTE 13 DIAS HABILE'),(2021081,1007447792,14,30.00,'2021-08-25','asexis','0000-00-00','0000-00-00',''),(2021081,1117535344,219,30.00,'2021-08-26','asexis','0000-00-00','0000-00-00',''),(2021081,17710656,7,56.00,'2021-08-25','40626007','2021-08-01','2021-08-30','DISPONIBLE AREA DE ENERGIA MES DE AGOSTO 2021'),(2021081,17710062,7,56.00,'2021-08-25','40626007','2021-08-01','2021-08-30','DISPONIBLE AREA DE ACUEDUCTO MES DE AGOSTO 2021'),(2021081,1117975514,7,16.00,'2021-08-25','40626007','2021-08-01','2021-08-30','DISPONIBLE AREA DE ASEO EN RECOLECCIÓN MES DE AGOSTO'),(2021081,16227436,7,16.00,'2021-08-25','40626007','2021-08-01','2021-08-30','DISPONIBLE AREA DE ASEO EN RECOLECCIÓN MES DE AGOSTO'),(2021081,17652212,7,16.00,'2021-08-25','40626007','2021-08-01','2021-08-30','DISPONIBLE AREA DE ASEO EN RECOLECCIÓN MES DE AGOSTO'),(2021081,17775614,7,16.00,'2021-08-25','40626007','2021-08-01','2021-08-30','DISPONIBLE AREA DE ASEO EN RECOLECCIÓN MES DE AGOSTO'),(2021081,1007447792,1,10.00,'2021-08-25','asexis','0000-00-00','0000-00-00',''),(2021081,17634946,12,87.00,'2021-08-25','40626007','2021-08-01','2021-08-30','TURNOS PTAP MES DE AGOSTO 2021'),(2021081,17634946,7,32.00,'2021-08-25','40626007','2021-08-01','2021-08-30','TURNOS PTAP MES DE AGOSTO 2021'),(2021081,17634946,9,8.00,'2021-08-25','40626007','2021-08-01','2021-08-30','TURNOS PTAP MES DE AGOSTO 2021'),(2021081,17709143,12,61.00,'2021-08-25','40626007','2021-08-01','2021-08-30','TURNOS PTAP MES DE AGOSTO 2021'),(2021081,17709143,7,32.00,'2021-08-25','40626007','2021-08-01','2021-08-30','TURNOS PTAP MES DE AGOSTO 2021'),(2021081,17709143,9,10.00,'2021-08-25','40626007','2021-08-01','2021-08-30','TURNOS PTAP MES DE AGOSTO 2021'),(2021081,17709400,12,87.00,'2021-08-25','40626007','2021-08-01','2021-08-30','TURNOS PTAP MES DE AGOSTO 2021'),(2021081,17709400,7,16.00,'2021-08-25','40626007','2021-08-01','2021-08-30','TURNOS PTAP MES DE AGOSTO 2021'),(2021081,17709400,9,17.00,'2021-08-25','40626007','2021-08-01','2021-08-30','TURNOS PTAP MES DE AGOSTO 2021'),(2021081,16187894,12,1.00,'2021-08-25','40626007','2021-08-01','2021-08-30','RECARGO ORDINARIO PTAP'),(2021081,96333592,12,35.00,'2021-08-25','40626007','2021-08-01','2021-08-30','TURNOS PTAP MES DE AGOSTO 2021'),(2021081,96333592,7,16.00,'2021-08-25','40626007','2021-08-01','2021-08-30','TURNOS PTAP MES DE AGOSTO 2021'),(2021081,96333592,9,5.00,'2021-08-25','40626007','2021-08-01','2021-08-30','TURNOS PTAP MES DE AGOSTO 2021'),(2021091,16186270,1,4.00,'2021-09-20','40626007','2021-09-01','2021-09-30','TERMINACIÓN DEL VINCULO LABORAL'),(2021091,40078584,1,13.00,'2021-09-20','40626007','2021-09-01','2021-09-30','TERMINACIÓN DEL CONTRATO LABORAL'),(2021091,17710093,7,32.00,'2021-09-24','40626007','2021-09-01','2021-09-30','DISPONIBLES DE ENERGÍA DURANTE EL MES DE SEPTIEMBRE'),(2021091,11379809,214,17.00,'2021-09-20','40626007','2021-09-01','2021-09-30','INCAPACIDAD POR ENFERMEDAD GENERAL'),(2021091,17709602,7,32.00,'2021-09-24','40626007','2021-09-01','2021-09-30','DISPONIBLE EN EL AREA DE ACUEDUCTO MES DE SEPTIEMBRE'),(2021091,17634946,12,73.00,'2021-09-24','40626007','2021-09-01','2021-09-30','RECARGOS PTAP MES DE SEPTIEMBRE 2021'),(2021091,17709143,12,81.00,'2021-09-24','40626007','2021-09-01','2021-09-30','RECARGOS PTAP MES DE SEPTIEMBRE 2021'),(2021091,17709400,12,66.00,'2021-09-24','40626007','2021-09-01','2021-09-30','RECARGOS PTAP MES DE SEPTIEMBRE 2021'),(2021091,96333592,12,73.00,'2021-09-24','40626007','2021-09-01','2021-09-30','RECARGOS PTAP MES DE SEPTIEMBRE 2021'),(2021091,17634946,7,16.00,'2021-09-24','40626007','2021-09-01','2021-09-30','DOMINICALES PTAP MES DE SEPTIEMBRE 2021'),(2021091,17709143,7,24.00,'2021-09-24','40626007','2021-09-01','2021-09-30','DOMINICALES PTAP MES DE SEPTIEMBRE 2021'),(2021091,17709400,7,24.00,'2021-09-24','40626007','2021-09-01','2021-09-30','DOMINICALES PTAP MES DE SEPTIEMBRE 2021'),(2021091,96333592,7,24.00,'2021-09-24','40626007','2021-09-01','2021-09-30','DOMINICALES PTAP MES DE SEPTIEMBRE 2021'),(2021091,17634946,9,13.00,'2021-09-24','40626007','2021-09-01','2021-09-30','HORAS NOCTURNAS PTAP MES DE SEPTIEMBRE 2021'),(2021091,17709143,9,8.00,'2021-09-24','40626007','2021-09-01','2021-09-30','HORAS NOCTURNAS PTAP MES DE SEPTIEMBRE 2021'),(2021091,17709400,9,15.00,'2021-09-24','40626007','2021-09-01','2021-09-30','HORAS NOCTURNAS PTAP MES DE SEPTIEMBRE 2021'),(2021091,96333592,9,8.00,'2021-09-24','40626007','2021-09-01','2021-09-30','HORAS NOCTURNAS PTAP MES DE SEPTIEMBRE 2021'),(2021091,11379809,14,30.00,'2021-09-27','40626007','2021-09-01','2021-09-30',''),(2021091,1117535344,219,30.00,'2021-09-27','40626007','2021-09-01','2021-09-30','licencia de maternidad'),(2021091,17775614,92,2.00,'2021-09-27','40626007','2021-09-01','2021-09-30','permiso para desplazarse a la ciudad de florencia- compra de moto'),(2021091,17634946,92,1.00,'2021-09-27','40626007','2021-09-01','2021-09-30','permiso diligencias personales- desplazarse a Doncello caquetá'),(2021091,16187894,92,3.00,'2021-09-27','40626007','2021-09-01','2021-09-30','permiso, para cita medica y asuntos personales'),(2021101,1109492696,1,8.00,'2021-10-22','40626007','2021-10-01','2021-10-30','DIAS LABORADOS ANTES DEL PERIODO VACACIONAL'),(2021101,1117963223,1,19.00,'2021-10-22','40626007','2021-10-12','2021-10-30','INICIA CONTRATO LABORAL EL DIA 12/10/2021'),(2021101,16227436,1,8.00,'2021-10-22','40626007','2021-10-01','2021-10-30','DIAS LABORADOS ANTES DEL PERIODO VACACIONAL'),(2021101,1117497550,1,8.00,'2021-10-22','40626007','2021-10-01','2021-10-30','DIAS LABORADOS ANTES DEL PERIODO VACACIONAL'),(2021101,17710656,7,48.00,'2021-10-26','40626007','2021-10-01','2021-10-30','DISPONIBLE ÁREA DE ENERGÍA MES DE OCTUBRE'),(2021101,17710062,7,48.00,'2021-10-26','40626007','2021-10-01','2021-10-30','DISPONIBLE ÁREA DE ACUEDUCTO MES DE OCTUBRE'),(2021101,1117975514,7,16.00,'2021-10-26','40626007','2021-10-01','2021-10-30','DISPONIBLE ÁREA DE ASEO EN RECOLECCIÓN DE RESIDUOS SÓLIDOS OCTUBRE'),(2021101,17775614,7,8.00,'2021-10-26','40626007','2021-10-01','2021-10-30','DISPONIBILIDAD AREA DE ASEO PARA RECOLECTAR RESIDUOS SÓLIDOS'),(2021101,11379809,7,8.00,'2021-10-26','40626007','2021-10-01','2021-10-30','DISPONIBILIDAD AREA DE ASEO PARA RECOLECTAR RESIDUOS SÓLIDOS'),(2021101,17709602,7,16.00,'2021-10-26','40626007','2021-10-01','2021-10-30','DISPONIBILIDAD AREA DE ASEO PARA RECOLECTAR RESIDUOS SÓLIDOS'),(2021101,16187894,7,8.00,'2021-10-26','40626007','2021-10-01','2021-10-30','DISPONIBILIDAD AREA DE ASEO PARA RECOLECTAR RESIDUOS SÓLIDOS'),(2021101,17634946,12,72.00,'2021-10-26','40626007','2021-10-01','2021-10-30','DISPONIBLE EN LA PTAP DURANTE EL MES OCTUBRE 2021'),(2021101,17634946,7,32.00,'2021-10-26','40626007','2021-10-01','2021-10-30','DISPONIBLE PTAP DURANTE EL MES DE OCTUBRE 2021'),(2021101,17634946,9,10.00,'2021-10-26','40626007','2021-10-01','2021-10-30','DISPONIBLE EN LA PTAP DURANTE EL MES OCTUBRE 2021'),(2021101,17709143,12,72.00,'2021-10-26','40626007','2021-10-01','2021-10-30','DISPONIBLE EN LA PTAP DURANTE EL MES OCTUBRE 2021'),(2021101,17709143,9,11.00,'2021-10-26','40626007','2021-10-01','2021-10-30','DISPONIBLE EN LA PTAP DURANTE EL MES OCTUBRE 2021'),(2021101,17709400,12,64.00,'2021-10-26','40626007','2021-10-01','2021-10-30','DISPONIBLE EN LA PTAP DURANTE EL MES OCTUBRE 2021'),(2021101,17709400,7,24.00,'2021-10-26','40626007','2021-10-01','2021-10-30','DISPONIBLE EN LA PTAP DURANTE EL MES OCTUBRE 2021'),(2021101,17709400,9,11.00,'2021-10-26','40626007','2021-10-01','2021-10-30','DISPONIBLE EN LA PTAP DURANTE EL MES OCTUBRE 2021'),(2021101,96333592,12,71.00,'2021-10-26','40626007','2021-10-01','2021-10-30','DISPONIBLE EN LA PTAP DURANTE EL MES OCTUBRE 2021'),(2021101,96333592,7,24.00,'2021-10-26','40626007','2021-10-01','2021-10-30','DISPONIBLE EN LA PTAP DURANTE EL MES OCTUBRE 2021'),(2021101,96333592,9,6.00,'2021-10-26','40626007','2021-10-01','2021-10-30','DISPONIBLE EN LA PTAP DURANTE EL MES OCTUBRE 2021'),(2021101,17709143,7,16.00,'2021-10-26','40626007','2021-10-01','2021-10-30','DISPONIBLE EN LA PTAP DURANTE EL MES OCTUBRE 2021'),(2021101,1117535344,219,30.00,'2021-10-26','40626007','2021-10-01','2021-10-30','licencia de maternidad'),(2021101,16187894,216,6.00,'2021-10-27','asexis','0000-00-00','0000-00-00',''),(2021111,1075320448,214,3.00,'2021-11-19','40626007','2021-11-01','2021-11-30','INCAPACIDAD POR ENFERMEDAD GENERAL  DEL 18 AL 22 DE NOV-2021'),(2021111,17709602,1,8.00,'2021-11-19','40626007','2021-11-01','2021-11-30','DIAS LABORADOS ANTES DEL PERIODO VACACIONAL'),(2021111,40625532,92,3.00,'2021-11-19','40626007','2021-11-01','2021-11-30','PERMISO 10,11 Y 12 DE NOVIEMBRE DE 2021'),(2021111,1007447792,92,1.00,'2021-11-19','40626007','2021-11-01','2021-11-30','PERMISO EL DIA 19 DE NOVIEMBRE 2021'),(2021111,66873421,92,2.00,'2021-11-19','40626007','2021-11-01','2021-11-30','PERMISO PARA CITAS MEDICAS 04 Y 22 DE NOVIEMBRE DE 2021'),(2021111,1117975514,7,16.00,'2021-11-19','40626007','2021-11-01','2021-11-30','DISPONIBILIDAD AREA DE ASEO PARA RECOLECTAR RESIDUOS SÓLIDOS'),(2021111,17775614,7,8.00,'2021-11-19','40626007','2021-11-01','2021-11-30','DISPONIBILIDAD AREA DE ASEO PARA RECOLECTAR RESIDUOS SÓLIDOS'),(2021111,11379809,7,8.00,'2021-11-19','40626007','2021-11-01','2021-11-30','DISPONIBILIDAD AREA DE ASEO PARA RECOLECTAR RESIDUOS SÓLIDOS'),(2021111,16227436,7,16.00,'2021-11-19','40626007','2021-11-01','2021-11-30','DISPONIBILIDAD AREA DE ASEO PARA RECOLECTAR RESIDUOS SÓLIDOS'),(2021111,17652212,7,8.00,'2021-11-19','40626007','2021-11-01','2021-11-30','DISPONIBILIDAD AREA DE ASEO PARA RECOLECTAR RESIDUOS SÓLIDOS'),(2021111,1117497550,1,17.00,'2021-11-25','asexis','2021-11-01','2021-11-17','DÍAS LABORADOS ANTES DE SANCIÓN DISCIPLINARIA'),(2021121,16227436,7,8.00,'2021-12-22','40626007','2021-12-08','2021-12-08','FESTIVO LABORADO DE ASEO'),(2021111,16187894,214,12.00,'2021-11-22','40626007','2021-11-02','2021-11-13',''),(2021111,16227436,214,2.00,'2021-11-22','40626007','2021-11-10','2021-11-13','INCAPACIDAD POR ENFERMEDAD GENERAL'),(2021111,17710093,7,48.00,'2021-11-23','40626007','2021-11-01','2021-11-30','DISPONIBLE DEL ÁREA DE ENERGÍA MES DE NOVIEMBRE 2021'),(2021111,17710062,7,48.00,'2021-11-23','40626007','2021-11-01','2021-11-30','DISPONIBLE EN EL ÁREA DE ACUEDUCTO DURANTE EL MES DE NOVIEMBRE DE 2021'),(2021111,17634946,12,71.00,'2021-11-23','40626007','2021-11-01','2021-11-30','DISPONIBLE EN LA PTAP DURANTE EL MES DE NOVIEMBRE DE 2021'),(2021111,17634946,7,24.00,'2021-11-23','40626007','2021-11-01','2021-11-30','DISPONIBLE EN LA PTAP DURANTE EL MES DE NOVIEMBRE DE 2021'),(2021111,17634946,9,13.00,'2021-11-23','40626007','2021-11-01','2021-11-30','DISPONIBLE EN LA PTAP DURANTE EL MES DE NOVIEMBRE DE 2021'),(2021111,17709143,9,8.00,'2021-11-23','40626007','2021-11-01','2021-11-30','DISPONIBLE EN LA PTAP DURANTE EL MES DE NOVIEMBRE DE 2021'),(2021111,17709143,7,24.00,'2021-11-23','40626007','2021-11-01','2021-11-30','DISPONIBLE EN LA PTAP DURANTE EL MES DE NOVIEMBRE DE 2021'),(2021111,17709400,12,71.00,'2021-11-23','40626007','2021-11-01','2021-11-30','DISPONIBLE EN LA PTAP DURANTE EL MES DE NOVIEMBRE DE 2021'),(2021111,17709400,7,24.00,'2021-11-23','40626007','2021-11-01','2021-11-30','DISPONIBLE EN LA PTAP DURANTE EL MES DE NOVIEMBRE DE 2021'),(2021111,17709400,9,11.00,'2021-11-23','40626007','2021-11-01','2021-11-30','DISPONIBLE EN LA PTAP DURANTE EL MES DE NOVIEMBRE DE 2021'),(2021111,96333592,12,64.00,'2021-11-23','40626007','2021-11-01','2021-11-30','DISPONIBLE EN LA PTAP DURANTE EL MES DE NOVIEMBRE DE 2021'),(2021111,96333592,7,24.00,'2021-11-23','40626007','2021-11-01','2021-11-30','DISPONIBLE EN LA PTAP DURANTE EL MES DE NOVIEMBRE DE 2021'),(2021111,96333592,9,13.00,'2021-11-23','40626007','2021-11-01','2021-11-30','DISPONIBLE EN LA PTAP DURANTE EL MES DE NOVIEMBRE DE 2021'),(2021111,17709143,12,64.00,'2021-11-23','40626007','2021-11-01','2021-11-30','DISPONIBLE EN LA PTAP DURANTE EL MES DE NOVIEMBRE DE 2021'),(2021111,79201571,1,25.00,'2021-11-24','40626007','2021-11-01','2021-11-30','DÍAS PTES DE VACACIONES'),(2021111,79201571,14,30.00,'2021-11-25','asexis','0000-00-00','0000-00-00',''),(2021111,1117497550,14,30.00,'2021-11-25','asexis','0000-00-00','0000-00-00',''),(2021121,1117975514,7,8.00,'2021-12-22','40626007','2021-12-08','2021-12-08','FESTIVO LABORADO DE ASEO'),(2021121,17710062,7,8.00,'2021-12-22','40626007','2021-12-08','2021-12-08','FESTIVO LABORADO DE ASEO'),(2021121,17775614,7,8.00,'2021-12-22','40626007','2021-12-08','2021-12-08','FESTIVO LABORADO DE ASEO'),(2021121,17710656,7,24.00,'2021-12-22','40626007','2021-12-01','2021-12-30','DISPONIBLE DE ENERGIA'),(2021121,17709602,7,48.00,'2021-12-22','40626007','2021-12-01','2021-12-30','DISPONIBLE DE ACUEDUCTO'),(2021121,1117497550,7,8.00,'2021-12-22','40626007','2021-12-01','2021-12-30','DISPONIBLE DE ENERGIA'),(2021121,1006526995,7,16.00,'2021-12-22','40626007','2021-12-01','2021-12-30','DISPONIBLE DE ENERGIA'),(2021121,17634946,7,8.00,'2021-12-22','40626007','2021-12-01','2021-12-30','TURNOS PTAP'),(2021121,17709143,7,16.00,'2021-12-22','40626007','2021-12-01','2021-12-30','TURNOS PTAP'),(2021121,17709400,7,40.00,'2021-12-22','40626007','2021-12-01','2021-12-30','TURNOS PTAP'),(2021121,96333592,7,32.00,'2021-12-22','40626007','2021-12-01','2021-12-30','TURNOS PTAP'),(2021121,17634946,9,11.00,'2021-12-22','40626007','2021-12-01','2021-12-30','TURNOS PTAP '),(2021121,17709143,9,11.00,'2021-12-22','40626007','2021-12-01','2021-12-30','TURNOS PTAP'),(2021121,17709400,9,13.00,'2021-12-22','40626007','2021-12-01','2021-12-30','TURNOS PTAP'),(2021121,96333592,9,13.00,'2021-12-22','40626007','2021-12-01','2021-12-30','TURNOS PTAP'),(2021121,17634946,12,28.00,'2021-12-22','40626007','2021-12-01','2021-12-30','TURNOS PTAP'),(2021121,17709143,12,88.00,'2021-12-22','40626007','2021-12-01','2021-12-30','TURNOS PTAP'),(2021121,17709400,12,81.00,'2021-12-22','40626007','2021-12-01','2021-12-30','TURNOS PTAP'),(2021121,96333592,12,81.00,'2021-12-22','40626007','2021-12-01','2021-12-30','TURNOS PTAP'),(2021121,17709143,214,2.00,'2021-12-22','40626007','2021-12-07','2021-12-10','INCAPACIDAD GENERAL'),(2021121,17710093,214,2.00,'2021-12-22','40626007','2021-12-01','2021-12-02','INCAPACIDAD  GENERAL'),(2021121,1075226711,1,9.00,'2021-12-22','40626007','2021-12-01','2021-12-30','VACACIONES'),(2021121,40626007,1,9.00,'2021-12-22','40626007','2021-12-01','2021-12-30','VACACIONES'),(2021121,17634946,1,12.00,'2021-12-22','40626007','2021-12-01','2021-12-30','VACACIONES'),(2021121,1117497550,1,23.00,'2021-12-22','40626007','2021-12-01','2021-12-30','SUSPENSIÓN DISCIPLINARIA'),(2021121,1006526995,1,20.00,'2021-12-23','1117535344','2021-12-01','2021-12-30','RETIRO'),(202201,41250731,1,21.00,'2022-01-19','40626007','2022-01-01','2022-01-30','RENUNCIA AL CARGO Y LABORA HASTA EL DIA 21 DE ENERO DE 2022'),(202201,79003112,1,27.00,'2022-01-19','40626007','2022-01-01','2022-01-30','INICIA CONTRATO LABORAL EL DIA 03/01/2022'),(202201,1075222419,1,20.00,'2022-01-19','40626007','2022-01-01','2022-01-30','INICIA LABORES EL DIA 11/01/2022'),(202201,40625532,1,27.00,'2022-01-19','40626007','2022-01-01','2022-01-30','INICIA CONTRATO LABORAL EL DIA 03/01/2022'),(202201,1117963223,1,27.00,'2022-01-19','40626007','2022-01-01','2022-01-30','INICIA CONTRATO LABORAL EL DIA 03/01/2022');

--
