-- Table structure for table `detmovto_niif`
--

DROP TABLE IF EXISTS `detmovto_niif`;
/*!40101 SET @saved_cs_client     = @@character_set_client */;
/*!40101 SET character_set_client = utf8 */;
CREATE TABLE `detmovto_niif` (
  `dmo_tipcom` int(3) NOT NULL,
  `dmo_numero` int(9) NOT NULL,
  `dmo_secuen` int(5) NOT NULL,
  `dmo_codcta` char(12) NOT NULL,
  `dmo_tercer` bigint(12) DEFAULT NULL,
  `dmo_auxili` int(9) DEFAULT NULL,
  `dmo_codtic` char(3) NOT NULL,
  `dmo_detall` char(50) DEFAULT NULL,
  `dmo_cheque` char(12) DEFAULT NULL,
  `dmo_codcen` int(6) DEFAULT NULL,
  `dmo_tipmov` int(1) DEFAULT NULL,
  `dmo_vlrmov` double(15,2) DEFAULT NULL,
  `dmo_fecreg` date DEFAULT NULL,
  `dmo_codemp` char(8) DEFAULT NULL,
  `dmo_revela` text,
  PRIMARY KEY (`dmo_tipcom`,`dmo_numero`,`dmo_secuen`),
  KEY `dmo_tipcom` (`dmo_tipcom`,`dmo_numero`),
  KEY `dmo_codcta` (`dmo_codcta`),
  KEY `dmo_codcen` (`dmo_codcen`),
  KEY `dmo_codtic` (`dmo_codtic`),
  KEY `dmo_tipcom_2` (`dmo_tipcom`),
  KEY `dmo_tercer` (`dmo_tercer`),
  KEY `dmo_auxili` (`dmo_auxili`)
) ENGINE=MyISAM DEFAULT CHARSET=latin1;
/*!40101 SET character_set_client = @saved_cs_client */;

--
-- Dumping data for table `detmovto_niif`
--

LOCK TABLES `detmovto_niif` WRITE;
/*!40000 ALTER TABLE `detmovto_niif` DISABLE KEYS */;
INSERT INTO `detmovto_niif` (`dmo_tipcom`, `dmo_numero`, `dmo_secuen`, `dmo_codcta`, `dmo_tercer`, `dmo_auxili`, `dmo_codtic`, `dmo_detall`, `dmo_cheque`, `dmo_codcen`, `dmo_tipmov`, `dmo_vlrmov`, `dmo_fecreg`, `dmo_codemp`, `dmo_revela`) VALUES (111,1,1,'510101',0,0,'CAU','SUELDO','',0,1,150000.00,'2024-01-22','asexis',' '),(111,1,2,'51011901',0,0,'CAU','VIATICOS','',101011,1,100000.00,'2024-01-22','asexis',' '),(111,1,3,'240101',12685597,0,'CAU','SUELDO','',0,2,150000.00,'2024-01-22','asexis',' '),(111,1,4,'2407',0,0,'CAU','VIATICOS','',0,2,100000.00,'2024-01-22','asexis',' '),(111,2,1,'2407',0,0,'CAU','VIATICOS','',0,2,100000.00,'2024-01-22','asexis',' ');
/*!40000 ALTER TABLE `detmovto_niif` ENABLE KEYS */;
UNLOCK TABLES;

--
-- Table structure for table `detnotas`
--

DROP TABLE IF EXISTS `detnotas`;
/*!40101 SET @saved_cs_client     = @@character_set_client */;
/*!40101 SET character_set_client = utf8 */;
CREATE TABLE `detnotas` (
  `dn_numero` int(9) NOT NULL,
  `dn_codcon` int(4) NOT NULL,
  `dn_nrofac` int(9) NOT NULL,
  `dn_vlrtot` double(15,2) DEFAULT NULL,
  `dn_detalle` varchar(100) NOT NULL,
  PRIMARY KEY (`dn_numero`,`dn_codcon`,`dn_nrofac`),
  KEY `dn_numero` (`dn_numero`),
  KEY `dn_codcon` (`dn_codcon`),
  KEY `dn_nrofac` (`dn_nrofac`)
) ENGINE=InnoDB DEFAULT CHARSET=latin1;
/*!40101 SET character_set_client = @saved_cs_client */;

--
-- Dumping data for table `detnotas`
--

LOCK TABLES `detnotas` WRITE;
/*!40000 ALTER TABLE `detnotas` DISABLE KEYS */;
/*!40000 ALTER TABLE `detnotas` ENABLE KEYS */;
UNLOCK TABLES;

--
-- Table structure for table `detordenes`
--

DROP TABLE IF EXISTS `detordenes`;
/*!40101 SET @saved_cs_client     = @@character_set_client */;
/*!40101 SET character_set_client = utf8 */;
CREATE TABLE `detordenes` (
  `dor_numero` int(9) NOT NULL,
  `dor_codcon` int(9) NOT NULL,
  `dor_bodega` varchar(6) NOT NULL,
  `dor_cantid` double(15,2) DEFAULT NULL,
  `dor_vlruni` double(15,2) DEFAULT NULL,
  `dor_vlriva` double(15,2) DEFAULT NULL,
  `dor_vlrtot` double(15,2) DEFAULT NULL,
  `dor_entrega` double(15,2) NOT NULL,
  PRIMARY KEY (`dor_numero`,`dor_codcon`,`dor_bodega`),
  KEY `dor_numero` (`dor_numero`),
  KEY `dor_codcon` (`dor_codcon`)
) ENGINE=MyISAM DEFAULT CHARSET=latin1;
/*!40101 SET character_set_client = @saved_cs_client */;

--
-- Dumping data for table `detordenes`
--

LOCK TABLES `detordenes` WRITE;
/*!40000 ALTER TABLE `detordenes` DISABLE KEYS */;
/*!40000 ALTER TABLE `detordenes` ENABLE KEYS */;
UNLOCK TABLES;

--
-- Table structure for table `detped`
--

DROP TABLE IF EXISTS `detped`;
/*!40101 SET @saved_cs_client     = @@character_set_client */;
/*!40101 SET character_set_client = utf8 */;
CREATE TABLE `detped` (
  `dp_numero` int(9) NOT NULL,
  `dp_codcon` int(4) NOT NULL,
  `dp_cantid` double(15,2) DEFAULT NULL,
  `dp_vlruni` double(15,2) DEFAULT NULL,
  `dp_vlrtot` double(15,2) DEFAULT NULL,
  `dp_detalle` varchar(40) NOT NULL,
  PRIMARY KEY (`dp_numero`,`dp_codcon`),
  KEY `dp_codcon` (`dp_codcon`)
) ENGINE=MyISAM DEFAULT CHARSET=latin1;
/*!40101 SET character_set_client = @saved_cs_client */;

--
-- Dumping data for table `detped`
--

LOCK TABLES `detped` WRITE;
/*!40000 ALTER TABLE `detped` DISABLE KEYS */;
/*!40000 ALTER TABLE `detped` ENABLE KEYS */;
UNLOCK TABLES;

--
-- Table structure for table `detped_cxp`
--

DROP TABLE IF EXISTS `detped_cxp`;
/*!40101 SET @saved_cs_client     = @@character_set_client */;
/*!40101 SET character_set_client = utf8 */;
CREATE TABLE `detped_cxp` (
  `dp_numero` int(9) NOT NULL,
  `dp_codcon` int(4) NOT NULL,
  `dp_cantid` double(15,2) DEFAULT NULL,
  `dp_vlruni` double(15,2) DEFAULT NULL,
  `dp_vlrtot` double(15,2) DEFAULT NULL,
  `dp_detalle` varchar(40) NOT NULL,
  `dp_iva` char(12) NOT NULL,
  `dp_retencion` char(12) NOT NULL,
  `dp_reteica` char(12) NOT NULL,
  `dp_retebom` char(12) NOT NULL,
  `dp_reteiva` char(12) NOT NULL,
  `dp_vlriva` double(15,2) NOT NULL,
  `dp_vlretencion` double(15,2) NOT NULL,
  `dp_vlreteica` double(15,2) NOT NULL,
  `dp_vlretebom` double(15,2) NOT NULL,
  `dp_vlreteiva` double(15,2) NOT NULL,
  `dp_vlrcxp` double(15,2) NOT NULL,
  PRIMARY KEY (`dp_numero`,`dp_codcon`),
  KEY `dp_codcon` (`dp_codcon`)
) ENGINE=MyISAM DEFAULT CHARSET=latin1;
/*!40101 SET character_set_client = @saved_cs_client */;

--
-- Dumping data for table `detped_cxp`
--

LOCK TABLES `detped_cxp` WRITE;
/*!40000 ALTER TABLE `detped_cxp` DISABLE KEYS */;
/*!40000 ALTER TABLE `detped_cxp` ENABLE KEYS */;
UNLOCK TABLES;

--
-- Table structure for table `detped_fe`
--

DROP TABLE IF EXISTS `detped_fe`;
/*!40101 SET @saved_cs_client     = @@character_set_client */;
/*!40101 SET character_set_client = utf8 */;
CREATE TABLE `detped_fe` (
  `dp_numero` int(9) NOT NULL,
  `dp_codcon` int(4) NOT NULL,
  `dp_cantid` double(15,2) DEFAULT NULL,
  `dp_vlruni` double(15,2) DEFAULT NULL,
  `dp_vlrtot` double(15,2) DEFAULT NULL,
  `dp_detalle` varchar(80) NOT NULL,
  `dp_iva` char(12) NOT NULL,
  `dp_vlriva` double(15,2) NOT NULL,
  `dp_vlrfe` double(15,2) NOT NULL,
  PRIMARY KEY (`dp_numero`,`dp_codcon`)
) ENGINE=MyISAM DEFAULT CHARSET=latin1;
/*!40101 SET character_set_client = @saved_cs_client */;

--
-- Dumping data for table `detped_fe`
--

LOCK TABLES `detped_fe` WRITE;
/*!40000 ALTER TABLE `detped_fe` DISABLE KEYS */;
/*!40000 ALTER TABLE `detped_fe` ENABLE KEYS */;
UNLOCK TABLES;

--
-- Table structure for table `detpedcom`
--

DROP TABLE IF EXISTS `detpedcom`;
/*!40101 SET @saved_cs_client     = @@character_set_client */;
/*!40101 SET character_set_client = utf8 */;
CREATE TABLE `detpedcom` (
  `dpc_numero` int(9) NOT NULL,
  `dpc_codcon` int(9) NOT NULL,
  `dpc_cantid` double(15,2) DEFAULT NULL,
  `dpc_vlruni` double(15,2) DEFAULT NULL,
  `dpc_vlrtot` double(15,2) DEFAULT NULL,
  `dpc_iva` double(6,2) NOT NULL,
  `observacion` text,
  PRIMARY KEY (`dpc_numero`,`dpc_codcon`),
  KEY `dpc_codcon` (`dpc_codcon`)
) ENGINE=MyISAM DEFAULT CHARSET=latin1;
/*!40101 SET character_set_client = @saved_cs_client */;

--
-- Dumping data for table `detpedcom`
--

LOCK TABLES `detpedcom` WRITE;
/*!40000 ALTER TABLE `detpedcom` DISABLE KEYS */;
/*!40000 ALTER TABLE `detpedcom` ENABLE KEYS */;
UNLOCK TABLES;

--
-- Table structure for table `detpedes`
--

DROP TABLE IF EXISTS `detpedes`;
/*!40101 SET @saved_cs_client     = @@character_set_client */;
/*!40101 SET character_set_client = utf8 */;
CREATE TABLE `detpedes` (
  `dpd_numero` int(9) NOT NULL,
  `dpd_codcon` int(4) NOT NULL,
  `dpd_nrofac` int(9) NOT NULL DEFAULT '0',
  `dpd_vlrtot` double(15,2) DEFAULT NULL,
  PRIMARY KEY (`dpd_numero`,`dpd_codcon`,`dpd_nrofac`),
  KEY `dpd_codcon` (`dpd_codcon`)
) ENGINE=MyISAM DEFAULT CHARSET=latin1;
/*!40101 SET character_set_client = @saved_cs_client */;

--
-- Dumping data for table `detpedes`
--

LOCK TABLES `detpedes` WRITE;
/*!40000 ALTER TABLE `detpedes` DISABLE KEYS */;
/*!40000 ALTER TABLE `detpedes` ENABLE KEYS */;
UNLOCK TABLES;

--
-- Table structure for table `detpedno`
--

DROP TABLE IF EXISTS `detpedno`;
/*!40101 SET @saved_cs_client     = @@character_set_client */;
/*!40101 SET character_set_client = utf8 */;
CREATE TABLE `detpedno` (
  `dpn_numero` int(9) NOT NULL,
  `dpn_codcon` int(9) NOT NULL,
  `dpn_nrofac` int(9) NOT NULL DEFAULT '0',
  `dpn_vlrtot` double(15,2) DEFAULT NULL,
  `dpn_detalle` varchar(100) NOT NULL,
  PRIMARY KEY (`dpn_numero`,`dpn_codcon`,`dpn_nrofac`),
  KEY `dpn_codcon` (`dpn_codcon`)
) ENGINE=InnoDB DEFAULT CHARSET=latin1;
/*!40101 SET character_set_client = @saved_cs_client */;

--
-- Dumping data for table `detpedno`
--

LOCK TABLES `detpedno` WRITE;
/*!40000 ALTER TABLE `detpedno` DISABLE KEYS */;
/*!40000 ALTER TABLE `detpedno` ENABLE KEYS */;
UNLOCK TABLES;

--
-- Table structure for table `detpedped`
--

DROP TABLE IF EXISTS `detpedped`;
/*!40101 SET @saved_cs_client     = @@character_set_client */;
/*!40101 SET character_set_client = utf8 */;
CREATE TABLE `detpedped` (
  `dpp_numero` int(9) NOT NULL,
  `dpp_codcon` int(9) NOT NULL,
  `dpp_cantid` double(15,2) DEFAULT NULL,
  PRIMARY KEY (`dpp_numero`,`dpp_codcon`),
  KEY `dpp_codcon` (`dpp_codcon`),
  KEY `dpp_numero` (`dpp_numero`)
) ENGINE=MyISAM DEFAULT CHARSET=latin1;
/*!40101 SET character_set_client = @saved_cs_client */;

--
-- Dumping data for table `detpedped`
--

LOCK TABLES `detpedped` WRITE;
/*!40000 ALTER TABLE `detpedped` DISABLE KEYS */;
/*!40000 ALTER TABLE `detpedped` ENABLE KEYS */;
UNLOCK TABLES;

--
-- Table structure for table `detpedre`
--

DROP TABLE IF EXISTS `detpedre`;
/*!40101 SET @saved_cs_client     = @@character_set_client */;
/*!40101 SET character_set_client = utf8 */;
CREATE TABLE `detpedre` (
  `dpr_numero` int(9) NOT NULL,
  `dpr_codcon` int(4) NOT NULL,
  `dpr_nrofac` int(9) NOT NULL DEFAULT '0',
  `dpr_vlrtot` double(15,2) DEFAULT NULL,
  `dpr_detalle` varchar(100) NOT NULL,
  PRIMARY KEY (`dpr_numero`,`dpr_codcon`,`dpr_nrofac`),
  KEY `dpr_codcon` (`dpr_codcon`)
) ENGINE=MyISAM DEFAULT CHARSET=latin1;
/*!40101 SET character_set_client = @saved_cs_client */;

--
-- Dumping data for table `detpedre`
--

LOCK TABLES `detpedre` WRITE;
/*!40000 ALTER TABLE `detpedre` DISABLE KEYS */;
/*!40000 ALTER TABLE `detpedre` ENABLE KEYS */;
UNLOCK TABLES;

--
-- Table structure for table `detpedre_nom`
--

DROP TABLE IF EXISTS `detpedre_nom`;
/*!40101 SET @saved_cs_client     = @@character_set_client */;
/*!40101 SET character_set_client = utf8 */;
CREATE TABLE `detpedre_nom` (
  `dpr_numero` int(9) NOT NULL,
  `dpr_cuenta` char(12) NOT NULL,
  `dpr_ccosto` int(6) NOT NULL DEFAULT '0',
  `dpr_vlrtot` double(15,2) DEFAULT NULL,
  PRIMARY KEY (`dpr_numero`,`dpr_cuenta`,`dpr_ccosto`),
  KEY `dpr_cuenta` (`dpr_cuenta`)
) ENGINE=MyISAM DEFAULT CHARSET=latin1;
/*!40101 SET character_set_client = @saved_cs_client */;

--
-- Dumping data for table `detpedre_nom`
--

LOCK TABLES `detpedre_nom` WRITE;
/*!40000 ALTER TABLE `detpedre_nom` DISABLE KEYS */;
/*!40000 ALTER TABLE `detpedre_nom` ENABLE KEYS */;
UNLOCK TABLES;

--
-- Table structure for table `detpedrec`
--

DROP TABLE IF EXISTS `detpedrec`;
/*!40101 SET @saved_cs_client     = @@character_set_client */;
/*!40101 SET character_set_client = utf8 */;
CREATE TABLE `detpedrec` (
  `dpr_numero` int(9) NOT NULL,
  `dpr_codcon` int(4) NOT NULL,
  `dpr_nrofac` int(9) NOT NULL DEFAULT '0',
  `dpr_vlrtot` double(15,2) DEFAULT NULL,
  `dpr_detalle` char(60) NOT NULL,
  PRIMARY KEY (`dpr_numero`,`dpr_codcon`,`dpr_nrofac`),
  KEY `dpr_codcon` (`dpr_codcon`)
) ENGINE=MyISAM DEFAULT CHARSET=latin1;
/*!40101 SET character_set_client = @saved_cs_client */;

--
-- Dumping data for table `detpedrec`
--

LOCK TABLES `detpedrec` WRITE;
/*!40000 ALTER TABLE `detpedrec` DISABLE KEYS */;
/*!40000 ALTER TABLE `detpedrec` ENABLE KEYS */;
UNLOCK TABLES;

--
-- Table structure for table `detpedrec2`
--

DROP TABLE IF EXISTS `detpedrec2`;
/*!40101 SET @saved_cs_client     = @@character_set_client */;
/*!40101 SET character_set_client = utf8 */;
CREATE TABLE `detpedrec2` (
  `dpr_numero` int(9) NOT NULL,
  `dpr_codcon` varchar(20) NOT NULL,
  `dpr_tercer` varchar(15) NOT NULL DEFAULT '0',
  `dpr_vlrtot` double(15,2) DEFAULT NULL,
  PRIMARY KEY (`dpr_numero`,`dpr_codcon`,`dpr_tercer`),
  KEY `dpr_codcon` (`dpr_codcon`)
) ENGINE=MyISAM DEFAULT CHARSET=latin1;
/*!40101 SET character_set_client = @saved_cs_client */;

--
-- Dumping data for table `detpedrec2`
--

LOCK TABLES `detpedrec2` WRITE;
/*!40000 ALTER TABLE `detpedrec2` DISABLE KEYS */;
/*!40000 ALTER TABLE `detpedrec2` ENABLE KEYS */;
UNLOCK TABLES;

--
-- Table structure for table `detpedsal`
--

DROP TABLE IF EXISTS `detpedsal`;
/*!40101 SET @saved_cs_client     = @@character_set_client */;
/*!40101 SET character_set_client = utf8 */;
CREATE TABLE `detpedsal` (
  `dps_numero` int(9) NOT NULL,
  `dps_codcon` int(4) NOT NULL,
  `dps_cantid` double(15,2) DEFAULT NULL,
  `dps_vlruni` double(15,2) NOT NULL,
  `dps_vlrtot` double(15,2) DEFAULT NULL,
  PRIMARY KEY (`dps_numero`,`dps_codcon`),
  KEY `dps_codcon` (`dps_codcon`)
) ENGINE=MyISAM DEFAULT CHARSET=latin1;
/*!40101 SET character_set_client = @saved_cs_client */;

--
-- Dumping data for table `detpedsal`
--

LOCK TABLES `detpedsal` WRITE;
/*!40000 ALTER TABLE `detpedsal` DISABLE KEYS */;
/*!40000 ALTER TABLE `detpedsal` ENABLE KEYS */;
UNLOCK TABLES;

--
-- Table structure for table `detrecaudo`
--

DROP TABLE IF EXISTS `detrecaudo`;
/*!40101 SET @saved_cs_client     = @@character_set_client */;
/*!40101 SET character_set_client = utf8 */;
CREATE TABLE `detrecaudo` (
  `drec_numero` int(9) NOT NULL,
  `drec_codcta` varchar(25) NOT NULL,
  `drec_vlrtot` double(15,2) DEFAULT NULL,
  PRIMARY KEY (`drec_numero`,`drec_codcta`),
  KEY `drec_numero` (`drec_numero`),
  KEY `drec_codcta` (`drec_codcta`)
) ENGINE=MyISAM DEFAULT CHARSET=latin1;
/*!40101 SET character_set_client = @saved_cs_client */;

--
-- Dumping data for table `detrecaudo`
--

LOCK TABLES `detrecaudo` WRITE;
/*!40000 ALTER TABLE `detrecaudo` DISABLE KEYS */;
INSERT INTO `detrecaudo` (`drec_numero`, `drec_codcta`, `drec_vlrtot`) VALUES (220001,'101010101',101671.40),(220001,'102010101',24764.60),(220002,'101010101',746187.40),(220002,'102010101',198976.60),(220003,'101010101',361250.60),(220003,'102010101',47649.40),(220004,'101010101',1216506.41),(220004,'102010101',249104.70),(220004,'101010104',15188.89),(220005,'101010101',231877.40),(220005,'102010101',88022.60),(220006,'101010101',1181113.67),(220006,'102010101',267728.00),(220006,'101010104',46458.33),(220007,'101010101',231623.20),(220007,'102010101',13001.90),(220008,'101010101',789373.53),(220008,'102010101',104234.70),(220008,'101010104',34464.70),(220008,'102010104',4201.97),(220009,'101010101',205962.40),(220009,'102010101',15537.60),(220010,'101010101',719467.70),(220010,'102010101',130932.30),(220011,'101010101',94464.40),(220011,'102010101',13235.60),(220012,'101010101',423461.60),(220012,'102010101',57638.40),(220013,'101010101',326250.80),(220013,'102010101',55649.20),(220014,'101010101',859794.43),(220014,'102010101',204608.90),(220014,'101010104',13016.67),(220015,'101010101',257432.40),(220015,'102010101',22367.60),(220016,'101010101',603171.10),(220016,'102010101',57578.90),(220016,'101010104',28750.00),(220017,'101010101',196994.10),(220017,'102010101',19705.90),(220018,'101010101',377659.20),(220018,'102010101',72840.80),(220019,'101010101',204824.90),(220019,'102010101',10975.10),(220020,'101010101',362475.00),(220020,'102010101',52625.00),(220021,'101010101',210404.00),(220021,'102010101',196.00),(220022,'101010101',513905.20),(220022,'102010101',67094.80),(220023,'101010101',145549.30),(220023,'102010101',12650.70),(220024,'101010101',513421.97),(220024,'102010101',71094.70),(220024,'101010104',20983.33),(220025,'101010101',67300.00),(220026,'101010101',310577.62),(220026,'102010101',54544.60),(220026,'101010104',6134.06),(220026,'102010104',1643.72),(220027,'101010101',182127.80),(220027,'102010101',4872.20),(220028,'101010101',201063.43),(220028,'102010101',17844.90),(220028,'101010104',11991.67),(220029,'101010101',62812.20),(220029,'102010101',9487.80),(220030,'101010101',185202.40),(220030,'102010101',35960.10),(220030,'101010104',12537.50),(220031,'101010101',229999.70),(220031,'102010101',14700.30),(220032,'101010101',288937.50),(220032,'102010101',48562.50),(220033,'101010101',101671.40),(220033,'102010101',24764.60),(220034,'101010101',746187.40),(220034,'102010101',198976.60),(220035,'101010101',361250.60),(220035,'102010101',47649.40),(220036,'101010101',1216506.41),(220036,'102010101',249104.70),(220036,'101010104',15188.89),(220037,'101010101',231877.40),(220037,'102010101',88022.60),(220038,'101010101',1181113.67),(220038,'102010101',267728.00),(220038,'101010104',46458.33),(220039,'101010101',231623.20),(220039,'102010101',13001.90),(220040,'101010101',789373.53),(220040,'102010101',104234.70),(220040,'101010104',34464.70),(220040,'102010104',4201.97),(220041,'101010101',205962.40),(220041,'102010101',15537.60),(220042,'101010101',719467.70),(220042,'102010101',130932.30),(220043,'101010101',94464.40),(220043,'102010101',13235.60),(220044,'101010101',423461.60),(220044,'102010101',57638.40),(220045,'101010101',326250.80),(220045,'102010101',55649.20),(220046,'101010101',859794.43),(220046,'102010101',204608.90),(220046,'101010104',13016.67),(220047,'101010101',257432.40),(220047,'102010101',22367.60),(220048,'101010101',603171.10),(220048,'102010101',57578.90),(220048,'101010104',28750.00),(220049,'101010101',196994.10),(220049,'102010101',19705.90),(220050,'101010101',377659.20),(220050,'102010101',72840.80),(220051,'101010101',204824.90),(220051,'102010101',10975.10),(220052,'101010101',362475.00),(220052,'102010101',52625.00),(220053,'101010101',210404.00),(220053,'102010101',196.00),(220054,'101010101',513905.20),(220054,'102010101',67094.80),(220055,'101010101',145549.30),(220055,'102010101',12650.70),(220056,'101010101',513421.97),(220056,'102010101',71094.70),(220056,'101010104',20983.33),(220057,'101010101',67300.00),(220058,'101010101',310577.62),(220058,'102010101',54544.60),(220058,'101010104',6134.06),(220058,'102010104',1643.72),(220059,'101010101',182127.80),(220059,'102010101',4872.20),(220060,'101010101',201063.43),(220060,'102010101',17844.90),(220060,'101010104',11991.67),(220061,'101010101',62812.20),(220061,'102010101',9487.80),(220062,'101010101',185202.40),(220062,'102010101',35960.10),(220062,'101010104',12537.50),(220063,'101010101',229999.70),(220063,'102010101',14700.30),(220064,'101010101',288937.50),(220064,'102010101',48562.50),(220065,'101010101',101671.40),(220065,'102010101',24764.60),(220066,'101010101',746187.40),(220066,'102010101',198976.60),(220067,'101010101',361250.60),(220067,'102010101',47649.40),(220068,'101010101',1216506.41),(220068,'102010101',249104.70),(220068,'101010104',15188.89),(220069,'101010101',231877.40),(220069,'102010101',88022.60),(220070,'101010101',1181113.67),(220070,'102010101',267728.00),(220070,'101010104',46458.33),(220071,'101010101',231623.20),(220071,'102010101',13001.90),(220072,'101010101',789373.53),(220072,'102010101',104234.70),(220072,'101010104',34464.70),(220072,'102010104',4201.97),(220073,'101010101',205962.40),(220073,'102010101',15537.60),(220074,'101010101',719467.70),(220074,'102010101',130932.30),(220075,'101010101',94464.40),(220075,'102010101',13235.60),(220076,'101010101',423461.60),(220076,'102010101',57638.40),(220077,'101010101',326250.80),(220077,'102010101',55649.20),(220078,'101010101',859794.43),(220078,'102010101',204608.90),(220078,'101010104',13016.67),(220079,'101010101',257432.40),(220079,'102010101',22367.60),(220080,'101010101',603171.10),(220080,'102010101',57578.90),(220080,'101010104',28750.00),(220081,'101010101',196994.10),(220081,'102010101',19705.90),(220082,'101010101',377659.20),(220082,'102010101',72840.80),(220083,'101010101',204824.90),(220083,'102010101',10975.10),(220084,'101010101',362475.00),(220084,'102010101',52625.00),(220085,'101010101',210404.00),(220085,'102010101',196.00),(220086,'101010101',513905.20),(220086,'102010101',67094.80),(220087,'101010101',145549.30),(220087,'102010101',12650.70),(220088,'101010101',513421.97),(220088,'102010101',71094.70),(220088,'101010104',20983.33),(220089,'101010101',67300.00),(220090,'101010101',310577.62),(220090,'102010101',54544.60),(220090,'101010104',6134.06),(220090,'102010104',1643.72),(220091,'101010101',182127.80),(220091,'102010101',4872.20),(220092,'101010101',201063.43),(220092,'102010101',17844.90),(220092,'101010104',11991.67),(220093,'101010101',62812.20),(220093,'102010101',9487.80),(220094,'101010101',185202.40),(220094,'102010101',35960.10),(220094,'101010104',12537.50),(220095,'101010101',229999.70),(220095,'102010101',14700.30),(220096,'101010101',288937.50),(220096,'102010101',48562.50),(220097,'101010101',101671.40),(220097,'102010101',24764.60),(220098,'101010101',746187.40),(220098,'102010101',198976.60),(220099,'101010101',361250.60),(220099,'102010101',47649.40),(220100,'101010101',1216506.41),(220100,'102010101',249104.70),(220100,'101010104',15188.89),(220101,'101010101',231877.40),(220101,'102010101',88022.60),(220102,'101010101',1181113.67),(220102,'102010101',267728.00),(220102,'101010104',46458.33),(220103,'101010101',231623.20),(220103,'102010101',13001.90),(220104,'101010101',789373.53),(220104,'102010101',104234.70),(220104,'101010104',34464.70),(220104,'102010104',4201.97),(220105,'101010101',205962.40),(220105,'102010101',15537.60),(220106,'101010101',719467.70),(220106,'102010101',130932.30),(220107,'101010101',94464.40),(220107,'102010101',13235.60),(220108,'101010101',423461.60),(220108,'102010101',57638.40),(220109,'101010101',326250.80),(220109,'102010101',55649.20),(220110,'101010101',859794.43),(220110,'102010101',204608.90),(220110,'101010104',13016.67),(220111,'101010101',257432.40),(220111,'102010101',22367.60),(220112,'101010101',603171.10),(220112,'102010101',57578.90),(220112,'101010104',28750.00),(220113,'101010101',196994.10),(220113,'102010101',19705.90),(220114,'101010101',377659.20),(220114,'102010101',72840.80),(220115,'101010101',204824.90),(220115,'102010101',10975.10),(220116,'101010101',362475.00),(220116,'102010101',52625.00),(220117,'101010101',210404.00),(220117,'102010101',196.00),(220118,'101010101',513905.20),(220118,'102010101',67094.80),(220119,'101010101',145549.30),(220119,'102010101',12650.70),(220120,'101010101',513421.97),(220120,'102010101',71094.70),(220120,'101010104',20983.33),(220121,'101010101',67300.00),(220122,'101010101',310577.62),(220122,'102010101',54544.60),(220122,'101010104',6134.06),(220122,'102010104',1643.72),(220123,'101010101',182127.80),(220123,'102010101',4872.20),(220124,'101010101',201063.43),(220124,'102010101',17844.90),(220124,'101010104',11991.67),(220125,'101010101',62812.20),(220125,'102010101',9487.80),(220126,'101010101',185202.40),(220126,'102010101',35960.10),(220126,'101010104',12537.50),(220127,'101010101',229999.70),(220127,'102010101',14700.30),(220128,'101010101',288937.50),(220128,'102010101',48562.50),(220129,'101010101',417882.10),(220129,'102010101',42217.90),(220130,'101010101',1207885.50),(220130,'102010101',204977.00),(220130,'101010104',12537.50),(220131,'101010101',233850.50),(220131,'102010101',36449.50),(220132,'101010101',1007907.08),(220132,'102010101',217656.80),(220132,'101010104',21271.71),(220132,'102010104',2964.41),(220133,'101010101',155750.71),(220133,'102010104',9449.29),(220134,'101010101',346892.63),(220134,'102010101',52040.70),(220134,'101010104',11619.38),(220134,'102010104',47.29),(220135,'101010101',145839.30),(220135,'102010101',12760.70),(220136,'101010101',541297.60),(220136,'102010101',68702.40),(220137,'101010101',252162.20),(220137,'102010101',9637.80),(220138,'101010101',2368777.80),(220138,'102010101',130222.20),(220139,'101010101',670158.80),(220139,'102010101',213705.80),(220140,'101010101',1874546.30),(220140,'102010101',496089.10),(220140,'101010104',29090.79),(220140,'102010104',5509.21),(220141,'101010101',473153.80),(220141,'102010101',204256.40),(220142,'101010101',795574.60),(220142,'102010101',257815.20),(220142,'101010104',12500.00),(220143,'101010101',372113.20),(220143,'102010101',229079.40),(220144,'101010101',1080979.50),(220144,'102010101',345827.90),(220145,'101010101',483677.90),(220145,'102010101',137374.50),(220146,'101010101',1181915.37),(220146,'102010101',274428.90),(220146,'101010104',14583.33),(220147,'101010101',665780.40),(220147,'102010101',184466.00),(220148,'101010101',1141953.57),(220148,'102010101',280016.70),(220148,'101010104',21772.22),(220148,'102010104',5311.11),(220149,'101010101',282558.10),(220149,'102010101',51468.90),(220150,'101010101',641469.80),(220150,'102010101',255103.20),(220151,'101010101',330664.60),(220151,'102010101',58454.00),(220152,'101010101',874477.41),(220152,'102010101',202809.55),(220152,'101010104',17704.39),(220152,'102010104',2990.05),(220153,'101010101',532133.50),(220153,'102010101',34330.50),(220154,'101010101',654763.80),(220154,'102010101',107372.20),(220155,'101010101',506934.50),(220155,'102010101',7983.30),(220156,'101010101',347659.06),(220156,'102010101',35978.70),(220156,'101010104',15544.44),(220157,'101010101',417882.10),(220157,'102010101',42217.90),(220158,'101010101',1207885.50),(220158,'102010101',204977.00),(220158,'101010104',12537.50),(220159,'101010101',233850.50),(220159,'102010101',36449.50),(220160,'101010101',1007907.08),(220160,'102010101',217656.80),(220160,'101010104',21271.71),(220160,'102010104',2964.41),(220161,'101010101',155750.71),(220161,'102010104',9449.29),(220162,'101010101',346892.63),(220162,'102010101',52040.70),(220162,'101010104',11619.38),(220162,'102010104',47.29),(220163,'101010101',145839.30),(220163,'102010101',12760.70),(220164,'101010101',541297.60),(220164,'102010101',68702.40),(220165,'101010101',252162.20),(220165,'102010101',9637.80),(220166,'101010101',2368777.80),(220166,'102010101',130222.20),(220167,'101010101',670158.80),(220167,'102010101',213705.80),(220168,'101010101',1874546.30),(220168,'102010101',496089.10),(220168,'101010104',29090.79),(220168,'102010104',5509.21),(220169,'101010101',473153.80),(220169,'102010101',204256.40),(220170,'101010101',795574.60),(220170,'102010101',257815.20),(220170,'101010104',12500.00),(220171,'101010101',372113.20),(220171,'102010101',229079.40),(220172,'101010101',1080979.50),(220172,'102010101',345827.90),(220173,'101010101',483677.90),(220173,'102010101',137374.50),(220174,'101010101',1181915.37),(220174,'102010101',274428.90),(220174,'101010104',14583.33),(220175,'101010101',665780.40),(220175,'102010101',184466.00),(220176,'101010101',1141953.57),(220176,'102010101',280016.70),(220176,'101010104',21772.22),(220176,'102010104',5311.11),(220177,'101010101',282558.10),(220177,'102010101',51468.90),(220178,'101010101',641469.80),(220178,'102010101',255103.20),(220179,'101010101',330664.60),(220179,'102010101',58454.00),(220180,'101010101',874477.41),(220180,'102010101',202809.55),(220180,'101010104',17704.39),(220180,'102010104',2990.05),(220181,'101010101',532133.50),(220181,'102010101',34330.50),(220182,'101010101',654763.80),(220182,'102010101',107372.20),(220183,'101010101',506934.50),(220183,'102010101',7983.30),(220184,'101010101',347659.06),(220184,'102010101',35978.70),(220184,'101010104',15544.44),(220185,'101010101',101671.40),(220185,'102010101',24764.60),(220186,'101010101',746187.40),(220186,'102010101',198976.60),(220187,'101010101',361250.60),(220187,'102010101',47649.40),(220188,'101010101',1216506.41),(220188,'102010101',249104.70),(220188,'101010104',15188.89),(220189,'101010101',231877.40),(220189,'102010101',88022.60),(220190,'101010101',1181113.67),(220190,'102010101',267728.00),(220190,'101010104',46458.33),(220191,'101010101',231623.20),(220191,'102010101',13001.90),(220192,'101010101',789373.53),(220192,'102010101',104234.70),(220192,'101010104',34464.70),(220192,'102010104',4201.97),(220193,'101010101',205962.40),(220193,'102010101',15537.60),(220194,'101010101',719467.70),(220194,'102010101',130932.30),(220195,'101010101',94464.40),(220195,'102010101',13235.60),(220196,'101010101',423461.60),(220196,'102010101',57638.40),(220197,'101010101',326250.80),(220197,'102010101',55649.20),(220198,'101010101',859794.43),(220198,'102010101',204608.90),(220198,'101010104',13016.67),(220199,'101010101',257432.40),(220199,'102010101',22367.60),(220200,'101010101',603171.10),(220200,'102010101',57578.90),(220200,'101010104',28750.00),(220201,'101010101',196994.10),(220201,'102010101',19705.90),(220202,'101010101',377659.20),(220202,'102010101',72840.80),(220203,'101010101',204824.90),(220203,'102010101',10975.10),(220204,'101010101',362475.00),(220204,'102010101',52625.00),(220205,'101010101',210404.00),(220205,'102010101',196.00),(220206,'101010101',513905.20),(220206,'102010101',67094.80),(220207,'101010101',145549.30),(220207,'102010101',12650.70),(220208,'101010101',513421.97),(220208,'102010101',71094.70),(220208,'101010104',20983.33),(220209,'101010101',67300.00),(220210,'101010101',310577.62),(220210,'102010101',54544.60),(220210,'101010104',6134.06),(220210,'102010104',1643.72),(220211,'101010101',182127.80),(220211,'102010101',4872.20),(220212,'101010101',201063.43),(220212,'102010101',17844.90),(220212,'101010104',11991.67),(220213,'101010101',62812.20),(220213,'102010101',9487.80),(220214,'101010101',185202.40),(220214,'102010101',35960.10),(220214,'101010104',12537.50),(220215,'101010101',229999.70),(220215,'102010101',14700.30),(220216,'101010101',288937.50),(220216,'102010101',48562.50);
/*!40000 ALTER TABLE `detrecaudo` ENABLE KEYS */;
UNLOCK TABLES;

--
-- Table structure for table `detrecaudo_aju`
--

DROP TABLE IF EXISTS `detrecaudo_aju`;
/*!40101 SET @saved_cs_client     = @@character_set_client */;
/*!40101 SET character_set_client = utf8 */;
CREATE TABLE `detrecaudo_aju` (
  `dreca_numero` int(9) NOT NULL,
  `dreca_ccosto` int(6) NOT NULL,
  `dreca_codcta` varchar(25) NOT NULL,
  `dreca_vlrtot` double(15,2) DEFAULT NULL,
  PRIMARY KEY (`dreca_numero`,`dreca_ccosto`,`dreca_codcta`),
  KEY `dreca_numero` (`dreca_numero`),
  KEY `dreca_codcta` (`dreca_codcta`)
) ENGINE=MyISAM DEFAULT CHARSET=latin1;
/*!40101 SET character_set_client = @saved_cs_client */;

--
-- Dumping data for table `detrecaudo_aju`
--

LOCK TABLES `detrecaudo_aju` WRITE;
/*!40000 ALTER TABLE `detrecaudo_aju` DISABLE KEYS */;
/*!40000 ALTER TABLE `detrecaudo_aju` ENABLE KEYS */;
UNLOCK TABLES;

--
-- Table structure for table `detrecibos`
--

DROP TABLE IF EXISTS `detrecibos`;
/*!40101 SET @saved_cs_client     = @@character_set_client */;
/*!40101 SET character_set_client = utf8 */;
CREATE TABLE `detrecibos` (
  `dr_numero` int(9) NOT NULL,
  `dr_codcon` int(4) NOT NULL,
  `dr_nrofac` int(9) NOT NULL,
  `dr_vlrtot` double(15,2) DEFAULT NULL,
  `dr_detalle` varchar(100) NOT NULL,
  PRIMARY KEY (`dr_numero`,`dr_codcon`,`dr_nrofac`),
  KEY `dr_numero` (`dr_numero`),
  KEY `dr_codcon` (`dr_codcon`),
  KEY `dr_nrofac` (`dr_nrofac`)
) ENGINE=InnoDB DEFAULT CHARSET=latin1;
/*!40101 SET character_set_client = @saved_cs_client */;

--
-- Dumping data for table `detrecibos`
--

LOCK TABLES `detrecibos` WRITE;
/*!40000 ALTER TABLE `detrecibos` DISABLE KEYS */;
/*!40000 ALTER TABLE `detrecibos` ENABLE KEYS */;
UNLOCK TABLES;

--
-- Table structure for table `detrecibosp`
--

DROP TABLE IF EXISTS `detrecibosp`;
/*!40101 SET @saved_cs_client     = @@character_set_client */;
/*!40101 SET character_set_client = utf8 */;
CREATE TABLE `detrecibosp` (
  `dr_numero` int(9) NOT NULL,
  `dr_codcon` int(4) NOT NULL,
  `dr_nrofac` int(9) NOT NULL,
  `dr_vlrtot` float(15,2) DEFAULT NULL,
  `dr_detalle` char(60) NOT NULL,
  PRIMARY KEY (`dr_numero`,`dr_codcon`,`dr_nrofac`),
  KEY `dr_numero` (`dr_numero`),
  KEY `dr_codcon` (`dr_codcon`),
  KEY `dr_nrofac` (`dr_nrofac`)
) ENGINE=MyISAM DEFAULT CHARSET=latin1;
/*!40101 SET character_set_client = @saved_cs_client */;

--
-- Dumping data for table `detrecibosp`
--

LOCK TABLES `detrecibosp` WRITE;
/*!40000 ALTER TABLE `detrecibosp` DISABLE KEYS */;
/*!40000 ALTER TABLE `detrecibosp` ENABLE KEYS */;
UNLOCK TABLES;

--
-- Table structure for table `detrecibosp2`
--

DROP TABLE IF EXISTS `detrecibosp2`;
/*!40101 SET @saved_cs_client     = @@character_set_client */;
/*!40101 SET character_set_client = utf8 */;
CREATE TABLE `detrecibosp2` (
  `dr_numero` int(9) NOT NULL,
  `dr_codcon` varchar(15) NOT NULL,
  `dr_tercer` varchar(15) NOT NULL,
  `dr_vlrtot` float(15,2) DEFAULT NULL,
  PRIMARY KEY (`dr_numero`,`dr_codcon`,`dr_tercer`),
  KEY `dr_numero` (`dr_numero`),
  KEY `dr_codcon` (`dr_codcon`),
  KEY `dr_nrofac` (`dr_tercer`)
) ENGINE=MyISAM DEFAULT CHARSET=latin1;
/*!40101 SET character_set_client = @saved_cs_client */;

--
-- Dumping data for table `detrecibosp2`
--

LOCK TABLES `detrecibosp2` WRITE;
/*!40000 ALTER TABLE `detrecibosp2` DISABLE KEYS */;
INSERT INTO `detrecibosp2` (`dr_numero`, `dr_codcon`, `dr_tercer`, `dr_vlrtot`) VALUES (220006,'24360501','5124670',60000.00);
/*!40000 ALTER TABLE `detrecibosp2` ENABLE KEYS */;
UNLOCK TABLES;

--
-- Table structure for table `detrecibosp_nom`
--

DROP TABLE IF EXISTS `detrecibosp_nom`;
/*!40101 SET @saved_cs_client     = @@character_set_client */;
/*!40101 SET character_set_client = utf8 */;
CREATE TABLE `detrecibosp_nom` (
  `dr_numero` int(9) NOT NULL,
  `dr_cuenta` char(12) NOT NULL,
  `dr_ccosto` int(6) NOT NULL,
  `dr_vlrtot` double(15,2) DEFAULT NULL,
  `dr_detalle` char(60) NOT NULL,
  PRIMARY KEY (`dr_numero`,`dr_cuenta`,`dr_ccosto`),
  KEY `dr_numero` (`dr_numero`),
  KEY `dr_codcon` (`dr_cuenta`),
  KEY `dr_nrofac` (`dr_ccosto`)
) ENGINE=MyISAM DEFAULT CHARSET=latin1;
/*!40101 SET character_set_client = @saved_cs_client */;

--
-- Dumping data for table `detrecibosp_nom`
--

LOCK TABLES `detrecibosp_nom` WRITE;
/*!40000 ALTER TABLE `detrecibosp_nom` DISABLE KEYS */;
INSERT INTO `detrecibosp_nom` (`dr_numero`, `dr_cuenta`, `dr_ccosto`, `dr_vlrtot`, `dr_detalle`) VALUES (220001,'25110101',100000,1283211.00,''),(220002,'25110101',100000,1525117.00,''),(220003,'25110101',100000,1261598.00,''),(220004,'25110101',100000,1261598.00,''),(220005,'25110101',100000,890748.00,''),(220006,'25110101',100000,1327317.00,''),(220007,'25110101',100000,1020062.00,''),(220008,'25110101',100000,924418.00,''),(220009,'25110101',100000,627101.00,''),(220010,'25110101',100000,1104000.00,''),(220010,'25110101',200000,1104000.00,''),(220011,'25110101',100000,1261598.00,''),(220012,'25110101',100000,1501414.00,''),(220013,'25110101',100000,773334.00,''),(220014,'25110101',100000,1422166.00,''),(220015,'25110101',100000,1364721.00,''),(220016,'25110101',100000,1329731.00,''),(220017,'25110101',100000,-500239.00,''),(220018,'25110101',100000,1627101.00,''),(220019,'25110101',100000,1612756.00,''),(220020,'25110101',100000,1261598.00,''),(220021,'25110101',100000,1261598.00,''),(220022,'25110101',100000,1298886.00,''),(220023,'25110101',100000,1339907.00,''),(220024,'25110101',100000,1298886.00,''),(220025,'25110101',100000,1545998.00,''),(220026,'25110101',100000,1661366.00,''),(220027,'25110101',100000,1104000.00,''),(220027,'25110101',200000,1104000.00,''),(220028,'25110101',100000,1261598.00,''),(220029,'25110101',100000,1501414.00,''),(220030,'25110101',100000,1625052.00,''),(220031,'25110101',100000,1422166.00,''),(220032,'25110101',100000,1394203.00,''),(220033,'25110101',100000,1348354.00,''),(220034,'25110101',100000,1545998.00,''),(220035,'25110101',100000,1252761.00,''),(220036,'25110101',100000,1470075.00,''),(220037,'25110101',100000,1261598.00,''),(220038,'25110101',100000,1261598.00,''),(220039,'25110101',100000,890748.00,''),(220040,'25110101',100000,1327317.00,''),(220041,'25110101',100000,1020062.00,''),(220042,'25110101',100000,924418.00,''),(220043,'25110101',100000,350764.00,''),(220044,'25110101',100000,1104000.00,''),(220044,'25110101',200000,1104000.00,''),(220045,'25110101',100000,1261598.00,''),(220046,'25110101',100000,1501414.00,''),(220047,'25110101',100000,793830.00,''),(220048,'25110101',100000,1408236.00,''),(220049,'25110101',100000,1381613.00,''),(220050,'25110101',100000,1335764.00,''),(220051,'25110101',100000,-507367.00,''),(220052,'25110101',100000,1252761.00,''),(220053,'25110101',100000,1470075.00,''),(220054,'25110101',100000,1261598.00,''),(220055,'25110101',100000,1261598.00,''),(220056,'25110101',100000,890748.00,''),(220057,'25110101',100000,1327317.00,''),(220058,'25110101',100000,1020062.00,''),(220059,'25110101',100000,924418.00,''),(220060,'25110101',100000,350764.00,''),(220061,'25110101',100000,1104000.00,''),(220061,'25110101',200000,1104000.00,''),(220062,'25110101',100000,1261598.00,''),(220063,'25110101',100000,1501414.00,''),(220064,'25110101',100000,793830.00,''),(220065,'25110101',100000,1408236.00,''),(220066,'25110101',100000,1381613.00,''),(220067,'25110101',100000,1335764.00,''),(220068,'25110101',100000,-507367.00,''),(220069,'25110101',100000,1738556.00,''),(220070,'25110101',100000,2142374.00,''),(220071,'25110101',100000,1238164.00,''),(220072,'25110101',100000,1238164.00,''),(220073,'25110101',100000,1007920.00,''),(220074,'25110101',100000,1477067.00,''),(220075,'25110101',100000,1137234.00,''),(220076,'25110101',100000,1041590.00,''),(220077,'25110101',100000,-699707.00,''),(220078,'25110101',100000,1104000.00,''),(220078,'25110101',200000,1104000.00,''),(220079,'25110101',100000,1238164.00,''),(220080,'25110101',100000,1477980.00,''),(220081,'25110101',100000,931497.00,''),(220082,'25110101',100000,1525408.00,''),(220083,'25110101',100000,1498785.00,''),(220084,'25110101',100000,1481893.00,''),(220085,'25110101',100000,-507367.00,''),(220086,'25110101',100000,1958082.00,''),(220087,'25110101',100000,2257989.00,''),(220088,'25110101',100000,1238164.00,''),(220089,'25110101',100000,1238164.00,''),(220090,'25110101',100000,867314.00,''),(220091,'25110101',100000,1518649.00,''),(220092,'25110101',100000,996628.00,''),(220093,'25110101',100000,900984.00,''),(220094,'25110101',100000,-675544.00,''),(220095,'25110101',100000,1104000.00,''),(220095,'25110101',200000,1104000.00,''),(220096,'25110101',100000,1238164.00,''),(220097,'25110101',100000,1477980.00,''),(220098,'25110101',100000,738188.00,''),(220099,'25110101',100000,1384802.00,''),(220100,'25110101',100000,1331635.00,''),(220101,'25110101',100000,1446859.00,''),(220102,'25110101',100000,-629575.00,''),(220103,'25110101',100000,1958082.00,''),(220104,'25110101',100000,2257989.00,''),(220105,'25110101',100000,1238164.00,''),(220106,'25110101',100000,1238164.00,''),(220107,'25110101',100000,1518649.00,''),(220108,'25110101',100000,900984.00,''),(220109,'25110101',100000,-675544.00,''),(220110,'25110101',100000,1238164.00,''),(220111,'25110101',100000,738188.00,''),(220112,'25110101',100000,1384802.00,''),(220113,'25110101',100000,-629575.00,''),(220114,'25110101',100000,1288830.00,''),(220115,'25110101',100000,1520489.00,''),(220116,'25110101',100000,1238164.00,''),(220117,'25110101',100000,1238164.00,''),(220118,'25110101',100000,1007920.00,''),(220119,'25110101',100000,1433632.00,''),(220120,'25110101',100000,1137234.00,''),(220121,'25110101',100000,900984.00,''),(220122,'25110101',100000,92114.00,''),(220123,'25110101',100000,1104000.00,''),(220123,'25110101',200000,1104000.00,''),(220124,'25110101',100000,1238164.00,''),(220125,'25110101',100000,1477980.00,''),(220126,'25110101',100000,861227.00,''),(220127,'25110101',100000,1525408.00,''),(220128,'25110101',100000,1451730.00,''),(220129,'25110101',100000,1427599.00,''),(220130,'25110101',100000,-507367.00,''),(220131,'25110101',100000,1288830.00,''),(220132,'25110101',100000,1520489.00,''),(220133,'25110101',100000,1238164.00,''),(220134,'25110101',100000,1238164.00,''),(220135,'25110101',100000,1007920.00,''),(220136,'25110101',100000,1433632.00,''),(220137,'25110101',100000,1137234.00,''),(220138,'25110101',100000,900984.00,''),(220139,'25110101',100000,92114.00,''),(220140,'25110101',100000,1104000.00,''),(220140,'25110101',200000,1104000.00,''),(220141,'25110101',100000,1238164.00,''),(220142,'25110101',100000,1477980.00,''),(220143,'25110101',100000,861227.00,''),(220144,'25110101',100000,1525408.00,''),(220145,'25110101',100000,1451730.00,''),(220146,'25110101',100000,1427599.00,''),(220147,'25110101',100000,-507367.00,''),(220148,'25110101',100000,1288830.00,''),(220149,'25110101',100000,1520489.00,''),(220150,'25110101',100000,1238164.00,''),(220151,'25110101',100000,1238164.00,''),(220152,'25110101',100000,1007920.00,''),(220153,'25110101',100000,1433632.00,''),(220154,'25110101',100000,1137234.00,''),(220155,'25110101',100000,900984.00,''),(220156,'25110101',100000,92114.00,''),(220157,'25110101',100000,1104000.00,''),(220157,'25110101',200000,1104000.00,''),(220158,'25110101',100000,1238164.00,''),(220159,'25110101',100000,1477980.00,''),(220160,'25110101',100000,861227.00,''),(220161,'25110101',100000,1525408.00,''),(220162,'25110101',100000,1451730.00,''),(220163,'25110101',100000,1427599.00,''),(220164,'25110101',100000,-507367.00,''),(220165,'25110101',100000,1288830.00,''),(220166,'25110101',100000,1520489.00,''),(220167,'25110101',100000,1238164.00,''),(220168,'25110101',100000,1238164.00,''),(220169,'25110101',100000,1007920.00,''),(220170,'25110101',100000,1433632.00,''),(220171,'25110101',100000,1137234.00,''),(220172,'25110101',100000,900984.00,''),(220173,'25110101',100000,92114.00,''),(220174,'25110101',100000,1104000.00,''),(220174,'25110101',200000,1104000.00,''),(220175,'25110101',100000,1238164.00,''),(220176,'25110101',100000,1477980.00,''),(220177,'25110101',100000,861227.00,''),(220178,'25110101',100000,1525408.00,''),(220179,'25110101',100000,1451730.00,''),(220180,'25110101',100000,1427599.00,''),(220181,'25110101',100000,-507367.00,''),(220182,'25110101',100000,1288830.00,''),(220183,'25110101',100000,1520489.00,''),(220184,'25110101',100000,1238164.00,''),(220185,'25110101',100000,1238164.00,''),(220186,'25110101',100000,1007920.00,''),(220187,'25110101',100000,1433632.00,''),(220188,'25110101',100000,1137234.00,''),(220189,'25110101',100000,900984.00,''),(220190,'25110101',100000,92114.00,''),(220191,'25110101',100000,1104000.00,''),(220191,'25110101',200000,1104000.00,''),(220192,'25110101',100000,1238164.00,''),(220193,'25110101',100000,1477980.00,''),(220194,'25110101',100000,861227.00,''),(220195,'25110101',100000,1525408.00,''),(220196,'25110101',100000,1451730.00,''),(220197,'25110101',100000,1427599.00,''),(220198,'25110101',100000,-507367.00,''),(220199,'25110101',100000,2098688.00,''),(220200,'25110101',100000,2404130.00,''),(220201,'25110101',100000,1238164.00,''),(220202,'25110101',100000,1238164.00,''),(220203,'25110101',100000,1007920.00,''),(220204,'25110101',100000,1659255.00,''),(220205,'25110101',100000,1137234.00,''),(220206,'25110101',100000,900984.00,''),(220207,'25110101',100000,92114.00,''),(220208,'25110101',100000,1104000.00,''),(220208,'25110101',200000,1104000.00,''),(220209,'25110101',100000,1238164.00,''),(220210,'25110101',100000,1477980.00,''),(220211,'25110101',100000,878794.00,''),(220212,'25110101',100000,1525408.00,''),(220213,'25110101',100000,1466208.00,''),(220214,'25110101',100000,1589274.00,''),(220215,'25110101',100000,-507367.00,''),(220216,'25110101',100000,2098688.00,''),(220217,'25110101',100000,2404130.00,''),(220218,'25110101',100000,1238164.00,''),(220219,'25110101',100000,1238164.00,''),(220220,'25110101',100000,1007920.00,''),(220221,'25110101',100000,1659255.00,''),(220222,'25110101',100000,1137234.00,''),(220223,'25110101',100000,900984.00,''),(220224,'25110101',100000,92114.00,''),(220225,'25110101',100000,1104000.00,''),(220225,'25110101',200000,1104000.00,''),(220226,'25110101',100000,1238164.00,''),(220227,'25110101',100000,1477980.00,''),(220228,'25110101',100000,878794.00,''),(220229,'25110101',100000,1525408.00,''),(220230,'25110101',100000,1466208.00,''),(220231,'25110101',100000,1589274.00,''),(220232,'25110101',100000,-507367.00,''),(220233,'25110101',100000,2098688.00,''),(220234,'25110101',100000,2404130.00,''),(220235,'25110101',100000,1238164.00,''),(220236,'25110101',100000,1238164.00,''),(220237,'25110101',100000,1007920.00,''),(220238,'25110101',100000,1659255.00,''),(220239,'25110101',100000,1137234.00,''),(220240,'25110101',100000,900984.00,''),(220241,'25110101',100000,92114.00,''),(220242,'25110101',100000,1104000.00,''),(220242,'25110101',200000,1104000.00,''),(220243,'25110101',100000,1238164.00,''),(220244,'25110101',100000,1477980.00,''),(220245,'25110101',100000,878794.00,''),(220246,'25110101',100000,1525408.00,''),(220247,'25110101',100000,1466208.00,''),(220248,'25110101',100000,1589274.00,''),(220249,'25110101',100000,-507367.00,''),(220250,'25110101',100000,2098688.00,''),(220251,'25110101',100000,2404130.00,''),(220252,'25110101',100000,1238164.00,''),(220253,'25110101',100000,1238164.00,''),(220254,'25110101',100000,1007920.00,''),(220255,'25110101',100000,1659255.00,''),(220256,'25110101',100000,1137234.00,''),(220257,'25110101',100000,900984.00,''),(220258,'25110101',100000,92114.00,''),(220259,'25110101',100000,1104000.00,''),(220259,'25110101',200000,1104000.00,''),(220260,'25110101',100000,1238164.00,''),(220261,'25110101',100000,1477980.00,''),(220262,'25110101',100000,878794.00,''),(220263,'25110101',100000,1525408.00,''),(220264,'25110101',100000,1466208.00,''),(220265,'25110101',100000,1589274.00,''),(220266,'25110101',100000,-507367.00,''),(220267,'25110101',100000,2098688.00,''),(220268,'25110101',100000,2404130.00,''),(220269,'25110101',100000,1238164.00,''),(220270,'25110101',100000,1238164.00,''),(220271,'25110101',100000,1007920.00,''),(220272,'25110101',100000,1659255.00,''),(220273,'25110101',100000,1137234.00,''),(220274,'25110101',100000,900984.00,''),(220275,'25110101',100000,92114.00,''),(220276,'25110101',100000,1104000.00,''),(220276,'25110101',200000,1104000.00,''),(220277,'25110101',100000,1238164.00,''),(220278,'25110101',100000,1477980.00,''),(220279,'25110101',100000,878794.00,''),(220280,'25110101',100000,1525408.00,''),(220281,'25110101',100000,1466208.00,''),(220282,'25110101',100000,1589274.00,''),(220283,'25110101',100000,-507367.00,''),(220284,'25110101',100000,2098688.00,''),(220285,'25110101',100000,2404130.00,''),(220286,'25110101',100000,1238164.00,''),(220287,'25110101',100000,1238164.00,''),(220288,'25110101',100000,1007920.00,''),(220289,'25110101',100000,1659255.00,''),(220290,'25110101',100000,1137234.00,''),(220291,'25110101',100000,900984.00,''),(220292,'25110101',100000,92114.00,''),(220293,'25110101',100000,1104000.00,''),(220293,'25110101',200000,1104000.00,''),(220294,'25110101',100000,1238164.00,''),(220295,'25110101',100000,1477980.00,''),(220296,'25110101',100000,878794.00,''),(220297,'25110101',100000,1525408.00,''),(220298,'25110101',100000,1466208.00,''),(220299,'25110101',100000,1589274.00,''),(220300,'25110101',100000,1015197.00,''),(220301,'25110101',100000,2098688.00,''),(220302,'25110101',100000,2404130.00,''),(220303,'25110101',100000,1238164.00,''),(220304,'25110101',100000,1238164.00,''),(220305,'25110101',100000,1007920.00,''),(220306,'25110101',100000,1659255.00,''),(220307,'25110101',100000,1137234.00,''),(220308,'25110101',100000,900984.00,''),(220309,'25110101',100000,92114.00,''),(220310,'25110101',100000,1104000.00,''),(220310,'25110101',200000,1104000.00,''),(220311,'25110101',100000,1238164.00,''),(220312,'25110101',100000,1477980.00,''),(220313,'25110101',100000,878794.00,''),(220314,'25110101',100000,1525408.00,''),(220315,'25110101',100000,1466208.00,''),(220316,'25110101',100000,1589274.00,''),(220317,'25110101',100000,1015197.00,''),(220318,'25110101',100000,2098688.00,''),(220319,'25110101',100000,2404130.00,''),(220320,'25110101',100000,1238164.00,''),(220321,'25110101',100000,1238164.00,''),(220322,'25110101',100000,1007920.00,''),(220323,'25110101',100000,1659255.00,''),(220324,'25110101',100000,1137234.00,''),(220325,'25110101',100000,1041590.00,''),(220326,'25110101',100000,1074873.00,''),(220327,'25110101',100000,1104000.00,''),(220327,'25110101',200000,1104000.00,''),(220328,'25110101',100000,1238164.00,''),(220329,'25110101',100000,1477980.00,''),(220330,'25110101',100000,878794.00,''),(220331,'25110101',100000,1525408.00,''),(220332,'25110101',100000,1466208.00,''),(220333,'25110101',100000,1589274.00,''),(220334,'25110101',100000,1015197.00,'');
/*!40000 ALTER TABLE `detrecibosp_nom` ENABLE KEYS */;
UNLOCK TABLES;

--
-- Table structure for table `detregistro`
--

DROP TABLE IF EXISTS `detregistro`;
/*!40101 SET @saved_cs_client     = @@character_set_client */;
/*!40101 SET character_set_client = utf8 */;
CREATE TABLE `detregistro` (
  `dreg_numero` int(9) NOT NULL,
  `dreg_codcta` varchar(25) NOT NULL,
  `dreg_vlrtot` double(15,2) DEFAULT NULL,
  PRIMARY KEY (`dreg_numero`,`dreg_codcta`),
  KEY `dreg_numero` (`dreg_numero`),
  KEY `dreg_codcta` (`dreg_codcta`)
) ENGINE=MyISAM DEFAULT CHARSET=latin1;
/*!40101 SET character_set_client = @saved_cs_client */;

--
-- Dumping data for table `detregistro`
--

LOCK TABLES `detregistro` WRITE;
/*!40000 ALTER TABLE `detregistro` DISABLE KEYS */;
INSERT INTO `detregistro` (`dreg_numero`, `dreg_codcta`, `dreg_vlrtot`) VALUES (220001,'2020207',34521000.00),(220002,'2010205',1000000.00),(220003,'2010201',10000000.00),(220004,'2010101',5000000.00),(220004,'2010110',1000000.00),(220004,'2010303',1500000.00),(220004,'2010304',1500000.00),(220004,'2010308',600000.00),(220004,'2020305',200000.00),(220005,'2010101',22490050.00),(220005,'2010102',448608.00),(220005,'2010104',2143349.00),(220005,'2010105',2143349.00),(220005,'2010106',257294.00),(220005,'2010107',1027030.00),(220005,'2010110',2066908.00),(220005,'2010303',2957611.00),(220005,'2010304',2094974.00),(220005,'2010305',917546.00),(220005,'2010306',739402.00),(220005,'2010307',492935.00),(220005,'2010308',500321.00),(220006,'2010203',1500000.00),(220007,'2010203',100.00),(220008,'2010203',50.00),(220009,'2010205',100.00),(220010,'2010219',150000.00);
/*!40000 ALTER TABLE `detregistro` ENABLE KEYS */;
UNLOCK TABLES;

--
-- Table structure for table `detregistroc`
--

DROP TABLE IF EXISTS `detregistroc`;
/*!40101 SET @saved_cs_client     = @@character_set_client */;
/*!40101 SET character_set_client = utf8 */;
CREATE TABLE `detregistroc` (
  `dreg_numero` int(9) NOT NULL,
  `dreg_codcta` varchar(25) NOT NULL,
  `dreg_codcen` int(6) NOT NULL,
  `dreg_vlrtot` double(15,2) DEFAULT NULL,
  PRIMARY KEY (`dreg_numero`,`dreg_codcta`,`dreg_codcen`),
  KEY `dreg_numero` (`dreg_numero`),
  KEY `dreg_codcen` (`dreg_codcen`)
) ENGINE=MyISAM DEFAULT CHARSET=latin1;
/*!40101 SET character_set_client = @saved_cs_client */;

--
-- Dumping data for table `detregistroc`
--

LOCK TABLES `detregistroc` WRITE;
/*!40000 ALTER TABLE `detregistroc` DISABLE KEYS */;
INSERT INTO `detregistroc` (`dreg_numero`, `dreg_codcta`, `dreg_codcen`, `dreg_vlrtot`) VALUES (220001,'2020207',101092,34521000.00),(220002,'2010205',101905,1000000.00),(220003,'2010201',100000,1000000.00),(220006,'2010203',101090,500000.00),(220007,'2010203',101090,1500000.00),(220008,'2010203',101090,100.00),(220009,'2010203',101090,50.00),(220010,'2010205',101011,100.00),(220011,'2010205',101750,150000.00),(220012,'2010219',101090,150000.00);
/*!40000 ALTER TABLE `detregistroc` ENABLE KEYS */;
UNLOCK TABLES;

--
-- Table structure for table `detregistroct`
--

DROP TABLE IF EXISTS `detregistroct`;
/*!40101 SET @saved_cs_client     = @@character_set_client */;
/*!40101 SET character_set_client = utf8 */;
CREATE TABLE `detregistroct` (
  `dregt_numero` int(9) NOT NULL,
  `dregt_codcta` varchar(25) NOT NULL,
  `dregt_tipcta` varchar(5) NOT NULL DEFAULT '',
  PRIMARY KEY (`dregt_numero`,`dregt_codcta`,`dregt_tipcta`),
  KEY `dregt_numero` (`dregt_numero`)
) ENGINE=MyISAM DEFAULT CHARSET=latin1;
/*!40101 SET character_set_client = @saved_cs_client */;

--
-- Dumping data for table `detregistroct`
--

LOCK TABLES `detregistroct` WRITE;
/*!40000 ALTER TABLE `detregistroct` DISABLE KEYS */;
INSERT INTO `detregistroct` (`dregt_numero`, `dregt_codcta`, `dregt_tipcta`) VALUES (220001,'2020207','1'),(220002,'2010205','1'),(220003,'2010201','1'),(220008,'2010203','1'),(220009,'2010203','1'),(220010,'2010205','1'),(220011,'2010205','1');
/*!40000 ALTER TABLE `detregistroct` ENABLE KEYS */;
UNLOCK TABLES;

--
-- Table structure for table `detregistrop`
--

DROP TABLE IF EXISTS `detregistrop`;
/*!40101 SET @saved_cs_client     = @@character_set_client */;
/*!40101 SET character_set_client = utf8 */;
CREATE TABLE `detregistrop` (
  `dregp_numero` int(9) NOT NULL,
  `dregp_codcta` varchar(25) NOT NULL,
  `dregp_vlrtot` double(15,2) DEFAULT NULL,
  `dregp_pagado` double(15,2) NOT NULL,
  PRIMARY KEY (`dregp_numero`,`dregp_codcta`),
  KEY `dregp_numero` (`dregp_numero`),
  KEY `dregp_codcta` (`dregp_codcta`)
) ENGINE=InnoDB DEFAULT CHARSET=latin1;
/*!40101 SET character_set_client = @saved_cs_client */;

--
-- Dumping data for table `detregistrop`
--

LOCK TABLES `detregistrop` WRITE;
/*!40000 ALTER TABLE `detregistrop` DISABLE KEYS */;
INSERT INTO `detregistrop` (`dregp_numero`, `dregp_codcta`, `dregp_vlrtot`, `dregp_pagado`) VALUES (220001,'2020207',34521000.00,32449740.00),(220002,'2010205',1000000.00,1000000.00),(220003,'2010201',1000000.00,940000.00),(220004,'2010101',5000000.00,0.00),(220004,'2010110',1000000.00,0.00),(220004,'2010303',1500000.00,0.00),(220004,'2010304',1500000.00,0.00),(220004,'2010308',600000.00,0.00),(220004,'2020305',200000.00,0.00),(220005,'2010101',22490050.00,0.00),(220005,'2010102',448608.00,0.00),(220005,'2010104',2143349.00,0.00),(220005,'2010105',2143349.00,0.00),(220005,'2010106',257294.00,0.00),(220005,'2010107',1027030.00,0.00),(220005,'2010110',2066908.00,0.00),(220005,'2010303',2957611.00,0.00),(220005,'2010304',2094974.00,0.00),(220005,'2010305',917546.00,0.00),(220005,'2010306',739402.00,0.00),(220005,'2010307',492935.00,0.00),(220005,'2010308',500321.00,0.00),(220006,'2010203',1500000.00,0.00),(220008,'2010203',100.00,0.00),(220009,'2010203',50.00,0.00),(220010,'2010205',100.00,0.00),(220011,'2010205',150000.00,0.00),(220012,'2010219',150000.00,0.00);
/*!40000 ALTER TABLE `detregistrop` ENABLE KEYS */;
UNLOCK TABLES;

--
-- Table structure for table `detreintegro`
--

DROP TABLE IF EXISTS `detreintegro`;
/*!40101 SET @saved_cs_client     = @@character_set_client */;
/*!40101 SET character_set_client = utf8 */;
CREATE TABLE `detreintegro` (
  `drei_numero` int(9) NOT NULL,
  `drei_codcta` varchar(25) NOT NULL,
  `drei_vlrtot` double(15,2) DEFAULT NULL,
  PRIMARY KEY (`drei_numero`,`drei_codcta`),
  KEY `drei_numero` (`drei_numero`),
  KEY `drei_codcta` (`drei_codcta`)
) ENGINE=MyISAM DEFAULT CHARSET=latin1;
/*!40101 SET character_set_client = @saved_cs_client */;

--
-- Dumping data for table `detreintegro`
--

LOCK TABLES `detreintegro` WRITE;
/*!40000 ALTER TABLE `detreintegro` DISABLE KEYS */;
/*!40000 ALTER TABLE `detreintegro` ENABLE KEYS */;
UNLOCK TABLES;

--
-- Table structure for table `detsalidas`
--

DROP TABLE IF EXISTS `detsalidas`;
/*!40101 SET @saved_cs_client     = @@character_set_client */;
/*!40101 SET character_set_client = utf8 */;
CREATE TABLE `detsalidas` (
  `ds_tipo_sa` int(1) NOT NULL,
  `ds_numero` int(9) NOT NULL,
  `ds_codcon` int(4) NOT NULL,
  `ds_cantid` double(15,2) DEFAULT NULL,
  `ds_vlruni` double(15,2) DEFAULT NULL,
  `ds_vlriva` double(15,2) DEFAULT NULL,
  `ds_vlrtot` double(15,2) DEFAULT NULL,
  PRIMARY KEY (`ds_tipo_sa`,`ds_numero`,`ds_codcon`),
  KEY `ds_codcon` (`ds_codcon`)
) ENGINE=MyISAM DEFAULT CHARSET=latin1;
/*!40101 SET character_set_client = @saved_cs_client */;

--
-- Dumping data for table `detsalidas`
--

LOCK TABLES `detsalidas` WRITE;
/*!40000 ALTER TABLE `detsalidas` DISABLE KEYS */;
/*!40000 ALTER TABLE `detsalidas` ENABLE KEYS */;
UNLOCK TABLES;

--
-- Table structure for table `detsalidasdev`
--

DROP TABLE IF EXISTS `detsalidasdev`;
/*!40101 SET @saved_cs_client     = @@character_set_client */;
/*!40101 SET character_set_client = utf8 */;
CREATE TABLE `detsalidasdev` (
  `ds_tipo_sa` int(1) NOT NULL,
  `ds_numero` int(9) NOT NULL,
  `ds_codcon` int(4) NOT NULL,
  `ds_cantid` float(9,2) DEFAULT NULL,
  `ds_vlruni` int(9) DEFAULT NULL,
  `ds_vlriva` int(9) DEFAULT NULL,
  `ds_vlrtot` int(9) DEFAULT NULL,
  PRIMARY KEY (`ds_tipo_sa`,`ds_numero`,`ds_codcon`),
  KEY `ds_codcon` (`ds_codcon`)
) ENGINE=MyISAM DEFAULT CHARSET=latin1;
/*!40101 SET character_set_client = @saved_cs_client */;

--
-- Dumping data for table `detsalidasdev`
--

LOCK TABLES `detsalidasdev` WRITE;
/*!40000 ALTER TABLE `detsalidasdev` DISABLE KEYS */;
/*!40000 ALTER TABLE `detsalidasdev` ENABLE KEYS */;
UNLOCK TABLES;

--
-- Table structure for table `dettraslado`
--

DROP TABLE IF EXISTS `dettraslado`;
/*!40101 SET @saved_cs_client     = @@character_set_client */;
/*!40101 SET character_set_client = utf8 */;
CREATE TABLE `dettraslado` (
  `dtra_numero` int(9) NOT NULL,
  `dtra_codcta` varchar(25) NOT NULL,
  `dtra_coddes` varchar(25) NOT NULL,
  `dtra_vlrtot` double(15,2) DEFAULT NULL,
  PRIMARY KEY (`dtra_numero`,`dtra_codcta`,`dtra_coddes`),
  KEY `dtra_numero` (`dtra_numero`),
  KEY `dtra_codcta` (`dtra_codcta`),
  KEY `dtra_coddes` (`dtra_codcta`),
  KEY `dettraslado_ibfk_3` (`dtra_coddes`)
) ENGINE=MyISAM DEFAULT CHARSET=latin1;
/*!40101 SET character_set_client = @saved_cs_client */;

--
-- Dumping data for table `dettraslado`
--

LOCK TABLES `dettraslado` WRITE;
/*!40000 ALTER TABLE `dettraslado` DISABLE KEYS */;
INSERT INTO `dettraslado` (`dtra_numero`, `dtra_codcta`, `dtra_coddes`, `dtra_vlrtot`) VALUES (220001,'2010205','2010206',1000000.00);
/*!40000 ALTER TABLE `dettraslado` ENABLE KEYS */;
UNLOCK TABLES;

--
-- Table structure for table `diariocol`
--

DROP TABLE IF EXISTS `diariocol`;
/*!40101 SET @saved_cs_client     = @@character_set_client */;
/*!40101 SET character_set_client = utf8 */;
CREATE TABLE `diariocol` (
  `dco_tipcom` int(3) NOT NULL,
  `dco_codcta` char(4) NOT NULL DEFAULT '',
  `dco_nombre` char(50) DEFAULT NULL,
  `dco_descri` char(30) NOT NULL,
  `dco_debmes` float(10,2) DEFAULT NULL,
  `dco_cremes` float(10,2) DEFAULT NULL,
  PRIMARY KEY (`dco_tipcom`,`dco_codcta`)
) ENGINE=MyISAM DEFAULT CHARSET=latin1;
/*!40101 SET character_set_client = @saved_cs_client */;

--
-- Dumping data for table `diariocol`
--

LOCK TABLES `diariocol` WRITE;
/*!40000 ALTER TABLE `diariocol` DISABLE KEYS */;
INSERT INTO `diariocol` (`dco_tipcom`, `dco_codcta`, `dco_nombre`, `dco_descri`, `dco_debmes`, `dco_cremes`) VALUES (140,'2436','Servicios en General (6%)','Pago Directos por cuenta',60000.00,0.00),(140,'1105','Caja Principal','Pago Directos por cuenta',0.00,60000.00),(115,'4430','Convenios Interadministrativos Recursos Municipale','Notas Debito Facturacion',0.00,71981.70),(115,'4322','Servicio de Alcantarillado Vertimiento','Notas Debito Facturacion',0.00,1442916.00),(115,'4321','Servicios de Acueducto Consumo','Notas Debito Facturacion',0.00,3794115.75),(115,'2910','Contribucion Servicio de Acueducto','Notas Debito Facturacion',0.00,8268.00),(115,'1318','Servicio de acueducto Consumo Acueducto','Notas Debito Facturacion',5317282.00,0.00),(114,'4395','Devoluciones Servicio de Acueducto','Notas Credito Facturacion',44713348.00,0.00),(114,'1318','Servicio de acueducto Cargo Fijo','Notas Credito Facturacion',0.00,44713348.00),(113,'2490','Viaticos y Gastos de viaje','Comprobante de Egreso',1000000.00,0.00),(113,'2401','Bienes y Servicios','Comprobante de Egreso',33389740.00,0.00),(113,'1110','BANCOLOMBIA CTA AHORRO 51200000447','Comprobante de Egreso',0.00,33449740.00),(113,'1105','Caja Principal','Comprobante de Egreso',0.00,940000.00),(111,'7502','Mantenimientos Operativos','Compras y Ctas x Pagar',34521000.00,0.00),(111,'5111','Viaticos y gastos de viaje','Compras y Ctas x Pagar',2000000.00,0.00),(111,'2490','Viaticos y Gastos de viaje','Compras y Ctas x Pagar',0.00,1000000.00),(111,'2436','Servicios en General (6%)','Compras y Ctas x Pagar',0.00,2131260.00),(111,'2401','Bienes y Servicios','Compras y Ctas x Pagar',0.00,33389740.00),(102,'1318','Servicio de acueducto Cargo Fijo','Recibos de Recaudo',0.00,100000000.00),(102,'1105','Caja Principal','Recibos de Recaudo',100000000.00,0.00),(101,'4430','Convenios Interadministrativos Recursos Municipale','Facturas Servicios Publicos',0.00,100000000.00),(101,'4322','Servicio de Alcantarillado Vertimiento','Facturas Servicios Publicos',0.00,100000000.00),(101,'4321','Servicios de Acueducto Consumo','Facturas Servicios Publicos',0.00,100000000.00),(101,'2910','Contribucion Servicio de Acueducto','Facturas Servicios Publicos',0.00,27239308.00),(101,'1318','Servicio de acueducto Cargo Fijo','Facturas Servicios Publicos',100000000.00,0.00);
/*!40000 ALTER TABLE `diariocol` ENABLE KEYS */;
UNLOCK TABLES;

--
-- Table structure for table `diasvaca_liq`
--

DROP TABLE IF EXISTS `diasvaca_liq`;
/*!40101 SET @saved_cs_client     = @@character_set_client */;
/*!40101 SET character_set_client = utf8 */;
CREATE TABLE `diasvaca_liq` (
  `dv_periodo` int(7) NOT NULL DEFAULT '0',
  `dv_cedula` bigint(12) NOT NULL DEFAULT '0',
  `dv_pendientes` double(15,3) DEFAULT NULL,
  `dv_disfrutados` double(15,3) DEFAULT NULL,
  `dv_generados` double(15,3) NOT NULL,
  `dv_nuevos` double(15,3) NOT NULL,
  PRIMARY KEY (`dv_periodo`,`dv_cedula`)
) ENGINE=MyISAM DEFAULT CHARSET=latin1;
/*!40101 SET character_set_client = @saved_cs_client */;

--
-- Dumping data for table `diasvaca_liq`
--

LOCK TABLES `diasvaca_liq` WRITE;
/*!40000 ALTER TABLE `diasvaca_liq` DISABLE KEYS */;
/*!40000 ALTER TABLE `diasvaca_liq` ENABLE KEYS */;
UNLOCK TABLES;

--
-- Table structure for table `disminucion`
--

DROP TABLE IF EXISTS `disminucion`;
/*!40101 SET @saved_cs_client     = @@character_set_client */;
/*!40101 SET character_set_client = utf8 */;
CREATE TABLE `disminucion` (
  `dim_numero` int(9) NOT NULL,
  `dim_codres` char(12) NOT NULL,
  `dim_fecreg` date DEFAULT NULL,
  `dim_horreg` time NOT NULL DEFAULT '00:00:00',
  `dim_estado` char(1) NOT NULL,
  `dim_tippag` char(1) NOT NULL,
  `dim_vlrtot` double(15,2) DEFAULT NULL,
  `dim_detalle` text NOT NULL,
  `dim_feccre` date NOT NULL,
  `dim_anopre` int(4) NOT NULL,
  PRIMARY KEY (`dim_numero`)
) ENGINE=MyISAM DEFAULT CHARSET=latin1;
/*!40101 SET character_set_client = @saved_cs_client */;

--
-- Dumping data for table `disminucion`
--

LOCK TABLES `disminucion` WRITE;
/*!40000 ALTER TABLE `disminucion` DISABLE KEYS */;
INSERT INTO `disminucion` (`dim_numero`, `dim_codres`, `dim_fecreg`, `dim_horreg`, `dim_estado`, `dim_tippag`, `dim_vlrtot`, `dim_detalle`, `dim_feccre`, `dim_anopre`) VALUES (220001,'asexis','2022-06-14','03:38:11','C','1',10000000.00,' xxxxx','2022-06-14',2022);
/*!40000 ALTER TABLE `disminucion` ENABLE KEYS */;
UNLOCK TABLES;

--
-- Table structure for table `disponibilidad`
--

DROP TABLE IF EXISTS `disponibilidad`;
/*!40101 SET @saved_cs_client     = @@character_set_client */;
/*!40101 SET character_set_client = utf8 */;
CREATE TABLE `disponibilidad` (
  `dis_numero` int(9) NOT NULL,
  `dis_codcli` bigint(12) DEFAULT NULL,
  `dis_codres` char(12) NOT NULL,
  `dis_fecreg` date DEFAULT NULL,
  `dis_horreg` time NOT NULL DEFAULT '00:00:00',
  `dis_estado` char(1) NOT NULL,
  `dis_tippag` char(1) NOT NULL,
  `dis_vlrtot` double(15,2) DEFAULT NULL,
  `dis_regist` double(15,2) DEFAULT NULL,
  `dis_girosp` double(15,2) DEFAULT NULL,
  `dis_reinte` double(15,2) NOT NULL,
  `dis_saldod` double(15,2) DEFAULT NULL,
  `dis_detalle` text NOT NULL,
  `dis_feccre` date NOT NULL,
  `dis_vlrfut` double(15,2) NOT NULL,
  `dis_ejefut` double(15,2) NOT NULL,
  PRIMARY KEY (`dis_numero`),
  KEY `dis_codcli` (`dis_codcli`)
) ENGINE=MyISAM DEFAULT CHARSET=latin1;
/*!40101 SET character_set_client = @saved_cs_client */;

--
-- Dumping data for table `disponibilidad`
--

LOCK TABLES `disponibilidad` WRITE;
/*!40000 ALTER TABLE `disponibilidad` DISABLE KEYS */;
INSERT INTO `disponibilidad` (`dis_numero`, `dis_codcli`, `dis_codres`, `dis_fecreg`, `dis_horreg`, `dis_estado`, `dis_tippag`, `dis_vlrtot`, `dis_regist`, `dis_girosp`, `dis_reinte`, `dis_saldod`, `dis_detalle`, `dis_feccre`, `dis_vlrfut`, `dis_ejefut`) VALUES (220089,1140866885,'8785891','2022-01-03','10:11:14','C','1',35521000.00,34521000.00,0.00,0.00,1000000.00,' MANTENIIMIENTO Y REPARCION DE TUBERIA DE 8\" A TODO COSTO ENERO 2022','2022-05-19',0.00,0.00),(220002,8729882,'8785891','2022-01-03','10:57:30','A','1',1000000.00,0.00,1000000.00,0.00,0.00,' VIATICOS CIUDAD STA MARTA','2022-05-19',0.00,0.00),(220003,5124670,'asexis','2022-06-14','03:53:11','A','1',10000000.00,0.00,0.00,0.00,10000000.00,' servicio publicidad ','2022-06-14',0.00,0.00),(220004,5124670,'asexis','2022-06-14','04:20:34','A','1',9800000.00,0.00,0.00,0.00,9800000.00,'    ','2022-06-14',0.00,0.00),(220005,830503264,'asexis','2022-10-01','03:51:02','A','1',38279382.49,0.00,0.00,0.00,38279382.49,' Nomina Octubre 2022','2023-06-26',0.00,0.00),(220006,830503264,'asexis','2024-01-22','10:34:45','A','1',1500000.00,0.00,0.00,0.00,1500000.00,'Compra de elementos.','2024-01-22',0.00,0.00),(220007,5124670,'asexis','2024-01-24','03:45:32','C','1',100.00,100.00,0.00,0.00,0.00,'PRUEBA PRUEBA PRUEBA','2024-01-24',0.00,0.00),(220008,830503264,'asexis','2024-01-31','04:17:28','C','1',0.00,50.00,0.00,0.00,-50.00,'PRUEBA PRUEBA PRUEBA','2024-01-31',50.00,0.00),(220009,900301855,'asexis','2024-02-13','11:34:48','C','1',100.00,100.00,0.00,0.00,0.00,'PRUEBA, PRUEBA, PRUEBA.','2024-02-13',0.00,0.00),(220010,830503264,'asexis','2024-05-06','05:09:41','C','1',0.00,150000.00,0.00,0.00,-150000.00,'COMPRAMOS ELEMENTOS','2024-05-06',0.00,0.00),(220011,0,'asexis','2022-05-06','05:10:42','A','1',0.00,0.00,0.00,0.00,0.00,' ELEMENTOS COMPRAMOS','2024-05-06',0.00,0.00);
/*!40000 ALTER TABLE `disponibilidad` ENABLE KEYS */;
UNLOCK TABLES;

--
-- Table structure for table `empleado_fir`
--

DROP TABLE IF EXISTS `empleado_fir`;
/*!40101 SET @saved_cs_client     = @@character_set_client */;
/*!40101 SET character_set_client = utf8 */;
CREATE TABLE `empleado_fir` (
  `em_codemp` char(12) NOT NULL DEFAULT '',
  `em_nombre` char(60) NOT NULL DEFAULT '',
  `em_direcc` char(60) NOT NULL DEFAULT '',
  `em_telefo` char(10) NOT NULL DEFAULT '',
  `em_profes` char(60) NOT NULL DEFAULT '',
  PRIMARY KEY (`em_codemp`)
) ENGINE=MyISAM DEFAULT CHARSET=latin1;
/*!40101 SET character_set_client = @saved_cs_client */;

--
-- Dumping data for table `empleado_fir`
--

LOCK TABLES `empleado_fir` WRITE;
/*!40000 ALTER TABLE `empleado_fir` DISABLE KEYS */;
/*!40000 ALTER TABLE `empleado_fir` ENABLE KEYS */;
UNLOCK TABLES;

--
-- Table structure for table `empleadonom`
--

DROP TABLE IF EXISTS `empleadonom`;
/*!40101 SET @saved_cs_client     = @@character_set_client */;
/*!40101 SET character_set_client = utf8 */;
CREATE TABLE `empleadonom` (
  `em_cedula` bigint(12) NOT NULL DEFAULT '0',
  `em_nombre` char(50) NOT NULL DEFAULT '',
  `em_direcc` char(50) NOT NULL DEFAULT '',
  `em_telefo` char(12) NOT NULL DEFAULT '',
  `em_estciv` char(1) NOT NULL,
  `em_numhij` int(3) DEFAULT NULL,
  `em_enteps` bigint(12) NOT NULL DEFAULT '0',
  `em_entarp` bigint(12) NOT NULL DEFAULT '0',
  `em_entpen` bigint(12) NOT NULL DEFAULT '0',
  `em_entcaj` bigint(12) NOT NULL DEFAULT '0',
  `em_ccosto` int(6) NOT NULL DEFAULT '0',
  `em_grupo` int(4) NOT NULL DEFAULT '0',
  `em_fecnac` date DEFAULT NULL,
  `em_fecing` date DEFAULT NULL,
  `em_salbas` double(9,2) DEFAULT NULL,
  `em_estado` char(2) NOT NULL,
  `em_nivest` char(1) DEFAULT NULL,
  `em_catlic` char(1) NOT NULL,
  `em_nrolic` char(25) NOT NULL,
  `em_tipcon` char(1) DEFAULT NULL,
  `em_tipoem` char(4) DEFAULT NULL,
  `em_riesgo` double(9,5) DEFAULT NULL,
  `em_cargo` char(4) NOT NULL DEFAULT '0',
  `em_sexo` char(1) DEFAULT NULL,
  `em_fecter` date DEFAULT NULL,
  `em_correo` varchar(70) NOT NULL,
  `em_nombres` varchar(60) NOT NULL,
  `em_apellidos` varchar(60) NOT NULL,
  PRIMARY KEY (`em_cedula`),
  KEY `em_enteps` (`em_enteps`),
  KEY `em_entarp` (`em_entarp`),
  KEY `em_entpen` (`em_entpen`),
  KEY `em_ccosto` (`em_ccosto`),
  KEY `em_grupo` (`em_grupo`),
  KEY `em_entcaj` (`em_entcaj`),
  KEY `em_cargo` (`em_cargo`),
  KEY `em_tipoem` (`em_tipoem`)
) ENGINE=MyISAM DEFAULT CHARSET=latin1;
/*!40101 SET character_set_client = @saved_cs_client */;

--
-- Dumping data for table `empleadonom`
--

LOCK TABLES `empleadonom` WRITE;
/*!40000 ALTER TABLE `empleadonom` DISABLE KEYS */;
INSERT INTO `empleadonom` (`em_cedula`, `em_nombre`, `em_direcc`, `em_telefo`, `em_estciv`, `em_numhij`, `em_enteps`, `em_entarp`, `em_entpen`, `em_entcaj`, `em_ccosto`, `em_grupo`, `em_fecnac`, `em_fecing`, `em_salbas`, `em_estado`, `em_nivest`, `em_catlic`, `em_nrolic`, `em_tipcon`, `em_tipoem`, `em_riesgo`, `em_cargo`, `em_sexo`, `em_fecter`, `em_correo`, `em_nombres`, `em_apellidos`) VALUES (19518008,'ANTONIO MARIA ESCORCIA ALMANZA','chibolo - CARRERA 11 N. 16 - 23','3215984806','U',4,900226715,860011153,800224808,891780093,100000,201,'1978-11-20','2008-01-18',1218470.00,'A','','','','I','xx',2.43600,'20','M','0000-00-00','antoes-31@hotmail.com','ANTONIO MARIA','ESCORCIA ALMANZA'),(1079657627,'JAVIER JOSE NAVARRO ARRIETA','chibolo - CARRERA 1B  N. 2 - 20','3205260093','U',2,900226715,860011153,800224808,891780093,100000,201,'1989-01-01','2020-06-05',1218470.00,'A','B','','1234567890','I','1',2.43600,'21','M','0000-00-00','leynysdelarosa1992@gmail.com','JAVIER JOSE','NAVARRO ARRIETA'),(5886604,'JOSE IGNACIO GONZALEZ CARDENAS','chibolo CLLE 5 N. 10  -  82','3207756931','U',6,900226715,860011153,800224808,891780093,100000,101,'1965-07-08','2008-01-09',1479140.00,'A','','','1234567890','I','1',2.43600,'14','M','0000-00-00','josegon_1965@hotmail.com','JOSE IGNACIO','GONZALEZ CARDENAS'),(8571303,'ARCADIO ANTONIO OROZCO OBREDOR','chibolo - PIEDRAS DE MOLER','3145977358','U',4,900226715,860011153,800224808,891780093,100000,201,'1969-12-13','2004-11-05',1218470.00,'A','B','','','I','xx',2.43600,'21','M','0000-00-00','coopserchivolo@gmail.com','ARCADIO ANTONIO','OROZCO OBREDOR'),(8729882,'EFRAIN TERCERO CARO PEREZ','chibolo - BARRIO RINCON','3135651105','U',2,900226715,860011153,800224808,891780093,100000,101,'1962-11-05','2020-12-02',3723274.00,'A','','','','I','xx',0.00000,'1','M','2023-12-31','capefrate@hotmail.com','EFRAIN TERCERO','CARO PEREZ'),(20829307,'BLANCA INES GARZON','PUERTO SALGAR','','U',0,800130907,890903790,900336004,890700148,100000,201,'1995-06-05','2023-01-01',1259000.00,'A','T','0','1234567892','I','1',2.43600,'8','F','0000-00-00','ptosalgar@gmail.com','BLANCA INES','GARZON'),(1032403881,'CARLOS EDUARDO MUÑOZ','PUERTO SALGAR','','U',0,8300035647,890903790,800224808,890700148,100000,201,'2000-01-17','2024-01-01',1259000.00,'A','T','0','1234567890','I','1',2.43600,'8','M','0000-00-00','ptosalgar@gmail.com','CARLOS EDUARDO','MUÑOZ'),(3132234,'CESAR AUGUSTO LONDOÑO','PUERTO SALGAR','','S',0,8300035647,890903790,800224808,890700148,100000,201,'1999-06-05','2022-06-05',1259000.00,'A','','0','1234567890','I','1',2.43600,'8','M','0000-00-00','ptosalgar@gmail.com','CESAR AUGUSTO ','LONDOÑO'),(18418303,'CRISTIAN RENTERIA FLOREZ','PUERTO SALGAR','','S',0,8300035647,890903790,800224808,890700148,100000,201,'1998-06-05','2020-06-05',1527600.00,'A','T','0','1234567895','I','1',2.43600,'11','M','0000-00-00','ptosalgar@gmail.com','CRISTIAN ','RENTERIA FLOREZ'),(1073320821,'OLGA LISETH RODRIGUEZ','PUERTO SALGAR','','S',0,8300035647,890903790,800224808,890700148,100000,201,'2000-01-17','2024-01-01',1393000.00,'A','T','0','1234567890','I','1',2.43600,'10','M','0000-00-00','ptosalgar@gmail.com','OLGA LISETH ','RODRIGUEZ'),(3131747,'OMAR HUMBERTO OLAYA','PUERTO SALGAR','','S',0,8300035647,890903790,800224808,890700148,100000,201,'1995-06-05','2022-01-05',1259000.00,'A','T','0','1234567890','I','1',2.43600,'8','M','0000-00-00','ptosalgar@gmail.com','OMAR HUMBERTO ','OLAYA'),(10175933,'RODOLFO ESCOBAR PEÑALOZA','PUERTO SALGAR','','S',0,8300035647,890903790,800224808,890700148,100000,201,'1996-06-05','2021-06-01',1259000.00,'A','','0','1234567890','I','1',2.43600,'8','M','0000-00-00','ptosalgar@gmail.com','RODOLFO ','ESCOBAR PEÑALOZA'),(10176087,'URIEL SEPULVEDA','PUERTO SALGAR','','U',0,8300035647,890903790,800224808,890700148,100000,201,'1990-06-05','2010-06-05',1527600.00,'A','','0','1234567898','I','1',2.43600,'11','M','0000-00-00','ptosalgar@gmail.com','URIEL ','SEPULVEDA'),(1073321377,'DIANA YISETH BARBOSA MALAVER','PUERTO SALGAR','','S',0,8300035647,890903790,800224808,890700148,100000,201,'1993-06-05','2022-06-05',1653000.00,'A','T','0','1234567899','I','1',2.43600,'25','F','0000-00-00','ptosalgar@gmail.com','DIANA YISETH ','BARBOSA MALAVER'),(3132089,'AIVER BLANCO RODRIGUEZ','PUERTO SALGAR','','U',0,8300035647,890903790,800224808,890700148,100000,201,'1990-06-05','2023-01-01',1527600.00,'A','T','0','1234567890','I','1',2.43600,'13','M','0000-00-00','ptosalgar@gmail.com','AIVER','BLANCO RODRIGUEZ'),(10171813,'ALFREDO VILLALOBOS SANCHEZ','PUERTO SALGAR','','U',0,8300035647,890903790,800224808,890700148,100000,201,'1988-06-05','2023-01-01',1527600.00,'A','','0','1234567890','I','1',2.43600,'13','M','0000-00-00','ptosalgar@gmail.com','ALFREDO ','VILLALOBOS SANCHEZ'),(10181528,'NETZER SALDAÑA QUEVEDO','PUERTO SALGAR','','S',0,8300035647,890903790,800224808,890700148,100000,201,'1995-06-05','2012-06-05',1527600.00,'A','T','0','1234567810','I','1',2.43600,'11','F','0000-00-00','ptosalgar@gmail.com','NETZER ','SALDAÑA QUEVEDO'),(1317473,'OSCAR HENRY ORTIZ MUÑOZ','PUERTO SALGAR','','C',2,8300035647,890903790,800224808,890700148,100000,102,'2000-01-17','2024-01-01',1359000.00,'A','','1','1234567890','I','1',2.43600,'8','M','0000-00-00','ptosalgar@gmail.com','OSCAR HENRY','ORTIZ MUÑOZ'),(2320893,'JAVIER ANDRES FERNANDEZ FRANCO','PUERTO SALGAR','','S',0,8300035647,890903790,800224808,890700148,100000,201,'2000-01-17','2024-01-01',1627600.00,'A','','1','1234567890','I','1',2.43600,'13','M','0000-00-00','ptosalgar@gmail.com','JAVIER ANDRES','FERNANDEZ FRANCO'),(3322343,'CARLOS ANTONIO VELEZ MURCIA','PUERTO SALGAR','','S',1,8300035647,890903790,800224808,890700148,100000,201,'2000-01-17','2024-01-01',1359000.00,'A','T','1','1234567890','I','1',2.43600,'8','M','0000-00-00','ptosalgar@gmail.com','CARLOS ANTONIO ','VELEZ MURCIA'),(41718130,'ALBERTO JOSE GAMERO','PUERTO SALGAR','','S',0,8300035647,890903790,800224808,890700148,100000,201,'2000-01-17','2024-01-01',1627600.00,'A','','0','1234567890','I','1',2.43600,'13','M','0000-00-00','ptosalgar@gmail.com','ALBERTO JOSE','GAMERO'),(41718131,'MARTIN ADOLFO ESPAÑA PEÑA','PUERTO SALGAR','','U',1,8300035647,890903790,800224808,890700148,100000,201,'2000-01-17','2024-01-01',1359000.00,'A','T','1','1234567890','I','1',2.43600,'8','M','0000-00-00','ptosalgar@gmail.com','MARTIN ADOLFO','ESPAÑA PEÑA'),(41718132,'LUIS CARLOS MURIEL SEPULVEDA','PUERTO SALGAR','','P',2,8300035647,890903790,800224808,890700148,100000,201,'2000-01-17','2024-01-01',1627600.00,'A','T','1','1234567890','I','1',2.43600,'11','M','0000-00-00','ptosalgar@gmail.com','LUIS CARLOS ','MURIEL SEPULVEDA'),(41718133,'MARIANA ANDREA SANCHEZ QUIROZ','PUERTO SALGAR','','C',1,8300035647,890903790,800224808,890700148,100000,201,'2000-01-17','2024-01-01',1627600.00,'A','T','1','1234567890','I','1',2.43600,'11','F','0000-00-00','ptosalgar@gmail.com','MARIANA ANDREA ','SANCHEZ QUIROZ'),(41718134,'ANDRES CAMILO RENTERIA FLOREZ','PUERTO SALGAR','','S',2,8300035647,890903790,800224808,890700148,100000,201,'2000-01-17','2024-01-01',1700000.00,'A','T','1','1234567890','I','1',2.43600,'11','M','0000-00-00','ptosalgar@gmail.com','ANDRES CAMILO ','RENTERIA FLOREZ'),(41718135,'SANDRA INES GARZON FERNANDEZ','PUERTO SALGAR','','S',1,8300035647,890903790,800224808,890700148,100000,201,'2000-01-17','2024-01-01',1400000.00,'A','T','1','1234567890','I','1',2.43600,'8','F','0000-00-00','ptosalgar@gmail.com','SANDRA INES ','GARZON FERNANDEZ'),(41718136,'CRISTIANO RONALDO MUÑOZ REY','PUERTO SALGAR','','S',0,8300035647,890903790,800224808,890700148,100000,201,'2000-01-17','2024-01-01',2000000.00,'A','T','1','1234567890','I','1',2.43600,'8','M','0000-00-00','ptosalgar@gmail.com','CRISTIANO RONALDO ','MUÑOZ REY'),(41718137,'LISETH CAROLINA RODRIGUEZ ROMERO','PUERTO SALGAR','','S',1,8300035647,890903790,800224808,890700148,100000,201,'2000-01-17','2024-01-01',1500000.00,'A','','1','1234567890','I','1',2.43600,'10','F','0000-00-00','ptosalgar@gmail.com','LISETH CAROLINA ','RODRIGUEZ ROMERO'),(41718138,'DAYANA JANETH BERMUDEZ MALAGON','PUERTO SALGAR','','S',1,8300035647,890903790,800224808,890700148,100000,201,'2000-01-17','2024-01-01',1900000.00,'A','','1','1234567890','I','1',2.43600,'26','F','0000-00-00','diana@gmail.com','DAYANA JANETH ','BERMUDEZ MALAGON');
/*!40000 ALTER TABLE `empleadonom` ENABLE KEYS */;
UNLOCK TABLES;

--
-- Table structure for table `empleadonom_dis`
--

DROP TABLE IF EXISTS `empleadonom_dis`;
/*!40101 SET @saved_cs_client     = @@character_set_client */;
/*!40101 SET character_set_client = utf8 */;
CREATE TABLE `empleadonom_dis` (
  `emd_cedula` bigint(12) NOT NULL DEFAULT '0',
  `emd_mcpio` int(9) NOT NULL DEFAULT '0',
  `emd_porce` double(15,3) DEFAULT NULL,
  PRIMARY KEY (`emd_cedula`,`emd_mcpio`)
) ENGINE=MyISAM DEFAULT CHARSET=latin1;
/*!40101 SET character_set_client = @saved_cs_client */;

--
-- Dumping data for table `empleadonom_dis`
--

LOCK TABLES `empleadonom_dis` WRITE;
/*!40000 ALTER TABLE `empleadonom_dis` DISABLE KEYS */;
/*!40000 ALTER TABLE `empleadonom_dis` ENABLE KEYS */;
UNLOCK TABLES;

--
-- Table structure for table `empleadonom_liq`
--

DROP TABLE IF EXISTS `empleadonom_liq`;
/*!40101 SET @saved_cs_client     = @@character_set_client */;
/*!40101 SET character_set_client = utf8 */;
CREATE TABLE `empleadonom_liq` (
  `em_periodo` int(7) NOT NULL DEFAULT '0',
  `em_cedula` bigint(12) NOT NULL DEFAULT '0',
  `em_nombre` char(50) NOT NULL DEFAULT '',
  `em_direcc` char(50) NOT NULL DEFAULT '',
  `em_telefo` char(12) NOT NULL DEFAULT '',
  `em_estciv` char(1) NOT NULL,
  `em_numhij` int(3) DEFAULT NULL,
  `em_enteps` bigint(12) NOT NULL DEFAULT '0',
  `em_entarp` bigint(12) NOT NULL DEFAULT '0',
  `em_entpen` bigint(12) NOT NULL DEFAULT '0',
  `em_entcaj` bigint(12) NOT NULL DEFAULT '0',
  `em_ccosto` int(6) NOT NULL DEFAULT '0',
  `em_grupo` int(4) NOT NULL DEFAULT '0',
  `em_fecnac` date DEFAULT NULL,
  `em_fecing` date DEFAULT NULL,
  `em_salbas` double(9,2) DEFAULT NULL,
  `em_estado` char(2) NOT NULL,
  `em_nivest` char(1) DEFAULT NULL,
  `em_catlic` char(1) NOT NULL,
  `em_nrolic` char(15) NOT NULL,
  `em_tipcon` char(1) DEFAULT NULL,
  `em_tipoem` char(4) DEFAULT NULL,
  `em_riesgo` double(9,5) DEFAULT NULL,
  `em_cargo` char(4) NOT NULL DEFAULT '0',
  `em_sexo` char(1) DEFAULT NULL,
  `em_fecter` date DEFAULT NULL,
  `em_correo` varchar(70) NOT NULL,
  `em_nombres` varchar(60) NOT NULL,
  `em_apellidos` varchar(60) NOT NULL,
  PRIMARY KEY (`em_periodo`,`em_cedula`),
  KEY `em_enteps` (`em_enteps`),
  KEY `em_entarp` (`em_entarp`),
  KEY `em_entpen` (`em_entpen`),
  KEY `em_ccosto` (`em_ccosto`),
  KEY `em_grupo` (`em_grupo`),
  KEY `em_entcaj` (`em_entcaj`),
  KEY `em_cargo` (`em_cargo`),
  KEY `em_tipoem` (`em_tipoem`)
) ENGINE=MyISAM DEFAULT CHARSET=latin1;
/*!40101 SET character_set_client = @saved_cs_client */;

--
-- Dumping data for table `empleadonom_liq`
--

LOCK TABLES `empleadonom_liq` WRITE;
/*!40000 ALTER TABLE `empleadonom_liq` DISABLE KEYS */;
INSERT INTO `empleadonom_liq` (`em_periodo`, `em_cedula`, `em_nombre`, `em_direcc`, `em_telefo`, `em_estciv`, `em_numhij`, `em_enteps`, `em_entarp`, `em_entpen`, `em_entcaj`, `em_ccosto`, `em_grupo`, `em_fecnac`, `em_fecing`, `em_salbas`, `em_estado`, `em_nivest`, `em_catlic`, `em_nrolic`, `em_tipcon`, `em_tipoem`, `em_riesgo`, `em_cargo`, `em_sexo`, `em_fecter`, `em_correo`, `em_nombres`, `em_apellidos`) VALUES (202204,41718132,'LUIS CARLOS MURIEL SEPULVEDA','PUERTO SALGAR','','P',2,8300035647,890903790,800224808,890700148,100000,201,'2000-01-17','2024-01-01',1627600.00,'A','T','1','1234567890','I','1',2.43600,'11','M','0000-00-00','','',''),(202204,41718131,'MARTIN ADOLFO ESPAÑA PEÑA','PUERTO SALGAR','','U',1,8300035647,890903790,800224808,890700148,100000,201,'2000-01-17','2024-01-01',1359000.00,'A','T','1','1234567890','I','1',2.43600,'8','M','0000-00-00','','',''),(202204,41718130,'ALBERTO JOSE VASQUEZ SUAREZ','PUERTO SALGAR','','S',0,8300035647,890903790,800224808,890700148,100000,201,'2000-01-17','2024-01-01',1627600.00,'A','T','0','1234567890','I','1',2.43600,'13','M','0000-00-00','','',''),(202204,1317473,'OSCAR HENRY ORTIZ MUÑOZ','PUERTO SALGAR','','C',2,8300035647,890903790,800224808,890700148,100000,102,'2000-01-17','2024-01-01',1359000.00,'A','','1','1234567890','I','1',2.43600,'8','M','0000-00-00','','',''),(202204,2320893,'JAVIER ANDRES BERMUDEZ ROMERO','PUERTO SALGAR','','S',0,8300035647,890903790,800224808,890700148,100000,201,'2000-01-17','2024-01-01',1627600.00,'A','','1','1234567890','I','1',2.43600,'13','M','0000-00-00','','',''),(202204,3322343,'CARLOS ANTONIO VELEZ MURCIA','PUERTO SALGAR','','S',1,8300035647,890903790,800224808,890700148,100000,201,'2000-01-17','2024-01-01',1359000.00,'A','T','1','1234567890','I','1',2.43600,'8','M','0000-00-00','','',''),(202211,1073321377,'DIANA YISETH BARBOSA MALAVER','PUERTO SALGAR','','S',0,8300035647,890903790,800224808,890700148,100000,201,'1993-06-05','2022-06-05',1653000.00,'A','','0','1234567899','I','1',2.43600,'26','F','0000-00-00','','',''),(202210,10181528,'NETZER SALDAÑA QUEVEDO','PUERTO SALGAR','','S',0,8300035647,890903790,800224808,890700148,100000,201,'1995-06-05','2012-06-05',1527600.00,'A','T','0','1234567810','I','1',2.43600,'26','F','0000-00-00','','',''),(202210,10171813,'ALFREDO VILLALOBOS SANCHEZ','PUERTO SALGAR','','U',0,800251440,860011153,800224808,800231967,100000,201,'1988-06-05','2023-01-01',1527600.00,'A','','0','1234567891','I','1',2.43600,'26','M','0000-00-00','','',''),(202210,3132089,'AIVER BLANCO RODRIGUEZ','PUERTO SALGAR','','U',0,8300035647,890903790,800224808,800224808,100000,201,'1990-06-05','2023-01-01',1527600.00,'A','T','0','1234567890','I','1',2.43600,'26','M','0000-00-00','','AIVER ','BLANCO RODRIGUEZ'),(202210,1073321377,'DIANA YISETH BARBOSA MALAVER','PUERTO SALGAR','','S',0,8300035647,890903790,800224808,890700148,100000,201,'1993-06-05','2022-06-05',1653000.00,'A','','0','1234567899','I','1',2.43600,'26','F','0000-00-00','','',''),(202210,5886604,'JOSE IGNACIO GONZALEZ CARDENAS','CLLE 5 N. 10  -  82','3207756931','U',6,900226715,860011153,800224808,891780093,100000,101,'1965-07-08','2008-01-09',1479140.00,'A','T','','','I','xx',2.43600,'14','M','0000-00-00','','',''),(202210,8571303,'ARCADIO ANTONIO OROZCO OBREDOR','PIEDRAS DE MOLER','3145977358','U',4,900226715,860011153,800224808,891780093,100000,201,'1969-12-13','2004-11-05',1218470.00,'A','B','','','I','xx',2.43600,'21','M','0000-00-00','','',''),(202210,8729882,'EFRAIN TERCERO CARO PEREZ','BARRIO RINCON','3135651105','U',2,900226715,860011153,800224808,891780093,100000,101,'1962-11-05','2020-12-02',2400000.00,'A','','','','I','xx',0.00000,'1','M','0000-00-00','','',''),(202210,20829307,'BLANCA INES GARZON','PUERTO SALGAR','','U',0,800130907,890903790,900336004,890700148,100000,203,'1995-06-05','2023-01-01',1259000.00,'A','','0','1234567892','I','3',2.43600,'26','F','0000-00-00','','',''),(202210,1032403881,'CARLOS EDUARDO MUÑOZ','PUERTO SALGAR','','U',0,8300035647,890903790,800227940,890700148,100000,201,'2000-06-05','2022-06-05',1259000.00,'A','O','0','1234567893','I','1',2.43600,'26','M','0000-00-00','','',''),(202210,3132234,'CESAR AUGUSTO VALENCIA','PUERTO SALGAR','','S',0,800130907,890903790,800224808,890700148,100000,204,'1999-06-05','2022-06-05',1259000.00,'A','T','0','1234567894','I','4',2.43600,'26','M','0000-00-00','','',''),(202210,18418303,'CRISTIAN RENTERIA FLOREZ','PUERTO SALGAR','','S',0,8300035647,890903790,800224808,890700148,100000,201,'1998-06-05','2020-06-05',1527600.00,'A','','0','1234567895','I','1',2.43600,'26','M','0000-00-00','','',''),(202210,1073320821,'OLGA LISETH RODRIGUEZ','PUERTO SALGAR','','S',0,800130907,890903790,800224808,890700148,100000,201,'1997-06-05','2022-06-05',1393000.00,'A','','0','1234567896','I','2',2.43600,'26','F','0000-00-00','','',''),(202210,3131747,'OMAR HUMBERTO OLAYA','PUERTO SALGAR','','S',0,8300035647,890903790,800224808,890700148,100000,102,'1995-06-05','2022-01-05',1259000.00,'A','T','0','1234567897','I','1',2.43600,'26','M','0000-00-00','','',''),(202210,10175933,'RODOLFO ESCOBAR PEÑALOZA','PUERTO SALGAR','','S',0,8300035647,890903790,800224808,890700148,100000,203,'1996-06-05','2021-06-01',1259000.00,'A','T','0','1234567898','I','3',2.43600,'26','M','0000-00-00','','',''),(202210,19518008,'ANTONIO MARIA ESCORCIA ALMANZA','CARRERA 11 N. 16 - 23','3215984806','U',4,900226715,860011153,800224808,891780093,100000,201,'1978-11-20','2008-01-18',1218470.00,'A','T','','','I','xx',2.43600,'20','M','0000-00-00','','',''),(202210,10176087,'URIEL SEPULVEDA','PUERTO SALGAR','','U',0,8300035647,890903790,800224808,890700148,100000,201,'1990-06-05','2010-06-05',1527600.00,'A','','0','1234567898','I','1',2.43600,'26','M','0000-00-00','','',''),(202210,1079657627,'JAVIER JOSE NAVARRO ARRIETA','CARRERA 1B  N. 2 - 20','3205260093','U',2,900226715,860011153,800224808,891780093,100000,201,'1989-01-01','2020-06-05',1218470.00,'A','B','','','I','xx',2.43600,'21','M','0000-00-00','','',''),(202211,3132089,'AIVER BLANCO RODRIGUEZ','PUERTO SALGAR','','U',0,8300035647,890903790,800224808,800224808,100000,201,'1990-06-05','2023-01-01',1527600.00,'A','','0','1234567890','I','1',2.43600,'26','M','0000-00-00','','',''),(202211,10176087,'URIEL SEPULVEDA','PUERTO SALGAR','','U',0,8300035647,890903790,800224808,890700148,100000,201,'1990-06-05','2010-06-05',1527600.00,'A','','0','1234567898','I','1',2.43600,'26','M','0000-00-00','','',''),(202211,10175933,'RODOLFO ESCOBAR PEÑALOZA','PUERTO SALGAR','','S',0,8300035647,890903790,800224808,890700148,100000,203,'1996-06-05','2021-06-01',1259000.00,'A','T','0','1234567898','I','3',2.43600,'26','M','0000-00-00','','',''),(202211,3131747,'OMAR HUMBERTO OLAYA','PUERTO SALGAR','','S',0,8300035647,890903790,800224808,890700148,100000,102,'1995-06-05','2022-01-05',1259000.00,'A','T','0','1234567897','I','1',2.43600,'26','M','0000-00-00','','',''),(202211,1073320821,'OLGA LISETH RODRIGUEZ','PUERTO SALGAR','','S',0,800130907,890903790,800224808,890700148,100000,201,'1997-06-05','2022-06-05',1393000.00,'A','','0','1234567896','I','2',2.43600,'26','F','0000-00-00','','',''),(202211,18418303,'CRISTIAN RENTERIA FLOREZ','PUERTO SALGAR','','S',0,8300035647,890903790,800224808,890700148,100000,201,'1998-06-05','2020-06-05',1527600.00,'A','','0','1234567895','I','1',2.43600,'26','M','0000-00-00','','',''),(202211,3132234,'CESAR AUGUSTO VALENCIA','PUERTO SALGAR','','S',0,800130907,890903790,800224808,890700148,100000,204,'1999-06-05','2022-06-05',1259000.00,'A','T','0','1234567894','I','4',2.43600,'26','M','0000-00-00','','',''),(202211,1032403881,'CARLOS EDUARDO MUÑOZ','PUERTO SALGAR','','U',0,8300035647,890903790,800227940,890700148,100000,201,'2000-06-05','2022-06-05',1259000.00,'A','O','0','1234567893','I','1',2.43600,'26','M','0000-00-00','','',''),(202211,20829307,'BLANCA INES GARZON','PUERTO SALGAR','','U',0,800130907,890903790,900336004,890700148,100000,203,'1995-06-05','2023-01-01',1259000.00,'A','','0','1234567892','I','3',2.43600,'26','F','0000-00-00','','',''),(202211,8729882,'EFRAIN TERCERO CARO PEREZ','BARRIO RINCON','3135651105','U',2,900226715,860011153,800224808,891780093,100000,101,'1962-11-05','2020-12-02',2400000.00,'A','','','','I','xx',0.00000,'1','M','0000-00-00','','',''),(202211,8571303,'ARCADIO ANTONIO OROZCO OBREDOR','PIEDRAS DE MOLER','3145977358','U',4,900226715,860011153,800224808,891780093,100000,201,'1969-12-13','2004-11-05',1218470.00,'A','B','','','I','xx',2.43600,'21','M','0000-00-00','','',''),(202211,5886604,'JOSE IGNACIO GONZALEZ CARDENAS','CLLE 5 N. 10  -  82','3207756931','U',6,900226715,860011153,800224808,891780093,100000,101,'1965-07-08','2008-01-09',1479140.00,'A','T','','','I','xx',2.43600,'14','M','0000-00-00','','',''),(202211,1079657627,'JAVIER JOSE NAVARRO ARRIETA','CARRERA 1B  N. 2 - 20','3205260093','U',2,900226715,860011153,800224808,891780093,100000,201,'1989-01-01','2020-06-05',1218470.00,'A','B','','','I','xx',2.43600,'21','M','0000-00-00','','',''),(202211,19518008,'ANTONIO MARIA ESCORCIA ALMANZA','CARRERA 11 N. 16 - 23','3215984806','U',4,900226715,860011153,800224808,891780093,100000,201,'1978-11-20','2008-01-18',1218470.00,'A','T','','','I','xx',2.43600,'20','M','0000-00-00','','',''),(202211,10171813,'ALFREDO VILLALOBOS SANCHEZ','PUERTO SALGAR','','U',0,800251440,860011153,800224808,800231967,100000,201,'1988-06-05','2023-01-01',1527600.00,'A','','0','1234567891','I','1',2.43600,'26','M','0000-00-00','','',''),(202211,10181528,'NETZER SALDAÑA QUEVEDO','PUERTO SALGAR','','S',0,8300035647,890903790,800224808,890700148,100000,201,'1995-06-05','2012-06-05',1527600.00,'A','T','0','1234567810','I','1',2.43600,'26','F','0000-00-00','','',''),(202212,19518008,'ANTONIO MARIA ESCORCIA ALMANZA','chibolo - CARRERA 11 N. 16 - 23','3215984806','U',4,900226715,860011153,800224808,891780093,100000,201,'1978-11-20','2008-01-18',1218470.00,'A','','','','I','xx',2.43600,'20','M','0000-00-00','','',''),(202212,1079657627,'JAVIER JOSE NAVARRO ARRIETA','chibolo - CARRERA 1B  N. 2 - 20','3205260093','U',2,900226715,860011153,800224808,891780093,100000,201,'1989-01-01','2020-06-05',1218470.00,'A','B','','','I','xx',2.43600,'21','M','0000-00-00','','',''),(202212,5886604,'JOSE IGNACIO GONZALEZ CARDENAS','chibolo CLLE 5 N. 10  -  82','3207756931','U',6,900226715,860011153,800224808,891780093,100000,101,'1965-07-08','2008-01-09',1479140.00,'A','','','','I','xx',2.43600,'14','M','0000-00-00','','',''),(202212,8571303,'ARCADIO ANTONIO OROZCO OBREDOR','chibolo - PIEDRAS DE MOLER','3145977358','U',4,900226715,860011153,800224808,891780093,100000,201,'1969-12-13','2004-11-05',1218470.00,'A','B','','','I','xx',2.43600,'21','M','0000-00-00','','',''),(202212,8729882,'EFRAIN TERCERO CARO PEREZ','chibolo - BARRIO RINCON','3135651105','U',2,900226715,860011153,800224808,891780093,100000,101,'1962-11-05','2020-12-02',2400000.00,'A','','','','I','xx',0.00000,'1','M','0000-00-00','','',''),(202212,20829307,'BLANCA INES GARZON','PUERTO SALGAR','','U',0,800130907,890903790,900336004,890700148,100000,203,'1995-06-05','2023-01-01',1259000.00,'A','','0','1234567892','I','3',2.43600,'26','F','0000-00-00','','',''),(202212,1032403881,'CARLOS EDUARDO MUÑOZ','PUERTO SALGAR','','U',0,8300035647,890903790,800227940,890700148,100000,201,'2000-06-05','2022-06-05',1259000.00,'A','O','0','1234567893','I','1',2.43600,'26','M','0000-00-00','','',''),(202212,3132234,'CESAR AUGUSTO VALENCIA','PUERTO SALGAR','','S',0,800130907,890903790,800224808,890700148,100000,204,'1999-06-05','2022-06-05',1259000.00,'A','T','0','1234567894','I','4',2.43600,'26','M','0000-00-00','','',''),(202212,18418303,'CRISTIAN RENTERIA FLOREZ','PUERTO SALGAR','','S',0,8300035647,890903790,800224808,890700148,100000,201,'1998-06-05','2020-06-05',1527600.00,'A','','0','1234567895','I','1',2.43600,'26','M','0000-00-00','','',''),(202212,1073320821,'OLGA LISETH RODRIGUEZ','PUERTO SALGAR','','S',0,800130907,890903790,800224808,890700148,100000,201,'1997-06-05','2022-06-05',1393000.00,'A','','0','1234567896','I','2',2.43600,'26','F','0000-00-00','','',''),(202212,3131747,'OMAR HUMBERTO OLAYA','PUERTO SALGAR','','S',0,8300035647,890903790,800224808,890700148,100000,102,'1995-06-05','2022-01-05',1259000.00,'A','T','0','1234567897','I','1',2.43600,'26','M','0000-00-00','','',''),(202212,10175933,'RODOLFO ESCOBAR PEÑALOZA','PUERTO SALGAR','','S',0,8300035647,890903790,800224808,890700148,100000,203,'1996-06-05','2021-06-01',1259000.00,'A','T','0','1234567898','I','3',2.43600,'26','M','0000-00-00','','',''),(202212,10176087,'URIEL SEPULVEDA','PUERTO SALGAR','','U',0,8300035647,890903790,800224808,890700148,100000,201,'1990-06-05','2010-06-05',1527600.00,'A','T','0','1234567898','I','1',2.43600,'26','M','0000-00-00','','',''),(202212,1073321377,'DIANA YISETH BARBOSA MALAVER','PUERTO SALGAR','','S',0,8300035647,890903790,800224808,890700148,100000,201,'1993-06-05','2022-06-05',1653000.00,'A','','0','1234567899','I','1',2.43600,'26','F','0000-00-00','','',''),(202212,3132089,'AIVER BLANCO RODRIGUEZ','PUERTO SALGAR','','U',0,8300035647,890903790,800224808,800224808,100000,201,'1990-06-05','2023-01-01',1527600.00,'A','','0','1234567890','I','1',2.43600,'26','M','0000-00-00','','',''),(202212,10171813,'ALFREDO VILLALOBOS SANCHEZ','PUERTO SALGAR','','U',0,800251440,860011153,800224808,800231967,100000,201,'1988-06-05','2023-01-01',1527600.00,'A','','0','1234567891','I','1',2.43600,'26','M','0000-00-00','','',''),(202212,10181528,'NETZER SALDAÑA QUEVEDO','PUERTO SALGAR','','S',0,8300035647,890903790,800224808,890700148,100000,201,'1995-06-05','2012-06-05',1527600.00,'A','T','0','1234567810','I','1',2.43600,'26','F','0000-00-00','','',''),(202204,41718134,'ANDRES CAMILO RENTERIA FLOREZ','PUERTO SALGAR','','S',2,8300035647,890903790,800224808,890700148,100000,201,'2000-01-17','2024-01-01',1700000.00,'A','T','1','1234567890','I','1',2.43600,'11','M','0000-00-00','','',''),(202204,41718135,'SANDRA INES GARZON FERNANDEZ','PUERTO SALGAR','','S',1,8300035647,890903790,800224808,890700148,100000,201,'2000-01-17','2024-01-01',1400000.00,'A','T','1','1234567890','I','1',2.43600,'8','F','0000-00-00','','',''),(202204,41718136,'CRISTIANO RONALDO MUÑOZ REY','PUERTO SALGAR','','S',0,8300035647,890903790,800224808,890700148,100000,201,'2000-01-17','2024-01-01',2000000.00,'A','T','1','1234567890','I','1',2.43600,'8','M','0000-00-00','','',''),(202206,41718138,'DAYANA JANETH BERMUDEZ MALAGON','PUERTO SALGAR','','S',1,8300035647,890903790,800224808,890700148,100000,201,'2000-01-17','2024-01-01',1900000.00,'A','','1','1234567890','I','1',2.43600,'26','F','0000-00-00','','',''),(202206,41718137,'LISETH CAROLINA RODRIGUEZ ROMERO','PUERTO SALGAR','','S',1,8300035647,890903790,800224808,890700148,100000,201,'2000-01-17','2024-01-01',1500000.00,'A','','1','1234567890','I','1',2.43600,'10','F','0000-00-00','','',''),(202206,41718133,'MARIANA ANDREA SANCHEZ QUIROZ','PUERTO SALGAR','','C',1,8300035647,890903790,800224808,890700148,100000,201,'2000-01-17','2024-01-01',1627600.00,'A','T','1','1234567890','I','1',2.43600,'11','F','0000-00-00','','',''),(202206,41718134,'ANDRES CAMILO RENTERIA FLOREZ','PUERTO SALGAR','','S',2,8300035647,890903790,800224808,890700148,100000,201,'2000-01-17','2024-01-01',1700000.00,'A','T','1','1234567890','I','1',2.43600,'11','M','0000-00-00','','',''),(202206,41718135,'SANDRA INES GARZON FERNANDEZ','PUERTO SALGAR','','S',1,8300035647,890903790,800224808,890700148,100000,201,'2000-01-17','2024-01-01',1400000.00,'A','T','1','1234567890','I','1',2.43600,'8','F','0000-00-00','','',''),(202206,41718136,'CRISTIANO RONALDO MUÑOZ REY','PUERTO SALGAR','','S',0,8300035647,890903790,800224808,890700148,100000,201,'2000-01-17','2024-01-01',2000000.00,'A','T','1','1234567890','I','1',2.43600,'8','M','0000-00-00','','',''),(202206,41718132,'LUIS CARLOS MURIEL SEPULVEDA','PUERTO SALGAR','','P',2,8300035647,890903790,800224808,890700148,100000,201,'2000-01-17','2024-01-01',1627600.00,'A','T','1','1234567890','I','1',2.43600,'11','M','0000-00-00','','',''),(202206,41718131,'MARTIN ADOLFO ESPAÑA PEÑA','PUERTO SALGAR','','U',1,8300035647,890903790,800224808,890700148,100000,201,'2000-01-17','2024-01-01',1359000.00,'A','T','1','1234567890','I','1',2.43600,'8','M','0000-00-00','','',''),(202206,41718130,'ALBERTO JOSE VASQUEZ SUAREZ','PUERTO SALGAR','','S',0,8300035647,890903790,800224808,890700148,100000,201,'2000-01-17','2024-01-01',1627600.00,'A','T','0','1234567890','I','1',2.43600,'13','M','0000-00-00','','',''),(202206,3322343,'CARLOS ANTONIO VELEZ MURCIA','PUERTO SALGAR','','S',1,8300035647,890903790,800224808,890700148,100000,201,'2000-01-17','2024-01-01',1359000.00,'A','T','1','1234567890','I','1',2.43600,'8','M','0000-00-00','','',''),(202206,2320893,'JAVIER ANDRES BERMUDEZ ROMERO','PUERTO SALGAR','','S',0,8300035647,890903790,800224808,890700148,100000,201,'2000-01-17','2024-01-01',1627600.00,'A','','1','1234567890','I','1',2.43600,'13','M','0000-00-00','','',''),(202206,1317473,'OSCAR HENRY ORTIZ MUÑOZ','PUERTO SALGAR','','C',2,8300035647,890903790,800224808,890700148,100000,102,'2000-01-17','2024-01-01',1359000.00,'A','','1','1234567890','I','1',2.43600,'8','M','0000-00-00','','',''),(202206,10181528,'NETZER SALDAÑA QUEVEDO','PUERTO SALGAR','','S',0,8300035647,890903790,800224808,890700148,100000,201,'1995-06-05','2012-06-05',1527600.00,'A','T','0','1234567810','I','1',2.43600,'11','F','0000-00-00','','',''),(202206,3131747,'OMAR HUMBERTO OLAYA','PUERTO SALGAR','','S',0,8300035647,890903790,800224808,890700148,100000,201,'1995-06-05','2022-01-05',1259000.00,'A','T','0','1234567890','I','1',2.43600,'8','M','0000-00-00','','',''),(202206,10175933,'RODOLFO ESCOBAR PEÑALOZA','PUERTO SALGAR','','S',0,8300035647,890903790,800224808,890700148,100000,201,'1996-06-05','2021-06-01',1259000.00,'A','','0','1234567890','I','1',2.43600,'8','M','0000-00-00','','',''),(202206,10176087,'URIEL SEPULVEDA','PUERTO SALGAR','','U',0,8300035647,890903790,800224808,890700148,100000,201,'1990-06-05','2010-06-05',1527600.00,'A','','0','1234567898','I','1',2.43600,'11','M','0000-00-00','','',''),(202206,1073321377,'DIANA YISETH BARBOSA MALAVER','PUERTO SALGAR','','S',0,8300035647,890903790,800224808,890700148,100000,201,'1993-06-05','2022-06-05',1653000.00,'A','T','0','1234567899','I','1',2.43600,'25','F','0000-00-00','','',''),(202206,3132089,'AIVER BLANCO RODRIGUEZ','PUERTO SALGAR','','U',0,8300035647,890903790,800224808,890700148,100000,201,'1990-06-05','2023-01-01',1527600.00,'A','T','0','1234567890','I','1',2.43600,'13','M','0000-00-00','','',''),(202206,10171813,'ALFREDO VILLALOBOS SANCHEZ','PUERTO SALGAR','','U',0,8300035647,890903790,800224808,890700148,100000,201,'1988-06-05','2023-01-01',1527600.00,'A','','0','1234567890','I','1',2.43600,'13','M','0000-00-00','','',''),(202206,3132234,'CESAR AUGUSTO VALENCIA','PUERTO SALGAR','','S',0,8300035647,890903790,800224808,890700148,100000,201,'1999-06-05','2022-06-05',1259000.00,'A','T','0','1234567890','I','1',2.43600,'8','M','0000-00-00','','',''),(202206,18418303,'CRISTIAN RENTERIA FLOREZ','PUERTO SALGAR','','S',0,8300035647,890903790,800224808,890700148,100000,201,'1998-06-05','2020-06-05',1527600.00,'A','T','0','1234567895','I','1',2.43600,'11','M','0000-00-00','','',''),(202206,1073320821,'OLGA LISETH RODRIGUEZ','PUERTO SALGAR','','S',0,8300035647,890903790,800224808,890700148,100000,201,'2000-01-17','2024-01-01',1393000.00,'A','T','0','1234567890','I','1',2.43600,'10','M','0000-00-00','','',''),(202206,8571303,'ARCADIO ANTONIO OROZCO OBREDOR','chibolo - PIEDRAS DE MOLER','3145977358','U',4,900226715,860011153,800224808,891780093,100000,201,'1969-12-13','2004-11-05',1218470.00,'A','B','','','I','xx',2.43600,'21','M','0000-00-00','','',''),(202206,8729882,'EFRAIN TERCERO CARO PEREZ','chibolo - BARRIO RINCON','3135651105','U',2,900226715,860011153,800224808,891780093,100000,101,'1962-11-05','2020-12-02',3723274.00,'A','','','','I','xx',0.00000,'1','M','2023-12-31','','',''),(202206,20829307,'BLANCA INES GARZON','PUERTO SALGAR','','U',0,800130907,890903790,900336004,890700148,100000,201,'1995-06-05','2023-01-01',1259000.00,'A','T','0','1234567892','I','1',2.43600,'8','F','0000-00-00','','',''),(202206,1032403881,'CARLOS EDUARDO MUÑOZ','PUERTO SALGAR','','U',0,8300035647,890903790,800224808,890700148,100000,201,'2000-01-17','2024-01-01',1259000.00,'A','T','0','1234567890','I','1',2.43600,'8','M','0000-00-00','','',''),(202206,5886604,'JOSE IGNACIO GONZALEZ CARDENAS','chibolo CLLE 5 N. 10  -  82','3207756931','U',6,900226715,860011153,800224808,891780093,100000,101,'1965-07-08','2008-01-09',1479140.00,'A','','','1234567890','I','1',2.43600,'14','M','0000-00-00','','',''),(202206,19518008,'ANTONIO MARIA ESCORCIA ALMANZA','chibolo - CARRERA 11 N. 16 - 23','3215984806','U',4,900226715,860011153,800224808,891780093,100000,201,'1978-11-20','2008-01-18',1218470.00,'A','','','','I','xx',2.43600,'20','M','0000-00-00','','',''),(202206,1079657627,'JAVIER JOSE NAVARRO ARRIETA','chibolo - CARRERA 1B  N. 2 - 20','3205260093','U',2,900226715,860011153,800224808,891780093,100000,201,'1989-01-01','2020-06-05',1218470.00,'A','B','','1234567890','I','1',2.43600,'21','M','0000-00-00','','',''),(202204,41718133,'MARIANA ANDREA SANCHEZ QUIROZ','PUERTO SALGAR','','C',1,8300035647,890903790,800224808,890700148,100000,201,'2000-01-17','2024-01-01',1627600.00,'A','T','1','1234567890','I','1',2.43600,'11','F','0000-00-00','','',''),(202204,41718137,'LISETH CAROLINA RODRIGUEZ ROMERO','PUERTO SALGAR','','S',1,8300035647,890903790,800224808,890700148,100000,201,'2000-01-17','2024-01-01',1500000.00,'A','','1','1234567890','I','1',2.43600,'10','F','0000-00-00','','',''),(202204,41718138,'DAYANA JANETH BERMUDEZ MALAGON','PUERTO SALGAR','','S',1,8300035647,890903790,800224808,890700148,100000,201,'2000-01-17','2024-01-01',1900000.00,'A','','1','1234567890','I','1',2.43600,'26','F','0000-00-00','','',''),(202204,20829307,'BLANCA INES GARZON','PUERTO SALGAR','','U',0,800130907,890903790,900336004,890700148,100000,201,'1995-06-05','2023-01-01',1259000.00,'A','T','0','1234567892','I','1',2.43600,'8','F','0000-00-00','','',''),(202204,1032403881,'CARLOS EDUARDO MUÑOZ','PUERTO SALGAR','','U',0,8300035647,890903790,800224808,890700148,100000,201,'2000-01-17','2024-01-01',1259000.00,'A','T','0','1234567890','I','1',2.43600,'8','M','0000-00-00','','',''),(202204,3132234,'CESAR AUGUSTO VALENCIA','PUERTO SALGAR','','S',0,8300035647,890903790,800224808,890700148,100000,201,'1999-06-05','2022-06-05',1259000.00,'A','T','0','1234567890','I','1',2.43600,'8','M','0000-00-00','','',''),(202204,18418303,'CRISTIAN RENTERIA FLOREZ','PUERTO SALGAR','','S',0,8300035647,890903790,800224808,890700148,100000,201,'1998-06-05','2020-06-05',1527600.00,'A','T','0','1234567895','I','1',2.43600,'11','M','0000-00-00','','',''),(202204,1073320821,'OLGA LISETH RODRIGUEZ','PUERTO SALGAR','','S',0,8300035647,890903790,800224808,890700148,100000,201,'2000-01-17','2024-01-01',1393000.00,'A','T','0','1234567890','I','1',2.43600,'10','M','0000-00-00','','',''),(202204,3131747,'OMAR HUMBERTO OLAYA','PUERTO SALGAR','','S',0,8300035647,890903790,800224808,890700148,100000,201,'1995-06-05','2022-01-05',1259000.00,'A','T','0','1234567890','I','1',2.43600,'8','M','0000-00-00','','',''),(202204,10175933,'RODOLFO ESCOBAR PEÑALOZA','PUERTO SALGAR','','S',0,8300035647,890903790,800224808,890700148,100000,201,'1996-06-05','2021-06-01',1259000.00,'A','','0','1234567890','I','1',2.43600,'8','M','0000-00-00','','',''),(202204,10176087,'URIEL SEPULVEDA','PUERTO SALGAR','','U',0,8300035647,890903790,800224808,890700148,100000,201,'1990-06-05','2010-06-05',1527600.00,'A','','0','1234567898','I','1',2.43600,'11','M','0000-00-00','','',''),(202204,1073321377,'DIANA YISETH BARBOSA MALAVER','PUERTO SALGAR','','S',0,8300035647,890903790,800224808,890700148,100000,201,'1993-06-05','2022-06-05',1653000.00,'A','T','0','1234567899','I','1',2.43600,'25','F','0000-00-00','','',''),(202204,3132089,'AIVER BLANCO RODRIGUEZ','PUERTO SALGAR','','U',0,8300035647,890903790,800224808,890700148,100000,201,'1990-06-05','2023-01-01',1527600.00,'A','T','0','1234567890','I','1',2.43600,'13','M','0000-00-00','','',''),(202204,10171813,'ALFREDO VILLALOBOS SANCHEZ','PUERTO SALGAR','','U',0,8300035647,890903790,800224808,890700148,100000,201,'1988-06-05','2023-01-01',1527600.00,'A','','0','1234567890','I','1',2.43600,'13','M','0000-00-00','','',''),(202204,10181528,'NETZER SALDAÑA QUEVEDO','PUERTO SALGAR','','S',0,8300035647,890903790,800224808,890700148,100000,201,'1995-06-05','2012-06-05',1527600.00,'A','T','0','1234567810','I','1',2.43600,'11','F','0000-00-00','','',''),(202204,19518008,'ANTONIO MARIA ESCORCIA ALMANZA','chibolo - CARRERA 11 N. 16 - 23','3215984806','U',4,900226715,860011153,800224808,891780093,100000,201,'1978-11-20','2008-01-18',1218470.00,'A','','','','I','xx',2.43600,'20','M','0000-00-00','','',''),(202204,1079657627,'JAVIER JOSE NAVARRO ARRIETA','chibolo - CARRERA 1B  N. 2 - 20','3205260093','U',2,900226715,860011153,800224808,891780093,100000,201,'1989-01-01','2020-06-05',1218470.00,'A','B','','1234567890','I','1',2.43600,'21','M','0000-00-00','','',''),(202204,5886604,'JOSE IGNACIO GONZALEZ CARDENAS','chibolo CLLE 5 N. 10  -  82','3207756931','U',6,900226715,860011153,800224808,891780093,100000,101,'1965-07-08','2008-01-09',1479140.00,'A','','','1234567890','I','1',2.43600,'14','M','0000-00-00','','',''),(202204,8571303,'ARCADIO ANTONIO OROZCO OBREDOR','chibolo - PIEDRAS DE MOLER','3145977358','U',4,900226715,860011153,800224808,891780093,100000,201,'1969-12-13','2004-11-05',1218470.00,'A','B','','','I','xx',2.43600,'21','M','0000-00-00','','',''),(202204,8729882,'EFRAIN TERCERO CARO PEREZ','chibolo - BARRIO RINCON','3135651105','U',2,900226715,860011153,800224808,891780093,100000,101,'1962-11-05','2020-12-02',0.00,'A','','','','I','xx',0.00000,'1','M','2023-12-31','','',''),(202205,41718136,'CRISTIANO RONALDO MUÑOZ REY','PUERTO SALGAR','','S',0,8300035647,890903790,800224808,890700148,100000,201,'2000-01-17','2024-01-01',2000000.00,'A','T','1','1234567890','I','1',2.43600,'8','M','0000-00-00','','',''),(202205,19518008,'ANTONIO MARIA ESCORCIA ALMANZA','chibolo - CARRERA 11 N. 16 - 23','3215984806','U',4,900226715,860011153,800224808,891780093,100000,201,'1978-11-20','2008-01-18',1218470.00,'A','','','','I','xx',2.43600,'20','M','0000-00-00','','',''),(202205,1079657627,'JAVIER JOSE NAVARRO ARRIETA','chibolo - CARRERA 1B  N. 2 - 20','3205260093','U',2,900226715,860011153,800224808,891780093,100000,201,'1989-01-01','2020-06-05',1218470.00,'A','B','','1234567890','I','1',2.43600,'21','M','0000-00-00','','',''),(202205,5886604,'JOSE IGNACIO GONZALEZ CARDENAS','chibolo CLLE 5 N. 10  -  82','3207756931','U',6,900226715,860011153,800224808,891780093,100000,101,'1965-07-08','2008-01-09',1479140.00,'A','','','1234567890','I','1',2.43600,'14','M','0000-00-00','','',''),(202205,8571303,'ARCADIO ANTONIO OROZCO OBREDOR','chibolo - PIEDRAS DE MOLER','3145977358','U',4,900226715,860011153,800224808,891780093,100000,201,'1969-12-13','2004-11-05',1218470.00,'A','B','','','I','xx',2.43600,'21','M','0000-00-00','','',''),(202205,8729882,'EFRAIN TERCERO CARO PEREZ','chibolo - BARRIO RINCON','3135651105','U',2,900226715,860011153,800224808,891780093,100000,101,'1962-11-05','2020-12-02',0.00,'A','','','','I','xx',0.00000,'1','M','2023-12-31','','',''),(202205,20829307,'BLANCA INES GARZON','PUERTO SALGAR','','U',0,800130907,890903790,900336004,890700148,100000,201,'1995-06-05','2023-01-01',1259000.00,'A','T','0','1234567892','I','1',2.43600,'8','F','0000-00-00','','',''),(202205,1032403881,'CARLOS EDUARDO MUÑOZ','PUERTO SALGAR','','U',0,8300035647,890903790,800224808,890700148,100000,201,'2000-01-17','2024-01-01',1259000.00,'A','T','0','1234567890','I','1',2.43600,'8','M','0000-00-00','','',''),(202205,3132234,'CESAR AUGUSTO VALENCIA','PUERTO SALGAR','','S',0,8300035647,890903790,800224808,890700148,100000,201,'1999-06-05','2022-06-05',1259000.00,'A','T','0','1234567890','I','1',2.43600,'8','M','0000-00-00','','',''),(202205,18418303,'CRISTIAN RENTERIA FLOREZ','PUERTO SALGAR','','S',0,8300035647,890903790,800224808,890700148,100000,201,'1998-06-05','2020-06-05',1527600.00,'A','T','0','1234567895','I','1',2.43600,'11','M','0000-00-00','','',''),(202205,1073320821,'OLGA LISETH RODRIGUEZ','PUERTO SALGAR','','S',0,8300035647,890903790,800224808,890700148,100000,201,'2000-01-17','2024-01-01',1393000.00,'A','T','0','1234567890','I','1',2.43600,'10','M','0000-00-00','','',''),(202205,3131747,'OMAR HUMBERTO OLAYA','PUERTO SALGAR','','S',0,8300035647,890903790,800224808,890700148,100000,201,'1995-06-05','2022-01-05',1259000.00,'A','T','0','1234567890','I','1',2.43600,'8','M','0000-00-00','','',''),(202205,10175933,'RODOLFO ESCOBAR PEÑALOZA','PUERTO SALGAR','','S',0,8300035647,890903790,800224808,890700148,100000,201,'1996-06-05','2021-06-01',1259000.00,'A','','0','1234567890','I','1',2.43600,'8','M','0000-00-00','','',''),(202205,10176087,'URIEL SEPULVEDA','PUERTO SALGAR','','U',0,8300035647,890903790,800224808,890700148,100000,201,'1990-06-05','2010-06-05',1527600.00,'A','T','0','1234567898','I','1',2.43600,'11','M','0000-00-00','','',''),(202205,1073321377,'DIANA YISETH BARBOSA MALAVER','PUERTO SALGAR','','S',0,8300035647,890903790,800224808,890700148,100000,201,'1993-06-05','2022-06-05',1653000.00,'A','T','0','1234567899','I','1',2.43600,'25','F','0000-00-00','','',''),(202205,3132089,'AIVER BLANCO RODRIGUEZ','PUERTO SALGAR','','U',0,8300035647,890903790,800224808,890700148,100000,201,'1990-06-05','2023-01-01',1527600.00,'A','T','0','1234567890','I','1',2.43600,'13','M','0000-00-00','','',''),(202205,10171813,'ALFREDO VILLALOBOS SANCHEZ','PUERTO SALGAR','','U',0,8300035647,890903790,800224808,890700148,100000,201,'1988-06-05','2023-01-01',1527600.00,'A','','0','1234567890','I','1',2.43600,'13','M','0000-00-00','','',''),(202205,10181528,'NETZER SALDAÑA QUEVEDO','PUERTO SALGAR','','S',0,8300035647,890903790,800224808,890700148,100000,201,'1995-06-05','2012-06-05',1527600.00,'A','T','0','1234567810','I','1',2.43600,'11','F','0000-00-00','','',''),(202205,1317473,'OSCAR HENRY ORTIZ MUÑOZ','PUERTO SALGAR','','C',2,8300035647,890903790,800224808,890700148,100000,102,'2000-01-17','2024-01-01',1359000.00,'A','','1','1234567890','I','1',2.43600,'8','M','0000-00-00','','',''),(202205,2320893,'JAVIER ANDRES BERMUDEZ ROMERO','PUERTO SALGAR','','S',0,8300035647,890903790,800224808,890700148,100000,201,'2000-01-17','2024-01-01',1627600.00,'A','','1','1234567890','I','1',2.43600,'13','M','0000-00-00','','',''),(202205,3322343,'CARLOS ANTONIO VELEZ MURCIA','PUERTO SALGAR','','S',1,8300035647,890903790,800224808,890700148,100000,201,'2000-01-17','2024-01-01',1359000.00,'A','T','1','1234567890','I','1',2.43600,'8','M','0000-00-00','','',''),(202205,41718130,'ALBERTO JOSE VASQUEZ SUAREZ','PUERTO SALGAR','','S',0,8300035647,890903790,800224808,890700148,100000,201,'2000-01-17','2024-01-01',1627600.00,'A','T','0','1234567890','I','1',2.43600,'13','M','0000-00-00','','',''),(202205,41718131,'MARTIN ADOLFO ESPAÑA PEÑA','PUERTO SALGAR','','U',1,8300035647,890903790,800224808,890700148,100000,201,'2000-01-17','2024-01-01',1359000.00,'A','T','1','1234567890','I','1',2.43600,'8','M','0000-00-00','','',''),(202205,41718132,'LUIS CARLOS MURIEL SEPULVEDA','PUERTO SALGAR','','P',2,8300035647,890903790,800224808,890700148,100000,201,'2000-01-17','2024-01-01',1627600.00,'A','T','1','1234567890','I','1',2.43600,'11','M','0000-00-00','','',''),(202205,41718133,'MARIANA ANDREA SANCHEZ QUIROZ','PUERTO SALGAR','','C',1,8300035647,890903790,800224808,890700148,100000,201,'2000-01-17','2024-01-01',1627600.00,'A','T','1','1234567890','I','1',2.43600,'11','F','0000-00-00','','',''),(202205,41718134,'ANDRES CAMILO RENTERIA FLOREZ','PUERTO SALGAR','','S',2,8300035647,890903790,800224808,890700148,100000,201,'2000-01-17','2024-01-01',1700000.00,'A','T','1','1234567890','I','1',2.43600,'11','M','0000-00-00','','',''),(202205,41718135,'SANDRA INES GARZON FERNANDEZ','PUERTO SALGAR','','S',1,8300035647,890903790,800224808,890700148,100000,201,'2000-01-17','2024-01-01',1400000.00,'A','T','1','1234567890','I','1',2.43600,'8','F','0000-00-00','','',''),(202205,41718137,'LISETH CAROLINA RODRIGUEZ ROMERO','PUERTO SALGAR','','S',1,8300035647,890903790,800224808,890700148,100000,201,'2000-01-17','2024-01-01',1500000.00,'A','','1','1234567890','I','1',2.43600,'10','F','0000-00-00','','',''),(202205,41718138,'DAYANA JANETH BERMUDEZ MALAGON','PUERTO SALGAR','','S',1,8300035647,890903790,800224808,890700148,100000,201,'2000-01-17','2024-01-01',1900000.00,'A','','1','1234567890','I','1',2.43600,'26','F','0000-00-00','','','');
/*!40000 ALTER TABLE `empleadonom_liq` ENABLE KEYS */;
UNLOCK TABLES;

--
-- Table structure for table `empresa`
--

DROP TABLE IF EXISTS `empresa`;
/*!40101 SET @saved_cs_client     = @@character_set_client */;
/*!40101 SET character_set_client = utf8 */;
CREATE TABLE `empresa` (
  `ep_codemp` char(12) NOT NULL DEFAULT '',
  `ep_nombre` char(80) NOT NULL DEFAULT '',
  `ep_direcc` char(40) NOT NULL DEFAULT '',
  `ep_telefo` char(10) NOT NULL DEFAULT '',
  `ep_dpto` varchar(3) NOT NULL,
  `ep_mcpio` varchar(3) NOT NULL,
  PRIMARY KEY (`ep_codemp`)
) ENGINE=InnoDB DEFAULT CHARSET=latin1;
/*!40101 SET character_set_client = @saved_cs_client */;

--
-- Dumping data for table `empresa`
--

LOCK TABLES `empresa` WRITE;
/*!40000 ALTER TABLE `empresa` DISABLE KEYS */;
INSERT INTO `empresa` (`ep_codemp`, `ep_nombre`, `ep_direcc`, `ep_telefo`, `ep_dpto`, `ep_mcpio`) VALUES ('830503264-8','ADMINISTRACION PUBLICA COOPERATIVA SE SERVICIOS PUBLICOS DE CHIVOLO','CL 5 8 - 6 LC 1','3135651105','','');
/*!40000 ALTER TABLE `empresa` ENABLE KEYS */;
UNLOCK TABLES;

--
-- Table structure for table `entidad`
--

DROP TABLE IF EXISTS `entidad`;
/*!40101 SET @saved_cs_client     = @@character_set_client */;
/*!40101 SET character_set_client = utf8 */;
CREATE TABLE `entidad` (
  `en_codigo` bigint(12) NOT NULL DEFAULT '0',
  `en_nombre` char(50) NOT NULL DEFAULT '',
  `en_respon` char(50) NOT NULL DEFAULT '',
  `en_telefo` char(12) NOT NULL DEFAULT '',
  PRIMARY KEY (`en_codigo`)
) ENGINE=MyISAM DEFAULT CHARSET=latin1;
/*!40101 SET character_set_client = @saved_cs_client */;

--
-- Dumping data for table `entidad`
--

LOCK TABLES `entidad` WRITE;
/*!40000 ALTER TABLE `entidad` DISABLE KEYS */;
INSERT INTO `entidad` (`en_codigo`, `en_nombre`, `en_respon`, `en_telefo`) VALUES (0,'NO APLICA','NO APLICA','0'),(890924205,'FONDO NACIONAL DEL AHORRO','FONDO NACIONAL DEL AHORRO','270000'),(800130907,'SALUD TOTAL','SALUD TOTAL','EPS002'),(800140949,'CAFESALUD','CAFESALUD','EPS003'),(891800213,'COMFABOY','COMFABOY','CCF10'),(800224808,'PORVENIR','PORVENIR','230301'),(800226175,'COLMENA','COLMENA','14-25'),(800227940,'COLFONDOS','COLFONDOS','231001'),(800229739,'PROTECCION','PROTECCION','230201'),(800231967,'HORIZONTE','HORIZONTE','230501'),(800250119,'SALUDCOOP','SALUDCOOP','EPS013'),(800251440,'SANITAS','SANITAS','EPS005'),(804002273,'SOLSALUD','SOLSALUD','EPS026'),(805000427,'COOMEVA','COOMEVA','EPS016'),(805001157,'S.O.S. SERVICIO OCCIDENTAL DE SALUD S.A.','S.O.S. SERVICIO OCCIDENTAL DE SALUD S.A.','EPS018'),(830006404,'HUMANA VIVIR','HUMANA VIVIR','EPS014'),(830074184,'SALUDVIDA','SALUDVIDA','EPS033'),(860002503,'SEGUROS BOLIVAR','SEGUROS BOLIVAR','ARP14-7'),(890700148,'COMFENALCO TOLIMA','COMFENALCO TOLIMA','CCF50'),(899999034,'SENA','SENA','PASENA'),(899999239,'INSTITUTO COLOMBIANO DE BIENESTAR FAMILIAR','INSTITUTO COLOMBIANO DE BIENESTAR FAMILIAR','PAICBF'),(900074992,'GOLDEN CROSS S.A.','GOLDEN CROSS S.A.','EPS039'),(900156264,'NUEVA EPS','NUEVA EPS','EPS037'),(900336004,'COLPENSIONES','COLPENSIONES','25-14'),(830054904,'MAPFRE','MAPFRE','14-30'),(892200015,'COMFASUCRE','COMFASUCRE','CCF41'),(806008394,'MUTUAL SER','MUTUAL SER','ESS207'),(860011153,'POSITIVA ARL','POSITIVA ARL','14-23'),(8300035647,'FAMISANAR','FAMISANAR','EPS017'),(892115006,'COMFAGUAJIRA','LUIS EDUARDO MEDINA ROMERO','CCFC23'),(8001485142,'OLDMUTUAL','OLDMUTUAL','230901'),(9010974735,'MEDIMAS','MEDIMAS','EPS044'),(8902015787,'COMFENALCO SANTANDER','COMFENALCO SANTANDER','CCF40'),(8002561619,'SEGUROS DE RIESGOS LABORALES SURAMERICANA','SEGUROS DE RIESGOS LABORALES SURAMERINACA','14-28'),(8040021050,'COMPARTA','COMPARTA','ESSC33'),(891080,'COMFACOR','COMFACOR','16'),(900226715,'COOSALUD EPS','COOSALUD EPS','52'),(890102044,'CAJACOPI ATLÁNTICO','CAJA DE COMPENSACIÓN FAMILIAR CAJACOPI ATLÁNTICO','CCFC55'),(891780093,'CAJAMAG','CAJAMAG','CCF33'),(890903790,'ARL SURA','ARL SURA','14-11');
/*!40000 ALTER TABLE `entidad` ENABLE KEYS */;
UNLOCK TABLES;

--
-- Table structure for table `estudios`
--

DROP TABLE IF EXISTS `estudios`;
/*!40101 SET @saved_cs_client     = @@character_set_client */;
/*!40101 SET character_set_client = utf8 */;
CREATE TABLE `estudios` (
  `est_codcli` bigint(12) NOT NULL DEFAULT '0',
  `est_registro` int(11) NOT NULL,
  `est_titulo` char(40) NOT NULL DEFAULT '',
  `est_institucion` char(40) NOT NULL DEFAULT '',
  `est_ciudad` char(20) NOT NULL DEFAULT '',
  `est_anos` int(2) DEFAULT NULL,
  `est_fecter` date DEFAULT NULL,
  PRIMARY KEY (`est_codcli`,`est_registro`)
) ENGINE=MyISAM DEFAULT CHARSET=latin1;
/*!40101 SET character_set_client = @saved_cs_client */;

--
-- Dumping data for table `estudios`
--

LOCK TABLES `estudios` WRITE;
/*!40000 ALTER TABLE `estudios` DISABLE KEYS */;
/*!40000 ALTER TABLE `estudios` ENABLE KEYS */;
UNLOCK TABLES;

--
-- Table structure for table `exogena`
--

DROP TABLE IF EXISTS `exogena`;
/*!40101 SET @saved_cs_client     = @@character_set_client */;
/*!40101 SET character_set_client = utf8 */;
CREATE TABLE `exogena` (
  `exo_vigencia` int(4) NOT NULL,
  `exo_formato` char(12) NOT NULL,
  `exo_concepto` char(12) NOT NULL,
  `exo_nit` bigint(12) NOT NULL,
  `exo_col1` double(15,2) NOT NULL,
  `exo_col2` double(15,2) NOT NULL,
  `exo_col3` double(15,2) NOT NULL,
  `exo_col4` double(15,2) NOT NULL,
  `exo_col5` double(15,2) NOT NULL,
  `exo_col6` double(15,2) NOT NULL,
  `exo_col7` double(15,2) NOT NULL,
  `exo_col8` double(15,2) NOT NULL,
  `exo_col9` double(15,2) NOT NULL,
  PRIMARY KEY (`exo_vigencia`,`exo_formato`,`exo_concepto`,`exo_nit`)
) ENGINE=MyISAM DEFAULT CHARSET=latin1;
/*!40101 SET character_set_client = @saved_cs_client */;

--
-- Dumping data for table `exogena`
--

LOCK TABLES `exogena` WRITE;
/*!40000 ALTER TABLE `exogena` DISABLE KEYS */;
/*!40000 ALTER TABLE `exogena` ENABLE KEYS */;
UNLOCK TABLES;

--
-- Table structure for table `experiencia`
--

DROP TABLE IF EXISTS `experiencia`;
/*!40101 SET @saved_cs_client     = @@character_set_client */;
/*!40101 SET character_set_client = utf8 */;
CREATE TABLE `experiencia` (
  `exp_codcli` bigint(12) NOT NULL DEFAULT '0',
  `exp_registro` int(11) NOT NULL,
  `exp_empresa` char(40) NOT NULL DEFAULT '',
  `exp_direccion` char(40) NOT NULL DEFAULT '',
  `exp_cargo` char(20) NOT NULL DEFAULT '',
  `exp_jefe` char(40) NOT NULL DEFAULT '',
  `exp_telefo` char(20) NOT NULL DEFAULT '',
  `exp_fecing` date DEFAULT NULL,
  `exp_fecret` date DEFAULT NULL,
  `exp_motivo` char(15) NOT NULL DEFAULT '',
  `exp_placa` char(10) NOT NULL DEFAULT '',
  PRIMARY KEY (`exp_codcli`,`exp_registro`)
) ENGINE=MyISAM DEFAULT CHARSET=latin1;
/*!40101 SET character_set_client = @saved_cs_client */;

--
-- Dumping data for table `experiencia`
--

LOCK TABLES `experiencia` WRITE;
/*!40000 ALTER TABLE `experiencia` DISABLE KEYS */;
/*!40000 ALTER TABLE `experiencia` ENABLE KEYS */;
UNLOCK TABLES;

--
-- Table structure for table `facturas`
--

DROP TABLE IF EXISTS `facturas`;
/*!40101 SET @saved_cs_client     = @@character_set_client */;
/*!40101 SET character_set_client = utf8 */;
CREATE TABLE `facturas` (
  `fa_numero` int(9) NOT NULL,
  `fa_codcli` bigint(12) NOT NULL DEFAULT '0',
  `fa_nropla` char(6) DEFAULT NULL,
  `fa_codres` char(12) NOT NULL,
  `fa_fecreg` date DEFAULT NULL,
  `fa_horreg` time NOT NULL DEFAULT '00:00:00',
  `fa_vlrtot` double(15,2) DEFAULT NULL,
  `fa_descli` double(15,2) DEFAULT NULL,
  `fa_vlriva` double(15,2) DEFAULT NULL,
  `fa_apagar` double(15,2) DEFAULT NULL,
  `fa_estado` char(1) NOT NULL,
  `fa_tippag` char(1) NOT NULL,
  `fa_pagado` double(15,2) DEFAULT NULL,
  PRIMARY KEY (`fa_numero`),
  KEY `fa_codcli` (`fa_codcli`),
  KEY `fa_nropla` (`fa_nropla`),
  KEY `fa_codres` (`fa_codres`)
) ENGINE=MyISAM DEFAULT CHARSET=latin1;
/*!40101 SET character_set_client = @saved_cs_client */;

--
-- Dumping data for table `facturas`
--

LOCK TABLES `facturas` WRITE;
/*!40000 ALTER TABLE `facturas` DISABLE KEYS */;
INSERT INTO `facturas` (`fa_numero`, `fa_codcli`, `fa_nropla`, `fa_codres`, `fa_fecreg`, `fa_horreg`, `fa_vlrtot`, `fa_descli`, `fa_vlriva`, `fa_apagar`, `fa_estado`, `fa_tippag`, `fa_pagado`) VALUES (1,901411684,'-','900299637','2021-06-18','04:01:41',30000000.00,0.00,0.00,30000000.00,'F','C',0.00);
/*!40000 ALTER TABLE `facturas` ENABLE KEYS */;
UNLOCK TABLES;

--
-- Table structure for table `falta`
--

DROP TABLE IF EXISTS `falta`;
/*!40101 SET @saved_cs_client     = @@character_set_client */;
/*!40101 SET character_set_client = utf8 */;
CREATE TABLE `falta` (
  `fal_codigo` char(2) NOT NULL,
  `fal_descri` char(50) DEFAULT NULL,
  `fal_dias` int(11) DEFAULT NULL,
  PRIMARY KEY (`fal_codigo`)
) ENGINE=MyISAM DEFAULT CHARSET=latin1;
/*!40101 SET character_set_client = @saved_cs_client */;

--
-- Dumping data for table `falta`
--

LOCK TABLES `falta` WRITE;
/*!40000 ALTER TABLE `falta` DISABLE KEYS */;
INSERT INTO `falta` (`fal_codigo`, `fal_descri`, `fal_dias`) VALUES ('1','Inasistencia',3),('2','VACACIONES',0);
/*!40000 ALTER TABLE `falta` ENABLE KEYS */;
UNLOCK TABLES;

--
-- Table structure for table `familia`
--

DROP TABLE IF EXISTS `familia`;
/*!40101 SET @saved_cs_client     = @@character_set_client */;
/*!40101 SET character_set_client = utf8 */;
CREATE TABLE `familia` (
  `fam_codcli` bigint(12) NOT NULL DEFAULT '0',
  `fam_registro` int(11) NOT NULL,
  `fam_nombre` char(40) NOT NULL DEFAULT '',
  `fam_direccion` char(40) NOT NULL DEFAULT '',
  `fam_parentesco` char(20) NOT NULL DEFAULT '',
  `fam_anos` date DEFAULT NULL,
  PRIMARY KEY (`fam_codcli`,`fam_registro`)
) ENGINE=MyISAM DEFAULT CHARSET=latin1;
/*!40101 SET character_set_client = @saved_cs_client */;

--
-- Dumping data for table `familia`
--

LOCK TABLES `familia` WRITE;
/*!40000 ALTER TABLE `familia` DISABLE KEYS */;
/*!40000 ALTER TABLE `familia` ENABLE KEYS */;
UNLOCK TABLES;

--
-- Table structure for table `fe`
--

DROP TABLE IF EXISTS `fe`;
/*!40101 SET @saved_cs_client     = @@character_set_client */;
/*!40101 SET character_set_client = utf8 */;
CREATE TABLE `fe` (
  `fe_numero` int(9) NOT NULL,
  `fe_codcli` bigint(12) NOT NULL DEFAULT '0',
  `fe_codpro` bigint(12) NOT NULL DEFAULT '0',
  `fe_nropla` char(6) DEFAULT NULL,
  `fe_codres` char(12) NOT NULL,
  `fe_fecreg` date DEFAULT NULL,
  `fe_horreg` time NOT NULL DEFAULT '00:00:00',
  `fe_vlrtot` double(15,2) DEFAULT NULL,
  `fe_descli` double(15,2) DEFAULT NULL,
  `fe_vlriva` double(15,2) DEFAULT NULL,
  `fe_apagar` double(15,2) DEFAULT NULL,
  `fe_estado` char(1) NOT NULL,
  `fe_tippag` char(1) NOT NULL,
  `fe_pagado` double(15,2) DEFAULT NULL,
  `fe_observ` varchar(70) NOT NULL,
  `fe_fecven` date DEFAULT NULL,
  `fe_usuari` char(12) NOT NULL,
  PRIMARY KEY (`fe_numero`),
  KEY `fe_codcli` (`fe_codcli`),
  KEY `fe_codpro` (`fe_codpro`),
  KEY `fe_nropla` (`fe_nropla`),
  KEY `fe_codres` (`fe_codres`)
) ENGINE=MyISAM DEFAULT CHARSET=latin1;
/*!40101 SET character_set_client = @saved_cs_client */;

--
-- Dumping data for table `fe`
--

LOCK TABLES `fe` WRITE;
/*!40000 ALTER TABLE `fe` DISABLE KEYS */;
/*!40000 ALTER TABLE `fe` ENABLE KEYS */;
UNLOCK TABLES;

--
-- Table structure for table `giro`
--

DROP TABLE IF EXISTS `giro`;
/*!40101 SET @saved_cs_client     = @@character_set_client */;
/*!40101 SET character_set_client = utf8 */;
CREATE TABLE `giro` (
  `gir_numero` int(9) NOT NULL,
  `gir_codcli` bigint(12) DEFAULT NULL,
  `gir_codres` char(12) NOT NULL,
  `gir_fecreg` date DEFAULT NULL,
  `gir_horreg` time NOT NULL DEFAULT '00:00:00',
  `gir_estado` char(1) NOT NULL,
  `gir_tippag` char(1) NOT NULL,
  `gir_dispon` int(9) NOT NULL,
  `gir_vlrtot` double(15,2) DEFAULT NULL,
  `gir_detalle` text NOT NULL,
  `gir_feccre` date NOT NULL,
  `gir_cuenta` char(12) NOT NULL,
  `gir_cretencion` varchar(12) NOT NULL,
  `gir_creteica` varchar(12) NOT NULL,
  `gir_retencion` double(15,2) NOT NULL,
  `gir_reteica` double(15,2) NOT NULL,
  `gir_ccosto` int(6) NOT NULL,
  `gir_vlrgir` double(15,2) NOT NULL,
  `gir_cheque` varchar(12) NOT NULL,
  `gir_codaux` int(9) NOT NULL,
  `gir_egreso` int(9) NOT NULL,
  `gir_origen` varchar(20) NOT NULL,
  PRIMARY KEY (`gir_numero`),
  KEY `gir_codcli` (`gir_codcli`),
  KEY `gir_dispon` (`gir_dispon`),
  KEY `gir_cuenta` (`gir_cuenta`),
  KEY `gir_codaux` (`gir_codaux`)
) ENGINE=InnoDB DEFAULT CHARSET=latin1;
/*!40101 SET character_set_client = @saved_cs_client */;

--
-- Dumping data for table `giro`
--

LOCK TABLES `giro` WRITE;
/*!40000 ALTER TABLE `giro` DISABLE KEYS */;
INSERT INTO `giro` (`gir_numero`, `gir_codcli`, `gir_codres`, `gir_fecreg`, `gir_horreg`, `gir_estado`, `gir_tippag`, `gir_dispon`, `gir_vlrtot`, `gir_detalle`, `gir_feccre`, `gir_cuenta`, `gir_cretencion`, `gir_creteica`, `gir_retencion`, `gir_reteica`, `gir_ccosto`, `gir_vlrgir`, `gir_cheque`, `gir_codaux`, `gir_egreso`, `gir_origen`) VALUES (220001,1140866885,'8785891','2022-01-19','10:48:00','A','1',220089,32449740.00,'','0000-00-00','11100601','','',0.00,0.00,0,32449740.00,'0',0,220001,''),(220002,8729882,'8785891','2022-01-19','11:09:58','C','1',220002,1000000.00,'','0000-00-00','11100601','','',0.00,0.00,0,1000000.00,'0',0,220002,''),(220003,5124670,'asexis','2022-06-14','04:16:05','A','1',220003,940000.00,'','0000-00-00','11050101','','',0.00,0.00,0,940000.00,'0',0,220003,''),(220004,5124670,'asexis','2022-06-14','04:36:09','A','1',220004,6000000.00,' nomina julio','2022-06-14','1110050101','NA','NA',0.00,0.00,0,6000000.00,'0',0,0,''),(220005,5124670,'asexis','2022-06-14','04:39:08','A','1',220004,3800000.00,' planilla seguridad social','2022-06-14','1110050101','NA','NA',0.00,0.00,0,3800000.00,'0',0,0,''),(220006,830503264,'asexis','2022-10-01','05:36:59','A','1',220005,25005566.00,' NOMINA OCTUBRE 2022','2023-06-26','0','NA','NA',0.00,0.00,0,25005566.00,'0',0,0,''),(220007,830503264,'asexis','2022-10-01','05:39:21','A','1',220005,7702789.00,' PAGO SEGURIDAD SOCIAL NOMINA OCTUBRE 2022','2023-06-26','0','NA','NA',0.00,0.00,0,7702789.00,'0',0,0,''),(220008,830503264,'asexis','2024-01-22','11:36:09','A','1',220006,1500000.00,' COMPRA DE MATERIALES','2024-01-22','-','NA','NA',0.00,0.00,0,0.00,'',0,0,''),(220009,5124670,'asexis','2024-01-24','04:58:12','P','1',220008,0.00,'PRUEBA PRUEBA PRUEBA','2024-01-24','-','NA','NA',0.00,0.00,0,0.00,'',0,0,''),(220010,5124670,'asexis','2024-01-24','05:13:19','A','1',220010,0.00,'PRUEBA PRUEBA PRUEBA','2024-01-24','-','NA','NA',0.00,0.00,0,0.00,'',0,0,''),(220011,830503264,'asexis','2024-01-31','04:50:35','P','1',220009,100.00,'PRUEBA PRUEBA PRUEBA','2024-01-31','-','NA','NA',0.00,0.00,0,0.00,'',0,0,''),(220012,900301855,'asexis','2024-02-14','03:51:23','P','1',220010,0.00,'PRUEBA, PRUEBA, PRUEBA.','2024-02-14','-','NA','NA',0.00,0.00,0,0.00,'',0,0,'');
/*!40000 ALTER TABLE `giro` ENABLE KEYS */;
UNLOCK TABLES;

--
-- Table structure for table `grupo`
--

DROP TABLE IF EXISTS `grupo`;
/*!40101 SET @saved_cs_client     = @@character_set_client */;
/*!40101 SET character_set_client = utf8 */;
CREATE TABLE `grupo` (
  `gr_codgru` int(3) NOT NULL DEFAULT '0',
  `gr_descri` varchar(80) NOT NULL,
  `entradas_deb` varchar(15) NOT NULL,
  `entradas_cre` varchar(15) NOT NULL,
  `salidas_deb` varchar(15) NOT NULL,
  `salidas_cre` varchar(15) NOT NULL,
  PRIMARY KEY (`gr_codgru`)
) ENGINE=MyISAM DEFAULT CHARSET=latin1;
/*!40101 SET character_set_client = @saved_cs_client */;

--
-- Dumping data for table `grupo`
--

LOCK TABLES `grupo` WRITE;
/*!40000 ALTER TABLE `grupo` DISABLE KEYS */;
INSERT INTO `grupo` (`gr_codgru`, `gr_descri`, `entradas_deb`, `entradas_cre`, `salidas_deb`, `salidas_cre`) VALUES (1,'INGRESOS','','','',''),(2,'GASTOS','','','',''),(219,'Otros','','','',''),(215,'Equipos de comedor, cocina y hoteleria','','','',''),(222,'Redes, lineas y cables','','','',''),(230,'Edificios y Construcciones',' ',' ',' ',' '),(221,'Plantas, Ductos y tuneles',' ',' ',' ',' '),(218,'Mobiliario y Enseres',' ',' ',' ',' '),(220,'Vestuario, Ropa y Equipo',' ',' ',' ',' '),(217,'Llantas y Neumaticos',' ',' ',' ',' '),(216,'Elementos Electromecanicos',' ',' ',' ',' '),(214,'Herramientas y Accesorios',' ',' ',' ',' '),(213,'Equipos y Maquinas para Transporte',' ',' ',' ',' '),(212,'Equipos y Maquinas para Oficina',' ',' ',' ',' '),(211,'Equipos y Maquinas para Laboratorio',' ',' ',' ',' '),(209,'Equipos y Maquinas para Deporte',' ',' ',' ',' '),(208,'Equipos y Maquinas de Construccion',' ',' ',' ',' '),(206,'Equipos y Maquinas Industrial',' ',' ',' ',' '),(207,'Equipos y Maquinas de Comunicaciones',' ',' ',' ',' '),(203,'Elementos de Culto',' ',' ',' ',' '),(120,'Otros',' ',' ',' ',' '),(202,'Elementos Intangibles',' ',' ',' ',' '),(117,'Materiales Electromecanicos ',' ',' ',' ',' '),(116,'Elementos y Equipos de Proteccion',' ',' ',' ',' '),(114,'Medidores de Agua',' ',' ',' ',' '),(115,'Otros Elementos de Consumo',' ',' ',' ',' '),(113,'Elementos de Aseo',' ',' ',' ',' '),(112,'Mantenimiento Vehiculos',' ',' ',' ',' '),(111,'Viveres, Rancho y Licores',' ',' ',' ',' '),(110,'Utiles de Escritorio, Dibujo y papeleria',' ',' ',' ',' '),(109,'Accesorios para computador',' ',' ',' ',' '),(108,'Materiales Eletricos y Herramientas',' ',' ',' ',' '),(107,'Materiales para laboratorio',' ',' ',' ',' '),(106,'Elementos para Construccion e Instalacion Aseo',' ',' ',' ',' '),(105,'Elementos para Construccion e Instalacion Alcantarillado',' ',' ',' ',' '),(104,'Elementos para Construccion e Instalacion Acueducto',' ',' ',' ',' '),(103,'Insumos Quimicos ',' ',' ',' ',' '),(102,'Aceites y Lubricantes ',' ',' ',' ',' '),(101,'Ferreteria y Construccion',' ',' ',' ',' ');
/*!40000 ALTER TABLE `grupo` ENABLE KEYS */;
UNLOCK TABLES;

--
-- Table structure for table `grupo_nom`
--

DROP TABLE IF EXISTS `grupo_nom`;
/*!40101 SET @saved_cs_client     = @@character_set_client */;
/*!40101 SET character_set_client = utf8 */;
CREATE TABLE `grupo_nom` (
  `gr_codgru` int(3) NOT NULL DEFAULT '0',
  `gr_descri` varchar(80) NOT NULL,
  PRIMARY KEY (`gr_codgru`)
) ENGINE=MyISAM DEFAULT CHARSET=latin1;
/*!40101 SET character_set_client = @saved_cs_client */;

--
-- Dumping data for table `grupo_nom`
--

LOCK TABLES `grupo_nom` WRITE;
/*!40000 ALTER TABLE `grupo_nom` DISABLE KEYS */;
INSERT INTO `grupo_nom` (`gr_codgru`, `gr_descri`) VALUES (101,'Administracion y financiera'),(102,'Comercial'),(204,'Energia'),(201,'Acueducto'),(202,'Alcantarillado'),(203,'Aseo'),(52,'Pensionados');
/*!40000 ALTER TABLE `grupo_nom` ENABLE KEYS */;
UNLOCK TABLES;

--
-- Table structure for table `horasnom_liq`
--

DROP TABLE IF EXISTS `horasnom_liq`;
/*!40101 SET @saved_cs_client     = @@character_set_client */;
/*!40101 SET character_set_client = utf8 */;
CREATE TABLE `horasnom_liq` (
  `ho_periodo` int(7) NOT NULL DEFAULT '0',
  `ho_cedula` bigint(12) NOT NULL DEFAULT '0',
  `ho_codcon` int(4) NOT NULL,
  `ho_cantidad` double(15,2) DEFAULT NULL,
  `ho_fecreg` date DEFAULT NULL,
  `ho_usuari` char(12) NOT NULL,
  `ho_fecini` date NOT NULL,
  `ho_fecfin` date NOT NULL,
  `ho_observa` varchar(70) NOT NULL,
  PRIMARY KEY (`ho_periodo`,`ho_cedula`,`ho_codcon`),
  KEY `ho_cedula` (`ho_cedula`),
  KEY `ho_codcon` (`ho_codcon`)
) ENGINE=MyISAM DEFAULT CHARSET=latin1;
/*!40101 SET character_set_client = @saved_cs_client */;

--
-- Dumping data for table `horasnom_liq`
--

LOCK TABLES `horasnom_liq` WRITE;
/*!40000 ALTER TABLE `horasnom_liq` DISABLE KEYS */;
INSERT INTO `horasnom_liq` (`ho_periodo`, `ho_cedula`, `ho_codcon`, `ho_cantidad`, `ho_fecreg`, `ho_usuari`, `ho_fecini`, `ho_fecfin`, `ho_observa`) VALUES (202212,3131747,6,11.00,'2023-10-25','asexis','2022-12-01','2022-12-31','HORAS EXTRAS MES DE DICIEMBRE'),(202212,3131747,7,1.00,'2023-10-25','asexis','2022-12-01','2022-12-31','HORAS EXTRAS MES DE DICIEMBRE'),(202210,1032403881,6,4.00,'2023-08-18','asexis','2022-10-01','0000-00-00',''),(202210,10181528,6,5.00,'2023-08-18','asexis','2022-10-01','0000-00-00',''),(202210,3131747,6,9.00,'2023-08-18','asexis','2022-10-01','0000-00-00',''),(202210,10175933,6,5.00,'2023-08-18','asexis','2022-10-01','0000-00-00',''),(202210,3132089,10,64.00,'2023-08-18','asexis','2023-10-01','2023-10-31',''),(202210,3132089,12,96.00,'2023-08-18','asexis','2023-10-01','2023-10-31',''),(202210,3132089,13,27.00,'2023-08-18','asexis','2023-10-01','2023-10-31',''),(202210,10171813,10,64.00,'2023-08-18','asexis','2023-10-01','2023-10-31',''),(202210,10171813,12,90.00,'2023-08-18','asexis','2023-10-01','2023-10-31',''),(202210,10171813,13,34.00,'2023-08-18','asexis','2023-10-01','2023-10-31',''),(202210,1032403881,10,64.00,'2023-08-18','asexis','2023-10-01','2023-10-31',''),(202210,10181528,7,1.00,'2023-08-18','asexis','2023-10-01','2023-10-31',''),(202210,3131747,8,1.00,'2023-08-18','asexis','2023-10-01','2023-10-31',''),(202210,10175933,10,43.00,'2023-08-18','asexis','2023-10-01','2023-10-31',''),(202212,3132089,12,24.00,'2023-10-26','asexis','2023-12-01','2023-12-31','RECARGO NOCTURNO MES DE DICIEMBRE'),(202212,3132089,10,24.00,'2023-10-26','asexis','2023-12-01','2023-12-31','DOMINICAL Y FESTIVOS MES DE DICIEMBRE'),(202211,1073321377,215,6.00,'2023-06-27','asexis','2022-11-01','2022-11-30',''),(202211,10176087,215,30.00,'2023-06-27','asexis','2022-11-01','2022-11-30',''),(202211,1073321377,216,6.00,'2023-06-27','asexis','2022-11-01','2022-11-30',''),(202211,10176087,216,30.00,'2023-06-27','asexis','2022-11-01','2022-11-30',''),(202211,1073321377,213,6.00,'2023-06-27','asexis','2022-11-01','2022-11-30',''),(202211,3132089,13,24.00,'2023-06-27','asexis','2022-11-01','2022-11-30',''),(202211,10171813,13,36.00,'2023-06-27','asexis','2022-11-01','2022-11-30',''),(202211,3132089,12,24.00,'2023-06-27','asexis','2022-11-01','2022-11-30',''),(202211,10171813,12,36.00,'2023-06-27','asexis','2022-11-01','2022-11-30',''),(202211,3132089,10,24.00,'2023-06-27','asexis','2022-11-01','2022-11-30',''),(202211,10171813,10,20.00,'2023-06-27','asexis','2022-11-01','2022-11-30',''),(202211,1032403881,10,12.00,'2023-06-27','asexis','2022-11-01','2022-11-30',''),(202211,10175933,10,8.00,'2023-06-27','asexis','2022-11-01','2022-11-30',''),(202211,10181528,7,2.00,'2023-06-27','asexis','2022-11-01','2022-11-30',''),(202211,3131747,7,2.00,'2023-06-27','asexis','2022-11-01','2022-11-30',''),(202211,1032403881,6,4.00,'2023-06-27','asexis','2022-11-01','2022-11-30',''),(202211,10181528,6,6.00,'2023-06-27','asexis','2022-11-01','2022-11-30',''),(202211,3131747,6,8.00,'2023-06-27','asexis','2022-11-01','2022-11-30',''),(202211,10175933,6,5.00,'2023-06-27','asexis','2022-11-01','2022-11-30',''),(202212,3132089,13,24.00,'2023-10-26','asexis','2023-12-01','2023-12-31','RECARGO FESTIVO NOCTURNO MES DE DICIEMBRE'),(202212,3132089,14,1.00,'2023-10-26','asexis','2023-12-01','2023-12-31','SALUD MES DE DICIEMBRE'),(202212,3131747,14,1.00,'2023-10-26','asexis','2023-12-01','2023-12-31','SALUD MES DE DICIEMBRE'),(202212,3132234,14,1.00,'2023-10-26','asexis','2023-12-01','2023-12-31','SALUD MES DE DICIEMBRE'),(202212,10171813,10,24.00,'2023-10-26','asexis','2023-12-01','2023-12-31','DOMINICAL Y FESTIVOS MES DE DICIEMBRE'),(202212,10171813,12,24.00,'2023-10-26','asexis','2023-12-01','2023-12-31','RECARGO NOCTURNO MES DE DICIEMBRE'),(202212,10171813,13,24.00,'2023-10-26','asexis','2023-12-01','2023-12-31','RECARGO FESTIVO NOCTURNO MES DE DICIEMBRE'),(202212,10171813,14,1.00,'2023-10-26','asexis','2023-12-01','2023-12-31','SALUD MES DE DICIEMBRE'),(202212,10175933,6,6.00,'2023-10-26','asexis','2023-12-01','2023-12-31','SALUD MES DE DICIEMBRE'),(202212,10175933,10,16.00,'2023-10-26','asexis','2023-12-01','2023-12-31','DOMINICAL Y FESTIVOS MES DE DICIEMBRE'),(202212,10175933,14,1.00,'2023-10-26','asexis','2023-12-01','2023-12-31','SALUD MES DE DICIEMBRE'),(202212,10176087,14,1.00,'2023-10-26','asexis','2023-12-01','2023-12-31','SALUD MES DE DICIEMBRE'),(202212,10176087,215,240.00,'2023-10-26','asexis','2023-12-01','2023-12-31','INCAPACIDAD POR ENFERMEDAD GRAL MES DE DICIEMBRE'),(202212,10176087,216,240.00,'2023-10-26','asexis','2023-12-01','2023-12-31','INCAPACIDAD POR ENFERMEDAD GENERAL MES DE DICIEMBRE'),(202212,10181528,6,5.00,'2023-10-26','asexis','2023-12-01','2023-12-31','HORAS EXTRAS DIURNAS MES DE DICIEMBRE'),(202212,18418303,14,1.00,'2023-10-26','asexis','2023-12-01','2023-12-31','SALUD MES DE DICIEMBRE'),(202212,20829307,14,1.00,'2023-10-26','asexis','2023-12-01','2023-12-31','SALUD MES DE DICIEMBRE'),(202212,1032403881,6,6.00,'2023-10-26','asexis','2023-12-01','2023-12-31','HORAS EXTRAS DIURNAS MES DE DICIEMBRE'),(202212,1032403881,10,25.00,'2023-10-26','asexis','2023-12-01','2023-12-31','DOMINICAL Y FESTIVOS MES DE DICIEMBRE'),(202212,1032403881,14,1.00,'2023-10-26','asexis','2023-12-01','2023-12-31','SALUD MES DE DICIEMBRE'),(202212,1073320821,14,1.00,'2023-10-26','asexis','2023-12-01','2023-12-31','SALUD MES DE DICIEMBRE'),(202212,1073321377,14,1.00,'2023-10-26','asexis','2023-12-01','2023-12-31','SALUD MES DE DICIEMBRE'),(202212,1073321377,213,48.00,'2023-10-26','asexis','2023-12-01','2023-12-31','INCAPACIDAD PAGADA POR LA EMPRESA MES DE DICIEMBRE'),(202212,1073321377,215,48.00,'2023-10-26','asexis','2023-12-01','2023-12-31','INCAPACIDAD POR ENFERMEDAD GRAL MES DE DICIEMBRE'),(202212,1073321377,216,48.00,'2023-10-26','asexis','2023-12-01','2023-12-31','INCAPACIDAD POR ENFERMEDAD GENERAL MES DE DICIEMBRE'),(202206,10176087,216,30.00,'2024-04-09','asexis','2022-05-01','2022-05-31',''),(202205,41718136,6,10.00,'2024-02-29','asexis','0000-00-00','0000-00-00',''),(202205,41718136,8,4.00,'2024-02-29','asexis','0000-00-00','0000-00-00',''),(202204,10176087,216,30.00,'2024-04-01','asexis','2022-04-01','2022-04-30','INCAPACITADO'),(202204,10176087,215,30.00,'2024-04-01','asexis','2022-04-01','2022-04-30','INCAPACITADO'),(202204,10176087,14,30.00,'2024-04-01','asexis','2022-04-01','2022-04-30','APORTE A SALUD'),(202205,8571303,213,2.00,'2024-02-29','asexis','0000-00-00','0000-00-00',''),(202205,8571303,215,3.00,'2024-02-29','asexis','2022-05-03','2022-05-05',''),(202205,10176087,215,28.00,'2024-02-29','asexis','2022-05-03','2022-05-30',''),(202205,1073321377,215,6.00,'2024-02-29','asexis','2022-05-01','2022-05-06',''),(202205,10176087,213,2.00,'2024-02-29','asexis','2022-05-01','2022-05-02',''),(202205,10176087,1,30.00,'2024-02-29','asexis','2022-05-01','2022-05-30',''),(202204,10176087,1,30.00,'2024-04-01','asexis','2022-04-01','2022-04-30','ASIGNACION BASICA'),(202206,10176087,215,30.00,'2024-04-09','asexis','2022-05-01','2022-05-31',''),(202206,1073321377,216,4.00,'2024-04-09','asexis','2022-05-27','2022-05-30',''),(202206,1073321377,215,4.00,'2024-04-09','asexis','2022-05-27','2022-05-30',''),(202206,1073321377,213,2.00,'2024-04-09','asexis','2022-05-25','2022-05-26',''),(202206,10176087,14,30.00,'2024-04-12','asexis','2022-05-01','2022-05-31',''),(202206,1073321377,14,30.00,'2024-04-09','asexis','2022-05-01','2022-05-31',''),(202206,10176087,1,30.00,'2024-04-09','asexis','2022-05-01','2022-05-31',''),(202206,1073321377,1,30.00,'2024-04-09','asexis','2022-05-01','2022-05-31',''),(202206,3132089,14,30.00,'2024-04-12','asexis','2022-05-01','2022-05-30',''),(202206,41718130,14,30.00,'2024-04-12','asexis','2022-05-01','2022-05-30',''),(202206,10171813,14,30.00,'2024-04-12','asexis','2022-05-01','2022-05-30',''),(202206,41718134,14,30.00,'2024-04-12','asexis','2022-05-01','2022-05-30',''),(202206,19518008,14,30.00,'2024-04-12','asexis','2022-05-01','2022-05-30',''),(202206,8571303,14,30.00,'2024-04-12','asexis','2022-05-01','2022-05-30',''),(202206,3132089,12,50.00,'2024-04-12','asexis','2022-05-01','2022-05-30',''),(202206,20829307,14,30.00,'2024-04-12','asexis','2022-05-01','2022-05-30',''),(202206,3322343,14,30.00,'2024-04-12','asexis','2022-05-01','2022-05-30',''),(202206,1032403881,14,30.00,'2024-04-12','asexis','2022-05-01','2022-05-30',''),(202206,3132234,14,30.00,'2024-04-12','asexis','2022-05-01','2022-05-30',''),(202206,18418303,14,30.00,'2024-04-12','asexis','2022-05-01','2022-05-30',''),(202206,41718136,14,30.00,'2024-04-12','asexis','2022-05-01','2022-05-30',''),(202206,41718138,14,30.00,'2024-04-12','asexis','2022-05-01','2022-05-30',''),(202206,2320893,14,30.00,'2024-04-12','asexis','2022-05-01','2022-05-30',''),(202206,1079657627,14,30.00,'2024-04-12','asexis','2022-05-01','2022-05-30',''),(202206,5886604,14,30.00,'2024-04-12','asexis','2022-05-01','2022-05-30',''),(202206,41718137,14,30.00,'2024-04-12','asexis','2022-05-01','2022-05-30',''),(202206,41718132,14,30.00,'2024-04-12','asexis','2022-05-01','2022-05-30',''),(202206,41718133,14,30.00,'2024-04-12','asexis','2022-05-01','2022-05-30',''),(202206,41718131,14,30.00,'2024-04-12','asexis','2022-05-01','2022-05-30',''),(202206,10181528,14,30.00,'2024-04-12','asexis','2022-05-01','2022-05-30',''),(202206,1073320821,14,30.00,'2024-04-12','asexis','2022-05-01','2022-05-30',''),(202206,3131747,14,30.00,'2024-04-12','asexis','2022-05-01','2022-05-30',''),(202206,1317473,14,30.00,'2024-04-12','asexis','2022-05-01','2022-05-30',''),(202206,10175933,14,30.00,'2024-04-12','asexis','2022-05-01','2022-05-30',''),(202206,41718135,14,30.00,'2024-04-12','asexis','2022-05-01','2022-05-30',''),(202206,3132089,13,50.00,'2024-04-12','asexis','2022-05-01','2022-05-30',''),(202206,41718130,13,50.00,'2024-04-12','asexis','2022-05-01','2022-05-30',''),(202206,10171813,13,50.00,'2024-04-12','asexis','2022-05-01','2022-05-30',''),(202206,41718130,12,50.00,'2024-04-12','asexis','2022-05-01','2022-05-30',''),(202206,10171813,12,50.00,'2024-04-12','asexis','2022-05-01','2022-05-30',''),(202206,2320893,12,50.00,'2024-04-12','asexis','2022-05-01','2022-05-30',''),(202206,2320893,13,50.00,'2024-04-12','asexis','2022-05-01','2022-05-30',''),(202206,3132089,10,50.00,'2024-04-12','asexis','2022-05-01','2022-05-30',''),(202206,41718130,10,50.00,'2024-04-12','asexis','2022-05-01','2022-05-30',''),(202206,10171813,10,50.00,'2024-04-12','asexis','2022-05-01','2022-05-30',''),(202206,1032403881,10,50.00,'2024-04-12','asexis','2022-05-01','2022-05-30',''),(202206,41718136,10,50.00,'2024-04-12','asexis','2022-05-01','2022-05-30',''),(202206,2320893,10,50.00,'2024-04-12','asexis','2022-05-01','2022-05-30',''),(202206,41718131,10,30.00,'2024-04-12','asexis','2022-05-01','2022-05-30',''),(202206,10175933,10,30.00,'2024-04-12','asexis','2022-05-01','2022-05-30',''),(202206,41718133,7,5.00,'2024-04-12','asexis','2022-05-01','2022-05-30',''),(202206,10181528,7,5.00,'2024-04-12','asexis','2022-05-01','2022-05-30',''),(202206,3131747,7,5.00,'2024-04-12','asexis','2022-05-01','2022-05-30',''),(202206,1317473,7,5.00,'2024-04-12','asexis','2022-05-01','2022-05-30',''),(202206,1032403881,6,8.00,'2024-04-12','asexis','2022-05-01','2022-05-30',''),(202206,41718136,6,8.00,'2024-04-12','asexis','2022-05-01','2022-05-30',''),(202206,41718133,6,8.00,'2024-04-12','asexis','2022-05-01','2022-05-30',''),(202206,41718131,6,8.00,'2024-04-12','asexis','2022-05-01','2022-05-30',''),(202206,10181528,6,8.00,'2024-04-12','asexis','2022-05-01','2022-05-30',''),(202206,3131747,6,8.00,'2024-04-12','asexis','2022-05-01','2022-05-30',''),(202206,1317473,6,8.00,'2024-04-12','asexis','2022-05-01','2022-05-30',''),(202206,10175933,6,8.00,'2024-04-12','asexis','2022-05-01','2022-05-30',''),(202206,3132089,1,30.00,'2024-04-12','asexis','2022-05-01','2022-05-30',''),(202206,41718130,1,30.00,'2024-04-12','asexis','2022-05-01','2022-05-30',''),(202206,10171813,1,30.00,'2024-04-12','asexis','2022-05-01','2022-05-30',''),(202206,41718134,1,30.00,'2024-04-12','asexis','2022-05-01','2022-05-30',''),(202206,19518008,1,30.00,'2024-04-12','asexis','2022-05-01','2022-05-30',''),(202206,8571303,1,30.00,'2024-04-12','asexis','2022-05-01','2022-05-30',''),(202206,20829307,1,30.00,'2024-04-12','asexis','2022-05-01','2022-05-30',''),(202206,3322343,1,30.00,'2024-04-12','asexis','2022-05-01','2022-05-30',''),(202206,1032403881,1,30.00,'2024-04-12','asexis','2022-05-01','2022-05-30',''),(202206,3132234,1,30.00,'2024-04-12','asexis','2022-05-01','2022-05-30',''),(202206,18418303,1,30.00,'2024-04-12','asexis','2022-05-01','2022-05-30',''),(202206,41718136,1,30.00,'2024-04-12','asexis','2022-05-01','2022-05-30',''),(202206,41718138,1,30.00,'2024-04-12','asexis','2022-05-01','2022-05-30',''),(202206,8729882,1,30.00,'2024-04-12','asexis','2022-05-01','2022-05-30',''),(202206,2320893,1,30.00,'2024-04-12','asexis','2022-05-01','2022-05-30',''),(202206,1079657627,1,30.00,'2024-04-12','asexis','2022-05-01','2022-05-30',''),(202206,5886604,1,30.00,'2024-04-12','asexis','2022-05-01','2022-05-30',''),(202206,41718137,1,30.00,'2024-04-12','asexis','2022-05-01','2022-05-30',''),(202206,41718132,1,30.00,'2024-04-12','asexis','2022-05-01','2022-05-30',''),(202206,41718133,1,30.00,'2024-04-12','asexis','2022-05-01','2022-05-30',''),(202206,41718131,1,30.00,'2024-04-12','asexis','2022-05-01','2022-05-30',''),(202206,10181528,1,30.00,'2024-04-12','asexis','2022-05-01','2022-05-30',''),(202206,1073320821,1,30.00,'2024-04-12','asexis','2022-05-01','2022-05-30',''),(202206,3131747,1,30.00,'2024-04-12','asexis','2022-05-01','2022-05-30',''),(202206,1317473,1,30.00,'2024-04-12','asexis','2022-05-01','2022-05-30',''),(202206,10175933,1,30.00,'2024-04-12','asexis','2022-05-01','2022-05-30',''),(202206,41718135,1,30.00,'2024-04-12','asexis','2022-05-01','2022-05-30','');
/*!40000 ALTER TABLE `horasnom_liq` ENABLE KEYS */;
UNLOCK TABLES;

--
-- Table structure for table `kardex`
--

DROP TABLE IF EXISTS `kardex`;
/*!40101 SET @saved_cs_client     = @@character_set_client */;
/*!40101 SET character_set_client = utf8 */;
CREATE TABLE `kardex` (
  `kd_numero` int(9) NOT NULL,
  `kd_codigo` int(6) NOT NULL,
  `kd_tipo` int(1) NOT NULL,
  `kd_fecreg` date DEFAULT NULL,
  `kd_cantid` double(15,2) DEFAULT NULL,
  `kd_vlrtot` double(15,2) DEFAULT NULL,
  `centro_costo` varchar(10) NOT NULL,
  PRIMARY KEY (`kd_numero`,`kd_codigo`,`kd_tipo`)
) ENGINE=InnoDB DEFAULT CHARSET=latin1;
/*!40101 SET character_set_client = @saved_cs_client */;

--
-- Dumping data for table `kardex`
--

LOCK TABLES `kardex` WRITE;
/*!40000 ALTER TABLE `kardex` DISABLE KEYS */;
/*!40000 ALTER TABLE `kardex` ENABLE KEYS */;
UNLOCK TABLES;

--
-- Table structure for table `kardexbod`
--

DROP TABLE IF EXISTS `kardexbod`;
/*!40101 SET @saved_cs_client     = @@character_set_client */;
/*!40101 SET character_set_client = utf8 */;
CREATE TABLE `kardexbod` (
  `kd_numero` int(9) NOT NULL,
  `kd_codigo` int(6) NOT NULL,
  `kd_tipo` int(1) NOT NULL,
  `kd_bodega` varchar(6) NOT NULL,
  `kd_fecreg` date DEFAULT NULL,
  `kd_cantid` float(9,2) DEFAULT NULL,
  `kd_vlrtot` int(9) DEFAULT NULL,
  PRIMARY KEY (`kd_numero`,`kd_codigo`,`kd_tipo`,`kd_bodega`)
) ENGINE=InnoDB DEFAULT CHARSET=latin1;
/*!40101 SET character_set_client = @saved_cs_client */;

--
-- Dumping data for table `kardexbod`
--

LOCK TABLES `kardexbod` WRITE;
/*!40000 ALTER TABLE `kardexbod` DISABLE KEYS */;
/*!40000 ALTER TABLE `kardexbod` ENABLE KEYS */;
UNLOCK TABLES;

--
-- Table structure for table `liquinom_liq`
--

DROP TABLE IF EXISTS `liquinom_liq`;
/*!40101 SET @saved_cs_client     = @@character_set_client */;
/*!40101 SET character_set_client = utf8 */;
CREATE TABLE `liquinom_liq` (
  `lq_periodo` int(7) NOT NULL DEFAULT '0',
  `lq_cedula` bigint(12) NOT NULL DEFAULT '0',
  `lq_apagar` double(15,2) DEFAULT NULL,
  `lq_deduci` int(9) DEFAULT NULL,
  `lq_deveng` int(9) DEFAULT NULL,
  `lq_numdia` int(9) DEFAULT NULL,
  `lq_numsus` int(9) DEFAULT NULL,
  `lq_fecini` date DEFAULT NULL,
  `lq_fecfin` date DEFAULT NULL,
  `lq_fecreg` date DEFAULT NULL,
  `lq_usuari` char(12) NOT NULL,
  `lq_horreg` time NOT NULL DEFAULT '00:00:00',
  PRIMARY KEY (`lq_periodo`,`lq_cedula`),
  KEY `lq_cedula` (`lq_cedula`)
) ENGINE=MyISAM DEFAULT CHARSET=latin1;
/*!40101 SET character_set_client = @saved_cs_client */;

--
-- Dumping data for table `liquinom_liq`
--

LOCK TABLES `liquinom_liq` WRITE;
/*!40000 ALTER TABLE `liquinom_liq` DISABLE KEYS */;
INSERT INTO `liquinom_liq` (`lq_periodo`, `lq_cedula`, `lq_apagar`, `lq_deduci`, `lq_deveng`, `lq_numdia`, `lq_numsus`, `lq_fecini`, `lq_fecfin`, `lq_fecreg`, `lq_usuari`, `lq_horreg`) VALUES (202210,1079657627,1238164.40,97478,1335642,30,0,'2023-10-01','2023-10-31','2023-08-28','asexis','16:23:09'),(202210,1073321377,1074873.00,807784,1882657,30,0,'2023-10-01','2023-10-31','2023-08-28','asexis','16:23:09'),(202210,1073320821,1525408.00,125370,1650778,30,0,'2023-10-01','2023-10-31','2023-08-28','asexis','16:23:09'),(202210,1032403881,1659254.83,135552,1794807,30,0,'2023-10-01','2023-10-31','2023-08-28','asexis','16:23:09'),(202210,20829307,1007920.00,508858,1516778,30,0,'2023-10-01','2023-10-31','2023-08-28','asexis','16:23:09'),(202210,19518008,1238164.40,97478,1335642,30,0,'2023-10-01','2023-10-31','2023-08-28','asexis','16:23:09'),(202210,18418303,1041590.00,743788,1785378,30,0,'2023-10-01','2023-10-31','2023-08-28','asexis','16:23:09'),(202210,10181528,813794.40,1022504,1836298,30,0,'2023-10-01','2023-10-31','2023-08-28','asexis','16:23:09'),(202210,10176087,896197.00,748575,1644772,30,0,'2023-10-01','2023-10-31','2023-08-28','asexis','16:23:09'),(202210,10175933,1589275.42,129467,1718743,30,0,'2023-10-01','2023-10-31','2023-08-28','asexis','16:23:09'),(202210,10171813,2392129.22,353727,2745857,30,0,'2023-10-01','2023-10-31','2023-08-28','asexis','16:23:09'),(202210,8729882,2208000.00,192000,2400000,30,0,'2023-10-01','2023-10-31','2023-08-28','asexis','16:23:09'),(202210,8571303,1238164.40,97478,1335642,30,0,'2023-10-01','2023-10-31','2023-08-28','asexis','16:23:09'),(202210,5886604,1477980.80,118331,1596312,30,0,'2023-10-01','2023-10-31','2023-08-28','asexis','16:23:09'),(202210,3132234,1137234.00,379544,1516778,30,0,'2023-10-01','2023-10-31','2023-08-28','asexis','16:23:09'),(202210,3132089,2098687.14,566970,2665658,30,0,'2023-10-01','2023-10-31','2023-08-28','asexis','16:23:09'),(202210,3131747,1466208.17,118766,1584974,30,0,'2023-10-01','2023-10-31','2023-08-28','asexis','16:23:09'),(202204,1079657627,1238164.40,97478,1335642,30,0,'2024-04-01','2024-04-30','2024-04-01','asexis','10:38:10'),(202204,1073321377,1637932.00,132240,1770172,30,0,'2024-04-01','2024-04-30','2024-04-01','asexis','10:38:10'),(202204,1073320821,1398732.00,111440,1510172,30,0,'2024-04-01','2024-04-30','2024-04-01','asexis','10:38:10'),(202204,1032403881,1275452.00,100720,1376172,30,0,'2024-04-01','2024-04-30','2024-04-01','asexis','10:38:10'),(202204,41718138,1865172.00,152000,2017172,30,0,'2024-04-01','2024-04-30','2024-04-01','asexis','10:38:10'),(202204,41718137,1497172.00,120000,1617172,30,0,'2024-04-01','2024-04-30','2024-04-01','asexis','10:38:10'),(202204,41718136,1957172.00,160000,2117172,30,0,'2024-04-01','2024-04-30','2024-04-01','asexis','10:38:10'),(202204,41718135,1405172.00,112000,1517172,30,0,'2024-04-01','2024-04-30','2024-04-01','asexis','10:38:10'),(202204,41718134,1681172.00,136000,1817172,30,0,'2024-04-01','2024-04-30','2024-04-01','asexis','10:38:10'),(202204,41718133,1614564.00,130208,1744772,30,0,'2024-04-01','2024-04-30','2024-04-01','asexis','10:38:10'),(202204,41718132,1614564.00,130208,1744772,30,0,'2024-04-01','2024-04-30','2024-04-01','asexis','10:38:10'),(202204,41718131,1367452.00,108720,1476172,30,0,'2024-04-01','2024-04-30','2024-04-01','asexis','10:38:10'),(202204,41718130,1614564.00,130208,1744772,30,0,'2024-04-01','2024-04-30','2024-04-01','asexis','10:38:10'),(202204,20829307,1275452.00,100720,1376172,30,0,'2024-04-01','2024-04-30','2024-04-01','asexis','10:38:10'),(202204,19518008,1238164.40,97478,1335642,30,0,'2024-04-01','2024-04-30','2024-04-01','asexis','10:38:10'),(202204,18418303,1522564.00,122208,1644772,30,0,'2024-04-01','2024-04-30','2024-04-01','asexis','10:38:10'),(202204,10181528,1522564.00,122208,1644772,30,0,'2024-04-01','2024-04-30','2024-04-01','asexis','10:38:10'),(202204,10176087,-626367.00,626367,0,0,0,'2024-04-01','2024-04-30','2024-04-01','asexis','10:38:10'),(202204,10175933,1275452.00,100720,1376172,30,0,'2024-04-01','2024-04-30','2024-04-01','asexis','10:38:10'),(202204,10171813,1522564.00,122208,1644772,30,0,'2024-04-01','2024-04-30','2024-04-01','asexis','10:38:09'),(202204,8729882,117172.00,0,117172,30,0,'2024-04-01','2024-04-30','2024-04-01','asexis','10:38:09'),(202204,8571303,1238164.40,97478,1335642,30,0,'2024-04-01','2024-04-30','2024-04-01','asexis','10:38:09'),(202204,5886604,1477980.80,118331,1596312,30,0,'2024-04-01','2024-04-30','2024-04-01','asexis','10:38:09'),(202204,3322343,1367452.00,108720,1476172,30,0,'2024-04-01','2024-04-30','2024-04-01','asexis','10:38:09'),(202204,3132234,1275452.00,100720,1376172,30,0,'2024-04-01','2024-04-30','2024-04-01','asexis','10:38:09'),(202204,3132089,1522564.00,122208,1644772,30,0,'2024-04-01','2024-04-30','2024-04-01','asexis','10:38:09'),(202204,3131747,1275452.00,100720,1376172,30,0,'2024-04-01','2024-04-30','2024-04-01','asexis','10:38:09'),(202204,2320893,1614564.00,130208,1744772,30,0,'2024-04-01','2024-04-30','2024-04-01','asexis','10:38:09'),(202204,1317473,1367452.00,108720,1476172,30,0,'2024-04-01','2024-04-30','2024-04-01','asexis','10:38:09'),(202205,1079657627,1238164.40,97478,1335642,30,0,'2022-05-01','2022-05-30','2024-02-29','asexis','17:19:02'),(202205,1073321377,1310345.60,105792,1416138,24,0,'2022-05-01','2022-05-30','2024-02-29','asexis','17:19:02'),(202205,1073320821,1398732.00,111440,1510172,30,0,'2022-05-01','2022-05-30','2024-02-29','asexis','17:19:02'),(202205,1032403881,1275452.00,100720,1376172,30,0,'2022-05-01','2022-05-30','2024-02-29','asexis','17:19:02'),(202205,41718138,1865172.00,152000,2017172,30,0,'2022-05-01','2022-05-30','2024-02-29','asexis','17:19:02'),(202205,41718137,1413838.67,203333,1617172,30,0,'2022-05-01','2022-05-30','2024-02-29','asexis','17:19:02'),(202205,41718136,2106672.00,173000,2279672,30,0,'2022-05-01','2022-05-30','2024-02-29','asexis','17:19:02'),(202205,41718135,1405172.00,112000,1517172,30,0,'2022-05-01','2022-05-30','2024-02-29','asexis','17:19:02'),(202205,41718134,1681172.00,136000,1817172,30,0,'2022-05-01','2022-05-30','2024-02-29','asexis','17:19:02'),(202205,41718133,1614564.00,130208,1744772,30,0,'2022-05-01','2022-05-30','2024-02-29','asexis','17:19:02'),(202205,41718132,1614564.00,130208,1744772,30,0,'2022-05-01','2022-05-30','2024-02-29','asexis','17:19:02'),(202205,41718131,1367452.00,108720,1476172,30,0,'2022-05-01','2022-05-30','2024-02-29','asexis','17:19:02'),(202205,41718130,1614564.00,130208,1744772,30,0,'2022-05-01','2022-05-30','2024-02-29','asexis','17:19:02'),(202205,20829307,1575452.00,100720,1676172,30,0,'2022-05-01','2022-05-30','2024-02-29','asexis','17:19:02'),(202205,19518008,1238164.40,97478,1335642,30,0,'2022-05-01','2022-05-30','2024-02-29','asexis','17:19:02'),(202205,18418303,1522564.00,122208,1644772,30,0,'2022-05-01','2022-05-30','2024-02-29','asexis','17:19:02'),(202205,10181528,1522564.00,122208,1644772,30,0,'2022-05-01','2022-05-30','2024-02-29','asexis','17:19:01'),(202205,10176087,93692.80,8147,101840,0,0,'2022-05-01','2022-05-30','2024-02-29','asexis','17:19:01'),(202205,10175933,1275452.00,100720,1376172,30,0,'2022-05-01','2022-05-30','2024-02-29','asexis','17:19:01'),(202205,10171813,1522564.00,122208,1644772,30,0,'2022-05-01','2022-05-30','2024-02-29','asexis','17:19:01'),(202205,8729882,117172.00,0,117172,30,0,'2022-05-01','2022-05-30','2024-02-29','asexis','17:19:01'),(202205,8571303,1106536.49,87730,1194266,25,0,'2022-05-01','2022-05-30','2024-02-29','asexis','17:19:01'),(202205,5886604,1477980.80,118331,1596312,30,0,'2022-05-01','2022-05-30','2024-02-29','asexis','17:19:01'),(202205,3322343,1367452.00,108720,1476172,30,0,'2022-05-01','2022-05-30','2024-02-29','asexis','17:19:01'),(202205,3132234,1275452.00,100720,1376172,30,0,'2022-05-01','2022-05-30','2024-02-29','asexis','17:19:01'),(202205,3132089,1522564.00,122208,1644772,30,0,'2022-05-01','2022-05-30','2024-02-29','asexis','17:19:01'),(202205,3131747,1275452.00,100720,1376172,30,0,'2022-05-01','2022-05-30','2024-02-29','asexis','17:19:01'),(202205,2320893,1614564.00,130208,1744772,30,0,'2022-05-01','2022-05-30','2024-02-29','asexis','17:19:01'),(202205,1317473,1367452.00,108720,1476172,30,0,'2022-05-01','2022-05-30','2024-02-29','asexis','17:19:01');
/*!40000 ALTER TABLE `liquinom_liq` ENABLE KEYS */;
UNLOCK TABLES;

--
-- Table structure for table `liquiter_liq`
--

DROP TABLE IF EXISTS `liquiter_liq`;
/*!40101 SET @saved_cs_client     = @@character_set_client */;
/*!40101 SET character_set_client = utf8 */;
CREATE TABLE `liquiter_liq` (
  `lq_numero` int(7) NOT NULL DEFAULT '0',
  `lq_cedula` bigint(12) NOT NULL DEFAULT '0',
  `lq_apagar` double(15,2) DEFAULT NULL,
  `lq_deduci` int(9) DEFAULT NULL,
  `lq_deveng` int(9) DEFAULT NULL,
  `lq_numdia` int(9) DEFAULT NULL,
  `lq_numsus` int(9) DEFAULT NULL,
  `lq_fecini` date DEFAULT NULL,
  `lq_fecfin` date DEFAULT NULL,
  `lq_fecreg` date DEFAULT NULL,
  `lq_usuari` char(12) NOT NULL,
  `lq_horreg` time NOT NULL DEFAULT '00:00:00',
  `lq_numcon` int(11) NOT NULL,
  `lq_estado` char(1) NOT NULL,
  `lq_tipcon` text NOT NULL,
  `lq_fecres` date NOT NULL,
  `lq_fecpos` date NOT NULL,
  PRIMARY KEY (`lq_numero`,`lq_cedula`),
  KEY `lq_cedula` (`lq_cedula`)
) ENGINE=MyISAM DEFAULT CHARSET=latin1;
/*!40101 SET character_set_client = @saved_cs_client */;

--
-- Dumping data for table `liquiter_liq`
--

LOCK TABLES `liquiter_liq` WRITE;
/*!40000 ALTER TABLE `liquiter_liq` DISABLE KEYS */;
/*!40000 ALTER TABLE `liquiter_liq` ENABLE KEYS */;
UNLOCK TABLES;

--
-- Table structure for table `marca`
--

DROP TABLE IF EXISTS `marca`;
/*!40101 SET @saved_cs_client     = @@character_set_client */;
/*!40101 SET character_set_client = utf8 */;
CREATE TABLE `marca` (
  `mr_codmar` int(3) NOT NULL DEFAULT '0',
  `mr_descri` char(40) NOT NULL DEFAULT '',
  `mr_nrolla` int(2) NOT NULL DEFAULT '0',
  `mr_nfilac` int(2) NOT NULL DEFAULT '0',
  `mr_nfilco` int(2) NOT NULL DEFAULT '0',
  `mr_nfilai` int(2) NOT NULL DEFAULT '0',
  PRIMARY KEY (`mr_codmar`)
) ENGINE=MyISAM DEFAULT CHARSET=latin1;
/*!40101 SET character_set_client = @saved_cs_client */;

--
-- Dumping data for table `marca`
--

LOCK TABLES `marca` WRITE;
/*!40000 ALTER TABLE `marca` DISABLE KEYS */;
INSERT INTO `marca` (`mr_codmar`, `mr_descri`, `mr_nrolla`, `mr_nfilac`, `mr_nfilco`, `mr_nfilai`) VALUES (1,'GENERAL',0,0,0,0);
/*!40000 ALTER TABLE `marca` ENABLE KEYS */;
UNLOCK TABLES;

--
-- Table structure for table `minr`
--

DROP TABLE IF EXISTS `minr`;
/*!40101 SET @saved_cs_client     = @@character_set_client */;
/*!40101 SET character_set_client = utf8 */;
CREATE TABLE `minr` (
  `mr_codcon` int(9) NOT NULL,
  `mr_codigo` int(6) NOT NULL,
  `mr_ccosto` varchar(6) NOT NULL,
  `mr_codcli` varchar(12) NOT NULL DEFAULT '0',
  `mr_descri` varchar(200) NOT NULL,
  `mr_estado` char(1) NOT NULL,
  `mr_existen` double(15,2) DEFAULT NULL,
  `mr_valor` double(15,2) DEFAULT NULL,
  PRIMARY KEY (`mr_codcon`,`mr_codigo`,`mr_ccosto`,`mr_codcli`),
  KEY `mr_codcon` (`mr_codcon`),
  KEY `mr_ccosto` (`mr_ccosto`),
  KEY `mr_codcli` (`mr_codcli`)
) ENGINE=MyISAM DEFAULT CHARSET=latin1;
/*!40101 SET character_set_client = @saved_cs_client */;

--
-- Dumping data for table `minr`
--

LOCK TABLES `minr` WRITE;
/*!40000 ALTER TABLE `minr` DISABLE KEYS */;
/*!40000 ALTER TABLE `minr` ENABLE KEYS */;
UNLOCK TABLES;

--
-- Table structure for table `minr_tmp`
--

DROP TABLE IF EXISTS `minr_tmp`;
/*!40101 SET @saved_cs_client     = @@character_set_client */;
/*!40101 SET character_set_client = utf8 */;
CREATE TABLE `minr_tmp` (
  `mrt_numero` int(9) NOT NULL,
  `mrt_codcon` int(9) NOT NULL,
  `mrt_codigo` int(6) NOT NULL,
  `mrt_descri` varchar(200) NOT NULL,
  `mrt_estado` char(1) NOT NULL,
  `mrt_existen` double(15,2) DEFAULT NULL,
  `mrt_valor` double(15,2) DEFAULT NULL,
  `mrt_iva` double(6,2) NOT NULL,
  PRIMARY KEY (`mrt_numero`,`mrt_codcon`,`mrt_codigo`)
) ENGINE=MyISAM DEFAULT CHARSET=latin1;
/*!40101 SET character_set_client = @saved_cs_client */;

--
-- Dumping data for table `minr_tmp`
--

LOCK TABLES `minr_tmp` WRITE;
/*!40000 ALTER TABLE `minr_tmp` DISABLE KEYS */;
/*!40000 ALTER TABLE `minr_tmp` ENABLE KEYS */;
UNLOCK TABLES;

--
-- Table structure for table `movto`
--

DROP TABLE IF EXISTS `movto`;
/*!40101 SET @saved_cs_client     = @@character_set_client */;
/*!40101 SET character_set_client = utf8 */;
CREATE TABLE `movto` (
  `mo_tipcom` int(3) NOT NULL,
  `mo_numero` int(9) NOT NULL,
  `mo_fecreg` date DEFAULT NULL,
  `mo_horreg` time NOT NULL DEFAULT '00:00:00',
  `mo_codcli` bigint(12) DEFAULT NULL,
  `mo_factur` int(9) NOT NULL,
  `mo_estado` char(1) NOT NULL,
  `mo_detalle` text,
  `mo_fecing` date DEFAULT NULL,
  `mo_horing` time NOT NULL DEFAULT '00:00:00',
  `mo_codemp` char(8) DEFAULT NULL,
  PRIMARY KEY (`mo_tipcom`,`mo_numero`),
  KEY `mo_tipcom` (`mo_tipcom`),
  KEY `mo_codcli` (`mo_codcli`),
  KEY `mo_fecreg` (`mo_fecreg`)
) ENGINE=MyISAM DEFAULT CHARSET=latin1;
/*!40101 SET character_set_client = @saved_cs_client */;

--
-- Dumping data for table `movto`
--

LOCK TABLES `movto` WRITE;
/*!40000 ALTER TABLE `movto` DISABLE KEYS */;
INSERT INTO `movto` (`mo_tipcom`, `mo_numero`, `mo_fecreg`, `mo_horreg`, `mo_codcli`, `mo_factur`, `mo_estado`, `mo_detalle`, `mo_fecing`, `mo_horing`, `mo_codemp`) VALUES (101,220001,'2022-05-10','02:55:48',900299637,202203,'C','Contabilizacion Facturacion de 202203 ','2022-05-10','02:55:48','asexis'),(102,220001,'2022-04-05','02:58:12',900299637,202203,'C','Contabilizacion CAJA EMPRESA Recaudo de 202203','2022-05-10','02:58:12','asexis'),(102,220002,'2022-04-06','02:58:12',900299637,202203,'C','Contabilizacion CAJA EMPRESA Recaudo de 202203','2022-05-10','02:58:12','asexis'),(102,220003,'2022-04-07','02:58:12',900299637,202203,'C','Contabilizacion CAJA EMPRESA Recaudo de 202203','2022-05-10','02:58:12','asexis'),(102,220004,'2022-04-08','02:58:12',900299637,202203,'C','Contabilizacion CAJA EMPRESA Recaudo de 202203','2022-05-10','02:58:12','asexis'),(102,220005,'2022-04-11','02:58:13',900299637,202203,'C','Contabilizacion CAJA EMPRESA Recaudo de 202203','2022-05-10','02:58:13','asexis'),(102,220006,'2022-04-12','02:58:13',900299637,202203,'C','Contabilizacion CAJA EMPRESA Recaudo de 202203','2022-05-10','02:58:13','asexis'),(102,220007,'2022-04-13','02:58:13',900299637,202203,'C','Contabilizacion CAJA EMPRESA Recaudo de 202203','2022-05-10','02:58:13','asexis'),(102,220008,'2022-04-18','02:58:13',900299637,202203,'C','Contabilizacion CAJA EMPRESA Recaudo de 202203','2022-05-10','02:58:13','asexis'),(102,220009,'2022-04-19','02:58:13',900299637,202203,'C','Contabilizacion CAJA EMPRESA Recaudo de 202203','2022-05-10','02:58:13','asexis'),(102,220010,'2022-04-20','02:58:13',900299637,202203,'C','Contabilizacion CAJA EMPRESA Recaudo de 202203','2022-05-10','02:58:13','asexis'),(102,220011,'2022-04-21','02:58:13',900299637,202203,'C','Contabilizacion CAJA EMPRESA Recaudo de 202203','2022-05-10','02:58:13','asexis'),(102,220012,'2022-04-22','02:58:13',900299637,202203,'C','Contabilizacion CAJA EMPRESA Recaudo de 202203','2022-05-10','02:58:13','asexis'),(102,220013,'2022-04-25','02:58:13',900299637,202203,'C','Contabilizacion CAJA EMPRESA Recaudo de 202203','2022-05-10','02:58:13','asexis'),(102,220014,'2022-04-26','02:58:13',900299637,202203,'C','Contabilizacion CAJA EMPRESA Recaudo de 202203','2022-05-10','02:58:13','asexis'),(102,220015,'2022-04-27','02:58:13',900299637,202203,'C','Contabilizacion CAJA EMPRESA Recaudo de 202203','2022-05-10','02:58:13','asexis'),(102,220016,'2022-04-28','02:58:13',900299637,202203,'C','Contabilizacion CAJA EMPRESA Recaudo de 202203','2022-05-10','02:58:13','asexis'),(102,220017,'2022-04-29','02:58:13',900299637,202203,'C','Contabilizacion CAJA EMPRESA Recaudo de 202203','2022-05-10','02:58:13','asexis'),(111,220001,'2022-01-19','10:24:07',1140866885,0,'C',' MANTENIIMIENTO Y REPARCION DE TUBERIA DE 8\" A TODO COSTO ENERO 2022','2022-05-19','10:38:33','8785891'),(118,220099,'2024-01-31','11:04:42',800082204,202204,'C','Contabilizacion Nomina del 202204','2024-01-31','11:04:42','asexis'),(111,220002,'2022-01-19','11:03:38',8729882,0,'C','PAGO VIATICOS CIUDAD STA MARTA','2022-05-19','11:07:10','8785891'),(113,220002,'2022-01-19','11:09:58',8729882,220002,'C','  PAGO VIATICOS CIUDAD STA MARTA','2022-05-19','11:09:58','8785891'),(111,220003,'2022-06-14','03:58:12',5124670,0,'C','xxxzxx','2022-06-14','04:11:53','asexis'),(113,220003,'2022-06-14','04:16:05',5124670,220003,'C','  ','2022-06-14','04:16:05','asexis'),(111,220004,'2022-06-14','04:31:07',5124670,0,'C','nomina julio','2022-06-14','04:34:45','asexis'),(140,220006,'2022-06-14','04:51:46',8796606,220006,'C','pago','2022-06-14','04:52:29','asexis'),(101,220002,'2022-05-31','08:36:41',900299637,202204,'C','Contabilizacion Facturacion de 202204 ','2022-07-07','08:36:41','asexis'),(101,220003,'2022-05-31','08:37:12',900299637,202204,'C','Contabilizacion Facturacion de 202204 ','2022-07-07','08:37:12','asexis'),(102,220018,'2022-05-04','08:41:42',900299637,202204,'C','Contabilizacion CAJA EMPRESA Recaudo de 202204','2022-07-07','08:41:42','asexis'),(102,220019,'2022-05-09','08:41:42',900299637,202204,'C','Contabilizacion CAJA EMPRESA Recaudo de 202204','2022-07-07','08:41:42','asexis'),(102,220020,'2022-05-10','08:41:42',900299637,202204,'C','Contabilizacion CAJA EMPRESA Recaudo de 202204','2022-07-07','08:41:42','asexis'),(102,220021,'2022-05-11','08:41:42',900299637,202204,'C','Contabilizacion CAJA EMPRESA Recaudo de 202204','2022-07-07','08:41:42','asexis'),(102,220022,'2022-05-12','08:41:42',900299637,202204,'C','Contabilizacion CAJA EMPRESA Recaudo de 202204','2022-07-07','08:41:42','asexis'),(102,220023,'2022-05-13','08:41:42',900299637,202204,'C','Contabilizacion CAJA EMPRESA Recaudo de 202204','2022-07-07','08:41:42','asexis'),(102,220024,'2022-05-16','08:41:42',900299637,202204,'C','Contabilizacion CAJA EMPRESA Recaudo de 202204','2022-07-07','08:41:42','asexis'),(102,220025,'2022-05-17','08:41:42',900299637,202204,'C','Contabilizacion CAJA EMPRESA Recaudo de 202204','2022-07-07','08:41:42','asexis'),(102,220026,'2022-05-18','08:41:42',900299637,202204,'C','Contabilizacion CAJA EMPRESA Recaudo de 202204','2022-07-07','08:41:42','asexis'),(102,220027,'2022-05-19','08:41:42',900299637,202204,'C','Contabilizacion CAJA EMPRESA Recaudo de 202204','2022-07-07','08:41:42','asexis'),(102,220028,'2022-05-20','08:41:42',900299637,202204,'C','Contabilizacion CAJA EMPRESA Recaudo de 202204','2022-07-07','08:41:42','asexis'),(102,220029,'2022-05-23','08:41:42',900299637,202204,'C','Contabilizacion CAJA EMPRESA Recaudo de 202204','2022-07-07','08:41:42','asexis'),(102,220030,'2022-05-24','08:41:42',900299637,202204,'C','Contabilizacion CAJA EMPRESA Recaudo de 202204','2022-07-07','08:41:42','asexis'),(102,220031,'2022-05-25','08:41:42',900299637,202204,'C','Contabilizacion CAJA EMPRESA Recaudo de 202204','2022-07-07','08:41:42','asexis'),(102,220032,'2022-05-26','08:41:42',900299637,202204,'C','Contabilizacion CAJA EMPRESA Recaudo de 202204','2022-07-07','08:41:42','asexis'),(102,220033,'2022-05-27','08:41:42',900299637,202204,'C','Contabilizacion CAJA EMPRESA Recaudo de 202204','2022-07-07','08:41:42','asexis'),(102,220034,'2022-05-31','08:41:42',900299637,202204,'C','Contabilizacion CAJA EMPRESA Recaudo de 202204','2022-07-07','08:41:42','asexis'),(102,220035,'2022-05-04','08:45:59',900299637,202204,'C','Contabilizacion CAJA EMPRESA Recaudo de 202204','2022-07-07','08:45:59','asexis'),(102,220036,'2022-05-09','08:45:59',900299637,202204,'C','Contabilizacion CAJA EMPRESA Recaudo de 202204','2022-07-07','08:45:59','asexis'),(102,220037,'2022-05-10','08:45:59',900299637,202204,'C','Contabilizacion CAJA EMPRESA Recaudo de 202204','2022-07-07','08:45:59','asexis'),(102,220038,'2022-05-11','08:45:59',900299637,202204,'C','Contabilizacion CAJA EMPRESA Recaudo de 202204','2022-07-07','08:45:59','asexis'),(102,220039,'2022-05-12','08:45:59',900299637,202204,'C','Contabilizacion CAJA EMPRESA Recaudo de 202204','2022-07-07','08:45:59','asexis'),(102,220040,'2022-05-13','08:45:59',900299637,202204,'C','Contabilizacion CAJA EMPRESA Recaudo de 202204','2022-07-07','08:45:59','asexis'),(102,220041,'2022-05-16','08:45:59',900299637,202204,'C','Contabilizacion CAJA EMPRESA Recaudo de 202204','2022-07-07','08:45:59','asexis'),(102,220042,'2022-05-17','08:45:59',900299637,202204,'C','Contabilizacion CAJA EMPRESA Recaudo de 202204','2022-07-07','08:45:59','asexis'),(102,220043,'2022-05-18','08:45:59',900299637,202204,'C','Contabilizacion CAJA EMPRESA Recaudo de 202204','2022-07-07','08:45:59','asexis'),(102,220044,'2022-05-19','08:45:59',900299637,202204,'C','Contabilizacion CAJA EMPRESA Recaudo de 202204','2022-07-07','08:45:59','asexis'),(102,220045,'2022-05-20','08:46:00',900299637,202204,'C','Contabilizacion CAJA EMPRESA Recaudo de 202204','2022-07-07','08:46:00','asexis'),(102,220046,'2022-05-23','08:46:00',900299637,202204,'C','Contabilizacion CAJA EMPRESA Recaudo de 202204','2022-07-07','08:46:00','asexis'),(102,220047,'2022-05-24','08:46:00',900299637,202204,'C','Contabilizacion CAJA EMPRESA Recaudo de 202204','2022-07-07','08:46:00','asexis'),(102,220048,'2022-05-25','08:46:00',900299637,202204,'C','Contabilizacion CAJA EMPRESA Recaudo de 202204','2022-07-07','08:46:00','asexis'),(102,220049,'2022-05-26','08:46:00',900299637,202204,'C','Contabilizacion CAJA EMPRESA Recaudo de 202204','2022-07-07','08:46:00','asexis'),(102,220050,'2022-05-27','08:46:00',900299637,202204,'C','Contabilizacion CAJA EMPRESA Recaudo de 202204','2022-07-07','08:46:00','asexis'),(102,220051,'2022-05-31','08:46:00',900299637,202204,'C','Contabilizacion CAJA EMPRESA Recaudo de 202204','2022-07-07','08:46:00','asexis'),(102,220052,'2022-05-04','08:53:34',900299637,202204,'C','Contabilizacion CAJA EMPRESA Recaudo de 202204','2022-07-07','08:53:34','asexis'),(102,220053,'2022-05-09','08:53:34',900299637,202204,'C','Contabilizacion CAJA EMPRESA Recaudo de 202204','2022-07-07','08:53:34','asexis'),(102,220054,'2022-05-10','08:53:34',900299637,202204,'C','Contabilizacion CAJA EMPRESA Recaudo de 202204','2022-07-07','08:53:34','asexis'),(102,220055,'2022-05-11','08:53:34',900299637,202204,'C','Contabilizacion CAJA EMPRESA Recaudo de 202204','2022-07-07','08:53:34','asexis'),(102,220056,'2022-05-12','08:53:34',900299637,202204,'C','Contabilizacion CAJA EMPRESA Recaudo de 202204','2022-07-07','08:53:34','asexis'),(102,220057,'2022-05-13','08:53:34',900299637,202204,'C','Contabilizacion CAJA EMPRESA Recaudo de 202204','2022-07-07','08:53:34','asexis'),(102,220058,'2022-05-16','08:53:34',900299637,202204,'C','Contabilizacion CAJA EMPRESA Recaudo de 202204','2022-07-07','08:53:34','asexis'),(102,220059,'2022-05-17','08:53:34',900299637,202204,'C','Contabilizacion CAJA EMPRESA Recaudo de 202204','2022-07-07','08:53:34','asexis'),(102,220060,'2022-05-18','08:53:34',900299637,202204,'C','Contabilizacion CAJA EMPRESA Recaudo de 202204','2022-07-07','08:53:34','asexis'),(102,220061,'2022-05-19','08:53:34',900299637,202204,'C','Contabilizacion CAJA EMPRESA Recaudo de 202204','2022-07-07','08:53:34','asexis'),(102,220062,'2022-05-20','08:53:34',900299637,202204,'C','Contabilizacion CAJA EMPRESA Recaudo de 202204','2022-07-07','08:53:34','asexis'),(102,220063,'2022-05-23','08:53:34',900299637,202204,'C','Contabilizacion CAJA EMPRESA Recaudo de 202204','2022-07-07','08:53:34','asexis'),(102,220064,'2022-05-24','08:53:34',900299637,202204,'C','Contabilizacion CAJA EMPRESA Recaudo de 202204','2022-07-07','08:53:34','asexis'),(102,220065,'2022-05-25','08:53:34',900299637,202204,'C','Contabilizacion CAJA EMPRESA Recaudo de 202204','2022-07-07','08:53:34','asexis'),(102,220066,'2022-05-26','08:53:34',900299637,202204,'C','Contabilizacion CAJA EMPRESA Recaudo de 202204','2022-07-07','08:53:34','asexis'),(102,220067,'2022-05-27','08:53:34',900299637,202204,'C','Contabilizacion CAJA EMPRESA Recaudo de 202204','2022-07-07','08:53:34','asexis'),(102,220068,'2022-05-31','08:53:34',900299637,202204,'C','Contabilizacion CAJA EMPRESA Recaudo de 202204','2022-07-07','08:53:34','asexis'),(115,220001,'2022-05-31','09:00:18',900299637,202204,'C','Contabilizacion Nota debito de 202204  ','2022-07-07','09:00:18','asexis'),(114,220001,'2022-07-07','09:00:50',900299637,202204,'C','Contabilizacion Nota Credito de 202204  ','2022-07-07','09:00:50','asexis'),(114,220002,'2022-05-31','09:01:11',900299637,202204,'C','Contabilizacion Nota Credito de 202204  ','2022-07-07','09:01:11','asexis'),(101,220004,'2022-05-31','03:48:10',900299637,202205,'C','Contabilizacion Facturacion de 202205 ','2022-07-07','03:48:10','asexis'),(101,220005,'2022-04-30','03:52:34',900299637,202204,'C','Contabilizacion Facturacion de 202204 ','2022-07-07','03:52:34','asexis'),(102,220069,'2022-05-04','03:54:48',900299637,202204,'C','Contabilizacion CAJA EMPRESA Recaudo de 202204','2022-07-07','03:54:48','asexis'),(102,220070,'2022-05-09','03:54:48',900299637,202204,'C','Contabilizacion CAJA EMPRESA Recaudo de 202204','2022-07-07','03:54:48','asexis'),(102,220071,'2022-05-10','03:54:49',900299637,202204,'C','Contabilizacion CAJA EMPRESA Recaudo de 202204','2022-07-07','03:54:49','asexis'),(102,220072,'2022-05-11','03:54:49',900299637,202204,'C','Contabilizacion CAJA EMPRESA Recaudo de 202204','2022-07-07','03:54:49','asexis'),(102,220073,'2022-05-12','03:54:49',900299637,202204,'C','Contabilizacion CAJA EMPRESA Recaudo de 202204','2022-07-07','03:54:49','asexis'),(102,220074,'2022-05-13','03:54:49',900299637,202204,'C','Contabilizacion CAJA EMPRESA Recaudo de 202204','2022-07-07','03:54:49','asexis'),(102,220075,'2022-05-16','03:54:49',900299637,202204,'C','Contabilizacion CAJA EMPRESA Recaudo de 202204','2022-07-07','03:54:49','asexis'),(102,220076,'2022-05-17','03:54:49',900299637,202204,'C','Contabilizacion CAJA EMPRESA Recaudo de 202204','2022-07-07','03:54:49','asexis'),(102,220077,'2022-05-18','03:54:49',900299637,202204,'C','Contabilizacion CAJA EMPRESA Recaudo de 202204','2022-07-07','03:54:49','asexis'),(102,220078,'2022-05-19','03:54:49',900299637,202204,'C','Contabilizacion CAJA EMPRESA Recaudo de 202204','2022-07-07','03:54:49','asexis'),(102,220079,'2022-05-20','03:54:49',900299637,202204,'C','Contabilizacion CAJA EMPRESA Recaudo de 202204','2022-07-07','03:54:49','asexis'),(102,220080,'2022-05-23','03:54:49',900299637,202204,'C','Contabilizacion CAJA EMPRESA Recaudo de 202204','2022-07-07','03:54:49','asexis'),(102,220081,'2022-05-24','03:54:49',900299637,202204,'C','Contabilizacion CAJA EMPRESA Recaudo de 202204','2022-07-07','03:54:49','asexis'),(102,220082,'2022-05-25','03:54:49',900299637,202204,'C','Contabilizacion CAJA EMPRESA Recaudo de 202204','2022-07-07','03:54:49','asexis'),(102,220083,'2022-05-26','03:54:49',900299637,202204,'C','Contabilizacion CAJA EMPRESA Recaudo de 202204','2022-07-07','03:54:49','asexis'),(102,220084,'2022-05-27','03:54:49',900299637,202204,'C','Contabilizacion CAJA EMPRESA Recaudo de 202204','2022-07-07','03:54:49','asexis'),(102,220085,'2022-05-31','03:54:49',900299637,202204,'C','Contabilizacion CAJA EMPRESA Recaudo de 202204','2022-07-07','03:54:49','asexis'),(101,220006,'2022-05-31','04:04:07',900299637,202204,'C','Contabilizacion Facturacion de 202204 ','2022-07-07','04:04:07','asexis'),(102,220086,'2022-05-04','04:04:38',900299637,202204,'C','Contabilizacion CAJA EMPRESA Recaudo de 202204','2022-07-07','04:04:38','asexis'),(102,220087,'2022-05-09','04:04:38',900299637,202204,'C','Contabilizacion CAJA EMPRESA Recaudo de 202204','2022-07-07','04:04:38','asexis'),(102,220088,'2022-05-10','04:04:38',900299637,202204,'C','Contabilizacion CAJA EMPRESA Recaudo de 202204','2022-07-07','04:04:38','asexis'),(102,220089,'2022-05-11','04:04:38',900299637,202204,'C','Contabilizacion CAJA EMPRESA Recaudo de 202204','2022-07-07','04:04:38','asexis'),(102,220090,'2022-05-12','04:04:38',900299637,202204,'C','Contabilizacion CAJA EMPRESA Recaudo de 202204','2022-07-07','04:04:38','asexis'),(102,220091,'2022-05-13','04:04:38',900299637,202204,'C','Contabilizacion CAJA EMPRESA Recaudo de 202204','2022-07-07','04:04:38','asexis'),(102,220092,'2022-05-16','04:04:38',900299637,202204,'C','Contabilizacion CAJA EMPRESA Recaudo de 202204','2022-07-07','04:04:38','asexis'),(102,220093,'2022-05-17','04:04:38',900299637,202204,'C','Contabilizacion CAJA EMPRESA Recaudo de 202204','2022-07-07','04:04:38','asexis'),(102,220094,'2022-05-18','04:04:39',900299637,202204,'C','Contabilizacion CAJA EMPRESA Recaudo de 202204','2022-07-07','04:04:39','asexis'),(102,220095,'2022-05-19','04:04:39',900299637,202204,'C','Contabilizacion CAJA EMPRESA Recaudo de 202204','2022-07-07','04:04:39','asexis'),(102,220096,'2022-05-20','04:04:39',900299637,202204,'C','Contabilizacion CAJA EMPRESA Recaudo de 202204','2022-07-07','04:04:39','asexis'),(102,220097,'2022-05-23','04:04:39',900299637,202204,'C','Contabilizacion CAJA EMPRESA Recaudo de 202204','2022-07-07','04:04:39','asexis'),(102,220098,'2022-05-24','04:04:39',900299637,202204,'C','Contabilizacion CAJA EMPRESA Recaudo de 202204','2022-07-07','04:04:39','asexis'),(102,220099,'2022-05-25','04:04:39',900299637,202204,'C','Contabilizacion CAJA EMPRESA Recaudo de 202204','2022-07-07','04:04:39','asexis'),(102,220100,'2022-05-26','04:04:39',900299637,202204,'C','Contabilizacion CAJA EMPRESA Recaudo de 202204','2022-07-07','04:04:39','asexis'),(102,220101,'2022-05-27','04:04:39',900299637,202204,'C','Contabilizacion CAJA EMPRESA Recaudo de 202204','2022-07-07','04:04:39','asexis'),(102,220102,'2022-05-31','04:04:39',900299637,202204,'C','Contabilizacion CAJA EMPRESA Recaudo de 202204','2022-07-07','04:04:39','asexis'),(115,220002,'2022-05-31','04:07:27',900299637,202204,'C','Contabilizacion Nota debito de 202204  ','2022-07-07','04:07:27','asexis'),(115,220003,'2022-05-31','04:07:30',900299637,202204,'C','Contabilizacion Nota debito de 202204  ','2022-07-07','04:07:30','asexis'),(114,220003,'2022-05-31','04:08:20',900299637,202204,'C','Contabilizacion Nota Credito de 202204  ','2022-07-07','04:08:20','asexis'),(101,220007,'2022-06-30','03:32:45',900299637,202204,'C','Contabilizacion Facturacion de 202204 ','2022-07-08','03:32:45','asexis'),(102,220103,'2022-05-04','03:33:20',900299637,202204,'C','Contabilizacion CAJA EMPRESA Recaudo de 202204','2022-07-08','03:33:20','asexis'),(102,220104,'2022-05-09','03:33:21',900299637,202204,'C','Contabilizacion CAJA EMPRESA Recaudo de 202204','2022-07-08','03:33:21','asexis'),(102,220105,'2022-05-10','03:33:21',900299637,202204,'C','Contabilizacion CAJA EMPRESA Recaudo de 202204','2022-07-08','03:33:21','asexis'),(102,220106,'2022-05-11','03:33:21',900299637,202204,'C','Contabilizacion CAJA EMPRESA Recaudo de 202204','2022-07-08','03:33:21','asexis'),(102,220107,'2022-05-12','03:33:21',900299637,202204,'C','Contabilizacion CAJA EMPRESA Recaudo de 202204','2022-07-08','03:33:21','asexis'),(102,220108,'2022-05-13','03:33:21',900299637,202204,'C','Contabilizacion CAJA EMPRESA Recaudo de 202204','2022-07-08','03:33:21','asexis'),(102,220109,'2022-05-16','03:33:21',900299637,202204,'C','Contabilizacion CAJA EMPRESA Recaudo de 202204','2022-07-08','03:33:21','asexis'),(102,220110,'2022-05-17','03:33:21',900299637,202204,'C','Contabilizacion CAJA EMPRESA Recaudo de 202204','2022-07-08','03:33:21','asexis'),(102,220111,'2022-05-18','03:33:21',900299637,202204,'C','Contabilizacion CAJA EMPRESA Recaudo de 202204','2022-07-08','03:33:21','asexis'),(102,220112,'2022-05-19','03:33:21',900299637,202204,'C','Contabilizacion CAJA EMPRESA Recaudo de 202204','2022-07-08','03:33:21','asexis'),(102,220113,'2022-05-20','03:33:21',900299637,202204,'C','Contabilizacion CAJA EMPRESA Recaudo de 202204','2022-07-08','03:33:21','asexis'),(102,220114,'2022-05-23','03:33:21',900299637,202204,'C','Contabilizacion CAJA EMPRESA Recaudo de 202204','2022-07-08','03:33:21','asexis'),(102,220115,'2022-05-24','03:33:21',900299637,202204,'C','Contabilizacion CAJA EMPRESA Recaudo de 202204','2022-07-08','03:33:21','asexis'),(102,220116,'2022-05-25','03:33:21',900299637,202204,'C','Contabilizacion CAJA EMPRESA Recaudo de 202204','2022-07-08','03:33:21','asexis'),(102,220117,'2022-05-26','03:33:21',900299637,202204,'C','Contabilizacion CAJA EMPRESA Recaudo de 202204','2022-07-08','03:33:21','asexis'),(102,220118,'2022-05-27','03:33:22',900299637,202204,'C','Contabilizacion CAJA EMPRESA Recaudo de 202204','2022-07-08','03:33:22','asexis'),(102,220119,'2022-05-31','03:33:22',900299637,202204,'C','Contabilizacion CAJA EMPRESA Recaudo de 202204','2022-07-08','03:33:22','asexis'),(101,220008,'2022-05-31','03:33:54',900299637,202204,'C','Contabilizacion Facturacion de 202204 ','2022-07-08','03:33:54','asexis'),(101,220009,'2023-05-03','03:24:24',900299637,202210,'C','Contabilizacion Facturacion de 202210 ','2023-05-03','03:24:24','asexis'),(101,220010,'2023-05-03','03:28:01',900299637,202210,'C','Contabilizacion Facturacion de 202210 ','2023-05-03','03:28:01','asexis'),(101,220011,'2023-05-03','03:52:06',900299637,202210,'C','Contabilizacion Facturacion de 202210 ','2023-05-03','03:52:06','asexis'),(118,220044,'2023-06-28','09:45:39',800082204,202210,'C','Contabilizacion Nomina del 202210','2023-06-28','09:45:39','asexis'),(101,220012,'2023-05-03','05:59:25',900299637,202210,'C','Contabilizacion Facturacion de 202210 ','2023-05-03','05:59:25','asexis'),(102,220120,'2022-11-02','05:59:35',900299637,202210,'C','Contabilizacion CAJA EMPRESA Recaudo de 202210','2023-05-03','05:59:35','asexis'),(102,220121,'2022-11-02','05:59:35',900299637,202210,'C','Contabilizacion BANCOLOMBIA Recaudo de 202210','2023-05-03','05:59:35','asexis'),(102,220122,'2022-11-03','05:59:35',900299637,202210,'C','Contabilizacion CAJA EMPRESA Recaudo de 202210','2023-05-03','05:59:35','asexis'),(102,220123,'2022-11-04','05:59:35',900299637,202210,'C','Contabilizacion CAJA EMPRESA Recaudo de 202210','2023-05-03','05:59:35','asexis'),(102,220124,'2022-11-04','05:59:35',900299637,202210,'C','Contabilizacion BANCOLOMBIA Recaudo de 202210','2023-05-03','05:59:35','asexis'),(102,220125,'2022-11-07','05:59:35',900299637,202210,'C','Contabilizacion BANCOLOMBIA Recaudo de 202210','2023-05-03','05:59:35','asexis'),(102,220126,'2022-11-08','05:59:35',900299637,202210,'C','Contabilizacion CAJA EMPRESA Recaudo de 202210','2023-05-03','05:59:35','asexis'),(102,220127,'2022-11-09','05:59:35',900299637,202210,'C','Contabilizacion CAJA EMPRESA Recaudo de 202210','2023-05-03','05:59:35','asexis'),(102,220128,'2022-11-10','05:59:35',900299637,202210,'C','Contabilizacion CAJA EMPRESA Recaudo de 202210','2023-05-03','05:59:35','asexis'),(102,220129,'2022-11-11','05:59:35',900299637,202210,'C','Contabilizacion CAJA EMPRESA Recaudo de 202210','2023-05-03','05:59:35','asexis'),(102,220130,'2022-11-15','05:59:35',900299637,202210,'C','Contabilizacion CAJA EMPRESA Recaudo de 202210','2023-05-03','05:59:35','asexis'),(102,220131,'2022-11-15','05:59:35',900299637,202210,'C','Contabilizacion BANCOLOMBIA Recaudo de 202210','2023-05-03','05:59:35','asexis'),(102,220132,'2022-11-16','05:59:35',900299637,202210,'C','Contabilizacion CAJA EMPRESA Recaudo de 202210','2023-05-03','05:59:35','asexis'),(102,220133,'2022-11-16','05:59:35',900299637,202210,'C','Contabilizacion IEISON GARCEZ PATERNINA Recaudo de 202210','2023-05-03','05:59:35','asexis'),(102,220134,'2022-11-16','05:59:35',900299637,202210,'C','Contabilizacion ARNULFO BANQUET Recaudo de 202210','2023-05-03','05:59:35','asexis'),(102,220135,'2022-11-16','05:59:36',900299637,202210,'C','Contabilizacion JORGE LUIS PEREZ Recaudo de 202210','2023-05-03','05:59:36','asexis'),(102,220136,'2022-11-17','05:59:36',900299637,202210,'C','Contabilizacion CAJA EMPRESA Recaudo de 202210','2023-05-03','05:59:36','asexis'),(102,220137,'2022-11-17','05:59:36',900299637,202210,'C','Contabilizacion IEISON GARCEZ PATERNINA Recaudo de 202210','2023-05-03','05:59:36','asexis'),(102,220138,'2022-11-17','05:59:36',900299637,202210,'C','Contabilizacion ARNULFO BANQUET Recaudo de 202210','2023-05-03','05:59:36','asexis'),(102,220139,'2022-11-17','05:59:36',900299637,202210,'C','Contabilizacion JORGE LUIS PEREZ Recaudo de 202210','2023-05-03','05:59:36','asexis'),(102,220140,'2022-11-17','05:59:36',900299637,202210,'C','Contabilizacion BANCOLOMBIA Recaudo de 202210','2023-05-03','05:59:36','asexis'),(102,220141,'2022-11-18','05:59:36',900299637,202210,'C','Contabilizacion CAJA EMPRESA Recaudo de 202210','2023-05-03','05:59:36','asexis'),(102,220142,'2022-11-18','05:59:36',900299637,202210,'C','Contabilizacion IEISON GARCEZ PATERNINA Recaudo de 202210','2023-05-03','05:59:36','asexis'),(102,220143,'2022-11-18','05:59:36',900299637,202210,'C','Contabilizacion ARNULFO BANQUET Recaudo de 202210','2023-05-03','05:59:36','asexis'),(102,220144,'2022-11-18','05:59:36',900299637,202210,'C','Contabilizacion JORGE LUIS PEREZ Recaudo de 202210','2023-05-03','05:59:36','asexis'),(102,220145,'2022-11-21','05:59:36',900299637,202210,'C','Contabilizacion CAJA EMPRESA Recaudo de 202210','2023-05-03','05:59:36','asexis'),(102,220146,'2022-11-21','05:59:36',900299637,202210,'C','Contabilizacion IEISON GARCEZ PATERNINA Recaudo de 202210','2023-05-03','05:59:36','asexis'),(102,220147,'2022-11-21','05:59:36',900299637,202210,'C','Contabilizacion ARNULFO BANQUET Recaudo de 202210','2023-05-03','05:59:36','asexis'),(102,220148,'2022-11-21','05:59:36',900299637,202210,'C','Contabilizacion JORGE LUIS PEREZ Recaudo de 202210','2023-05-03','05:59:36','asexis'),(102,220149,'2022-11-22','05:59:36',900299637,202210,'C','Contabilizacion CAJA EMPRESA Recaudo de 202210','2023-05-03','05:59:36','asexis'),(102,220150,'2022-11-22','05:59:36',900299637,202210,'C','Contabilizacion IEISON GARCEZ PATERNINA Recaudo de 202210','2023-05-03','05:59:36','asexis'),(102,220151,'2022-11-22','05:59:36',900299637,202210,'C','Contabilizacion ARNULFO BANQUET Recaudo de 202210','2023-05-03','05:59:36','asexis'),(102,220152,'2022-11-22','05:59:36',900299637,202210,'C','Contabilizacion JORGE LUIS PEREZ Recaudo de 202210','2023-05-03','05:59:36','asexis'),(102,220153,'2022-11-23','05:59:36',900299637,202210,'C','Contabilizacion CAJA EMPRESA Recaudo de 202210','2023-05-03','05:59:36','asexis'),(102,220154,'2022-11-23','05:59:36',900299637,202210,'C','Contabilizacion IEISON GARCEZ PATERNINA Recaudo de 202210','2023-05-03','05:59:36','asexis'),(102,220155,'2022-11-23','05:59:36',900299637,202210,'C','Contabilizacion ARNULFO BANQUET Recaudo de 202210','2023-05-03','05:59:36','asexis'),(102,220156,'2022-11-23','05:59:36',900299637,202210,'C','Contabilizacion JORGE LUIS PEREZ Recaudo de 202210','2023-05-03','05:59:36','asexis'),(102,220157,'2022-11-24','05:59:36',900299637,202210,'C','Contabilizacion CAJA EMPRESA Recaudo de 202210','2023-05-03','05:59:36','asexis'),(102,220158,'2022-11-24','05:59:36',900299637,202210,'C','Contabilizacion JORNADA DE COBRO Recaudo de 202210','2023-05-03','05:59:36','asexis'),(102,220159,'2022-11-24','05:59:36',900299637,202210,'C','Contabilizacion BANCOLOMBIA Recaudo de 202210','2023-05-03','05:59:36','asexis'),(102,220160,'2022-11-25','05:59:36',900299637,202210,'C','Contabilizacion CAJA EMPRESA Recaudo de 202210','2023-05-03','05:59:36','asexis'),(102,220161,'2022-11-25','05:59:36',900299637,202210,'C','Contabilizacion JORNADA DE COBRO Recaudo de 202210','2023-05-03','05:59:36','asexis'),(102,220162,'2022-11-25','05:59:36',900299637,202210,'C','Contabilizacion IEISON GARCEZ PATERNINA Recaudo de 202210','2023-05-03','05:59:36','asexis'),(102,220163,'2022-11-28','05:59:36',900299637,202210,'C','Contabilizacion CAJA EMPRESA Recaudo de 202210','2023-05-03','05:59:36','asexis'),(102,220164,'2022-11-28','05:59:36',900299637,202210,'C','Contabilizacion JORNADA DE COBRO Recaudo de 202210','2023-05-03','05:59:36','asexis'),(102,220165,'2022-11-28','05:59:36',900299637,202210,'C','Contabilizacion IEISON GARCEZ PATERNINA Recaudo de 202210','2023-05-03','05:59:36','asexis'),(101,220013,'2023-05-18','09:21:06',900299637,202210,'C','Contabilizacion Facturacion de 202210 ','2023-05-18','09:21:06','asexis'),(101,220014,'2023-05-18','09:27:14',900299637,202210,'C','Contabilizacion Facturacion de 202210 ','2023-05-18','09:27:14','asexis'),(102,220166,'2022-11-08','09:34:01',900299637,202210,'C','Contabilizacion CAJA EMPRESA Recaudo de 202210','2023-05-18','09:34:01','asexis'),(102,220167,'2022-11-09','09:34:01',900299637,202210,'C','Contabilizacion CAJA EMPRESA Recaudo de 202210','2023-05-18','09:34:01','asexis'),(102,220168,'2022-11-10','09:34:01',900299637,202210,'C','Contabilizacion CAJA EMPRESA Recaudo de 202210','2023-05-18','09:34:01','asexis'),(102,220169,'2022-11-11','09:34:01',900299637,202210,'C','Contabilizacion CAJA EMPRESA Recaudo de 202210','2023-05-18','09:34:01','asexis'),(102,220170,'2022-11-15','09:34:01',900299637,202210,'C','Contabilizacion CAJA EMPRESA Recaudo de 202210','2023-05-18','09:34:01','asexis'),(102,220171,'2022-11-15','09:34:01',900299637,202210,'C','Contabilizacion BANCOLOMBIA Recaudo de 202210','2023-05-18','09:34:01','asexis'),(102,220172,'2022-11-16','09:34:01',900299637,202210,'C','Contabilizacion CAJA EMPRESA Recaudo de 202210','2023-05-18','09:34:01','asexis'),(102,220173,'2022-11-16','09:34:01',900299637,202210,'C','Contabilizacion IEISON GARCEZ PATERNINA Recaudo de 202210','2023-05-18','09:34:01','asexis'),(102,220174,'2022-11-16','09:34:01',900299637,202210,'C','Contabilizacion ARNULFO BANQUET Recaudo de 202210','2023-05-18','09:34:01','asexis'),(102,220175,'2022-11-16','09:34:01',900299637,202210,'C','Contabilizacion JORGE LUIS PEREZ Recaudo de 202210','2023-05-18','09:34:01','asexis'),(102,220176,'2022-11-17','09:34:01',900299637,202210,'C','Contabilizacion CAJA EMPRESA Recaudo de 202210','2023-05-18','09:34:01','asexis'),(102,220177,'2022-11-17','09:34:01',900299637,202210,'C','Contabilizacion IEISON GARCEZ PATERNINA Recaudo de 202210','2023-05-18','09:34:01','asexis'),(102,220178,'2022-11-17','09:34:01',900299637,202210,'C','Contabilizacion ARNULFO BANQUET Recaudo de 202210','2023-05-18','09:34:01','asexis'),(102,220179,'2022-11-17','09:34:01',900299637,202210,'C','Contabilizacion JORGE LUIS PEREZ Recaudo de 202210','2023-05-18','09:34:01','asexis'),(102,220180,'2022-11-17','09:34:01',900299637,202210,'C','Contabilizacion BANCOLOMBIA Recaudo de 202210','2023-05-18','09:34:01','asexis'),(102,220181,'2022-11-18','09:34:01',900299637,202210,'C','Contabilizacion CAJA EMPRESA Recaudo de 202210','2023-05-18','09:34:01','asexis'),(102,220182,'2022-11-18','09:34:01',900299637,202210,'C','Contabilizacion IEISON GARCEZ PATERNINA Recaudo de 202210','2023-05-18','09:34:01','asexis'),(102,220183,'2022-11-18','09:34:01',900299637,202210,'C','Contabilizacion ARNULFO BANQUET Recaudo de 202210','2023-05-18','09:34:01','asexis'),(102,220184,'2022-11-18','09:34:01',900299637,202210,'C','Contabilizacion JORGE LUIS PEREZ Recaudo de 202210','2023-05-18','09:34:01','asexis'),(102,220185,'2022-11-21','09:34:01',900299637,202210,'C','Contabilizacion CAJA EMPRESA Recaudo de 202210','2023-05-18','09:34:01','asexis'),(102,220186,'2022-11-21','09:34:01',900299637,202210,'C','Contabilizacion IEISON GARCEZ PATERNINA Recaudo de 202210','2023-05-18','09:34:01','asexis'),(102,220187,'2022-11-21','09:34:01',900299637,202210,'C','Contabilizacion ARNULFO BANQUET Recaudo de 202210','2023-05-18','09:34:01','asexis'),(102,220188,'2022-11-21','09:34:01',900299637,202210,'C','Contabilizacion JORGE LUIS PEREZ Recaudo de 202210','2023-05-18','09:34:01','asexis'),(102,220189,'2022-11-22','09:34:01',900299637,202210,'C','Contabilizacion CAJA EMPRESA Recaudo de 202210','2023-05-18','09:34:01','asexis'),(102,220190,'2022-11-22','09:34:02',900299637,202210,'C','Contabilizacion IEISON GARCEZ PATERNINA Recaudo de 202210','2023-05-18','09:34:02','asexis'),(102,220191,'2022-11-22','09:34:02',900299637,202210,'C','Contabilizacion ARNULFO BANQUET Recaudo de 202210','2023-05-18','09:34:02','asexis'),(102,220192,'2022-11-22','09:34:02',900299637,202210,'C','Contabilizacion JORGE LUIS PEREZ Recaudo de 202210','2023-05-18','09:34:02','asexis'),(102,220193,'2022-11-23','09:34:02',900299637,202210,'C','Contabilizacion CAJA EMPRESA Recaudo de 202210','2023-05-18','09:34:02','asexis'),(102,220194,'2022-11-23','09:34:02',900299637,202210,'C','Contabilizacion IEISON GARCEZ PATERNINA Recaudo de 202210','2023-05-18','09:34:02','asexis'),(102,220195,'2022-11-23','09:34:02',900299637,202210,'C','Contabilizacion ARNULFO BANQUET Recaudo de 202210','2023-05-18','09:34:02','asexis'),(102,220196,'2022-11-23','09:34:02',900299637,202210,'C','Contabilizacion JORGE LUIS PEREZ Recaudo de 202210','2023-05-18','09:34:02','asexis'),(102,220197,'2022-11-24','09:34:02',900299637,202210,'C','Contabilizacion CAJA EMPRESA Recaudo de 202210','2023-05-18','09:34:02','asexis'),(102,220198,'2022-11-24','09:34:02',900299637,202210,'C','Contabilizacion JORNADA DE COBRO Recaudo de 202210','2023-05-18','09:34:02','asexis'),(102,220199,'2022-11-24','09:34:02',900299637,202210,'C','Contabilizacion BANCOLOMBIA Recaudo de 202210','2023-05-18','09:34:02','asexis'),(102,220200,'2022-11-25','09:34:02',900299637,202210,'C','Contabilizacion CAJA EMPRESA Recaudo de 202210','2023-05-18','09:34:02','asexis'),(102,220201,'2022-11-25','09:34:02',900299637,202210,'C','Contabilizacion JORNADA DE COBRO Recaudo de 202210','2023-05-18','09:34:02','asexis'),(102,220202,'2022-11-25','09:34:02',900299637,202210,'C','Contabilizacion IEISON GARCEZ PATERNINA Recaudo de 202210','2023-05-18','09:34:02','asexis'),(102,220203,'2022-11-28','09:34:02',900299637,202210,'C','Contabilizacion CAJA EMPRESA Recaudo de 202210','2023-05-18','09:34:02','asexis'),(102,220204,'2022-11-28','09:34:02',900299637,202210,'C','Contabilizacion JORNADA DE COBRO Recaudo de 202210','2023-05-18','09:34:02','asexis'),(102,220205,'2022-11-28','09:34:02',900299637,202210,'C','Contabilizacion IEISON GARCEZ PATERNINA Recaudo de 202210','2023-05-18','09:34:02','asexis'),(102,220206,'2022-11-08','09:42:22',900299637,202210,'C','Contabilizacion CAJA EMPRESA Recaudo de 202210','2023-05-18','09:42:22','asexis'),(102,220207,'2022-11-09','09:42:22',900299637,202210,'C','Contabilizacion CAJA EMPRESA Recaudo de 202210','2023-05-18','09:42:22','asexis'),(102,220208,'2022-11-10','09:42:22',900299637,202210,'C','Contabilizacion CAJA EMPRESA Recaudo de 202210','2023-05-18','09:42:22','asexis'),(102,220209,'2022-11-11','09:42:22',900299637,202210,'C','Contabilizacion CAJA EMPRESA Recaudo de 202210','2023-05-18','09:42:22','asexis'),(102,220210,'2022-11-15','09:42:22',900299637,202210,'C','Contabilizacion CAJA EMPRESA Recaudo de 202210','2023-05-18','09:42:22','asexis'),(102,220211,'2022-11-15','09:42:22',900299637,202210,'C','Contabilizacion BANCOLOMBIA Recaudo de 202210','2023-05-18','09:42:22','asexis'),(102,220212,'2022-11-16','09:42:22',900299637,202210,'C','Contabilizacion CAJA EMPRESA Recaudo de 202210','2023-05-18','09:42:22','asexis'),(102,220213,'2022-11-16','09:42:22',900299637,202210,'C','Contabilizacion IEISON GARCEZ PATERNINA Recaudo de 202210','2023-05-18','09:42:22','asexis'),(102,220214,'2022-11-16','09:42:22',900299637,202210,'C','Contabilizacion ARNULFO BANQUET Recaudo de 202210','2023-05-18','09:42:22','asexis'),(102,220215,'2022-11-16','09:42:22',900299637,202210,'C','Contabilizacion JORGE LUIS PEREZ Recaudo de 202210','2023-05-18','09:42:22','asexis'),(102,220216,'2022-11-17','09:42:22',900299637,202210,'C','Contabilizacion CAJA EMPRESA Recaudo de 202210','2023-05-18','09:42:22','asexis'),(102,220217,'2022-11-17','09:42:22',900299637,202210,'C','Contabilizacion IEISON GARCEZ PATERNINA Recaudo de 202210','2023-05-18','09:42:22','asexis'),(102,220218,'2022-11-17','09:42:22',900299637,202210,'C','Contabilizacion ARNULFO BANQUET Recaudo de 202210','2023-05-18','09:42:22','asexis'),(102,220219,'2022-11-17','09:42:22',900299637,202210,'C','Contabilizacion JORGE LUIS PEREZ Recaudo de 202210','2023-05-18','09:42:22','asexis'),(102,220220,'2022-11-17','09:42:22',900299637,202210,'C','Contabilizacion BANCOLOMBIA Recaudo de 202210','2023-05-18','09:42:22','asexis'),(102,220221,'2022-11-18','09:42:22',900299637,202210,'C','Contabilizacion CAJA EMPRESA Recaudo de 202210','2023-05-18','09:42:22','asexis'),(102,220222,'2022-11-18','09:42:22',900299637,202210,'C','Contabilizacion IEISON GARCEZ PATERNINA Recaudo de 202210','2023-05-18','09:42:22','asexis'),(102,220223,'2022-11-18','09:42:22',900299637,202210,'C','Contabilizacion ARNULFO BANQUET Recaudo de 202210','2023-05-18','09:42:22','asexis'),(102,220224,'2022-11-18','09:42:22',900299637,202210,'C','Contabilizacion JORGE LUIS PEREZ Recaudo de 202210','2023-05-18','09:42:22','asexis'),(102,220225,'2022-11-21','09:42:22',900299637,202210,'C','Contabilizacion CAJA EMPRESA Recaudo de 202210','2023-05-18','09:42:22','asexis'),(102,220226,'2022-11-21','09:42:22',900299637,202210,'C','Contabilizacion IEISON GARCEZ PATERNINA Recaudo de 202210','2023-05-18','09:42:22','asexis'),(102,220227,'2022-11-21','09:42:22',900299637,202210,'C','Contabilizacion ARNULFO BANQUET Recaudo de 202210','2023-05-18','09:42:22','asexis'),(102,220228,'2022-11-21','09:42:22',900299637,202210,'C','Contabilizacion JORGE LUIS PEREZ Recaudo de 202210','2023-05-18','09:42:22','asexis'),(102,220229,'2022-11-22','09:42:22',900299637,202210,'C','Contabilizacion CAJA EMPRESA Recaudo de 202210','2023-05-18','09:42:22','asexis'),(102,220230,'2022-11-22','09:42:22',900299637,202210,'C','Contabilizacion IEISON GARCEZ PATERNINA Recaudo de 202210','2023-05-18','09:42:22','asexis'),(102,220231,'2022-11-22','09:42:22',900299637,202210,'C','Contabilizacion ARNULFO BANQUET Recaudo de 202210','2023-05-18','09:42:22','asexis'),(102,220232,'2022-11-22','09:42:22',900299637,202210,'C','Contabilizacion JORGE LUIS PEREZ Recaudo de 202210','2023-05-18','09:42:22','asexis'),(102,220233,'2022-11-23','09:42:22',900299637,202210,'C','Contabilizacion CAJA EMPRESA Recaudo de 202210','2023-05-18','09:42:22','asexis'),(102,220234,'2022-11-23','09:42:22',900299637,202210,'C','Contabilizacion IEISON GARCEZ PATERNINA Recaudo de 202210','2023-05-18','09:42:22','asexis'),(102,220235,'2022-11-23','09:42:22',900299637,202210,'C','Contabilizacion ARNULFO BANQUET Recaudo de 202210','2023-05-18','09:42:22','asexis'),(102,220236,'2022-11-23','09:42:22',900299637,202210,'C','Contabilizacion JORGE LUIS PEREZ Recaudo de 202210','2023-05-18','09:42:22','asexis'),(102,220237,'2022-11-24','09:42:22',900299637,202210,'C','Contabilizacion CAJA EMPRESA Recaudo de 202210','2023-05-18','09:42:22','asexis'),(102,220238,'2022-11-24','09:42:22',900299637,202210,'C','Contabilizacion JORNADA DE COBRO Recaudo de 202210','2023-05-18','09:42:22','asexis'),(102,220239,'2022-11-24','09:42:22',900299637,202210,'C','Contabilizacion BANCOLOMBIA Recaudo de 202210','2023-05-18','09:42:22','asexis'),(102,220240,'2022-11-25','09:42:22',900299637,202210,'C','Contabilizacion CAJA EMPRESA Recaudo de 202210','2023-05-18','09:42:22','asexis'),(102,220241,'2022-11-25','09:42:22',900299637,202210,'C','Contabilizacion JORNADA DE COBRO Recaudo de 202210','2023-05-18','09:42:22','asexis'),(102,220242,'2022-11-25','09:42:22',900299637,202210,'C','Contabilizacion IEISON GARCEZ PATERNINA Recaudo de 202210','2023-05-18','09:42:22','asexis'),(102,220243,'2022-11-28','09:42:22',900299637,202210,'C','Contabilizacion CAJA EMPRESA Recaudo de 202210','2023-05-18','09:42:22','asexis'),(102,220244,'2022-11-28','09:42:22',900299637,202210,'C','Contabilizacion JORNADA DE COBRO Recaudo de 202210','2023-05-18','09:42:22','asexis'),(102,220245,'2022-11-28','09:42:22',900299637,202210,'C','Contabilizacion IEISON GARCEZ PATERNINA Recaudo de 202210','2023-05-18','09:42:22','asexis'),(115,220004,'2023-05-18','09:47:15',900299637,202210,'C','Contabilizacion Nota debito de 202210  ','2023-05-18','09:47:15','asexis'),(114,220004,'2023-05-18','09:48:01',900299637,202210,'C','Contabilizacion Nota Credito de 202210  ','2023-05-18','09:48:01','asexis'),(114,220005,'2023-05-18','09:48:03',900299637,202210,'C','Contabilizacion Nota Credito de 202210  ','2023-05-18','09:48:03','asexis'),(101,220016,'2024-01-24','08:44:06',900299637,202204,'C','Contabilizacion Facturacion de 202204 ','2024-01-24','08:44:06','asexis'),(118,220001,'2023-06-08','03:11:11',800082204,202210,'C','Contabilizacion Nomina del 202210','2023-06-08','03:11:11','asexis'),(118,220002,'2023-06-08','03:44:34',800082204,202210,'C','Contabilizacion Nomina del 202210','2023-06-08','03:44:34','asexis'),(118,220003,'2023-06-09','09:39:07',800082204,202210,'C','Contabilizacion Nomina del 202210','2023-06-09','09:39:07','asexis'),(118,220004,'2023-06-09','09:41:34',800082204,202210,'C','Contabilizacion Nomina del 202210','2023-06-09','09:41:34','asexis'),(118,220005,'2023-06-09','09:54:04',800082204,202210,'C','Contabilizacion Nomina del 202210','2023-06-09','09:54:04','asexis'),(118,220006,'2023-06-09','09:56:17',800082204,202210,'C','Contabilizacion Nomina del 202210','2023-06-09','09:56:17','asexis'),(118,220007,'2023-06-09','10:03:26',800082204,202210,'C','Contabilizacion Nomina del 202210','2023-06-09','10:03:26','asexis'),(118,220008,'2023-06-09','11:46:11',800082204,202210,'C','Contabilizacion Nomina del 202210','2023-06-09','11:46:11','asexis'),(118,220009,'2023-06-09','11:49:54',800082204,202210,'C','Contabilizacion Nomina del 202210','2023-06-09','11:49:54','asexis'),(118,220010,'2023-06-09','11:53:03',800082204,202210,'C','Contabilizacion Nomina del 202210','2023-06-09','11:53:03','asexis'),(118,220011,'2023-06-13','03:57:39',800082204,202210,'C','Contabilizacion Nomina del 202210','2023-06-13','03:57:39','asexis'),(118,220012,'2023-06-13','04:00:08',800082204,202210,'C','Contabilizacion Nomina del 202210','2023-06-13','04:00:08','asexis'),(118,220013,'2023-06-13','04:01:39',800082204,202210,'C','Contabilizacion Nomina del 202210','2023-06-13','04:01:39','asexis'),(118,220014,'2023-06-13','04:08:26',800082204,202210,'C','Contabilizacion Nomina del 202210','2023-06-13','04:08:26','asexis'),(118,220015,'2023-06-13','04:16:46',800082204,202210,'C','Contabilizacion Nomina del 202210','2023-06-13','04:16:46','asexis'),(118,220016,'2023-06-13','04:22:05',800082204,202210,'C','Contabilizacion Nomina del 202210','2023-06-13','04:22:05','asexis'),(118,220017,'2023-06-13','04:22:50',800082204,202210,'C','Contabilizacion Nomina del 202210','2023-06-13','04:22:50','asexis'),(118,220018,'2023-06-13','04:32:31',800082204,202210,'C','Contabilizacion Nomina del 202210','2023-06-13','04:32:31','asexis'),(118,220019,'2023-06-13','04:39:22',800082204,202210,'C','Contabilizacion Nomina del 202210','2023-06-13','04:39:22','asexis'),(118,220020,'2023-06-13','04:40:04',800082204,202210,'C','Contabilizacion Nomina del 202210','2023-06-13','04:40:04','asexis'),(118,220021,'2023-06-13','04:40:43',800082204,202210,'C','Contabilizacion Nomina del 202210','2023-06-13','04:40:43','asexis'),(118,220022,'2023-06-13','04:47:09',800082204,202210,'C','Contabilizacion Nomina del 202210','2023-06-13','04:47:09','asexis'),(118,220023,'2023-06-13','04:50:35',800082204,202210,'C','Contabilizacion Nomina del 202210','2023-06-13','04:50:35','asexis'),(118,220024,'2023-06-13','04:54:06',800082204,202210,'C','Contabilizacion Nomina del 202210','2023-06-13','04:54:06','asexis'),(118,220025,'2023-06-13','05:03:57',800082204,202210,'C','Contabilizacion Nomina del 202210','2023-06-13','05:03:57','asexis'),(118,220026,'2023-06-13','05:10:09',800082204,202210,'C','Contabilizacion Nomina del 202210','2023-06-13','05:10:09','asexis'),(118,220027,'2023-06-13','05:20:13',800082204,202210,'C','Contabilizacion Nomina del 202210','2023-06-13','05:20:13','asexis'),(118,220028,'2023-06-13','05:32:27',800082204,202210,'C','Contabilizacion Nomina del 202210','2023-06-13','05:32:27','asexis'),(118,220029,'2023-06-13','05:36:56',800082204,202210,'C','Contabilizacion Nomina del 202210','2023-06-13','05:36:56','asexis'),(118,220030,'2023-06-13','05:40:33',800082204,202210,'C','Contabilizacion Nomina del 202210','2023-06-13','05:40:33','asexis'),(118,220031,'2023-06-13','05:41:33',800082204,202210,'C','Contabilizacion Nomina del 202210','2023-06-13','05:41:33','asexis'),(118,220032,'2023-06-13','05:42:16',800082204,202210,'C','Contabilizacion Nomina del 202210','2023-06-13','05:42:16','asexis'),(118,220033,'2023-06-13','05:44:36',800082204,202210,'C','Contabilizacion Nomina del 202210','2023-06-13','05:44:36','asexis'),(119,220001,'2023-06-13','05:51:52',3132089,220001,'C','Recibo de Pago Nomina No. 220001 Pago nomina mes de octubre 2022','2023-06-13','05:51:52','asexis'),(119,220002,'2023-06-13','05:51:52',10171813,220002,'C','Recibo de Pago Nomina No. 220002 Pago nomina mes de octubre 2022','2023-06-13','05:51:53','asexis'),(119,220003,'2023-06-13','05:51:52',19518008,220003,'C','Recibo de Pago Nomina No. 220003 Pago nomina mes de octubre 2022','2023-06-13','05:51:53','asexis'),(119,220004,'2023-06-13','05:51:52',8571303,220004,'C','Recibo de Pago Nomina No. 220004 Pago nomina mes de octubre 2022','2023-06-13','05:51:53','asexis'),(119,220005,'2023-06-13','05:51:52',20829307,220005,'C','Recibo de Pago Nomina No. 220005 Pago nomina mes de octubre 2022','2023-06-13','05:51:53','asexis'),(119,220006,'2023-06-13','05:51:52',1032403881,220006,'C','Recibo de Pago Nomina No. 220006 Pago nomina mes de octubre 2022','2023-06-13','05:51:53','asexis'),(119,220007,'2023-06-13','05:51:52',3132234,220007,'C','Recibo de Pago Nomina No. 220007 Pago nomina mes de octubre 2022','2023-06-13','05:51:53','asexis'),(119,220008,'2023-06-13','05:51:52',18418303,220008,'C','Recibo de Pago Nomina No. 220008 Pago nomina mes de octubre 2022','2023-06-13','05:51:53','asexis'),(119,220009,'2023-06-13','05:51:52',1073321377,220009,'C','Recibo de Pago Nomina No. 220009 Pago nomina mes de octubre 2022','2023-06-13','05:51:53','asexis'),(119,220010,'2023-06-13','05:51:52',8729882,220010,'C','Recibo de Pago Nomina No. 220010 Pago nomina mes de octubre 2022','2023-06-13','05:51:53','asexis'),(119,220011,'2023-06-13','05:51:52',1079657627,220011,'C','Recibo de Pago Nomina No. 220011 Pago nomina mes de octubre 2022','2023-06-13','05:51:53','asexis'),(119,220012,'2023-06-13','05:51:52',5886604,220012,'C','Recibo de Pago Nomina No. 220012 Pago nomina mes de octubre 2022','2023-06-13','05:51:53','asexis'),(119,220013,'2023-06-13','05:51:52',10181528,220013,'C','Recibo de Pago Nomina No. 220013 Pago nomina mes de octubre 2022','2023-06-13','05:51:53','asexis'),(119,220014,'2023-06-13','05:51:52',1073320821,220014,'C','Recibo de Pago Nomina No. 220014 Pago nomina mes de octubre 2022','2023-06-13','05:51:53','asexis'),(119,220015,'2023-06-13','05:51:52',3131747,220015,'C','Recibo de Pago Nomina No. 220015 Pago nomina mes de octubre 2022','2023-06-13','05:51:53','asexis'),(119,220016,'2023-06-13','05:51:52',10175933,220016,'C','Recibo de Pago Nomina No. 220016 Pago nomina mes de octubre 2022','2023-06-13','05:51:53','asexis'),(119,220017,'2023-06-13','05:51:52',10176087,220017,'C','Recibo de Pago Nomina No. 220017 Pago nomina mes de octubre 2022','2023-06-13','05:51:53','asexis'),(118,220034,'2023-06-14','03:44:26',800082204,202210,'C','Contabilizacion Nomina del 202210','2023-06-14','03:44:26','asexis'),(118,220035,'2023-06-14','04:55:11',800082204,202210,'C','Contabilizacion Nomina del 202210','2023-06-14','04:55:11','asexis'),(118,220036,'2023-06-14','04:55:40',800082204,202210,'C','Contabilizacion Nomina del 202210','2023-06-14','04:55:40','asexis'),(119,220018,'2023-06-14','05:02:02',3132089,220018,'C','Recibo de Pago Nomina No. 220018 ','2023-06-14','05:02:02','asexis'),(119,220019,'2023-06-14','05:02:02',10171813,220019,'C','Recibo de Pago Nomina No. 220019 ','2023-06-14','05:02:02','asexis'),(119,220020,'2023-06-14','05:02:02',19518008,220020,'C','Recibo de Pago Nomina No. 220020 ','2023-06-14','05:02:02','asexis'),(119,220021,'2023-06-14','05:02:02',8571303,220021,'C','Recibo de Pago Nomina No. 220021 ','2023-06-14','05:02:02','asexis'),(119,220022,'2023-06-14','05:02:02',20829307,220022,'C','Recibo de Pago Nomina No. 220022 ','2023-06-14','05:02:02','asexis'),(119,220023,'2023-06-14','05:02:02',1032403881,220023,'C','Recibo de Pago Nomina No. 220023 ','2023-06-14','05:02:02','asexis'),(119,220024,'2023-06-14','05:02:02',3132234,220024,'C','Recibo de Pago Nomina No. 220024 ','2023-06-14','05:02:02','asexis'),(119,220025,'2023-06-14','05:02:02',18418303,220025,'C','Recibo de Pago Nomina No. 220025 ','2023-06-14','05:02:02','asexis'),(119,220026,'2023-06-14','05:02:02',1073321377,220026,'C','Recibo de Pago Nomina No. 220026 ','2023-06-14','05:02:02','asexis'),(119,220027,'2023-06-14','05:02:02',8729882,220027,'C','Recibo de Pago Nomina No. 220027 ','2023-06-14','05:02:02','asexis'),(119,220028,'2023-06-14','05:02:02',1079657627,220028,'C','Recibo de Pago Nomina No. 220028 ','2023-06-14','05:02:02','asexis'),(119,220029,'2023-06-14','05:02:02',5886604,220029,'C','Recibo de Pago Nomina No. 220029 ','2023-06-14','05:02:02','asexis'),(119,220030,'2023-06-14','05:02:02',10181528,220030,'C','Recibo de Pago Nomina No. 220030 ','2023-06-14','05:02:02','asexis'),(119,220031,'2023-06-14','05:02:02',1073320821,220031,'C','Recibo de Pago Nomina No. 220031 ','2023-06-14','05:02:02','asexis'),(119,220032,'2023-06-14','05:02:02',3131747,220032,'C','Recibo de Pago Nomina No. 220032 ','2023-06-14','05:02:02','asexis'),(119,220033,'2023-06-14','05:02:02',10175933,220033,'C','Recibo de Pago Nomina No. 220033 ','2023-06-14','05:02:02','asexis'),(119,220034,'2023-06-14','05:02:02',10176087,220034,'C','Recibo de Pago Nomina No. 220034 ','2023-06-14','05:02:02','asexis'),(118,220037,'2023-06-14','05:09:58',800082204,202210,'C','Contabilizacion Nomina del 202210','2023-06-14','05:09:58','asexis'),(118,220038,'2023-06-15','05:05:18',800082204,202210,'C','Contabilizacion Nomina del 202210','2023-06-15','05:05:18','asexis'),(118,220039,'2023-06-15','05:09:03',800082204,202210,'C','Contabilizacion Nomina del 202210','2023-06-15','05:09:03','asexis'),(118,220040,'2023-06-15','05:11:53',800082204,202210,'C','Contabilizacion Nomina del 202210','2023-06-15','05:11:53','asexis'),(118,220041,'2023-06-15','05:12:14',800082204,202210,'C','Contabilizacion Nomina del 202210','2023-06-15','05:12:14','asexis'),(119,220035,'2023-06-15','05:13:42',3132089,220035,'C','Recibo de Pago Nomina No. 220035 Pago de nomina mes de octubre 2022','2023-06-15','05:13:43','asexis'),(119,220036,'2023-06-15','05:13:42',10171813,220036,'C','Recibo de Pago Nomina No. 220036 Pago de nomina mes de octubre 2022','2023-06-15','05:13:43','asexis'),(119,220037,'2023-06-15','05:13:42',19518008,220037,'C','Recibo de Pago Nomina No. 220037 Pago de nomina mes de octubre 2022','2023-06-15','05:13:43','asexis'),(119,220038,'2023-06-15','05:13:42',8571303,220038,'C','Recibo de Pago Nomina No. 220038 Pago de nomina mes de octubre 2022','2023-06-15','05:13:43','asexis'),(119,220039,'2023-06-15','05:13:42',20829307,220039,'C','Recibo de Pago Nomina No. 220039 Pago de nomina mes de octubre 2022','2023-06-15','05:13:43','asexis'),(119,220040,'2023-06-15','05:13:42',1032403881,220040,'C','Recibo de Pago Nomina No. 220040 Pago de nomina mes de octubre 2022','2023-06-15','05:13:43','asexis'),(119,220041,'2023-06-15','05:13:42',3132234,220041,'C','Recibo de Pago Nomina No. 220041 Pago de nomina mes de octubre 2022','2023-06-15','05:13:43','asexis'),(119,220042,'2023-06-15','05:13:42',18418303,220042,'C','Recibo de Pago Nomina No. 220042 Pago de nomina mes de octubre 2022','2023-06-15','05:13:43','asexis'),(119,220043,'2023-06-15','05:13:42',1073321377,220043,'C','Recibo de Pago Nomina No. 220043 Pago de nomina mes de octubre 2022','2023-06-15','05:13:43','asexis'),(119,220044,'2023-06-15','05:13:42',8729882,220044,'C','Recibo de Pago Nomina No. 220044 Pago de nomina mes de octubre 2022','2023-06-15','05:13:43','asexis'),(119,220045,'2023-06-15','05:13:42',1079657627,220045,'C','Recibo de Pago Nomina No. 220045 Pago de nomina mes de octubre 2022','2023-06-15','05:13:43','asexis'),(119,220046,'2023-06-15','05:13:42',5886604,220046,'C','Recibo de Pago Nomina No. 220046 Pago de nomina mes de octubre 2022','2023-06-15','05:13:43','asexis'),(119,220047,'2023-06-15','05:13:42',10181528,220047,'C','Recibo de Pago Nomina No. 220047 Pago de nomina mes de octubre 2022','2023-06-15','05:13:43','asexis'),(119,220048,'2023-06-15','05:13:42',1073320821,220048,'C','Recibo de Pago Nomina No. 220048 Pago de nomina mes de octubre 2022','2023-06-15','05:13:43','asexis'),(119,220049,'2023-06-15','05:13:42',3131747,220049,'C','Recibo de Pago Nomina No. 220049 Pago de nomina mes de octubre 2022','2023-06-15','05:13:43','asexis'),(119,220050,'2023-06-15','05:13:42',10175933,220050,'C','Recibo de Pago Nomina No. 220050 Pago de nomina mes de octubre 2022','2023-06-15','05:13:43','asexis'),(119,220051,'2023-06-15','05:13:42',10176087,220051,'C','Recibo de Pago Nomina No. 220051 Pago de nomina mes de octubre 2022','2023-06-15','05:13:43','asexis'),(118,220042,'2023-06-15','05:31:05',800082204,202210,'C','Contabilizacion Nomina del 202210','2023-06-15','05:31:05','asexis'),(119,220052,'2023-06-15','05:31:45',3132089,220052,'C','Recibo de Pago Nomina No. 220052 Pago de nomina mes de octubre 2022','2023-06-15','05:31:45','asexis'),(119,220053,'2023-06-15','05:31:45',10171813,220053,'C','Recibo de Pago Nomina No. 220053 Pago de nomina mes de octubre 2022','2023-06-15','05:31:45','asexis'),(119,220054,'2023-06-15','05:31:45',19518008,220054,'C','Recibo de Pago Nomina No. 220054 Pago de nomina mes de octubre 2022','2023-06-15','05:31:45','asexis'),(119,220055,'2023-06-15','05:31:45',8571303,220055,'C','Recibo de Pago Nomina No. 220055 Pago de nomina mes de octubre 2022','2023-06-15','05:31:45','asexis'),(119,220056,'2023-06-15','05:31:45',20829307,220056,'C','Recibo de Pago Nomina No. 220056 Pago de nomina mes de octubre 2022','2023-06-15','05:31:45','asexis'),(119,220057,'2023-06-15','05:31:45',1032403881,220057,'C','Recibo de Pago Nomina No. 220057 Pago de nomina mes de octubre 2022','2023-06-15','05:31:45','asexis'),(119,220058,'2023-06-15','05:31:45',3132234,220058,'C','Recibo de Pago Nomina No. 220058 Pago de nomina mes de octubre 2022','2023-06-15','05:31:45','asexis'),(119,220059,'2023-06-15','05:31:45',18418303,220059,'C','Recibo de Pago Nomina No. 220059 Pago de nomina mes de octubre 2022','2023-06-15','05:31:45','asexis'),(119,220060,'2023-06-15','05:31:45',1073321377,220060,'C','Recibo de Pago Nomina No. 220060 Pago de nomina mes de octubre 2022','2023-06-15','05:31:45','asexis'),(119,220061,'2023-06-15','05:31:45',8729882,220061,'C','Recibo de Pago Nomina No. 220061 Pago de nomina mes de octubre 2022','2023-06-15','05:31:45','asexis'),(119,220062,'2023-06-15','05:31:45',1079657627,220062,'C','Recibo de Pago Nomina No. 220062 Pago de nomina mes de octubre 2022','2023-06-15','05:31:45','asexis'),(119,220063,'2023-06-15','05:31:45',5886604,220063,'C','Recibo de Pago Nomina No. 220063 Pago de nomina mes de octubre 2022','2023-06-15','05:31:45','asexis'),(119,220064,'2023-06-15','05:31:45',10181528,220064,'C','Recibo de Pago Nomina No. 220064 Pago de nomina mes de octubre 2022','2023-06-15','05:31:45','asexis'),(119,220065,'2023-06-15','05:31:45',1073320821,220065,'C','Recibo de Pago Nomina No. 220065 Pago de nomina mes de octubre 2022','2023-06-15','05:31:45','asexis'),(119,220066,'2023-06-15','05:31:45',3131747,220066,'C','Recibo de Pago Nomina No. 220066 Pago de nomina mes de octubre 2022','2023-06-15','05:31:45','asexis'),(119,220067,'2023-06-15','05:31:45',10175933,220067,'C','Recibo de Pago Nomina No. 220067 Pago de nomina mes de octubre 2022','2023-06-15','05:31:45','asexis'),(119,220068,'2023-06-15','05:31:45',10176087,220068,'C','Recibo de Pago Nomina No. 220068 Pago de nomina mes de octubre 2022','2023-06-15','05:31:45','asexis'),(118,220043,'2023-06-26','03:50:19',800082204,202210,'C','Contabilizacion Nomina del 202210','2023-06-26','03:50:19','asexis'),(118,220045,'2023-06-28','09:46:03',800082204,202210,'C','Contabilizacion Nomina del 202210','2023-06-28','09:46:03','asexis'),(119,220069,'2023-06-28','09:48:33',3132089,220069,'C','Recibo de Pago Nomina No. 220069 Pago Nomina Octubre 2022','2023-06-28','09:48:33','asexis'),(119,220070,'2023-06-28','09:48:33',10171813,220070,'C','Recibo de Pago Nomina No. 220070 Pago Nomina Octubre 2022','2023-06-28','09:48:33','asexis'),(119,220071,'2023-06-28','09:48:33',19518008,220071,'C','Recibo de Pago Nomina No. 220071 Pago Nomina Octubre 2022','2023-06-28','09:48:33','asexis'),(119,220072,'2023-06-28','09:48:33',8571303,220072,'C','Recibo de Pago Nomina No. 220072 Pago Nomina Octubre 2022','2023-06-28','09:48:33','asexis'),(119,220073,'2023-06-28','09:48:33',20829307,220073,'C','Recibo de Pago Nomina No. 220073 Pago Nomina Octubre 2022','2023-06-28','09:48:33','asexis'),(119,220074,'2023-06-28','09:48:33',1032403881,220074,'C','Recibo de Pago Nomina No. 220074 Pago Nomina Octubre 2022','2023-06-28','09:48:33','asexis'),(119,220075,'2023-06-28','09:48:33',3132234,220075,'C','Recibo de Pago Nomina No. 220075 Pago Nomina Octubre 2022','2023-06-28','09:48:33','asexis'),(119,220076,'2023-06-28','09:48:33',18418303,220076,'C','Recibo de Pago Nomina No. 220076 Pago Nomina Octubre 2022','2023-06-28','09:48:33','asexis'),(119,220077,'2023-06-28','09:48:33',1073321377,220077,'C','Recibo de Pago Nomina No. 220077 Pago Nomina Octubre 2022','2023-06-28','09:48:33','asexis'),(119,220078,'2023-06-28','09:48:33',8729882,220078,'C','Recibo de Pago Nomina No. 220078 Pago Nomina Octubre 2022','2023-06-28','09:48:33','asexis'),(119,220079,'2023-06-28','09:48:33',1079657627,220079,'C','Recibo de Pago Nomina No. 220079 Pago Nomina Octubre 2022','2023-06-28','09:48:33','asexis'),(119,220080,'2023-06-28','09:48:33',5886604,220080,'C','Recibo de Pago Nomina No. 220080 Pago Nomina Octubre 2022','2023-06-28','09:48:33','asexis'),(119,220081,'2023-06-28','09:48:33',10181528,220081,'C','Recibo de Pago Nomina No. 220081 Pago Nomina Octubre 2022','2023-06-28','09:48:33','asexis'),(119,220082,'2023-06-28','09:48:33',1073320821,220082,'C','Recibo de Pago Nomina No. 220082 Pago Nomina Octubre 2022','2023-06-28','09:48:33','asexis'),(119,220083,'2023-06-28','09:48:33',3131747,220083,'C','Recibo de Pago Nomina No. 220083 Pago Nomina Octubre 2022','2023-06-28','09:48:33','asexis'),(119,220084,'2023-06-28','09:48:33',10175933,220084,'C','Recibo de Pago Nomina No. 220084 Pago Nomina Octubre 2022','2023-06-28','09:48:33','asexis'),(119,220085,'2023-06-28','09:48:33',10176087,220085,'C','Recibo de Pago Nomina No. 220085 Pago Nomina Octubre 2022','2023-06-28','09:48:33','asexis'),(118,220046,'2023-06-29','10:58:20',800082204,202210,'C','Contabilizacion Nomina del 202210','2023-06-29','10:58:20','asexis'),(118,220047,'2023-06-30','05:57:49',800082204,202210,'C','Contabilizacion Nomina del 202210','2023-06-30','05:57:49','asexis'),(118,220048,'2023-06-30','06:00:15',800082204,202210,'C','Contabilizacion Nomina del 202210','2023-06-30','06:00:15','asexis'),(118,220049,'2023-07-04','08:52:54',800082204,202210,'C','Contabilizacion Nomina del 202210','2023-07-04','08:52:54','asexis'),(118,220050,'2023-07-04','08:59:39',800082204,202210,'C','Contabilizacion Nomina del 202210','2023-07-04','08:59:39','asexis'),(118,220051,'2023-07-04','09:30:06',800082204,202210,'C','Contabilizacion Nomina del 202210','2023-07-04','09:30:06','asexis'),(118,220052,'2023-07-04','11:53:21',800082204,202210,'C','Contabilizacion Nomina del 202210','2023-07-04','11:53:21','asexis'),(118,220053,'2023-07-04','11:54:32',800082204,202210,'C','Contabilizacion Nomina del 202210','2023-07-04','11:54:32','asexis'),(119,220086,'2023-07-04','11:55:58',3132089,220086,'C','Recibo de Pago Nomina No. 220086 NOMINA OCTUBRE 202210','2023-07-04','11:55:58','asexis'),(119,220087,'2023-07-04','11:55:58',10171813,220087,'C','Recibo de Pago Nomina No. 220087 NOMINA OCTUBRE 202210','2023-07-04','11:55:58','asexis'),(119,220088,'2023-07-04','11:55:58',19518008,220088,'C','Recibo de Pago Nomina No. 220088 NOMINA OCTUBRE 202210','2023-07-04','11:55:58','asexis'),(119,220089,'2023-07-04','11:55:58',8571303,220089,'C','Recibo de Pago Nomina No. 220089 NOMINA OCTUBRE 202210','2023-07-04','11:55:58','asexis'),(119,220090,'2023-07-04','11:55:58',20829307,220090,'C','Recibo de Pago Nomina No. 220090 NOMINA OCTUBRE 202210','2023-07-04','11:55:58','asexis'),(119,220091,'2023-07-04','11:55:58',1032403881,220091,'C','Recibo de Pago Nomina No. 220091 NOMINA OCTUBRE 202210','2023-07-04','11:55:58','asexis'),(119,220092,'2023-07-04','11:55:58',3132234,220092,'C','Recibo de Pago Nomina No. 220092 NOMINA OCTUBRE 202210','2023-07-04','11:55:58','asexis'),(119,220093,'2023-07-04','11:55:58',18418303,220093,'C','Recibo de Pago Nomina No. 220093 NOMINA OCTUBRE 202210','2023-07-04','11:55:58','asexis'),(119,220094,'2023-07-04','11:55:58',1073321377,220094,'C','Recibo de Pago Nomina No. 220094 NOMINA OCTUBRE 202210','2023-07-04','11:55:58','asexis'),(119,220095,'2023-07-04','11:55:58',8729882,220095,'C','Recibo de Pago Nomina No. 220095 NOMINA OCTUBRE 202210','2023-07-04','11:55:58','asexis'),(119,220096,'2023-07-04','11:55:58',1079657627,220096,'C','Recibo de Pago Nomina No. 220096 NOMINA OCTUBRE 202210','2023-07-04','11:55:58','asexis'),(119,220097,'2023-07-04','11:55:58',5886604,220097,'C','Recibo de Pago Nomina No. 220097 NOMINA OCTUBRE 202210','2023-07-04','11:55:58','asexis'),(119,220098,'2023-07-04','11:55:58',10181528,220098,'C','Recibo de Pago Nomina No. 220098 NOMINA OCTUBRE 202210','2023-07-04','11:55:58','asexis'),(119,220099,'2023-07-04','11:55:58',1073320821,220099,'C','Recibo de Pago Nomina No. 220099 NOMINA OCTUBRE 202210','2023-07-04','11:55:58','asexis'),(119,220100,'2023-07-04','11:55:58',3131747,220100,'C','Recibo de Pago Nomina No. 220100 NOMINA OCTUBRE 202210','2023-07-04','11:55:58','asexis'),(119,220101,'2023-07-04','11:55:58',10175933,220101,'C','Recibo de Pago Nomina No. 220101 NOMINA OCTUBRE 202210','2023-07-04','11:55:58','asexis'),(119,220102,'2023-07-04','11:55:58',10176087,220102,'C','Recibo de Pago Nomina No. 220102 NOMINA OCTUBRE 202210','2023-07-04','11:55:58','asexis'),(119,220103,'2023-07-04','11:56:53',3132089,220103,'C','Recibo de Pago Nomina No. 220103 NOMINA OCTUBRE 202210','2023-07-04','11:56:53','asexis'),(119,220104,'2023-07-04','11:56:53',10171813,220104,'C','Recibo de Pago Nomina No. 220104 NOMINA OCTUBRE 202210','2023-07-04','11:56:53','asexis'),(119,220105,'2023-07-04','11:56:53',19518008,220105,'C','Recibo de Pago Nomina No. 220105 NOMINA OCTUBRE 202210','2023-07-04','11:56:53','asexis'),(119,220106,'2023-07-04','11:56:53',8571303,220106,'C','Recibo de Pago Nomina No. 220106 NOMINA OCTUBRE 202210','2023-07-04','11:56:53','asexis'),(119,220107,'2023-07-04','11:56:53',1032403881,220107,'C','Recibo de Pago Nomina No. 220107 NOMINA OCTUBRE 202210','2023-07-04','11:56:53','asexis'),(119,220108,'2023-07-04','11:56:53',18418303,220108,'C','Recibo de Pago Nomina No. 220108 NOMINA OCTUBRE 202210','2023-07-04','11:56:53','asexis'),(119,220109,'2023-07-04','11:56:53',1073321377,220109,'C','Recibo de Pago Nomina No. 220109 NOMINA OCTUBRE 202210','2023-07-04','11:56:53','asexis'),(119,220110,'2023-07-04','11:56:53',1079657627,220110,'C','Recibo de Pago Nomina No. 220110 NOMINA OCTUBRE 202210','2023-07-04','11:56:53','asexis'),(119,220111,'2023-07-04','11:56:53',10181528,220111,'C','Recibo de Pago Nomina No. 220111 NOMINA OCTUBRE 202210','2023-07-04','11:56:53','asexis'),(119,220112,'2023-07-04','11:56:53',1073320821,220112,'C','Recibo de Pago Nomina No. 220112 NOMINA OCTUBRE 202210','2023-07-04','11:56:53','asexis'),(119,220113,'2023-07-04','11:56:53',10176087,220113,'C','Recibo de Pago Nomina No. 220113 NOMINA OCTUBRE 202210','2023-07-04','11:56:53','asexis'),(118,220054,'2023-07-05','08:17:05',800082204,202210,'C','Contabilizacion Nomina del 202210','2023-07-05','08:17:05','asexis'),(118,220055,'2023-08-17','04:46:08',800082204,202210,'C','Contabilizacion Nomina del 202210','2023-08-17','04:46:08','asexis'),(118,220056,'2023-08-17','04:47:07',800082204,202210,'C','Contabilizacion Nomina del 202210','2023-08-17','04:47:07','asexis'),(119,220114,'2023-08-17','04:47:35',3132089,220114,'C','Recibo de Pago Nomina No. 220114 ','2023-08-17','04:47:35','asexis'),(119,220115,'2023-08-17','04:47:35',10171813,220115,'C','Recibo de Pago Nomina No. 220115 ','2023-08-17','04:47:35','asexis'),(119,220116,'2023-08-17','04:47:35',19518008,220116,'C','Recibo de Pago Nomina No. 220116 ','2023-08-17','04:47:36','asexis'),(119,220117,'2023-08-17','04:47:35',8571303,220117,'C','Recibo de Pago Nomina No. 220117 ','2023-08-17','04:47:36','asexis'),(119,220118,'2023-08-17','04:47:35',20829307,220118,'C','Recibo de Pago Nomina No. 220118 ','2023-08-17','04:47:36','asexis'),(119,220119,'2023-08-17','04:47:35',1032403881,220119,'C','Recibo de Pago Nomina No. 220119 ','2023-08-17','04:47:36','asexis'),(119,220120,'2023-08-17','04:47:35',3132234,220120,'C','Recibo de Pago Nomina No. 220120 ','2023-08-17','04:47:36','asexis'),(119,220121,'2023-08-17','04:47:35',18418303,220121,'C','Recibo de Pago Nomina No. 220121 ','2023-08-17','04:47:36','asexis'),(119,220122,'2023-08-17','04:47:35',1073321377,220122,'C','Recibo de Pago Nomina No. 220122 ','2023-08-17','04:47:36','asexis'),(119,220123,'2023-08-17','04:47:35',8729882,220123,'C','Recibo de Pago Nomina No. 220123 ','2023-08-17','04:47:36','asexis'),(119,220124,'2023-08-17','04:47:35',1079657627,220124,'C','Recibo de Pago Nomina No. 220124 ','2023-08-17','04:47:36','asexis'),(119,220125,'2023-08-17','04:47:35',5886604,220125,'C','Recibo de Pago Nomina No. 220125 ','2023-08-17','04:47:36','asexis'),(119,220126,'2023-08-17','04:47:35',10181528,220126,'C','Recibo de Pago Nomina No. 220126 ','2023-08-17','04:47:36','asexis'),(119,220127,'2023-08-17','04:47:35',1073320821,220127,'C','Recibo de Pago Nomina No. 220127 ','2023-08-17','04:47:36','asexis'),(119,220128,'2023-08-17','04:47:35',3131747,220128,'C','Recibo de Pago Nomina No. 220128 ','2023-08-17','04:47:36','asexis'),(119,220129,'2023-08-17','04:47:35',10175933,220129,'C','Recibo de Pago Nomina No. 220129 ','2023-08-17','04:47:36','asexis'),(119,220130,'2023-08-17','04:47:35',10176087,220130,'C','Recibo de Pago Nomina No. 220130 ','2023-08-17','04:47:36','asexis'),(118,220057,'2023-08-17','05:23:43',800082204,202210,'C','Contabilizacion Nomina del 202210','2023-08-17','05:23:43','asexis'),(118,220058,'2023-08-17','05:24:45',800082204,202210,'C','Contabilizacion Nomina del 202210','2023-08-17','05:24:45','asexis'),(119,220131,'2023-08-17','05:25:37',3132089,220131,'C','Recibo de Pago Nomina No. 220131 ','2023-08-17','05:25:37','asexis'),(119,220132,'2023-08-17','05:25:37',10171813,220132,'C','Recibo de Pago Nomina No. 220132 ','2023-08-17','05:25:37','asexis'),(119,220133,'2023-08-17','05:25:37',19518008,220133,'C','Recibo de Pago Nomina No. 220133 ','2023-08-17','05:25:37','asexis'),(119,220134,'2023-08-17','05:25:37',8571303,220134,'C','Recibo de Pago Nomina No. 220134 ','2023-08-17','05:25:37','asexis'),(119,220135,'2023-08-17','05:25:37',20829307,220135,'C','Recibo de Pago Nomina No. 220135 ','2023-08-17','05:25:37','asexis'),(119,220136,'2023-08-17','05:25:37',1032403881,220136,'C','Recibo de Pago Nomina No. 220136 ','2023-08-17','05:25:37','asexis'),(119,220137,'2023-08-17','05:25:37',3132234,220137,'C','Recibo de Pago Nomina No. 220137 ','2023-08-17','05:25:37','asexis'),(119,220138,'2023-08-17','05:25:37',18418303,220138,'C','Recibo de Pago Nomina No. 220138 ','2023-08-17','05:25:37','asexis'),(119,220139,'2023-08-17','05:25:37',1073321377,220139,'C','Recibo de Pago Nomina No. 220139 ','2023-08-17','05:25:37','asexis'),(119,220140,'2023-08-17','05:25:37',8729882,220140,'C','Recibo de Pago Nomina No. 220140 ','2023-08-17','05:25:37','asexis'),(119,220141,'2023-08-17','05:25:37',1079657627,220141,'C','Recibo de Pago Nomina No. 220141 ','2023-08-17','05:25:37','asexis'),(119,220142,'2023-08-17','05:25:37',5886604,220142,'C','Recibo de Pago Nomina No. 220142 ','2023-08-17','05:25:37','asexis'),(119,220143,'2023-08-17','05:25:37',10181528,220143,'C','Recibo de Pago Nomina No. 220143 ','2023-08-17','05:25:37','asexis'),(119,220144,'2023-08-17','05:25:37',1073320821,220144,'C','Recibo de Pago Nomina No. 220144 ','2023-08-17','05:25:37','asexis'),(119,220145,'2023-08-17','05:25:37',3131747,220145,'C','Recibo de Pago Nomina No. 220145 ','2023-08-17','05:25:37','asexis'),(119,220146,'2023-08-17','05:25:37',10175933,220146,'C','Recibo de Pago Nomina No. 220146 ','2023-08-17','05:25:37','asexis'),(119,220147,'2023-08-17','05:25:37',10176087,220147,'C','Recibo de Pago Nomina No. 220147 ','2023-08-17','05:25:37','asexis'),(118,220059,'2023-08-17','05:44:16',800082204,202210,'C','Contabilizacion Nomina del 202210','2023-08-17','05:44:16','asexis'),(119,220148,'2023-08-17','05:45:13',3132089,220148,'C','Recibo de Pago Nomina No. 220148 Pago de nomina Mes de Octubre 202210','2023-08-17','05:45:13','asexis'),(119,220149,'2023-08-17','05:45:13',10171813,220149,'C','Recibo de Pago Nomina No. 220149 Pago de nomina Mes de Octubre 202210','2023-08-17','05:45:13','asexis'),(119,220150,'2023-08-17','05:45:13',19518008,220150,'C','Recibo de Pago Nomina No. 220150 Pago de nomina Mes de Octubre 202210','2023-08-17','05:45:13','asexis'),(119,220151,'2023-08-17','05:45:13',8571303,220151,'C','Recibo de Pago Nomina No. 220151 Pago de nomina Mes de Octubre 202210','2023-08-17','05:45:13','asexis'),(119,220152,'2023-08-17','05:45:13',20829307,220152,'C','Recibo de Pago Nomina No. 220152 Pago de nomina Mes de Octubre 202210','2023-08-17','05:45:13','asexis'),(119,220153,'2023-08-17','05:45:13',1032403881,220153,'C','Recibo de Pago Nomina No. 220153 Pago de nomina Mes de Octubre 202210','2023-08-17','05:45:13','asexis'),(119,220154,'2023-08-17','05:45:13',3132234,220154,'C','Recibo de Pago Nomina No. 220154 Pago de nomina Mes de Octubre 202210','2023-08-17','05:45:13','asexis'),(119,220155,'2023-08-17','05:45:13',18418303,220155,'C','Recibo de Pago Nomina No. 220155 Pago de nomina Mes de Octubre 202210','2023-08-17','05:45:13','asexis'),(119,220156,'2023-08-17','05:45:13',1073321377,220156,'C','Recibo de Pago Nomina No. 220156 Pago de nomina Mes de Octubre 202210','2023-08-17','05:45:13','asexis'),(119,220157,'2023-08-17','05:45:13',8729882,220157,'C','Recibo de Pago Nomina No. 220157 Pago de nomina Mes de Octubre 202210','2023-08-17','05:45:13','asexis'),(119,220158,'2023-08-17','05:45:13',1079657627,220158,'C','Recibo de Pago Nomina No. 220158 Pago de nomina Mes de Octubre 202210','2023-08-17','05:45:13','asexis'),(119,220159,'2023-08-17','05:45:13',5886604,220159,'C','Recibo de Pago Nomina No. 220159 Pago de nomina Mes de Octubre 202210','2023-08-17','05:45:13','asexis'),(119,220160,'2023-08-17','05:45:13',10181528,220160,'C','Recibo de Pago Nomina No. 220160 Pago de nomina Mes de Octubre 202210','2023-08-17','05:45:13','asexis'),(119,220161,'2023-08-17','05:45:13',1073320821,220161,'C','Recibo de Pago Nomina No. 220161 Pago de nomina Mes de Octubre 202210','2023-08-17','05:45:13','asexis'),(119,220162,'2023-08-17','05:45:13',3131747,220162,'C','Recibo de Pago Nomina No. 220162 Pago de nomina Mes de Octubre 202210','2023-08-17','05:45:13','asexis'),(119,220163,'2023-08-17','05:45:13',10175933,220163,'C','Recibo de Pago Nomina No. 220163 Pago de nomina Mes de Octubre 202210','2023-08-17','05:45:13','asexis'),(119,220164,'2023-08-17','05:45:13',10176087,220164,'C','Recibo de Pago Nomina No. 220164 Pago de nomina Mes de Octubre 202210','2023-08-17','05:45:13','asexis'),(119,220165,'2023-08-17','05:47:01',3132089,220165,'C','Recibo de Pago Nomina No. 220165 Pago de nomina Mes de Octubre 202210','2023-08-17','05:47:01','asexis'),(119,220166,'2023-08-17','05:47:01',10171813,220166,'C','Recibo de Pago Nomina No. 220166 Pago de nomina Mes de Octubre 202210','2023-08-17','05:47:01','asexis'),(119,220167,'2023-08-17','05:47:01',19518008,220167,'C','Recibo de Pago Nomina No. 220167 Pago de nomina Mes de Octubre 202210','2023-08-17','05:47:01','asexis'),(119,220168,'2023-08-17','05:47:01',8571303,220168,'C','Recibo de Pago Nomina No. 220168 Pago de nomina Mes de Octubre 202210','2023-08-17','05:47:01','asexis'),(119,220169,'2023-08-17','05:47:01',20829307,220169,'C','Recibo de Pago Nomina No. 220169 Pago de nomina Mes de Octubre 202210','2023-08-17','05:47:01','asexis'),(119,220170,'2023-08-17','05:47:01',1032403881,220170,'C','Recibo de Pago Nomina No. 220170 Pago de nomina Mes de Octubre 202210','2023-08-17','05:47:01','asexis'),(119,220171,'2023-08-17','05:47:01',3132234,220171,'C','Recibo de Pago Nomina No. 220171 Pago de nomina Mes de Octubre 202210','2023-08-17','05:47:01','asexis'),(119,220172,'2023-08-17','05:47:01',18418303,220172,'C','Recibo de Pago Nomina No. 220172 Pago de nomina Mes de Octubre 202210','2023-08-17','05:47:01','asexis'),(119,220173,'2023-08-17','05:47:01',1073321377,220173,'C','Recibo de Pago Nomina No. 220173 Pago de nomina Mes de Octubre 202210','2023-08-17','05:47:01','asexis'),(119,220174,'2023-08-17','05:47:01',8729882,220174,'C','Recibo de Pago Nomina No. 220174 Pago de nomina Mes de Octubre 202210','2023-08-17','05:47:01','asexis'),(119,220175,'2023-08-17','05:47:01',1079657627,220175,'C','Recibo de Pago Nomina No. 220175 Pago de nomina Mes de Octubre 202210','2023-08-17','05:47:01','asexis'),(119,220176,'2023-08-17','05:47:01',5886604,220176,'C','Recibo de Pago Nomina No. 220176 Pago de nomina Mes de Octubre 202210','2023-08-17','05:47:01','asexis'),(119,220177,'2023-08-17','05:47:01',10181528,220177,'C','Recibo de Pago Nomina No. 220177 Pago de nomina Mes de Octubre 202210','2023-08-17','05:47:01','asexis'),(119,220178,'2023-08-17','05:47:01',1073320821,220178,'C','Recibo de Pago Nomina No. 220178 Pago de nomina Mes de Octubre 202210','2023-08-17','05:47:01','asexis'),(119,220179,'2023-08-17','05:47:01',3131747,220179,'C','Recibo de Pago Nomina No. 220179 Pago de nomina Mes de Octubre 202210','2023-08-17','05:47:01','asexis'),(119,220180,'2023-08-17','05:47:01',10175933,220180,'C','Recibo de Pago Nomina No. 220180 Pago de nomina Mes de Octubre 202210','2023-08-17','05:47:01','asexis'),(119,220181,'2023-08-17','05:47:01',10176087,220181,'C','Recibo de Pago Nomina No. 220181 Pago de nomina Mes de Octubre 202210','2023-08-17','05:47:01','asexis'),(118,220060,'2023-08-17','05:48:30',800082204,202210,'C','Contabilizacion Nomina del 202210','2023-08-17','05:48:30','asexis'),(118,220061,'2023-08-17','05:58:45',800082204,202210,'C','Contabilizacion Nomina del 202210','2023-08-17','05:58:45','asexis'),(118,220062,'2023-08-17','06:01:28',800082204,202210,'C','Contabilizacion Nomina del 202210','2023-08-17','06:01:28','asexis'),(119,220182,'2023-08-17','06:01:49',3132089,220182,'C','Recibo de Pago Nomina No. 220182 Pago de nomina Mes de Octubre 202210','2023-08-17','06:01:49','asexis'),(119,220183,'2023-08-17','06:01:49',10171813,220183,'C','Recibo de Pago Nomina No. 220183 Pago de nomina Mes de Octubre 202210','2023-08-17','06:01:49','asexis'),(119,220184,'2023-08-17','06:01:49',19518008,220184,'C','Recibo de Pago Nomina No. 220184 Pago de nomina Mes de Octubre 202210','2023-08-17','06:01:49','asexis'),(119,220185,'2023-08-17','06:01:49',8571303,220185,'C','Recibo de Pago Nomina No. 220185 Pago de nomina Mes de Octubre 202210','2023-08-17','06:01:49','asexis'),(119,220186,'2023-08-17','06:01:49',20829307,220186,'C','Recibo de Pago Nomina No. 220186 Pago de nomina Mes de Octubre 202210','2023-08-17','06:01:49','asexis'),(119,220187,'2023-08-17','06:01:49',1032403881,220187,'C','Recibo de Pago Nomina No. 220187 Pago de nomina Mes de Octubre 202210','2023-08-17','06:01:49','asexis'),(119,220188,'2023-08-17','06:01:49',3132234,220188,'C','Recibo de Pago Nomina No. 220188 Pago de nomina Mes de Octubre 202210','2023-08-17','06:01:49','asexis'),(119,220189,'2023-08-17','06:01:49',18418303,220189,'C','Recibo de Pago Nomina No. 220189 Pago de nomina Mes de Octubre 202210','2023-08-17','06:01:49','asexis'),(119,220190,'2023-08-17','06:01:49',1073321377,220190,'C','Recibo de Pago Nomina No. 220190 Pago de nomina Mes de Octubre 202210','2023-08-17','06:01:49','asexis'),(119,220191,'2023-08-17','06:01:49',8729882,220191,'C','Recibo de Pago Nomina No. 220191 Pago de nomina Mes de Octubre 202210','2023-08-17','06:01:49','asexis'),(119,220192,'2023-08-17','06:01:49',1079657627,220192,'C','Recibo de Pago Nomina No. 220192 Pago de nomina Mes de Octubre 202210','2023-08-17','06:01:49','asexis'),(119,220193,'2023-08-17','06:01:49',5886604,220193,'C','Recibo de Pago Nomina No. 220193 Pago de nomina Mes de Octubre 202210','2023-08-17','06:01:49','asexis'),(119,220194,'2023-08-17','06:01:49',10181528,220194,'C','Recibo de Pago Nomina No. 220194 Pago de nomina Mes de Octubre 202210','2023-08-17','06:01:49','asexis'),(119,220195,'2023-08-17','06:01:49',1073320821,220195,'C','Recibo de Pago Nomina No. 220195 Pago de nomina Mes de Octubre 202210','2023-08-17','06:01:49','asexis'),(119,220196,'2023-08-17','06:01:49',3131747,220196,'C','Recibo de Pago Nomina No. 220196 Pago de nomina Mes de Octubre 202210','2023-08-17','06:01:49','asexis'),(119,220197,'2023-08-17','06:01:49',10175933,220197,'C','Recibo de Pago Nomina No. 220197 Pago de nomina Mes de Octubre 202210','2023-08-17','06:01:49','asexis'),(119,220198,'2023-08-17','06:01:49',10176087,220198,'C','Recibo de Pago Nomina No. 220198 Pago de nomina Mes de Octubre 202210','2023-08-17','06:01:49','asexis'),(118,220063,'2023-08-17','06:03:55',800082204,202210,'C','Contabilizacion Nomina del 202210','2023-08-17','06:03:55','asexis'),(118,220064,'2023-08-18','04:06:40',800082204,202210,'C','Contabilizacion Nomina del 202210','2023-08-18','04:06:40','asexis'),(118,220065,'2023-08-18','04:07:20',800082204,202210,'C','Contabilizacion Nomina del 202210','2023-08-18','04:07:20','asexis'),(118,220066,'2023-08-18','04:08:17',800082204,202210,'C','Contabilizacion Nomina del 202210','2023-08-18','04:08:17','asexis'),(118,220067,'2023-08-18','04:24:36',800082204,202210,'C','Contabilizacion Nomina del 202210','2023-08-18','04:24:36','asexis'),(118,220068,'2023-08-18','04:26:08',800082204,202210,'C','Contabilizacion Nomina del 202210','2023-08-18','04:26:08','asexis'),(118,220069,'2023-08-18','04:28:43',800082204,202210,'C','Contabilizacion Nomina del 202210','2023-08-18','04:28:43','asexis'),(118,220070,'2023-08-18','04:31:07',800082204,202210,'C','Contabilizacion Nomina del 202210','2023-08-18','04:31:07','asexis'),(118,220071,'2023-08-18','04:32:19',800082204,202210,'C','Contabilizacion Nomina del 202210','2023-08-18','04:32:19','asexis'),(118,220072,'2023-08-18','04:36:49',800082204,202210,'C','Contabilizacion Nomina del 202210','2023-08-18','04:36:49','asexis'),(118,220073,'2023-08-18','04:42:34',800082204,202210,'C','Contabilizacion Nomina del 202210','2023-08-18','04:42:34','asexis'),(118,220074,'2023-08-18','04:46:34',800082204,202210,'C','Contabilizacion Nomina del 202210','2023-08-18','04:46:34','asexis'),(118,220075,'2023-08-18','04:52:46',800082204,202210,'C','Contabilizacion Nomina del 202210','2023-08-18','04:52:46','asexis'),(118,220076,'2023-08-18','04:58:11',800082204,202210,'C','Contabilizacion Nomina del 202210','2023-08-18','04:58:11','asexis'),(118,220077,'2023-08-18','05:02:45',800082204,202210,'C','Contabilizacion Nomina del 202210','2023-08-18','05:02:45','asexis'),(118,220078,'2023-08-18','05:02:50',800082204,202210,'C','Contabilizacion Nomina del 202210','2023-08-18','05:02:50','asexis'),(118,220079,'2023-08-18','05:05:08',800082204,202210,'C','Contabilizacion Nomina del 202210','2023-08-18','05:05:08','asexis'),(118,220080,'2023-08-18','05:06:15',800082204,202210,'C','Contabilizacion Nomina del 202210','2023-08-18','05:06:15','asexis'),(118,220081,'2023-08-18','05:07:33',800082204,202210,'C','Contabilizacion Nomina del 202210','2023-08-18','05:07:33','asexis'),(118,220082,'2023-08-18','05:08:34',800082204,202210,'C','Contabilizacion Nomina del 202210','2023-08-18','05:08:34','asexis'),(118,220083,'2023-08-18','05:09:55',800082204,202210,'C','Contabilizacion Nomina del 202210','2023-08-18','05:09:55','asexis'),(118,220084,'2023-08-18','05:09:56',800082204,202210,'C','Contabilizacion Nomina del 202210','2023-08-18','05:09:56','asexis'),(118,220085,'2023-08-18','05:19:33',800082204,202210,'C','Contabilizacion Nomina del 202210','2023-08-18','05:19:33','asexis'),(118,220086,'2023-08-18','05:20:05',800082204,202210,'C','Contabilizacion Nomina del 202210','2023-08-18','05:20:05','asexis'),(119,220199,'2023-08-18','05:21:41',3132089,220199,'C','Recibo de Pago Nomina No. 220199 Pago de nomina mes de Octubre 2022','2023-08-18','05:21:42','asexis'),(119,220200,'2023-08-18','05:21:41',10171813,220200,'C','Recibo de Pago Nomina No. 220200 Pago de nomina mes de Octubre 2022','2023-08-18','05:21:42','asexis'),(119,220201,'2023-08-18','05:21:41',19518008,220201,'C','Recibo de Pago Nomina No. 220201 Pago de nomina mes de Octubre 2022','2023-08-18','05:21:42','asexis'),(119,220202,'2023-08-18','05:21:41',8571303,220202,'C','Recibo de Pago Nomina No. 220202 Pago de nomina mes de Octubre 2022','2023-08-18','05:21:42','asexis'),(119,220203,'2023-08-18','05:21:41',20829307,220203,'C','Recibo de Pago Nomina No. 220203 Pago de nomina mes de Octubre 2022','2023-08-18','05:21:42','asexis'),(119,220204,'2023-08-18','05:21:41',1032403881,220204,'C','Recibo de Pago Nomina No. 220204 Pago de nomina mes de Octubre 2022','2023-08-18','05:21:42','asexis'),(119,220205,'2023-08-18','05:21:41',3132234,220205,'C','Recibo de Pago Nomina No. 220205 Pago de nomina mes de Octubre 2022','2023-08-18','05:21:42','asexis'),(119,220206,'2023-08-18','05:21:41',18418303,220206,'C','Recibo de Pago Nomina No. 220206 Pago de nomina mes de Octubre 2022','2023-08-18','05:21:42','asexis'),(119,220207,'2023-08-18','05:21:41',1073321377,220207,'C','Recibo de Pago Nomina No. 220207 Pago de nomina mes de Octubre 2022','2023-08-18','05:21:42','asexis'),(119,220208,'2023-08-18','05:21:41',8729882,220208,'C','Recibo de Pago Nomina No. 220208 Pago de nomina mes de Octubre 2022','2023-08-18','05:21:42','asexis'),(119,220209,'2023-08-18','05:21:41',1079657627,220209,'C','Recibo de Pago Nomina No. 220209 Pago de nomina mes de Octubre 2022','2023-08-18','05:21:42','asexis'),(119,220210,'2023-08-18','05:21:41',5886604,220210,'C','Recibo de Pago Nomina No. 220210 Pago de nomina mes de Octubre 2022','2023-08-18','05:21:42','asexis'),(119,220211,'2023-08-18','05:21:41',10181528,220211,'C','Recibo de Pago Nomina No. 220211 Pago de nomina mes de Octubre 2022','2023-08-18','05:21:42','asexis'),(119,220212,'2023-08-18','05:21:41',1073320821,220212,'C','Recibo de Pago Nomina No. 220212 Pago de nomina mes de Octubre 2022','2023-08-18','05:21:42','asexis'),(119,220213,'2023-08-18','05:21:41',3131747,220213,'C','Recibo de Pago Nomina No. 220213 Pago de nomina mes de Octubre 2022','2023-08-18','05:21:42','asexis'),(119,220214,'2023-08-18','05:21:41',10175933,220214,'C','Recibo de Pago Nomina No. 220214 Pago de nomina mes de Octubre 2022','2023-08-18','05:21:42','asexis'),(119,220215,'2023-08-18','05:21:41',10176087,220215,'C','Recibo de Pago Nomina No. 220215 Pago de nomina mes de Octubre 2022','2023-08-18','05:21:42','asexis'),(118,220087,'2023-08-18','05:32:41',800082204,202210,'C','Contabilizacion Nomina del 202210','2023-08-18','05:32:41','asexis'),(118,220088,'2023-08-18','05:53:36',800082204,202210,'C','Contabilizacion Nomina del 202210','2023-08-18','05:53:36','asexis'),(118,220089,'2023-08-22','11:38:46',800082204,202210,'C','Contabilizacion Nomina del 202210','2023-08-22','11:38:46','asexis'),(119,220216,'2023-08-22','11:40:10',3132089,220216,'C','Recibo de Pago Nomina No. 220216 Pago de nomina mes de octubre ','2023-08-22','11:40:11','asexis'),(119,220217,'2023-08-22','11:40:10',10171813,220217,'C','Recibo de Pago Nomina No. 220217 Pago de nomina mes de octubre ','2023-08-22','11:40:11','asexis'),(119,220218,'2023-08-22','11:40:10',19518008,220218,'C','Recibo de Pago Nomina No. 220218 Pago de nomina mes de octubre ','2023-08-22','11:40:11','asexis'),(119,220219,'2023-08-22','11:40:10',8571303,220219,'C','Recibo de Pago Nomina No. 220219 Pago de nomina mes de octubre ','2023-08-22','11:40:11','asexis'),(119,220220,'2023-08-22','11:40:10',20829307,220220,'C','Recibo de Pago Nomina No. 220220 Pago de nomina mes de octubre ','2023-08-22','11:40:11','asexis'),(119,220221,'2023-08-22','11:40:10',1032403881,220221,'C','Recibo de Pago Nomina No. 220221 Pago de nomina mes de octubre ','2023-08-22','11:40:11','asexis'),(119,220222,'2023-08-22','11:40:10',3132234,220222,'C','Recibo de Pago Nomina No. 220222 Pago de nomina mes de octubre ','2023-08-22','11:40:11','asexis'),(119,220223,'2023-08-22','11:40:10',18418303,220223,'C','Recibo de Pago Nomina No. 220223 Pago de nomina mes de octubre ','2023-08-22','11:40:11','asexis'),(119,220224,'2023-08-22','11:40:10',1073321377,220224,'C','Recibo de Pago Nomina No. 220224 Pago de nomina mes de octubre ','2023-08-22','11:40:11','asexis'),(119,220225,'2023-08-22','11:40:10',8729882,220225,'C','Recibo de Pago Nomina No. 220225 Pago de nomina mes de octubre ','2023-08-22','11:40:11','asexis'),(119,220226,'2023-08-22','11:40:10',1079657627,220226,'C','Recibo de Pago Nomina No. 220226 Pago de nomina mes de octubre ','2023-08-22','11:40:11','asexis'),(119,220227,'2023-08-22','11:40:10',5886604,220227,'C','Recibo de Pago Nomina No. 220227 Pago de nomina mes de octubre ','2023-08-22','11:40:11','asexis'),(119,220228,'2023-08-22','11:40:10',10181528,220228,'C','Recibo de Pago Nomina No. 220228 Pago de nomina mes de octubre ','2023-08-22','11:40:11','asexis'),(119,220229,'2023-08-22','11:40:10',1073320821,220229,'C','Recibo de Pago Nomina No. 220229 Pago de nomina mes de octubre ','2023-08-22','11:40:11','asexis'),(119,220230,'2023-08-22','11:40:10',3131747,220230,'C','Recibo de Pago Nomina No. 220230 Pago de nomina mes de octubre ','2023-08-22','11:40:11','asexis'),(119,220231,'2023-08-22','11:40:10',10175933,220231,'C','Recibo de Pago Nomina No. 220231 Pago de nomina mes de octubre ','2023-08-22','11:40:11','asexis'),(119,220232,'2023-08-22','11:40:10',10176087,220232,'C','Recibo de Pago Nomina No. 220232 Pago de nomina mes de octubre ','2023-08-22','11:40:11','asexis'),(119,220233,'2023-08-22','11:40:43',3132089,220233,'C','Recibo de Pago Nomina No. 220233 Pago de nomina mes de octubre ','2023-08-22','11:40:43','asexis'),(119,220234,'2023-08-22','11:40:43',10171813,220234,'C','Recibo de Pago Nomina No. 220234 Pago de nomina mes de octubre ','2023-08-22','11:40:43','asexis'),(119,220235,'2023-08-22','11:40:43',19518008,220235,'C','Recibo de Pago Nomina No. 220235 Pago de nomina mes de octubre ','2023-08-22','11:40:43','asexis'),(119,220236,'2023-08-22','11:40:43',8571303,220236,'C','Recibo de Pago Nomina No. 220236 Pago de nomina mes de octubre ','2023-08-22','11:40:43','asexis'),(119,220237,'2023-08-22','11:40:43',20829307,220237,'C','Recibo de Pago Nomina No. 220237 Pago de nomina mes de octubre ','2023-08-22','11:40:43','asexis'),(119,220238,'2023-08-22','11:40:43',1032403881,220238,'C','Recibo de Pago Nomina No. 220238 Pago de nomina mes de octubre ','2023-08-22','11:40:43','asexis'),(119,220239,'2023-08-22','11:40:43',3132234,220239,'C','Recibo de Pago Nomina No. 220239 Pago de nomina mes de octubre ','2023-08-22','11:40:43','asexis'),(119,220240,'2023-08-22','11:40:43',18418303,220240,'C','Recibo de Pago Nomina No. 220240 Pago de nomina mes de octubre ','2023-08-22','11:40:43','asexis'),(119,220241,'2023-08-22','11:40:43',1073321377,220241,'C','Recibo de Pago Nomina No. 220241 Pago de nomina mes de octubre ','2023-08-22','11:40:43','asexis'),(119,220242,'2023-08-22','11:40:43',8729882,220242,'C','Recibo de Pago Nomina No. 220242 Pago de nomina mes de octubre ','2023-08-22','11:40:43','asexis'),(119,220243,'2023-08-22','11:40:43',1079657627,220243,'C','Recibo de Pago Nomina No. 220243 Pago de nomina mes de octubre ','2023-08-22','11:40:43','asexis'),(119,220244,'2023-08-22','11:40:43',5886604,220244,'C','Recibo de Pago Nomina No. 220244 Pago de nomina mes de octubre ','2023-08-22','11:40:43','asexis'),(119,220245,'2023-08-22','11:40:43',10181528,220245,'C','Recibo de Pago Nomina No. 220245 Pago de nomina mes de octubre ','2023-08-22','11:40:43','asexis'),(119,220246,'2023-08-22','11:40:43',1073320821,220246,'C','Recibo de Pago Nomina No. 220246 Pago de nomina mes de octubre ','2023-08-22','11:40:43','asexis'),(119,220247,'2023-08-22','11:40:43',3131747,220247,'C','Recibo de Pago Nomina No. 220247 Pago de nomina mes de octubre ','2023-08-22','11:40:43','asexis'),(119,220248,'2023-08-22','11:40:43',10175933,220248,'C','Recibo de Pago Nomina No. 220248 Pago de nomina mes de octubre ','2023-08-22','11:40:43','asexis'),(119,220249,'2023-08-22','11:40:43',10176087,220249,'C','Recibo de Pago Nomina No. 220249 Pago de nomina mes de octubre ','2023-08-22','11:40:43','asexis'),(118,220090,'2023-08-22','11:48:32',800082204,202210,'C','Contabilizacion Nomina del 202210','2023-08-22','11:48:32','asexis'),(119,220250,'2023-08-22','11:48:59',3132089,220250,'C','Recibo de Pago Nomina No. 220250 Pago de nomina mes de octubre ','2023-08-22','11:48:59','asexis'),(119,220251,'2023-08-22','11:48:59',10171813,220251,'C','Recibo de Pago Nomina No. 220251 Pago de nomina mes de octubre ','2023-08-22','11:48:59','asexis'),(119,220252,'2023-08-22','11:48:59',19518008,220252,'C','Recibo de Pago Nomina No. 220252 Pago de nomina mes de octubre ','2023-08-22','11:48:59','asexis'),(119,220253,'2023-08-22','11:48:59',8571303,220253,'C','Recibo de Pago Nomina No. 220253 Pago de nomina mes de octubre ','2023-08-22','11:48:59','asexis'),(119,220254,'2023-08-22','11:48:59',20829307,220254,'C','Recibo de Pago Nomina No. 220254 Pago de nomina mes de octubre ','2023-08-22','11:48:59','asexis'),(119,220255,'2023-08-22','11:48:59',1032403881,220255,'C','Recibo de Pago Nomina No. 220255 Pago de nomina mes de octubre ','2023-08-22','11:48:59','asexis'),(119,220256,'2023-08-22','11:48:59',3132234,220256,'C','Recibo de Pago Nomina No. 220256 Pago de nomina mes de octubre ','2023-08-22','11:48:59','asexis'),(119,220257,'2023-08-22','11:48:59',18418303,220257,'C','Recibo de Pago Nomina No. 220257 Pago de nomina mes de octubre ','2023-08-22','11:48:59','asexis'),(119,220258,'2023-08-22','11:48:59',1073321377,220258,'C','Recibo de Pago Nomina No. 220258 Pago de nomina mes de octubre ','2023-08-22','11:48:59','asexis'),(119,220259,'2023-08-22','11:48:59',8729882,220259,'C','Recibo de Pago Nomina No. 220259 Pago de nomina mes de octubre ','2023-08-22','11:48:59','asexis'),(119,220260,'2023-08-22','11:48:59',1079657627,220260,'C','Recibo de Pago Nomina No. 220260 Pago de nomina mes de octubre ','2023-08-22','11:48:59','asexis'),(119,220261,'2023-08-22','11:48:59',5886604,220261,'C','Recibo de Pago Nomina No. 220261 Pago de nomina mes de octubre ','2023-08-22','11:48:59','asexis'),(119,220262,'2023-08-22','11:48:59',10181528,220262,'C','Recibo de Pago Nomina No. 220262 Pago de nomina mes de octubre ','2023-08-22','11:48:59','asexis'),(119,220263,'2023-08-22','11:48:59',1073320821,220263,'C','Recibo de Pago Nomina No. 220263 Pago de nomina mes de octubre ','2023-08-22','11:48:59','asexis'),(119,220264,'2023-08-22','11:48:59',3131747,220264,'C','Recibo de Pago Nomina No. 220264 Pago de nomina mes de octubre ','2023-08-22','11:48:59','asexis'),(119,220265,'2023-08-22','11:48:59',10175933,220265,'C','Recibo de Pago Nomina No. 220265 Pago de nomina mes de octubre ','2023-08-22','11:48:59','asexis'),(119,220266,'2023-08-22','11:48:59',10176087,220266,'C','Recibo de Pago Nomina No. 220266 Pago de nomina mes de octubre ','2023-08-22','11:48:59','asexis'),(118,220091,'2023-08-22','11:51:13',800082204,202210,'C','Contabilizacion Nomina del 202210','2023-08-22','11:51:13','asexis'),(118,220092,'2023-08-22','11:51:28',800082204,202210,'C','Contabilizacion Nomina del 202210','2023-08-22','11:51:28','asexis'),(119,220267,'2023-08-22','11:51:44',3132089,220267,'C','Recibo de Pago Nomina No. 220267 Pago de nomina mes de octubre ','2023-08-22','11:51:44','asexis'),(119,220268,'2023-08-22','11:51:44',10171813,220268,'C','Recibo de Pago Nomina No. 220268 Pago de nomina mes de octubre ','2023-08-22','11:51:44','asexis'),(119,220269,'2023-08-22','11:51:44',19518008,220269,'C','Recibo de Pago Nomina No. 220269 Pago de nomina mes de octubre ','2023-08-22','11:51:44','asexis'),(119,220270,'2023-08-22','11:51:44',8571303,220270,'C','Recibo de Pago Nomina No. 220270 Pago de nomina mes de octubre ','2023-08-22','11:51:44','asexis'),(119,220271,'2023-08-22','11:51:44',20829307,220271,'C','Recibo de Pago Nomina No. 220271 Pago de nomina mes de octubre ','2023-08-22','11:51:44','asexis'),(119,220272,'2023-08-22','11:51:44',1032403881,220272,'C','Recibo de Pago Nomina No. 220272 Pago de nomina mes de octubre ','2023-08-22','11:51:44','asexis'),(119,220273,'2023-08-22','11:51:44',3132234,220273,'C','Recibo de Pago Nomina No. 220273 Pago de nomina mes de octubre ','2023-08-22','11:51:44','asexis'),(119,220274,'2023-08-22','11:51:44',18418303,220274,'C','Recibo de Pago Nomina No. 220274 Pago de nomina mes de octubre ','2023-08-22','11:51:44','asexis'),(119,220275,'2023-08-22','11:51:44',1073321377,220275,'C','Recibo de Pago Nomina No. 220275 Pago de nomina mes de octubre ','2023-08-22','11:51:44','asexis'),(119,220276,'2023-08-22','11:51:44',8729882,220276,'C','Recibo de Pago Nomina No. 220276 Pago de nomina mes de octubre ','2023-08-22','11:51:44','asexis'),(119,220277,'2023-08-22','11:51:44',1079657627,220277,'C','Recibo de Pago Nomina No. 220277 Pago de nomina mes de octubre ','2023-08-22','11:51:44','asexis'),(119,220278,'2023-08-22','11:51:44',5886604,220278,'C','Recibo de Pago Nomina No. 220278 Pago de nomina mes de octubre ','2023-08-22','11:51:44','asexis'),(119,220279,'2023-08-22','11:51:44',10181528,220279,'C','Recibo de Pago Nomina No. 220279 Pago de nomina mes de octubre ','2023-08-22','11:51:44','asexis'),(119,220280,'2023-08-22','11:51:44',1073320821,220280,'C','Recibo de Pago Nomina No. 220280 Pago de nomina mes de octubre ','2023-08-22','11:51:44','asexis'),(119,220281,'2023-08-22','11:51:44',3131747,220281,'C','Recibo de Pago Nomina No. 220281 Pago de nomina mes de octubre ','2023-08-22','11:51:44','asexis'),(119,220282,'2023-08-22','11:51:44',10175933,220282,'C','Recibo de Pago Nomina No. 220282 Pago de nomina mes de octubre ','2023-08-22','11:51:44','asexis'),(119,220283,'2023-08-22','11:51:44',10176087,220283,'C','Recibo de Pago Nomina No. 220283 Pago de nomina mes de octubre ','2023-08-22','11:51:44','asexis'),(118,220093,'2023-08-22','02:16:55',800082204,202210,'C','Contabilizacion Nomina del 202210','2023-08-22','02:16:55','asexis'),(118,220094,'2023-08-23','11:06:44',800082204,202210,'C','Contabilizacion Nomina del 202210','2023-08-23','11:06:44','asexis'),(118,220095,'2023-08-24','09:08:08',800082204,202210,'C','Contabilizacion Nomina del 202210','2023-08-24','09:08:08','asexis'),(118,220096,'2023-08-24','09:08:19',800082204,202210,'C','Contabilizacion Nomina del 202210','2023-08-24','09:08:19','asexis'),(119,220284,'2023-08-24','09:08:58',3132089,220284,'C','Recibo de Pago Nomina No. 220284 Pago de nomina mes de Octubre 2022','2023-08-24','09:08:58','asexis'),(119,220285,'2023-08-24','09:08:58',10171813,220285,'C','Recibo de Pago Nomina No. 220285 Pago de nomina mes de Octubre 2022','2023-08-24','09:08:58','asexis'),(119,220286,'2023-08-24','09:08:58',19518008,220286,'C','Recibo de Pago Nomina No. 220286 Pago de nomina mes de Octubre 2022','2023-08-24','09:08:58','asexis'),(119,220287,'2023-08-24','09:08:58',8571303,220287,'C','Recibo de Pago Nomina No. 220287 Pago de nomina mes de Octubre 2022','2023-08-24','09:08:58','asexis'),(119,220288,'2023-08-24','09:08:58',20829307,220288,'C','Recibo de Pago Nomina No. 220288 Pago de nomina mes de Octubre 2022','2023-08-24','09:08:58','asexis'),(119,220289,'2023-08-24','09:08:58',1032403881,220289,'C','Recibo de Pago Nomina No. 220289 Pago de nomina mes de Octubre 2022','2023-08-24','09:08:58','asexis'),(119,220290,'2023-08-24','09:08:58',3132234,220290,'C','Recibo de Pago Nomina No. 220290 Pago de nomina mes de Octubre 2022','2023-08-24','09:08:58','asexis'),(119,220291,'2023-08-24','09:08:58',18418303,220291,'C','Recibo de Pago Nomina No. 220291 Pago de nomina mes de Octubre 2022','2023-08-24','09:08:58','asexis'),(119,220292,'2023-08-24','09:08:58',1073321377,220292,'C','Recibo de Pago Nomina No. 220292 Pago de nomina mes de Octubre 2022','2023-08-24','09:08:58','asexis'),(119,220293,'2023-08-24','09:08:58',8729882,220293,'C','Recibo de Pago Nomina No. 220293 Pago de nomina mes de Octubre 2022','2023-08-24','09:08:58','asexis'),(119,220294,'2023-08-24','09:08:58',1079657627,220294,'C','Recibo de Pago Nomina No. 220294 Pago de nomina mes de Octubre 2022','2023-08-24','09:08:59','asexis'),(119,220295,'2023-08-24','09:08:58',5886604,220295,'C','Recibo de Pago Nomina No. 220295 Pago de nomina mes de Octubre 2022','2023-08-24','09:08:59','asexis'),(119,220296,'2023-08-24','09:08:58',10181528,220296,'C','Recibo de Pago Nomina No. 220296 Pago de nomina mes de Octubre 2022','2023-08-24','09:08:59','asexis'),(119,220297,'2023-08-24','09:08:58',1073320821,220297,'C','Recibo de Pago Nomina No. 220297 Pago de nomina mes de Octubre 2022','2023-08-24','09:08:59','asexis'),(119,220298,'2023-08-24','09:08:58',3131747,220298,'C','Recibo de Pago Nomina No. 220298 Pago de nomina mes de Octubre 2022','2023-08-24','09:08:59','asexis'),(119,220299,'2023-08-24','09:08:58',10175933,220299,'C','Recibo de Pago Nomina No. 220299 Pago de nomina mes de Octubre 2022','2023-08-24','09:08:59','asexis'),(119,220300,'2023-08-24','09:08:58',10176087,220300,'C','Recibo de Pago Nomina No. 220300 Pago de nomina mes de Octubre 2022','2023-08-24','09:08:59','asexis'),(118,220097,'2023-08-24','09:10:57',800082204,202210,'C','Contabilizacion Nomina del 202210','2023-08-24','09:10:57','asexis'),(119,220301,'2023-08-24','09:11:15',3132089,220301,'C','Recibo de Pago Nomina No. 220301 Pago de nomina mes de Octubre 2022','2023-08-24','09:11:15','asexis'),(119,220302,'2023-08-24','09:11:15',10171813,220302,'C','Recibo de Pago Nomina No. 220302 Pago de nomina mes de Octubre 2022','2023-08-24','09:11:15','asexis'),(119,220303,'2023-08-24','09:11:15',19518008,220303,'C','Recibo de Pago Nomina No. 220303 Pago de nomina mes de Octubre 2022','2023-08-24','09:11:15','asexis'),(119,220304,'2023-08-24','09:11:15',8571303,220304,'C','Recibo de Pago Nomina No. 220304 Pago de nomina mes de Octubre 2022','2023-08-24','09:11:15','asexis'),(119,220305,'2023-08-24','09:11:15',20829307,220305,'C','Recibo de Pago Nomina No. 220305 Pago de nomina mes de Octubre 2022','2023-08-24','09:11:15','asexis'),(119,220306,'2023-08-24','09:11:15',1032403881,220306,'C','Recibo de Pago Nomina No. 220306 Pago de nomina mes de Octubre 2022','2023-08-24','09:11:15','asexis'),(119,220307,'2023-08-24','09:11:15',3132234,220307,'C','Recibo de Pago Nomina No. 220307 Pago de nomina mes de Octubre 2022','2023-08-24','09:11:15','asexis'),(119,220308,'2023-08-24','09:11:15',18418303,220308,'C','Recibo de Pago Nomina No. 220308 Pago de nomina mes de Octubre 2022','2023-08-24','09:11:15','asexis'),(119,220309,'2023-08-24','09:11:15',1073321377,220309,'C','Recibo de Pago Nomina No. 220309 Pago de nomina mes de Octubre 2022','2023-08-24','09:11:15','asexis'),(119,220310,'2023-08-24','09:11:15',8729882,220310,'C','Recibo de Pago Nomina No. 220310 Pago de nomina mes de Octubre 2022','2023-08-24','09:11:15','asexis'),(119,220311,'2023-08-24','09:11:15',1079657627,220311,'C','Recibo de Pago Nomina No. 220311 Pago de nomina mes de Octubre 2022','2023-08-24','09:11:15','asexis'),(119,220312,'2023-08-24','09:11:15',5886604,220312,'C','Recibo de Pago Nomina No. 220312 Pago de nomina mes de Octubre 2022','2023-08-24','09:11:15','asexis'),(119,220313,'2023-08-24','09:11:15',10181528,220313,'C','Recibo de Pago Nomina No. 220313 Pago de nomina mes de Octubre 2022','2023-08-24','09:11:15','asexis'),(119,220314,'2023-08-24','09:11:15',1073320821,220314,'C','Recibo de Pago Nomina No. 220314 Pago de nomina mes de Octubre 2022','2023-08-24','09:11:15','asexis'),(119,220315,'2023-08-24','09:11:15',3131747,220315,'C','Recibo de Pago Nomina No. 220315 Pago de nomina mes de Octubre 2022','2023-08-24','09:11:15','asexis'),(119,220316,'2023-08-24','09:11:15',10175933,220316,'C','Recibo de Pago Nomina No. 220316 Pago de nomina mes de Octubre 2022','2023-08-24','09:11:15','asexis'),(119,220317,'2023-08-24','09:11:15',10176087,220317,'C','Recibo de Pago Nomina No. 220317 Pago de nomina mes de Octubre 2022','2023-08-24','09:11:15','asexis'),(118,220098,'2023-08-28','04:23:44',800082204,202210,'C','Contabilizacion Nomina del 202210','2023-08-28','04:23:44','asexis'),(119,220318,'2023-08-28','04:24:55',3132089,220318,'C','Recibo de Pago Nomina No. 220318 Pago de nomina periodo 202210','2023-08-28','04:24:56','asexis'),(119,220319,'2023-08-28','04:24:55',10171813,220319,'C','Recibo de Pago Nomina No. 220319 Pago de nomina periodo 202210','2023-08-28','04:24:56','asexis'),(119,220320,'2023-08-28','04:24:55',19518008,220320,'C','Recibo de Pago Nomina No. 220320 Pago de nomina periodo 202210','2023-08-28','04:24:56','asexis'),(119,220321,'2023-08-28','04:24:55',8571303,220321,'C','Recibo de Pago Nomina No. 220321 Pago de nomina periodo 202210','2023-08-28','04:24:56','asexis'),(119,220322,'2023-08-28','04:24:55',20829307,220322,'C','Recibo de Pago Nomina No. 220322 Pago de nomina periodo 202210','2023-08-28','04:24:56','asexis'),(119,220323,'2023-08-28','04:24:55',1032403881,220323,'C','Recibo de Pago Nomina No. 220323 Pago de nomina periodo 202210','2023-08-28','04:24:56','asexis'),(119,220324,'2023-08-28','04:24:55',3132234,220324,'C','Recibo de Pago Nomina No. 220324 Pago de nomina periodo 202210','2023-08-28','04:24:56','asexis'),(119,220325,'2023-08-28','04:24:55',18418303,220325,'C','Recibo de Pago Nomina No. 220325 Pago de nomina periodo 202210','2023-08-28','04:24:56','asexis'),(119,220326,'2023-08-28','04:24:55',1073321377,220326,'C','Recibo de Pago Nomina No. 220326 Pago de nomina periodo 202210','2023-08-28','04:24:56','asexis'),(119,220327,'2023-08-28','04:24:55',8729882,220327,'C','Recibo de Pago Nomina No. 220327 Pago de nomina periodo 202210','2023-08-28','04:24:56','asexis'),(119,220328,'2023-08-28','04:24:55',1079657627,220328,'C','Recibo de Pago Nomina No. 220328 Pago de nomina periodo 202210','2023-08-28','04:24:56','asexis'),(119,220329,'2023-08-28','04:24:55',5886604,220329,'C','Recibo de Pago Nomina No. 220329 Pago de nomina periodo 202210','2023-08-28','04:24:56','asexis'),(119,220330,'2023-08-28','04:24:55',10181528,220330,'C','Recibo de Pago Nomina No. 220330 Pago de nomina periodo 202210','2023-08-28','04:24:56','asexis'),(119,220331,'2023-08-28','04:24:55',1073320821,220331,'C','Recibo de Pago Nomina No. 220331 Pago de nomina periodo 202210','2023-08-28','04:24:56','asexis'),(119,220332,'2023-08-28','04:24:55',3131747,220332,'C','Recibo de Pago Nomina No. 220332 Pago de nomina periodo 202210','2023-08-28','04:24:56','asexis'),(119,220333,'2023-08-28','04:24:55',10175933,220333,'C','Recibo de Pago Nomina No. 220333 Pago de nomina periodo 202210','2023-08-28','04:24:56','asexis'),(119,220334,'2023-08-28','04:24:55',10176087,220334,'C','Recibo de Pago Nomina No. 220334 Pago de nomina periodo 202210','2023-08-28','04:24:56','asexis'),(101,220015,'2023-10-27','08:53:32',900299637,202212,'C','Contabilizacion Facturacion de 202212 ','2023-10-27','08:53:32','asexis'),(102,220246,'2022-12-05','08:58:28',900299637,202211,'C','Contabilizacion CAJA EMPRESA Recaudo de 202211','2023-10-27','08:58:28','asexis'),(102,220247,'2022-12-06','08:58:28',900299637,202211,'C','Contabilizacion CAJA EMPRESA Recaudo de 202211','2023-10-27','08:58:28','asexis'),(102,220248,'2022-12-06','08:58:28',900299637,202211,'C','Contabilizacion BANCOLOMBIA Recaudo de 202211','2023-10-27','08:58:28','asexis'),(102,220249,'2022-12-07','08:58:28',900299637,202211,'C','Contabilizacion CAJA EMPRESA Recaudo de 202211','2023-10-27','08:58:28','asexis'),(102,220250,'2022-12-09','08:58:28',900299637,202211,'C','Contabilizacion CAJA EMPRESA Recaudo de 202211','2023-10-27','08:58:28','asexis'),(102,220251,'2022-12-12','08:58:28',900299637,202211,'C','Contabilizacion CAJA EMPRESA Recaudo de 202211','2023-10-27','08:58:28','asexis'),(102,220252,'2022-12-12','08:58:28',900299637,202211,'C','Contabilizacion BANCOLOMBIA Recaudo de 202211','2023-10-27','08:58:28','asexis'),(102,220253,'2022-12-13','08:58:28',900299637,202211,'C','Contabilizacion CAJA EMPRESA Recaudo de 202211','2023-10-27','08:58:28','asexis'),(102,220254,'2022-12-13','08:58:28',900299637,202211,'C','Contabilizacion HIPOLITO ALVAREZ Recaudo de 202211','2023-10-27','08:58:28','asexis'),(102,220255,'2022-12-13','08:58:28',900299637,202211,'C','Contabilizacion ARNULFO BANQUET Recaudo de 202211','2023-10-27','08:58:28','asexis'),(102,220256,'2022-12-13','08:58:28',900299637,202211,'C','Contabilizacion JORGE LUIS PEREZ Recaudo de 202211','2023-10-27','08:58:28','asexis'),(102,220257,'2022-12-13','08:58:28',900299637,202211,'C','Contabilizacion BANCOLOMBIA Recaudo de 202211','2023-10-27','08:58:28','asexis'),(102,220258,'2022-12-14','08:58:29',900299637,202211,'C','Contabilizacion CAJA EMPRESA Recaudo de 202211','2023-10-27','08:58:29','asexis'),(102,220259,'2022-12-14','08:58:29',900299637,202211,'C','Contabilizacion HIPOLITO ALVAREZ Recaudo de 202211','2023-10-27','08:58:29','asexis'),(102,220260,'2022-12-14','08:58:29',900299637,202211,'C','Contabilizacion ARNULFO BANQUET Recaudo de 202211','2023-10-27','08:58:29','asexis'),(102,220261,'2022-12-14','08:58:29',900299637,202211,'C','Contabilizacion JORGE LUIS PEREZ Recaudo de 202211','2023-10-27','08:58:29','asexis'),(102,220262,'2022-12-14','08:58:29',900299637,202211,'C','Contabilizacion BANCOLOMBIA Recaudo de 202211','2023-10-27','08:58:29','asexis'),(102,220263,'2022-12-15','08:58:29',900299637,202211,'C','Contabilizacion CAJA EMPRESA Recaudo de 202211','2023-10-27','08:58:29','asexis'),(102,220264,'2022-12-15','08:58:29',900299637,202211,'C','Contabilizacion HIPOLITO ALVAREZ Recaudo de 202211','2023-10-27','08:58:29','asexis'),(102,220265,'2022-12-15','08:58:29',900299637,202211,'C','Contabilizacion ARNULFO BANQUET Recaudo de 202211','2023-10-27','08:58:29','asexis'),(102,220266,'2022-12-15','08:58:29',900299637,202211,'C','Contabilizacion JORGE LUIS PEREZ Recaudo de 202211','2023-10-27','08:58:29','asexis'),(102,220267,'2022-12-15','08:58:29',900299637,202211,'C','Contabilizacion BANCOLOMBIA Recaudo de 202211','2023-10-27','08:58:29','asexis'),(102,220268,'2022-12-16','08:58:29',900299637,202211,'C','Contabilizacion CAJA EMPRESA Recaudo de 202211','2023-10-27','08:58:29','asexis'),(102,220269,'2022-12-16','08:58:29',900299637,202211,'C','Contabilizacion HIPOLITO ALVAREZ Recaudo de 202211','2023-10-27','08:58:29','asexis'),(102,220270,'2022-12-16','08:58:29',900299637,202211,'C','Contabilizacion ARNULFO BANQUET Recaudo de 202211','2023-10-27','08:58:29','asexis'),(102,220271,'2022-12-16','08:58:29',900299637,202211,'C','Contabilizacion JORGE LUIS PEREZ Recaudo de 202211','2023-10-27','08:58:29','asexis'),(102,220272,'2022-12-19','08:58:29',900299637,202211,'C','Contabilizacion CAJA EMPRESA Recaudo de 202211','2023-10-27','08:58:29','asexis'),(102,220273,'2022-12-19','08:58:29',900299637,202211,'C','Contabilizacion HIPOLITO ALVAREZ Recaudo de 202211','2023-10-27','08:58:29','asexis'),(102,220274,'2022-12-19','08:58:29',900299637,202211,'C','Contabilizacion ARNULFO BANQUET Recaudo de 202211','2023-10-27','08:58:29','asexis'),(102,220275,'2022-12-19','08:58:29',900299637,202211,'C','Contabilizacion JORGE LUIS PEREZ Recaudo de 202211','2023-10-27','08:58:29','asexis'),(102,220276,'2022-12-20','08:58:29',900299637,202211,'C','Contabilizacion CAJA EMPRESA Recaudo de 202211','2023-10-27','08:58:29','asexis'),(102,220277,'2022-12-20','08:58:29',900299637,202211,'C','Contabilizacion HIPOLITO ALVAREZ Recaudo de 202211','2023-10-27','08:58:29','asexis'),(102,220278,'2022-12-20','08:58:29',900299637,202211,'C','Contabilizacion ARNULFO BANQUET Recaudo de 202211','2023-10-27','08:58:29','asexis'),(102,220279,'2022-12-20','08:58:29',900299637,202211,'C','Contabilizacion JORGE LUIS PEREZ Recaudo de 202211','2023-10-27','08:58:29','asexis'),(102,220280,'2022-12-21','08:58:29',900299637,202211,'C','Contabilizacion CAJA EMPRESA Recaudo de 202211','2023-10-27','08:58:29','asexis'),(102,220281,'2022-12-21','08:58:29',900299637,202211,'C','Contabilizacion HIPOLITO ALVAREZ Recaudo de 202211','2023-10-27','08:58:29','asexis'),(102,220282,'2022-12-21','08:58:29',900299637,202211,'C','Contabilizacion ARNULFO BANQUET Recaudo de 202211','2023-10-27','08:58:29','asexis'),(102,220283,'2022-12-21','08:58:29',900299637,202211,'C','Contabilizacion JORGE LUIS PEREZ Recaudo de 202211','2023-10-27','08:58:29','asexis'),(102,220284,'2022-12-22','08:58:29',900299637,202211,'C','Contabilizacion CAJA EMPRESA Recaudo de 202211','2023-10-27','08:58:29','asexis'),(102,220285,'2022-12-22','08:58:29',900299637,202211,'C','Contabilizacion HIPOLITO ALVAREZ Recaudo de 202211','2023-10-27','08:58:29','asexis'),(102,220286,'2022-12-22','08:58:30',900299637,202211,'C','Contabilizacion ARNULFO BANQUET Recaudo de 202211','2023-10-27','08:58:30','asexis'),(102,220287,'2022-12-22','08:58:30',900299637,202211,'C','Contabilizacion JORGE LUIS PEREZ Recaudo de 202211','2023-10-27','08:58:30','asexis'),(102,220288,'2022-12-23','08:58:30',900299637,202211,'C','Contabilizacion CAJA EMPRESA Recaudo de 202211','2023-10-27','08:58:30','asexis'),(102,220289,'2022-12-23','08:58:30',900299637,202211,'C','Contabilizacion JORNADA DE COBRO Recaudo de 202211','2023-10-27','08:58:30','asexis'),(102,220290,'2022-12-23','08:58:30',900299637,202211,'C','Contabilizacion HIPOLITO ALVAREZ Recaudo de 202211','2023-10-27','08:58:30','asexis'),(102,220291,'2022-12-23','08:58:30',900299637,202211,'C','Contabilizacion BANCOLOMBIA Recaudo de 202211','2023-10-27','08:58:30','asexis'),(102,220292,'2022-12-26','08:58:30',900299637,202211,'C','Contabilizacion CAJA EMPRESA Recaudo de 202211','2023-10-27','08:58:30','asexis'),(102,220293,'2022-12-26','08:58:30',900299637,202211,'C','Contabilizacion JORGE LUIS PEREZ Recaudo de 202211','2023-10-27','08:58:30','asexis'),(102,220294,'2022-12-05','08:58:31',900299637,202211,'C','Contabilizacion CAJA EMPRESA Recaudo de 202211','2023-10-27','08:58:31','asexis'),(102,220295,'2022-12-06','08:58:31',900299637,202211,'C','Contabilizacion CAJA EMPRESA Recaudo de 202211','2023-10-27','08:58:31','asexis'),(102,220296,'2022-12-06','08:58:31',900299637,202211,'C','Contabilizacion BANCOLOMBIA Recaudo de 202211','2023-10-27','08:58:31','asexis'),(102,220297,'2022-12-07','08:58:31',900299637,202211,'C','Contabilizacion CAJA EMPRESA Recaudo de 202211','2023-10-27','08:58:31','asexis'),(102,220298,'2022-12-09','08:58:31',900299637,202211,'C','Contabilizacion CAJA EMPRESA Recaudo de 202211','2023-10-27','08:58:31','asexis'),(102,220299,'2022-12-12','08:58:31',900299637,202211,'C','Contabilizacion CAJA EMPRESA Recaudo de 202211','2023-10-27','08:58:31','asexis'),(102,220300,'2022-12-12','08:58:31',900299637,202211,'C','Contabilizacion BANCOLOMBIA Recaudo de 202211','2023-10-27','08:58:31','asexis'),(102,220301,'2022-12-13','08:58:31',900299637,202211,'C','Contabilizacion CAJA EMPRESA Recaudo de 202211','2023-10-27','08:58:31','asexis'),(102,220302,'2022-12-13','08:58:31',900299637,202211,'C','Contabilizacion HIPOLITO ALVAREZ Recaudo de 202211','2023-10-27','08:58:31','asexis'),(102,220303,'2022-12-13','08:58:31',900299637,202211,'C','Contabilizacion ARNULFO BANQUET Recaudo de 202211','2023-10-27','08:58:31','asexis'),(102,220304,'2022-12-13','08:58:31',900299637,202211,'C','Contabilizacion JORGE LUIS PEREZ Recaudo de 202211','2023-10-27','08:58:31','asexis'),(102,220305,'2022-12-13','08:58:31',900299637,202211,'C','Contabilizacion BANCOLOMBIA Recaudo de 202211','2023-10-27','08:58:31','asexis'),(102,220306,'2022-12-14','08:58:31',900299637,202211,'C','Contabilizacion CAJA EMPRESA Recaudo de 202211','2023-10-27','08:58:31','asexis'),(102,220307,'2022-12-14','08:58:31',900299637,202211,'C','Contabilizacion HIPOLITO ALVAREZ Recaudo de 202211','2023-10-27','08:58:31','asexis'),(102,220308,'2022-12-14','08:58:31',900299637,202211,'C','Contabilizacion ARNULFO BANQUET Recaudo de 202211','2023-10-27','08:58:31','asexis'),(102,220309,'2022-12-14','08:58:31',900299637,202211,'C','Contabilizacion JORGE LUIS PEREZ Recaudo de 202211','2023-10-27','08:58:31','asexis'),(102,220310,'2022-12-14','08:58:31',900299637,202211,'C','Contabilizacion BANCOLOMBIA Recaudo de 202211','2023-10-27','08:58:31','asexis'),(102,220311,'2022-12-15','08:58:31',900299637,202211,'C','Contabilizacion CAJA EMPRESA Recaudo de 202211','2023-10-27','08:58:31','asexis'),(102,220312,'2022-12-15','08:58:31',900299637,202211,'C','Contabilizacion HIPOLITO ALVAREZ Recaudo de 202211','2023-10-27','08:58:31','asexis'),(102,220313,'2022-12-15','08:58:31',900299637,202211,'C','Contabilizacion ARNULFO BANQUET Recaudo de 202211','2023-10-27','08:58:31','asexis'),(102,220314,'2022-12-15','08:58:31',900299637,202211,'C','Contabilizacion JORGE LUIS PEREZ Recaudo de 202211','2023-10-27','08:58:31','asexis'),(102,220315,'2022-12-15','08:58:31',900299637,202211,'C','Contabilizacion BANCOLOMBIA Recaudo de 202211','2023-10-27','08:58:31','asexis'),(102,220316,'2022-12-16','08:58:31',900299637,202211,'C','Contabilizacion CAJA EMPRESA Recaudo de 202211','2023-10-27','08:58:31','asexis'),(102,220317,'2022-12-16','08:58:31',900299637,202211,'C','Contabilizacion HIPOLITO ALVAREZ Recaudo de 202211','2023-10-27','08:58:31','asexis'),(102,220318,'2022-12-16','08:58:31',900299637,202211,'C','Contabilizacion ARNULFO BANQUET Recaudo de 202211','2023-10-27','08:58:31','asexis'),(102,220319,'2022-12-16','08:58:31',900299637,202211,'C','Contabilizacion JORGE LUIS PEREZ Recaudo de 202211','2023-10-27','08:58:31','asexis'),(102,220320,'2022-12-19','08:58:31',900299637,202211,'C','Contabilizacion CAJA EMPRESA Recaudo de 202211','2023-10-27','08:58:31','asexis'),(102,220321,'2022-12-19','08:58:31',900299637,202211,'C','Contabilizacion HIPOLITO ALVAREZ Recaudo de 202211','2023-10-27','08:58:31','asexis'),(102,220322,'2022-12-19','08:58:31',900299637,202211,'C','Contabilizacion ARNULFO BANQUET Recaudo de 202211','2023-10-27','08:58:31','asexis'),(102,220323,'2022-12-19','08:58:31',900299637,202211,'C','Contabilizacion JORGE LUIS PEREZ Recaudo de 202211','2023-10-27','08:58:31','asexis'),(102,220324,'2022-12-20','08:58:31',900299637,202211,'C','Contabilizacion CAJA EMPRESA Recaudo de 202211','2023-10-27','08:58:31','asexis'),(102,220325,'2022-12-20','08:58:31',900299637,202211,'C','Contabilizacion HIPOLITO ALVAREZ Recaudo de 202211','2023-10-27','08:58:31','asexis'),(102,220326,'2022-12-20','08:58:31',900299637,202211,'C','Contabilizacion ARNULFO BANQUET Recaudo de 202211','2023-10-27','08:58:31','asexis'),(102,220327,'2022-12-20','08:58:31',900299637,202211,'C','Contabilizacion JORGE LUIS PEREZ Recaudo de 202211','2023-10-27','08:58:31','asexis'),(102,220328,'2022-12-21','08:58:31',900299637,202211,'C','Contabilizacion CAJA EMPRESA Recaudo de 202211','2023-10-27','08:58:31','asexis'),(102,220329,'2022-12-21','08:58:31',900299637,202211,'C','Contabilizacion HIPOLITO ALVAREZ Recaudo de 202211','2023-10-27','08:58:31','asexis'),(102,220330,'2022-12-21','08:58:31',900299637,202211,'C','Contabilizacion ARNULFO BANQUET Recaudo de 202211','2023-10-27','08:58:31','asexis'),(102,220331,'2022-12-21','08:58:32',900299637,202211,'C','Contabilizacion JORGE LUIS PEREZ Recaudo de 202211','2023-10-27','08:58:32','asexis'),(102,220332,'2022-12-22','08:58:32',900299637,202211,'C','Contabilizacion CAJA EMPRESA Recaudo de 202211','2023-10-27','08:58:32','asexis'),(102,220333,'2022-12-22','08:58:32',900299637,202211,'C','Contabilizacion HIPOLITO ALVAREZ Recaudo de 202211','2023-10-27','08:58:32','asexis'),(102,220334,'2022-12-22','08:58:32',900299637,202211,'C','Contabilizacion ARNULFO BANQUET Recaudo de 202211','2023-10-27','08:58:32','asexis'),(102,220335,'2022-12-22','08:58:32',900299637,202211,'C','Contabilizacion JORGE LUIS PEREZ Recaudo de 202211','2023-10-27','08:58:32','asexis'),(102,220336,'2022-12-23','08:58:32',900299637,202211,'C','Contabilizacion CAJA EMPRESA Recaudo de 202211','2023-10-27','08:58:32','asexis'),(102,220337,'2022-12-23','08:58:32',900299637,202211,'C','Contabilizacion JORNADA DE COBRO Recaudo de 202211','2023-10-27','08:58:32','asexis'),(102,220338,'2022-12-23','08:58:32',900299637,202211,'C','Contabilizacion HIPOLITO ALVAREZ Recaudo de 202211','2023-10-27','08:58:32','asexis'),(102,220339,'2022-12-23','08:58:32',900299637,202211,'C','Contabilizacion BANCOLOMBIA Recaudo de 202211','2023-10-27','08:58:32','asexis'),(102,220340,'2022-12-26','08:58:32',900299637,202211,'C','Contabilizacion CAJA EMPRESA Recaudo de 202211','2023-10-27','08:58:32','asexis'),(102,220341,'2022-12-26','08:58:32',900299637,202211,'C','Contabilizacion JORGE LUIS PEREZ Recaudo de 202211','2023-10-27','08:58:32','asexis'),(102,220342,'2022-05-04','08:47:44',900299637,202204,'C','Contabilizacion CAJA EMPRESA Recaudo de 202204','2024-01-24','08:47:44','asexis'),(102,220343,'2022-05-09','08:47:44',900299637,202204,'C','Contabilizacion CAJA EMPRESA Recaudo de 202204','2024-01-24','08:47:44','asexis'),(102,220344,'2022-05-10','08:47:44',900299637,202204,'C','Contabilizacion CAJA EMPRESA Recaudo de 202204','2024-01-24','08:47:44','asexis'),(102,220345,'2022-05-11','08:47:44',900299637,202204,'C','Contabilizacion CAJA EMPRESA Recaudo de 202204','2024-01-24','08:47:44','asexis'),(102,220346,'2022-05-12','08:47:44',900299637,202204,'C','Contabilizacion CAJA EMPRESA Recaudo de 202204','2024-01-24','08:47:44','asexis'),(102,220347,'2022-05-13','08:47:44',900299637,202204,'C','Contabilizacion CAJA EMPRESA Recaudo de 202204','2024-01-24','08:47:44','asexis'),(102,220348,'2022-05-16','08:47:44',900299637,202204,'C','Contabilizacion CAJA EMPRESA Recaudo de 202204','2024-01-24','08:47:44','asexis'),(102,220349,'2022-05-17','08:47:44',900299637,202204,'C','Contabilizacion CAJA EMPRESA Recaudo de 202204','2024-01-24','08:47:44','asexis'),(102,220350,'2022-05-18','08:47:44',900299637,202204,'C','Contabilizacion CAJA EMPRESA Recaudo de 202204','2024-01-24','08:47:44','asexis'),(102,220351,'2022-05-19','08:47:44',900299637,202204,'C','Contabilizacion CAJA EMPRESA Recaudo de 202204','2024-01-24','08:47:44','asexis'),(102,220352,'2022-05-20','08:47:45',900299637,202204,'C','Contabilizacion CAJA EMPRESA Recaudo de 202204','2024-01-24','08:47:45','asexis'),(102,220353,'2022-05-23','08:47:45',900299637,202204,'C','Contabilizacion CAJA EMPRESA Recaudo de 202204','2024-01-24','08:47:45','asexis'),(102,220354,'2022-05-24','08:47:45',900299637,202204,'C','Contabilizacion CAJA EMPRESA Recaudo de 202204','2024-01-24','08:47:45','asexis'),(102,220355,'2022-05-25','08:47:45',900299637,202204,'C','Contabilizacion CAJA EMPRESA Recaudo de 202204','2024-01-24','08:47:45','asexis'),(102,220356,'2022-05-26','08:47:45',900299637,202204,'C','Contabilizacion CAJA EMPRESA Recaudo de 202204','2024-01-24','08:47:45','asexis'),(102,220357,'2022-05-27','08:47:45',900299637,202204,'C','Contabilizacion CAJA EMPRESA Recaudo de 202204','2024-01-24','08:47:45','asexis'),(115,220005,'2024-05-31','08:59:28',900299637,202204,'C','Contabilizacion Nota debito de 202204  ','2024-01-24','08:59:28','asexis'),(114,220006,'2022-05-31','09:00:12',900299637,202204,'C','Contabilizacion Nota Credito de 202204  ','2024-01-24','09:00:12','asexis'),(111,220008,'2024-01-24','04:09:33',5124670,0,'C','PRUEBA PRUEBA PRUEBA','2024-01-24','04:56:35','asexis'),(118,220100,'2024-01-31','11:09:42',800082204,202204,'C','Contabilizacion Nomina del 202204','2024-01-31','11:09:42','asexis'),(118,220101,'2024-01-31','11:16:17',800082204,202204,'C','Contabilizacion Nomina del 202204','2024-01-31','11:16:17','asexis'),(118,220102,'2024-01-31','11:18:05',800082204,202204,'C','Contabilizacion Nomina del 202204','2024-01-31','11:18:05','asexis'),(118,220103,'2024-01-31','11:29:46',800082204,202204,'C','Contabilizacion Nomina del 202204','2024-01-31','11:29:46','asexis'),(111,220009,'2024-01-31','04:40:17',830503264,0,'C','PRUEBA PRUEBA PRUEBA','2024-02-01','10:30:18','asexis'),(111,220010,'2024-02-13','12:01:48',900301855,0,'C','PRUEBA, PRUEBA, PRUEBA.','2024-02-15','03:57:58','asexis'),(118,220104,'2023-03-30','11:33:25',800082204,202204,'C','Contabilizacion Nomina del 202204','2024-02-23','11:33:25','asexis'),(101,220017,'2022-05-30','10:47:29',900299637,202205,'C','Contabilizacion Facturacion de 202205 ','2024-03-05','10:47:29','asexis'),(112,220002,'2024-03-06','11:15:14',830503264,0,'C',' PAGO VIGENCIA 2023','2024-03-06','11:15:52','asexis');
/*!40000 ALTER TABLE `movto` ENABLE KEYS */;
UNLOCK TABLES;

--
-- Table structure for table `movto_niif`
--

DROP TABLE IF EXISTS `movto_niif`;
/*!40101 SET @saved_cs_client     = @@character_set_client */;
/*!40101 SET character_set_client = utf8 */;
CREATE TABLE `movto_niif` (
  `mo_tipcom` int(3) NOT NULL,
  `mo_numero` int(9) NOT NULL,
  `mo_fecreg` date DEFAULT NULL,
  `mo_horreg` time NOT NULL DEFAULT '00:00:00',
  `mo_codcli` bigint(12) DEFAULT NULL,
  `mo_factur` int(9) NOT NULL,
  `mo_estado` char(1) NOT NULL,
  `mo_detalle` text,
  `mo_fecing` date DEFAULT NULL,
  `mo_horing` time NOT NULL DEFAULT '00:00:00',
  `mo_codemp` char(8) DEFAULT NULL,
  `mo_tipcom_ref` int(3) NOT NULL,
  `mo_numero_ref` int(9) NOT NULL,
  PRIMARY KEY (`mo_tipcom`,`mo_numero`),
  KEY `mo_tipcom` (`mo_tipcom`),
  KEY `mo_codcli` (`mo_codcli`),
  KEY `mo_fecreg` (`mo_fecreg`)
) ENGINE=MyISAM DEFAULT CHARSET=latin1;
/*!40101 SET character_set_client = @saved_cs_client */;

--
-- Dumping data for table `movto_niif`
--

LOCK TABLES `movto_niif` WRITE;
/*!40000 ALTER TABLE `movto_niif` DISABLE KEYS */;
INSERT INTO `movto_niif` (`mo_tipcom`, `mo_numero`, `mo_fecreg`, `mo_horreg`, `mo_codcli`, `mo_factur`, `mo_estado`, `mo_detalle`, `mo_fecing`, `mo_horing`, `mo_codemp`, `mo_tipcom_ref`, `mo_numero_ref`) VALUES (111,1,'2024-01-22','04:55:00',830503264,0,'C',' reintegro de gastos de viaje ','2024-01-22','04:55:00','asexis',111,220008),(111,2,'2024-01-22','04:57:54',830503264,0,'C',' reintegro de gastos de viaje ','2024-01-22','04:57:54','asexis',111,220008);
/*!40000 ALTER TABLE `movto_niif` ENABLE KEYS */;
UNLOCK TABLES;

--
-- Table structure for table `notas`
--

DROP TABLE IF EXISTS `notas`;
/*!40101 SET @saved_cs_client     = @@character_set_client */;
/*!40101 SET character_set_client = utf8 */;
CREATE TABLE `notas` (
  `no_numero` int(9) NOT NULL,
  `no_cuenta` char(12) DEFAULT NULL,
  `no_nropla` char(6) DEFAULT NULL,
  `no_codres` char(12) NOT NULL,
  `no_fecreg` date DEFAULT NULL,
  `no_horreg` time NOT NULL DEFAULT '00:00:00',
  `no_vlrtot` double(15,2) DEFAULT NULL,
  `no_estado` char(1) NOT NULL,
  `no_tippag` char(1) NOT NULL,
  `no_pagado` double(15,2) DEFAULT NULL,
  `no_ccosto` int(6) NOT NULL,
  `no_banco` int(6) NOT NULL,
  `no_cheque` varchar(20) NOT NULL,
  `no_codcli` bigint(12) NOT NULL DEFAULT '0',
  PRIMARY KEY (`no_numero`),
  KEY `no_cuenta` (`no_cuenta`),
  KEY `no_codcli` (`no_codcli`),
  KEY `no_codres` (`no_codres`)
) ENGINE=InnoDB DEFAULT CHARSET=latin1;
/*!40101 SET character_set_client = @saved_cs_client */;

--
-- Dumping data for table `notas`
--

LOCK TABLES `notas` WRITE;
/*!40000 ALTER TABLE `notas` DISABLE KEYS */;
/*!40000 ALTER TABLE `notas` ENABLE KEYS */;
UNLOCK TABLES;

--
-- Table structure for table `novedadnom_liq`
--

DROP TABLE IF EXISTS `novedadnom_liq`;
/*!40101 SET @saved_cs_client     = @@character_set_client */;
/*!40101 SET character_set_client = utf8 */;
CREATE TABLE `novedadnom_liq` (
  `no_periodo` int(7) NOT NULL DEFAULT '0',
  `no_cedula` bigint(12) NOT NULL DEFAULT '0',
  `no_01` char(1) NOT NULL,
  `no_02` char(1) NOT NULL,
  `no_03` char(1) NOT NULL,
  `no_04` char(1) NOT NULL,
  `no_05` char(1) NOT NULL,
  `no_06` char(1) NOT NULL,
  `no_07` char(1) NOT NULL,
  `no_08` char(1) NOT NULL,
  `no_09` char(1) NOT NULL,
  `no_10` char(1) NOT NULL,
  `no_11` char(1) NOT NULL,
  `no_12` char(1) NOT NULL,
  `no_13` char(1) NOT NULL,
  `no_14` char(1) NOT NULL,
  `no_15` char(1) NOT NULL,
  `no_fecreg` date DEFAULT NULL,
  `no_usuari` char(12) NOT NULL,
  `no_observa` varchar(70) NOT NULL,
  PRIMARY KEY (`no_periodo`,`no_cedula`),
  KEY `no_cedula` (`no_cedula`)
) ENGINE=MyISAM DEFAULT CHARSET=latin1;
/*!40101 SET character_set_client = @saved_cs_client */;

--
-- Dumping data for table `novedadnom_liq`
--

LOCK TABLES `novedadnom_liq` WRITE;
/*!40000 ALTER TABLE `novedadnom_liq` DISABLE KEYS */;
/*!40000 ALTER TABLE `novedadnom_liq` ENABLE KEYS */;
UNLOCK TABLES;

--
-- Table structure for table `novlrnom_liq`
--

DROP TABLE IF EXISTS `novlrnom_liq`;
/*!40101 SET @saved_cs_client     = @@character_set_client */;
/*!40101 SET character_set_client = utf8 */;
CREATE TABLE `novlrnom_liq` (
  `nv_periodo` int(7) NOT NULL DEFAULT '0',
  `nv_cedula` bigint(12) NOT NULL DEFAULT '0',
  `nv_codcon` int(4) NOT NULL,
  `nv_cobro` int(4) NOT NULL,
  `nv_valor` double(15,2) DEFAULT NULL,
  `nv_fecreg` date DEFAULT NULL,
  `nv_usuari` char(12) NOT NULL,
  PRIMARY KEY (`nv_periodo`,`nv_cedula`,`nv_codcon`,`nv_cobro`),
  KEY `nv_cedula` (`nv_cedula`),
  KEY `nv_codcon` (`nv_codcon`)
) ENGINE=MyISAM DEFAULT CHARSET=latin1;
/*!40101 SET character_set_client = @saved_cs_client */;

--
-- Dumping data for table `novlrnom_liq`
--

LOCK TABLES `novlrnom_liq` WRITE;
/*!40000 ALTER TABLE `novlrnom_liq` DISABLE KEYS */;
INSERT INTO `novlrnom_liq` (`nv_periodo`, `nv_cedula`, `nv_codcon`, `nv_cobro`, `nv_valor`, `nv_fecreg`, `nv_usuari`) VALUES (202210,10181528,138,1,15276.00,'2023-07-24','asexis'),(202210,3132234,139,1,20000.00,'2023-07-24','asexis'),(202210,18418303,138,1,15276.00,'2023-07-24','asexis'),(202210,1073321377,211,1,34500.00,'2023-07-24','asexis'),(202210,20829307,138,1,12590.00,'2023-07-24','asexis'),(202210,10176087,149,1,255447.00,'2023-07-24','asexis'),(202210,20829307,139,1,20000.00,'2023-07-24','asexis'),(202210,10176087,141,1,132648.00,'2023-07-24','asexis'),(202210,10181528,141,1,182954.00,'2023-07-24','asexis'),(202210,10171813,138,1,15276.00,'2023-07-24','asexis'),(202210,1073320821,138,1,13930.00,'2023-07-24','asexis'),(202210,3132234,138,1,12590.00,'2023-07-24','asexis'),(202210,10181528,149,1,329827.00,'2023-07-24','asexis'),(202210,3132089,151,1,242657.00,'2023-07-24','asexis'),(202210,10175933,139,1,20000.00,'2023-07-24','asexis'),(202210,20829307,149,1,395548.00,'2023-07-24','asexis'),(202210,10171813,40,1,181204.00,'2023-07-25','asexis'),(202210,3131747,139,1,20000.00,'2023-07-24','asexis'),(202210,1032403881,138,1,12590.00,'2023-07-24','asexis'),(202210,3131747,138,1,12590.00,'2023-07-24','asexis'),(202210,3132089,40,1,181204.00,'2023-07-25','asexis'),(202210,20829307,40,1,149343.00,'2023-07-25','asexis'),(202210,1032403881,40,1,149343.00,'2023-07-25','asexis'),(202210,10171813,141,1,42821.00,'2023-07-24','asexis'),(202210,10175933,138,1,12590.00,'2023-07-24','asexis'),(202210,3132089,138,1,15276.00,'2023-07-24','asexis'),(202210,3132089,141,1,116407.00,'2023-07-24','asexis'),(202210,10171813,111,1,12000.00,'2023-07-25','asexis'),(202210,18418303,114,1,77611.00,'2023-07-25','asexis'),(202210,3131747,40,1,149343.00,'2023-07-25','asexis'),(202210,10175933,31,1,100951.00,'2023-07-25','asexis'),(202210,18418303,31,1,100951.00,'2023-07-25','asexis'),(202210,1073321377,149,1,624514.00,'2023-07-24','asexis'),(202210,1073320821,40,1,165238.00,'2023-07-25','asexis'),(202210,3132089,28,1,25466.00,'2023-07-25','asexis'),(202210,18418303,135,1,528693.00,'2023-07-25','asexis'),(202210,10181528,137,1,65000.00,'2023-07-25','asexis'),(202210,1073321377,138,1,16530.00,'2023-07-24','asexis'),(202210,10176087,138,1,15276.00,'2023-07-24','asexis'),(202210,1073320821,28,1,15336.00,'2023-07-25','asexis'),(202210,3132234,28,1,13996.00,'2023-07-25','asexis'),(202210,3132234,31,1,100951.00,'2023-07-25','asexis'),(202210,10171813,114,1,84584.00,'2023-07-25','asexis'),(202210,3132234,149,1,266234.00,'2023-07-24','asexis'),(202210,10176087,137,1,119000.00,'2023-07-25','asexis'),(202210,10181528,135,1,303165.00,'2023-07-25','asexis'),(202210,1073321377,31,1,80761.00,'2023-07-25','asexis'),(202210,10181528,40,1,181204.00,'2023-07-25','asexis'),(202210,1073320821,31,1,100951.00,'2023-07-25','asexis'),(202210,10181528,28,1,17191.00,'2023-07-25','asexis'),(202210,10171813,28,1,26230.00,'2023-07-25','asexis'),(202210,3132234,40,1,149343.00,'2023-07-25','asexis'),(202210,1032403881,31,1,100951.00,'2023-07-25','asexis'),(202210,3131747,31,1,100951.00,'2023-07-25','asexis'),(202210,20829307,28,1,13996.00,'2023-07-25','asexis'),(202210,1032403881,28,1,16776.00,'2023-07-25','asexis'),(202210,18418303,40,1,181204.00,'2023-07-25','asexis'),(202210,10176087,28,1,15276.00,'2023-07-25','asexis'),(202210,3131747,28,1,14678.00,'2023-07-25','asexis'),(202210,3132234,27,1,116629.00,'2023-07-25','asexis'),(202210,10181528,27,1,143255.00,'2023-07-25','asexis'),(202210,20829307,27,1,116629.00,'2023-07-25','asexis'),(202210,10171813,31,1,100951.00,'2023-07-25','asexis'),(202210,1032403881,27,1,139797.00,'2023-07-25','asexis'),(202210,20829307,31,1,100951.00,'2023-08-18','asexis'),(202210,10175933,28,1,16003.00,'2023-07-25','asexis'),(202210,3132089,31,1,100951.00,'2023-07-25','asexis'),(202210,10175933,40,1,149343.00,'2023-07-25','asexis'),(202210,1073321377,40,1,156863.00,'2023-07-25','asexis'),(202210,1073321377,28,1,17655.00,'2023-07-25','asexis'),(202210,18418303,27,1,139012.00,'2023-07-25','asexis'),(202210,10171813,27,1,218571.00,'2023-07-25','asexis'),(202210,1073321377,27,1,147118.00,'2023-07-25','asexis'),(202210,3132089,26,1,100257.00,'2023-07-25','asexis'),(202210,3131747,26,1,55304.00,'2023-07-25','asexis'),(202210,10171813,26,1,103440.00,'2023-07-25','asexis'),(202210,1073320821,27,1,127795.00,'2023-07-25','asexis'),(202210,18418303,28,1,16682.00,'2023-07-25','asexis'),(202210,3131747,27,1,122312.00,'2023-07-25','asexis'),(202210,3132089,27,1,220206.00,'2023-08-18','asexis'),(202210,10181528,31,1,100951.00,'2023-07-25','asexis'),(202210,10176087,27,1,127295.00,'2023-07-25','asexis'),(202210,10181528,26,1,65777.00,'2023-07-25','asexis'),(202210,10175933,27,1,133350.00,'2023-07-25','asexis'),(202210,20829307,25,1,116629.00,'2023-07-25','asexis'),(202210,20829307,26,1,52463.00,'2023-07-25','asexis'),(202210,1032403881,26,1,64048.00,'2023-07-25','asexis'),(202210,10176087,25,1,127295.00,'2023-07-25','asexis'),(202210,3131747,25,1,127795.00,'2023-07-25','asexis'),(202210,18418303,25,1,139012.00,'2023-07-25','asexis'),(202210,1032403881,25,1,139797.00,'2023-07-25','asexis'),(202210,1073321377,26,1,68881.00,'2023-07-25','asexis'),(202210,1073320821,26,1,58046.00,'2023-07-25','asexis'),(202210,10176087,26,1,63655.00,'2023-07-25','asexis'),(202210,10181528,25,1,143255.00,'2023-07-25','asexis'),(202210,10175933,25,1,133350.00,'2023-07-25','asexis'),(202210,3132234,26,1,52463.00,'2023-07-25','asexis'),(202210,3132234,25,1,116629.00,'2023-07-25','asexis'),(202210,10171813,24,1,60470.00,'2023-07-25','asexis'),(202210,1032403881,24,1,37442.00,'2023-07-25','asexis'),(202210,10171813,25,1,218571.00,'2023-07-25','asexis'),(202210,1073320821,25,1,127795.00,'2023-07-25','asexis'),(202210,10175933,26,1,60824.00,'2023-07-25','asexis'),(202210,3132089,25,1,212206.00,'2023-07-25','asexis'),(202210,18418303,26,1,63655.00,'2023-07-25','asexis'),(202210,3131747,24,1,32330.00,'2023-07-25','asexis'),(202210,18418303,24,1,37212.00,'2023-07-25','asexis'),(202210,3132234,24,1,30669.00,'2023-07-25','asexis'),(202210,10181528,24,1,38453.00,'2023-07-25','asexis'),(202210,10181528,21,1,63141.00,'2023-07-25','asexis'),(202210,1073320821,21,1,55720.00,'2023-07-25','asexis'),(202210,20829307,24,1,30669.00,'2023-07-25','asexis'),(202210,10175933,24,1,35557.00,'2023-07-25','asexis'),(202210,1073321377,25,1,147118.00,'2023-07-25','asexis'),(202210,3132089,24,1,58609.00,'2023-07-25','asexis'),(202210,1073320821,24,1,33933.00,'2023-07-25','asexis'),(202211,1073321377,211,1,34500.00,'2023-06-27','asexis'),(202211,10176087,151,1,103996.00,'2023-06-27','asexis'),(202211,3132089,151,1,242657.00,'2023-06-27','asexis'),(202211,1073321377,149,1,624514.00,'2023-06-27','asexis'),(202211,10176087,149,1,255447.00,'2023-06-27','asexis'),(202211,10181528,149,1,329827.00,'2023-06-27','asexis'),(202211,3132234,149,1,266234.00,'2023-06-27','asexis'),(202211,10176087,141,1,132648.00,'2023-06-27','asexis'),(202211,10181528,141,1,182954.00,'2023-06-27','asexis'),(202211,10171813,141,1,42821.00,'2023-06-27','asexis'),(202211,3132089,141,1,116407.00,'2023-06-27','asexis'),(202211,20829307,139,2,20000.00,'2023-06-27','asexis'),(202211,3132234,139,1,20000.00,'2023-06-27','asexis'),(202211,3131747,139,1,20000.00,'2023-06-27','asexis'),(202211,10175933,139,1,20000.00,'2023-06-27','asexis'),(202211,3132089,138,1,15276.00,'2023-06-27','asexis'),(202211,10171813,138,1,15276.00,'2023-06-27','asexis'),(202211,18418303,138,1,15276.00,'2023-06-27','asexis'),(202211,10181528,138,1,15276.00,'2023-06-27','asexis'),(202211,10176087,138,1,15276.00,'2023-06-27','asexis'),(202211,20829307,138,1,12590.00,'2023-06-27','asexis'),(202211,1032403881,138,1,12590.00,'2023-06-27','asexis'),(202211,3132234,138,1,12590.00,'2023-06-27','asexis'),(202211,3131747,138,1,12590.00,'2023-06-27','asexis'),(202211,10175933,138,1,12590.00,'2023-06-27','asexis'),(202211,1073320821,138,1,13930.00,'2023-06-27','asexis'),(202211,1073321377,138,1,16530.00,'2023-06-27','asexis'),(202211,10181528,137,1,65000.00,'2023-06-27','asexis'),(202211,10176087,137,1,119000.00,'2023-06-27','asexis'),(202211,18418303,135,1,528693.00,'2023-06-27','asexis'),(202211,10181528,135,1,303165.00,'2023-06-27','asexis'),(202211,10171813,114,1,84584.00,'2023-06-27','asexis'),(202211,18418303,114,1,77611.00,'2023-06-27','asexis'),(202211,10171813,111,1,12000.00,'2023-06-27','asexis'),(202211,3132089,40,1,181204.00,'2023-06-27','asexis'),(202211,10171813,40,1,181204.00,'2023-06-27','asexis'),(202211,20829307,40,1,149343.00,'2023-06-27','asexis'),(202211,1032403881,40,1,149343.00,'2023-06-27','asexis'),(202211,3132234,40,1,149343.00,'2023-06-27','asexis'),(202211,18418303,40,1,181204.00,'2023-06-27','asexis'),(202211,10181528,40,1,181204.00,'2023-06-27','asexis'),(202211,1073320821,40,1,165238.00,'2023-06-27','asexis'),(202211,3131747,40,1,149343.00,'2023-06-27','asexis'),(202211,10175933,40,1,149343.00,'2023-06-27','asexis'),(202211,1073321377,40,1,156863.00,'2023-06-27','asexis'),(202211,3132089,31,1,100951.00,'2023-06-27','asexis'),(202211,10171813,31,1,100951.00,'2023-06-27','asexis'),(202211,20829307,31,1,100951.00,'2023-06-27','asexis'),(202211,1032403881,31,1,100951.00,'2023-06-27','asexis'),(202211,3132234,31,1,100951.00,'2023-06-27','asexis'),(202211,18418303,31,1,100951.00,'2023-06-27','asexis'),(202211,10181528,31,1,100951.00,'2023-06-27','asexis'),(202211,1073320821,31,1,100951.00,'2023-06-27','asexis'),(202211,10175933,31,1,100951.00,'2023-06-27','asexis'),(202211,3131747,31,1,100951.00,'2023-06-27','asexis'),(202211,1073321377,31,1,80761.00,'2023-06-27','asexis'),(202211,3132089,28,1,25466.00,'2023-06-27','asexis'),(202211,10171813,28,1,26230.00,'2023-06-27','asexis'),(202211,20829307,28,1,13996.00,'2023-06-27','asexis'),(202211,18418303,28,1,16682.00,'2023-06-27','asexis'),(202211,3132234,28,1,13996.00,'2023-06-27','asexis'),(202211,1032403881,28,1,16776.00,'2023-06-27','asexis'),(202211,10181528,28,1,17191.00,'2023-06-27','asexis'),(202211,1073320821,28,1,15336.00,'2023-06-27','asexis'),(202211,3131747,28,1,14678.00,'2023-06-27','asexis'),(202211,10175933,28,1,16003.00,'2023-06-27','asexis'),(202211,10176087,28,1,15276.00,'2023-06-27','asexis'),(202211,1073321377,28,1,17655.00,'2023-06-27','asexis'),(202211,3132089,27,1,212206.00,'2023-06-27','asexis'),(202211,10171813,27,1,218571.00,'2023-06-27','asexis'),(202211,20829307,27,1,116629.00,'2023-06-27','asexis'),(202211,1032403881,27,1,139797.00,'2023-06-27','asexis'),(202211,3132234,27,1,116629.00,'2023-06-27','asexis'),(202211,18418303,27,1,139012.00,'2023-06-27','asexis'),(202211,10181528,27,1,143255.00,'2023-06-27','asexis'),(202211,1073320821,27,1,127795.00,'2023-06-27','asexis'),(202211,3131747,27,1,122312.00,'2023-06-27','asexis'),(202211,10175933,27,1,133350.00,'2023-06-27','asexis'),(202211,10176087,27,1,127295.00,'2023-06-27','asexis'),(202211,1073321377,27,1,147118.00,'2023-06-27','asexis'),(202211,3132089,26,1,100257.00,'2023-06-27','asexis'),(202211,10171813,26,1,103440.00,'2023-06-27','asexis'),(202211,20829307,26,1,52463.00,'2023-06-27','asexis'),(202211,1032403881,26,1,64048.00,'2023-06-27','asexis'),(202211,3132234,26,1,52463.00,'2023-06-27','asexis'),(202211,18418303,26,1,63655.00,'2023-06-27','asexis'),(202211,10181528,26,1,65777.00,'2023-06-27','asexis'),(202211,1073320821,26,1,58046.00,'2023-06-27','asexis'),(202211,3131747,26,1,55304.00,'2023-06-27','asexis'),(202211,10175933,26,1,60824.00,'2023-06-27','asexis'),(202211,10176087,26,1,63655.00,'2023-06-27','asexis'),(202211,1073321377,26,1,68881.00,'2023-06-27','asexis'),(202211,3132089,25,1,212206.00,'2023-06-27','asexis'),(202211,10171813,25,1,218571.00,'2023-06-27','asexis'),(202211,20829307,25,1,116629.00,'2023-06-27','asexis'),(202211,1032403881,25,1,139797.00,'2023-06-27','asexis'),(202211,3132234,25,1,116629.00,'2023-06-27','asexis'),(202211,18418303,25,1,139012.00,'2023-06-27','asexis'),(202211,10181528,25,1,143255.00,'2023-06-27','asexis'),(202211,1073320821,25,1,127795.00,'2023-06-27','asexis'),(202211,3131747,25,1,122312.00,'2023-06-27','asexis'),(202211,10175933,25,1,133350.00,'2023-06-27','asexis'),(202211,10176087,25,1,127295.00,'2023-06-27','asexis'),(202211,1073321377,25,1,147118.00,'2023-06-27','asexis'),(202211,10171813,24,1,60470.00,'2023-06-27','asexis'),(202211,20829307,24,1,30669.00,'2023-06-27','asexis'),(202211,1032403881,24,1,37442.00,'2023-06-27','asexis'),(202211,3132089,24,1,58609.00,'2023-06-27','asexis'),(202211,3132234,24,1,30669.00,'2023-06-27','asexis'),(202211,18418303,24,1,37212.00,'2023-06-27','asexis'),(202211,10181528,24,1,38453.00,'2023-06-27','asexis'),(202211,1073320821,24,1,33933.00,'2023-06-27','asexis'),(202211,3131747,24,1,32330.00,'2023-06-27','asexis'),(202211,10175933,24,1,35557.00,'2023-06-27','asexis'),(202211,1073321377,24,1,24160.00,'2023-06-27','asexis'),(202211,3132089,21,1,96239.00,'2023-06-27','asexis'),(202211,10171813,21,1,99294.00,'2023-06-27','asexis'),(202211,20829307,21,1,50360.00,'2023-06-27','asexis'),(202211,1032403881,21,1,61481.00,'2023-06-27','asexis'),(202211,3132234,21,1,50360.00,'2023-06-27','asexis'),(202211,18418303,21,1,61104.00,'2023-06-27','asexis'),(202211,10181528,21,1,63141.00,'2023-06-27','asexis'),(202211,1073320821,21,1,55720.00,'2023-06-27','asexis'),(202211,3131747,21,1,53088.00,'2023-06-27','asexis'),(202211,10175933,21,1,58386.00,'2023-06-27','asexis'),(202211,1073321377,21,1,52896.00,'2023-06-27','asexis'),(202211,3132089,18,1,288716.00,'2023-06-27','asexis'),(202211,10171813,18,1,297882.00,'2023-06-27','asexis'),(202211,20829307,18,1,151080.00,'2023-06-27','asexis'),(202211,1032403881,18,1,184444.00,'2023-06-27','asexis'),(202211,3132234,18,1,151080.00,'2023-06-27','asexis'),(202211,18418303,18,0,0.00,'2023-06-27','asexis'),(202211,10181528,18,1,189422.00,'2023-06-27','asexis'),(202211,1073320821,18,1,167160.00,'2023-06-27','asexis'),(202211,3131747,18,1,159264.00,'2023-06-27','asexis'),(202211,10175933,18,1,175158.00,'2023-06-27','asexis'),(202211,10176087,18,1,183312.00,'2023-06-27','asexis'),(202211,1073321377,18,1,198360.00,'2023-06-27','asexis'),(202211,3132089,15,1,96239.00,'2023-06-27','asexis'),(202211,10171813,15,1,99294.00,'2023-06-27','asexis'),(202211,20829307,15,1,50360.00,'2023-06-27','asexis'),(202211,1032403881,15,1,61481.00,'2023-06-27','asexis'),(202211,3132234,15,1,50360.00,'2023-06-27','asexis'),(202211,18418303,15,1,61104.00,'2023-06-27','asexis'),(202211,10181528,15,1,63141.00,'2023-06-27','asexis'),(202211,1073320821,15,1,55720.00,'2023-06-27','asexis'),(202211,3131747,15,1,58386.00,'2023-06-27','asexis'),(202211,10175933,15,1,58386.00,'2023-06-27','asexis'),(202211,10176087,15,1,61104.00,'2023-06-27','asexis'),(202211,1073321377,15,1,66120.00,'2023-06-27','asexis'),(202211,3132089,5,1,140606.00,'2023-06-27','asexis'),(202211,10171813,5,1,140606.00,'2023-06-27','asexis'),(202211,20829307,5,1,140606.00,'2023-06-27','asexis'),(202211,1032403881,5,1,140606.00,'2023-06-27','asexis'),(202211,3132234,5,1,140606.00,'2023-06-27','asexis'),(202211,18418303,5,1,140606.00,'2023-06-27','asexis'),(202211,10181528,5,1,140606.00,'2023-06-27','asexis'),(202211,1073320821,5,1,140606.00,'2023-06-27','asexis'),(202211,3131747,5,1,140606.00,'2023-06-27','asexis'),(202211,10175933,5,1,140606.00,'2023-06-27','asexis'),(202211,1073321377,5,1,112485.00,'2023-06-27','asexis'),(202210,3132089,21,1,96239.00,'2023-07-25','asexis'),(202210,10171813,21,1,99294.00,'2023-07-25','asexis'),(202210,10175933,21,1,58386.00,'2023-07-25','asexis'),(202210,1073321377,21,1,52896.00,'2023-07-25','asexis'),(202210,1073321377,18,1,198360.00,'2023-07-25','asexis'),(202210,20829307,18,1,151080.00,'2023-07-25','asexis'),(202210,3132089,18,1,288716.00,'2023-07-25','asexis'),(202210,10171813,18,1,297882.00,'2023-07-25','asexis'),(202210,3131747,21,1,55720.00,'2023-07-25','asexis'),(202210,1032403881,21,1,61481.00,'2023-07-25','asexis'),(202210,1073321377,24,1,24160.00,'2023-07-25','asexis'),(202210,18418303,18,1,183312.00,'2023-07-25','asexis'),(202210,20829307,21,1,50360.00,'2023-07-25','asexis'),(202210,3132089,15,1,96239.00,'2023-07-25','asexis'),(202210,18418303,21,1,61104.00,'2023-07-25','asexis'),(202210,1073320821,15,1,53088.00,'2023-07-25','asexis'),(202210,10181528,18,1,189422.00,'2023-07-25','asexis'),(202210,20829307,15,1,50360.00,'2023-07-25','asexis'),(202210,3131747,15,1,58386.00,'2023-07-25','asexis'),(202210,1032403881,15,1,61481.00,'2023-07-25','asexis'),(202210,10171813,15,1,99294.00,'2023-07-25','asexis'),(202210,3132234,21,1,50360.00,'2023-07-25','asexis'),(202210,1032403881,18,1,184444.00,'2023-07-25','asexis'),(202210,3132234,15,1,50360.00,'2023-07-25','asexis'),(202210,3132234,18,1,151080.00,'2023-07-25','asexis'),(202210,10175933,15,1,58386.00,'2023-07-25','asexis'),(202210,10176087,18,1,183312.00,'2023-07-25','asexis'),(202210,3131747,18,1,159264.00,'2023-07-25','asexis'),(202210,1073320821,18,1,167160.00,'2023-07-25','asexis'),(202210,1073321377,15,1,66120.00,'2023-07-25','asexis'),(202210,18418303,15,1,61104.00,'2023-07-25','asexis'),(202210,3132089,5,1,140606.00,'2023-07-25','asexis'),(202210,10181528,15,1,63141.00,'2023-07-25','asexis'),(202210,10176087,15,1,61104.00,'2023-07-25','asexis'),(202210,10175933,18,1,175158.00,'2023-07-25','asexis'),(202210,10181528,5,1,140606.00,'2023-07-25','asexis'),(202210,1073320821,5,1,140606.00,'2023-07-25','asexis'),(202210,10176087,151,1,103996.00,'2023-07-24','asexis'),(202210,3132234,5,1,140606.00,'2023-07-25','asexis'),(202210,1073321377,5,1,112485.00,'2023-07-25','asexis'),(202210,1032403881,5,1,140606.00,'2023-07-25','asexis'),(202210,3131747,5,1,140606.00,'2023-07-25','asexis'),(202210,20829307,5,1,140606.00,'2023-07-25','asexis'),(202210,10175933,5,1,140606.00,'2023-07-25','asexis'),(202210,18418303,5,1,140606.00,'2023-08-28','asexis'),(202210,10171813,5,1,140606.00,'2023-07-25','asexis'),(202212,3131747,5,1,140606.00,'2023-10-25','asexis'),(202212,3131747,15,1,53088.00,'2023-10-25','asexis'),(202212,3131747,18,1,159264.00,'2023-10-25','asexis'),(202212,3131747,21,1,53088.00,'2023-10-25','asexis'),(202212,3131747,24,1,32330.00,'2023-10-25','asexis'),(202212,3131747,25,1,122312.00,'2023-10-25','asexis'),(202212,3131747,26,1,55304.00,'2023-10-25','asexis'),(202212,3131747,27,1,122312.00,'2023-10-25','asexis'),(202212,3131747,28,1,14678.00,'2023-10-25','asexis'),(202212,3131747,31,1,100951.00,'2023-10-25','asexis'),(202212,3131747,40,1,149343.00,'2023-10-25','asexis'),(202212,3131747,138,1,12590.00,'2023-10-25','asexis'),(202212,3131747,139,1,20000.00,'2023-10-25','asexis'),(202212,3132089,5,1,140606.00,'2023-10-26','asexis'),(202212,3132089,15,1,96239.00,'2023-10-26','asexis'),(202212,3132089,18,1,288716.00,'2023-10-26','asexis'),(202212,3132089,21,1,96239.00,'2023-10-26','asexis'),(202212,3132089,24,1,58609.00,'2023-10-26','asexis'),(202212,3132089,25,1,212206.00,'2023-10-26','asexis'),(202212,3132089,26,1,100257.00,'2023-10-26','asexis'),(202212,3132089,27,1,212206.00,'2023-10-26','asexis'),(202212,3132089,28,1,25466.00,'2023-10-26','asexis'),(202212,3132089,31,1,100951.00,'2023-10-26','asexis'),(202212,3132089,40,1,181204.00,'2023-10-26','asexis'),(202212,3132089,138,1,15276.00,'2023-10-26','asexis'),(202212,3132089,141,1,116407.00,'2023-10-26','asexis'),(202212,3132089,151,1,242657.00,'2023-10-26','asexis'),(202212,3132234,5,1,140606.00,'2023-10-26','asexis'),(202212,3132234,15,1,50360.00,'2023-10-26','asexis'),(202212,3132234,18,1,151080.00,'2023-10-26','asexis'),(202212,3132234,21,1,50360.00,'2023-10-26','asexis'),(202212,3132234,24,1,30669.00,'2023-10-26','asexis'),(202212,3132234,25,1,116629.00,'2023-10-26','asexis'),(202212,3132234,26,1,52463.00,'2023-10-26','asexis'),(202212,3132234,27,1,116629.00,'2023-10-26','asexis'),(202212,3132234,28,1,13996.00,'2023-10-26','asexis'),(202212,3132234,31,1,100951.00,'2023-10-26','asexis'),(202212,3132234,40,1,149343.00,'2023-10-26','asexis'),(202212,3132234,138,1,12590.00,'2023-10-26','asexis'),(202212,3132234,139,1,20000.00,'2023-10-26','asexis'),(202212,3132234,149,1,266234.00,'2023-10-26','asexis'),(202212,10171813,5,1,140606.00,'2023-10-26','asexis'),(202212,10171813,15,1,99294.00,'2023-10-26','asexis'),(202212,10171813,18,1,297882.00,'2023-10-26','asexis'),(202212,10171813,21,1,99294.00,'2023-10-26','asexis'),(202212,10171813,24,1,60470.00,'2023-10-26','asexis'),(202212,10171813,25,1,218571.00,'2023-10-26','asexis'),(202212,10171813,26,1,103440.00,'2023-10-26','asexis'),(202212,10171813,27,1,218571.00,'2023-10-26','asexis'),(202212,10171813,28,1,26230.00,'2023-10-26','asexis'),(202212,10171813,31,1,100951.00,'2023-10-26','asexis'),(202212,10171813,40,1,181204.00,'2023-10-26','asexis'),(202212,10171813,111,1,12000.00,'2023-10-26','asexis'),(202212,10171813,114,1,84584.00,'2023-10-26','asexis'),(202212,10171813,138,1,15276.00,'2023-10-26','asexis'),(202212,10171813,141,1,42821.00,'2023-10-26','asexis'),(202212,10175933,5,1,140606.00,'2023-10-26','asexis'),(202212,10175933,15,1,58386.00,'2023-10-26','asexis'),(202212,10175933,18,1,175158.00,'2023-10-26','asexis'),(202212,10175933,21,1,58386.00,'2023-10-26','asexis'),(202212,10175933,24,1,35557.00,'2023-10-26','asexis'),(202212,10175933,25,1,133350.00,'2023-10-26','asexis'),(202212,10175933,26,1,60824.00,'2023-10-26','asexis'),(202212,10175933,27,1,133350.00,'2023-10-26','asexis'),(202212,10175933,28,1,16003.00,'2023-10-26','asexis'),(202212,10175933,31,1,100951.00,'2023-10-26','asexis'),(202212,10175933,40,1,149343.00,'2023-10-26','asexis'),(202212,10175933,138,1,12590.00,'2023-10-26','asexis'),(202212,10175933,139,1,20000.00,'2023-10-26','asexis'),(202212,10176087,15,1,61104.00,'2023-10-26','asexis'),(202212,10176087,18,1,183312.00,'2023-10-26','asexis'),(202212,10176087,25,1,127295.00,'2023-10-26','asexis'),(202212,10176087,26,1,63655.00,'2023-10-26','asexis'),(202212,10176087,27,1,127295.00,'2023-10-26','asexis'),(202212,10176087,28,1,15276.00,'2023-10-26','asexis'),(202212,10176087,137,1,119000.00,'2023-10-26','asexis'),(202212,10176087,138,1,15276.00,'2023-10-26','asexis'),(202212,10176087,141,1,132648.00,'2023-10-26','asexis'),(202212,10176087,149,1,255447.00,'2023-10-26','asexis'),(202212,10176087,151,1,103996.00,'2023-10-26','asexis'),(202212,10181528,5,1,140606.00,'2023-10-26','asexis'),(202212,10181528,15,1,63141.00,'2023-10-26','asexis'),(202212,10181528,18,1,189422.00,'2023-10-26','asexis'),(202212,10181528,21,1,63141.00,'2023-10-26','asexis'),(202212,10181528,24,1,38453.00,'2023-10-26','asexis'),(202212,10181528,25,1,143255.00,'2023-10-26','asexis'),(202212,10181528,26,1,143255.00,'2023-10-26','asexis'),(202212,10181528,27,1,143255.00,'2023-10-26','asexis'),(202212,10181528,28,1,17191.00,'2023-10-26','asexis'),(202212,10181528,31,1,100951.00,'2023-10-26','asexis'),(202212,10181528,40,1,181204.00,'2023-10-26','asexis'),(202212,10181528,135,1,303165.00,'2023-10-26','asexis'),(202212,10181528,137,1,65000.00,'2023-10-26','asexis'),(202212,10181528,138,1,15276.00,'2023-10-26','asexis'),(202212,10181528,141,1,182954.00,'2023-10-26','asexis'),(202212,10181528,149,1,329827.00,'2023-10-26','asexis'),(202212,18418303,5,1,140606.00,'2023-10-26','asexis'),(202212,18418303,15,1,61104.00,'2023-10-26','asexis'),(202212,18418303,18,1,183312.00,'2023-10-26','asexis'),(202212,18418303,21,1,61104.00,'2023-10-26','asexis'),(202212,18418303,24,1,37212.00,'2023-10-26','asexis'),(202212,18418303,25,1,139012.00,'2023-10-26','asexis'),(202212,18418303,26,1,63655.00,'2023-10-26','asexis'),(202212,18418303,27,1,139012.00,'2023-10-26','asexis'),(202212,18418303,28,1,16682.00,'2023-10-26','asexis'),(202212,18418303,31,1,100951.00,'2023-10-26','asexis'),(202212,18418303,40,1,181204.00,'2023-10-26','asexis'),(202212,18418303,114,1,77611.00,'2023-10-26','asexis'),(202212,18418303,135,1,528693.00,'2023-10-26','asexis'),(202212,18418303,138,1,15276.00,'2023-10-26','asexis'),(202212,20829307,5,1,140606.00,'2023-10-26','asexis'),(202212,20829307,15,1,50360.00,'2023-10-26','asexis'),(202212,20829307,18,1,151080.00,'2023-10-26','asexis'),(202212,20829307,21,1,50360.00,'2023-10-26','asexis'),(202212,20829307,24,1,30669.00,'2023-10-26','asexis'),(202212,20829307,25,1,116629.00,'2023-10-26','asexis'),(202212,20829307,26,1,52463.00,'2023-10-26','asexis'),(202212,20829307,27,1,116629.00,'2023-10-26','asexis'),(202212,20829307,28,1,13996.00,'2023-10-26','asexis'),(202212,20829307,31,1,100951.00,'2023-10-26','asexis'),(202212,20829307,40,1,149343.00,'2023-10-26','asexis'),(202212,20829307,138,1,12590.00,'2023-10-26','asexis'),(202212,20829307,139,1,20000.00,'2023-10-26','asexis'),(202212,20829307,149,1,395548.00,'2023-10-26','asexis'),(202212,1032403881,5,1,140606.00,'2023-10-26','asexis'),(202212,1032403881,15,1,61481.00,'2023-10-26','asexis'),(202212,1032403881,18,1,184444.00,'2023-10-26','asexis'),(202212,1032403881,21,1,61481.00,'2023-10-26','asexis'),(202212,1032403881,24,1,37442.00,'2023-10-26','asexis'),(202212,1032403881,25,1,139797.00,'2023-10-26','asexis'),(202212,1032403881,26,1,64048.00,'2023-10-26','asexis'),(202212,1032403881,27,1,139797.00,'2023-10-26','asexis'),(202212,1032403881,28,1,16776.00,'2023-10-26','asexis'),(202212,1032403881,31,1,100951.00,'2023-10-26','asexis'),(202212,1032403881,40,1,149343.00,'2023-10-26','asexis'),(202212,1032403881,138,1,12590.00,'2023-10-26','asexis'),(202212,1073320821,5,1,140606.00,'2023-10-26','asexis'),(202212,1073320821,15,1,55720.00,'2023-10-26','asexis'),(202212,1073320821,18,1,167160.00,'2023-10-26','asexis'),(202212,1073320821,21,1,55720.00,'2023-10-26','asexis'),(202212,1073320821,24,1,33933.00,'2023-10-26','asexis'),(202212,1073320821,25,1,127795.00,'2023-10-26','asexis'),(202212,1073320821,26,1,58046.00,'2023-10-26','asexis'),(202212,1073320821,27,1,127795.00,'2023-10-26','asexis'),(202212,1073320821,28,1,15336.00,'2023-10-26','asexis'),(202212,1073320821,31,1,100951.00,'2023-10-26','asexis'),(202212,1073320821,40,1,165238.00,'2023-10-26','asexis'),(202212,1073320821,138,1,13930.00,'2023-10-26','asexis'),(202212,1073321377,5,1,112485.00,'2023-10-26','asexis'),(202212,1073321377,18,1,198360.00,'2023-10-26','asexis'),(202212,1073321377,21,1,52896.00,'2023-10-26','asexis'),(202212,1073321377,24,1,24160.00,'2023-10-26','asexis'),(202212,1073321377,25,1,147118.00,'2023-10-26','asexis'),(202212,1073321377,26,1,68881.00,'2023-10-26','asexis'),(202212,1073321377,27,1,147118.00,'2023-10-26','asexis'),(202212,1073321377,28,1,17655.00,'2023-10-26','asexis'),(202212,1073321377,31,1,80761.00,'2023-10-26','asexis'),(202212,1073321377,40,1,156863.00,'2023-10-26','asexis'),(202212,1073321377,138,1,16530.00,'2023-10-26','asexis'),(202212,1073321377,149,1,624514.00,'2023-10-26','asexis'),(202212,1073321377,211,1,34500.00,'2023-10-26','asexis'),(202212,1073321377,15,1,66120.00,'2023-10-26','asexis'),(202206,41718134,28,1,204000.00,'2024-04-09','asexis'),(202206,10171813,28,1,183312.00,'2024-04-09','asexis'),(202206,41718130,28,1,195312.00,'2024-04-09','asexis'),(202206,3132089,28,1,183312.00,'2024-04-09','asexis'),(202206,41718135,31,1,100951.00,'2024-04-09','asexis'),(202206,10175933,31,1,100951.00,'2024-04-09','asexis'),(202206,1317473,31,1,100951.00,'2024-04-09','asexis'),(202206,3131747,31,1,100951.00,'2024-04-09','asexis'),(202206,1073320821,31,1,100951.00,'2024-04-09','asexis'),(202206,10181528,31,1,100951.00,'2024-04-09','asexis'),(202206,41718131,31,1,100951.00,'2024-04-09','asexis'),(202206,41718133,31,1,100951.00,'2024-04-09','asexis'),(202206,41718132,31,1,100951.00,'2024-04-09','asexis'),(202206,41718137,31,1,100951.00,'2024-04-09','asexis'),(202206,2320893,31,1,100951.00,'2024-04-09','asexis'),(202206,41718138,31,1,80761.00,'2024-04-09','asexis'),(202206,41718136,31,1,100951.00,'2024-04-09','asexis'),(202206,18418303,31,1,100951.00,'2024-04-09','asexis'),(202206,3132234,31,1,100951.00,'2024-04-09','asexis'),(202206,1032403881,31,1,100951.00,'2024-04-09','asexis'),(202206,3322343,31,1,100951.00,'2024-04-09','asexis'),(202206,20829307,31,1,100951.00,'2024-04-09','asexis'),(202206,41718134,31,1,100951.00,'2024-04-09','asexis'),(202206,10171813,31,1,100951.00,'2024-04-09','asexis'),(202206,41718130,31,1,100951.00,'2024-04-09','asexis'),(202206,3132089,31,1,100951.00,'2024-04-09','asexis'),(202206,41718136,40,1,1000000.00,'2024-04-09','asexis'),(202206,41718135,40,1,700000.00,'2024-04-09','asexis'),(202206,10175933,40,1,629500.00,'2024-04-09','asexis'),(202206,1317473,40,1,679500.00,'2024-04-09','asexis'),(202206,3131747,40,1,629500.00,'2024-04-09','asexis'),(202206,10181528,40,1,763800.00,'2024-04-09','asexis'),(202206,1073320821,40,1,696500.00,'2024-04-09','asexis'),(202206,41718131,40,1,679500.00,'2024-04-09','asexis'),(202206,41718133,40,1,813800.00,'2024-04-09','asexis'),(202206,41718132,40,1,813800.00,'2024-04-09','asexis'),(202206,41718137,40,1,750000.00,'2024-04-09','asexis'),(202206,2320893,40,1,813800.00,'2024-04-09','asexis'),(202206,41718138,40,1,950000.00,'2024-04-09','asexis'),(202206,41718136,232,1,1000000.00,'2024-04-09','asexis'),(202206,18418303,40,1,763800.00,'2024-04-09','asexis'),(202206,3132234,40,1,629500.00,'2024-04-09','asexis'),(202206,1032403881,40,1,629500.00,'2024-04-09','asexis'),(202206,3322343,40,1,679500.00,'2024-04-09','asexis'),(202206,20829307,40,1,629500.00,'2024-04-09','asexis'),(202206,41718134,40,1,850000.00,'2024-04-09','asexis'),(202206,10171813,40,1,763800.00,'2024-04-09','asexis'),(202206,41718130,40,1,813800.00,'2024-04-09','asexis'),(202206,3132089,40,1,763800.00,'2024-04-09','asexis'),(202206,10171813,111,1,12000.00,'2024-04-09','asexis'),(202206,41718130,111,1,12000.00,'2024-04-09','asexis'),(202206,18418303,114,1,77611.00,'2024-04-09','asexis'),(202206,41718134,114,1,77611.00,'2024-04-09','asexis'),(202206,10171813,114,1,84584.00,'2024-04-09','asexis'),(202206,41718130,114,1,84584.00,'2024-04-09','asexis'),(202206,10181528,135,1,303165.00,'2024-04-09','asexis'),(202206,41718133,135,1,303165.00,'2024-04-09','asexis'),(202206,41718136,135,1,528693.00,'2024-04-09','asexis'),(202206,41718134,135,1,528693.00,'2024-04-09','asexis'),(202206,10181528,137,1,65000.00,'2024-04-09','asexis'),(202206,41718133,137,1,65000.00,'2024-04-09','asexis'),(202206,41718132,137,1,119000.00,'2024-04-09','asexis'),(202206,1073320821,138,1,13930.00,'2024-04-09','asexis'),(202206,41718137,138,1,13930.00,'2024-04-09','asexis'),(202206,41718138,138,1,16530.00,'2024-04-09','asexis'),(202206,41718135,138,1,12590.00,'2024-04-09','asexis'),(202206,10175933,138,1,12590.00,'2024-04-09','asexis'),(202206,1317473,138,1,12590.00,'2024-04-09','asexis'),(202206,3131747,138,1,12590.00,'2024-04-09','asexis'),(202206,41718131,138,1,12590.00,'2024-04-09','asexis'),(202206,41718136,138,1,12590.00,'2024-04-09','asexis'),(202206,3132234,138,1,12590.00,'2024-04-09','asexis'),(202206,1032403881,138,1,12590.00,'2024-04-09','asexis'),(202206,3322343,138,1,12590.00,'2024-04-09','asexis'),(202206,20829307,138,1,12590.00,'2024-04-09','asexis'),(202206,2320893,138,0,15276.00,'2024-04-09','asexis'),(202206,41718132,138,1,15276.00,'2024-04-09','asexis'),(202206,41718133,138,0,15276.00,'2024-04-09','asexis'),(202206,10181528,138,1,15276.00,'2024-04-09','asexis'),(202206,18418303,138,1,15276.00,'2024-04-09','asexis'),(202206,41718134,138,1,15276.00,'2024-04-09','asexis'),(202206,10171813,138,1,15276.00,'2024-04-09','asexis'),(202206,41718130,138,1,15276.00,'2024-04-09','asexis'),(202206,3132089,138,1,15276.00,'2024-04-09','asexis'),(202206,41718135,139,1,20000.00,'2024-04-09','asexis'),(202206,10175933,139,1,20000.00,'2024-04-09','asexis'),(202206,1317473,139,1,20000.00,'2024-04-09','asexis'),(202206,3131747,139,1,20000.00,'2024-04-09','asexis'),(202206,41718131,139,1,20000.00,'2024-04-09','asexis'),(202206,3132234,139,1,20000.00,'2024-04-09','asexis'),(202206,3322343,139,1,20000.00,'2024-04-09','asexis'),(202206,20829307,139,1,20000.00,'2024-04-09','asexis'),(202206,41718132,141,1,132648.00,'2024-04-09','asexis'),(202206,10181528,141,1,182954.00,'2024-04-09','asexis'),(202206,41718133,141,1,182954.00,'2024-04-09','asexis'),(202206,41718132,150,1,132648.00,'2024-04-09','asexis'),(202206,2320893,141,1,116407.00,'2024-04-09','asexis'),(202206,10171813,141,1,42821.00,'2024-04-09','asexis'),(202206,41718130,141,1,42821.00,'2024-04-09','asexis'),(202206,3132089,141,1,116407.00,'2024-04-09','asexis'),(202206,41718135,149,1,395548.00,'2024-04-09','asexis'),(202206,10181528,149,1,329827.00,'2024-04-09','asexis'),(202206,41718133,149,1,329827.00,'2024-04-09','asexis'),(202206,41718132,149,1,255447.00,'2024-04-09','asexis'),(202206,41718138,149,1,624514.00,'2024-04-09','asexis'),(202206,3132234,149,1,266234.00,'2024-04-09','asexis'),(202206,3322343,149,1,266234.00,'2024-04-09','asexis'),(202206,20829307,149,1,395548.00,'2024-04-09','asexis'),(202206,41718132,151,1,103996.00,'2024-04-09','asexis'),(202206,2320893,151,1,242657.00,'2024-04-09','asexis'),(202206,3132089,151,1,242657.00,'2024-04-09','asexis'),(202206,1073321377,5,1,112485.00,'2024-04-09','asexis'),(202206,1073321377,15,1,66120.00,'2024-04-09','asexis'),(202206,1073321377,18,1,198360.00,'2024-04-09','asexis'),(202206,1073321377,21,1,52896.00,'2024-04-09','asexis'),(202206,1073321377,24,1,24160.00,'2024-04-09','asexis'),(202206,1073321377,25,1,147118.00,'2024-04-09','asexis'),(202206,1073321377,26,1,68881.00,'2024-04-09','asexis'),(202206,1073321377,27,1,147118.00,'2024-04-09','asexis'),(202206,1073321377,28,0,158688.00,'2024-04-09','asexis'),(202206,1073321377,31,1,80761.00,'2024-04-09','asexis'),(202206,1073321377,40,1,798950.00,'2024-04-09','asexis'),(202206,1073321377,138,1,16530.00,'2024-04-09','asexis'),(202206,1073321377,149,1,624514.00,'2024-04-09','asexis'),(202206,1073321377,211,1,34500.00,'2024-04-09','asexis'),(202206,10176087,15,1,61104.00,'2024-04-09','asexis'),(202206,10176087,18,1,183312.00,'2024-04-09','asexis'),(202206,10176087,25,1,127295.00,'2024-04-09','asexis'),(202206,10176087,26,1,63655.00,'2024-04-09','asexis'),(202206,10176087,27,1,127295.00,'2024-04-09','asexis'),(202206,10176087,28,1,183312.00,'2024-04-09','asexis'),(202206,10176087,40,1,636500.00,'2024-04-09','asexis'),(202206,10176087,141,1,132648.00,'2024-04-09','asexis'),(202206,10176087,149,1,255447.00,'2024-04-09','asexis'),(202206,10176087,137,1,119000.00,'2024-04-09','asexis'),(202206,10176087,138,1,15276.00,'2024-04-09','asexis'),(202206,10176087,151,1,103996.00,'2024-04-09','asexis'),(202204,10176087,15,1,61104.00,'2024-04-01','asexis'),(202204,10176087,18,1,183312.00,'2024-04-01','asexis'),(202204,10176087,25,1,127295.00,'2024-04-01','asexis'),(202204,10176087,26,1,63655.00,'2024-04-01','asexis'),(202204,10176087,27,1,127295.00,'2024-04-01','asexis'),(202204,10176087,28,1,183312.00,'2024-04-01','asexis'),(202204,10176087,40,1,636500.00,'2024-04-01','asexis'),(202204,10176087,137,1,119000.00,'2024-04-01','asexis'),(202204,10176087,138,0,15276.00,'2024-04-01','asexis'),(202204,10176087,141,1,132648.00,'2024-04-01','asexis'),(202205,20829307,105,0,300000.00,'2024-02-29','asexis'),(202204,10176087,149,1,255447.00,'2024-04-01','asexis'),(202204,10176087,151,1,103996.00,'2024-04-01','asexis'),(202206,20829307,28,1,151080.00,'2024-04-09','asexis'),(202206,3322343,28,1,163080.00,'2024-04-09','asexis'),(202206,1032403881,28,1,151080.00,'2024-04-09','asexis'),(202206,3132234,28,1,151080.00,'2024-04-09','asexis'),(202206,18418303,28,1,183312.00,'2024-04-09','asexis'),(202206,41718136,28,1,240000.00,'2024-04-09','asexis'),(202206,41718138,28,1,228000.00,'2024-04-09','asexis'),(202206,2320893,28,1,195312.00,'2024-04-09','asexis'),(202206,41718137,28,1,180000.00,'2024-04-09','asexis'),(202206,41718132,28,1,195312.00,'2024-04-09','asexis'),(202206,41718133,28,1,195312.00,'2024-04-09','asexis'),(202206,41718131,28,1,163080.00,'2024-04-09','asexis'),(202206,10181528,28,1,183312.00,'2024-04-09','asexis'),(202206,1073320821,28,1,167160.00,'2024-04-09','asexis'),(202206,3131747,28,1,151080.00,'2024-04-09','asexis'),(202206,1317473,28,1,163080.00,'2024-04-09','asexis'),(202206,10175933,28,1,151080.00,'2024-04-09','asexis'),(202206,41718135,28,1,168000.00,'2024-04-09','asexis'),(202206,3132089,27,1,212206.00,'2024-04-12','asexis'),(202206,41718130,27,1,218571.00,'2024-04-12','asexis'),(202206,10171813,27,1,218571.00,'2024-04-12','asexis'),(202206,41718134,27,1,139012.00,'2024-04-12','asexis'),(202206,20829307,27,1,116629.00,'2024-04-12','asexis'),(202206,3322343,27,1,116629.00,'2024-04-12','asexis'),(202206,1032403881,27,1,139797.00,'2024-04-12','asexis'),(202206,3132234,27,1,116629.00,'2024-04-12','asexis'),(202206,18418303,27,1,139012.00,'2024-04-12','asexis'),(202206,41718136,27,1,139797.00,'2024-04-12','asexis'),(202206,41718138,27,1,147118.00,'2024-04-12','asexis'),(202206,2320893,27,1,212206.00,'2024-04-12','asexis'),(202206,41718137,27,1,127795.00,'2024-04-12','asexis'),(202206,41718132,27,1,127.80,'2024-04-12','asexis'),(202206,41718133,27,1,143255.00,'2024-04-12','asexis'),(202206,41718131,27,1,133350.00,'2024-04-12','asexis'),(202206,10181528,27,1,143255.00,'2024-04-12','asexis'),(202206,1073320821,27,1,127795.00,'2024-04-12','asexis'),(202206,3131747,27,1,122312.00,'2024-04-12','asexis'),(202206,1317473,15,1,122312.00,'2024-04-12','asexis'),(202206,10175933,27,1,133.35,'2024-04-12','asexis'),(202206,41718135,27,1,116629.00,'2024-04-12','asexis'),(202206,3132089,26,1,100257.00,'2024-04-12','asexis'),(202206,41718130,26,1,103440.00,'2024-04-12','asexis'),(202206,10171813,26,1,103440.00,'2024-04-12','asexis'),(202206,41718134,26,1,63655.00,'2024-04-12','asexis'),(202206,20829307,26,1,52463.00,'2024-04-12','asexis'),(202206,3322343,26,1,52463.00,'2024-04-12','asexis'),(202206,1032403881,26,1,64048.00,'2024-04-12','asexis'),(202206,3132234,26,1,52463.00,'2024-04-12','asexis'),(202206,18418303,26,1,63655.00,'2024-04-12','asexis'),(202206,41718136,26,1,64048.00,'2024-04-12','asexis'),(202206,41718138,26,1,68881.00,'2024-04-12','asexis'),(202206,2320893,26,1,100257.00,'2024-04-12','asexis'),(202206,41718137,26,1,58046.00,'2024-04-12','asexis'),(202206,41718132,26,1,63655.00,'2024-04-12','asexis'),(202206,41718133,26,1,143255.00,'2024-04-12','asexis'),(202206,41718131,26,1,60824.00,'2024-04-12','asexis'),(202206,10181528,26,1,143255.00,'2024-04-12','asexis'),(202206,1073320821,26,1,58046.00,'2024-04-12','asexis'),(202206,3131747,26,1,55304.00,'2024-04-12','asexis'),(202206,1317473,26,1,55304.00,'2024-04-12','asexis'),(202206,10175933,26,1,60824.00,'2024-04-12','asexis'),(202206,41718135,26,1,52463.00,'2024-04-12','asexis'),(202206,3132089,25,1,212206.00,'2024-04-12','asexis'),(202206,41718130,25,1,218571.00,'2024-04-12','asexis'),(202206,10171813,25,1,218571.00,'2024-04-12','asexis'),(202206,41718134,25,1,139012.00,'2024-04-12','asexis'),(202206,20829307,25,1,116629.00,'2024-04-12','asexis'),(202206,3322343,25,1,116629.00,'2024-04-12','asexis'),(202206,1032403881,25,1,139797.00,'2024-04-12','asexis'),(202206,3132234,25,1,116629.00,'2024-04-12','asexis'),(202206,18418303,25,1,139012.00,'2024-04-12','asexis'),(202206,41718136,25,1,139797.00,'2024-04-12','asexis'),(202206,41718138,25,1,147118.00,'2024-04-12','asexis'),(202206,2320893,25,1,212206.00,'2024-04-12','asexis'),(202206,41718137,25,1,127795.00,'2024-04-12','asexis'),(202206,41718132,25,1,127295.00,'2024-04-12','asexis'),(202206,41718133,25,1,143255.00,'2024-04-12','asexis'),(202206,41718131,25,1,133350.00,'2024-04-12','asexis'),(202206,10181528,25,1,143255.00,'2024-04-12','asexis'),(202206,1073320821,25,1,127795.00,'2024-04-12','asexis'),(202206,3131747,25,1,122312.00,'2024-04-12','asexis'),(202206,1317473,25,1,122312.00,'2024-04-12','asexis'),(202206,10175933,25,1,133350.00,'2024-04-12','asexis'),(202206,41718135,25,1,116629.00,'2024-04-12','asexis'),(202206,3132089,24,1,58609.00,'2024-04-12','asexis'),(202206,41718130,24,1,60470.00,'2024-04-12','asexis'),(202206,10171813,24,1,60470.00,'2024-04-12','asexis'),(202206,41718134,24,1,37212.00,'2024-04-12','asexis'),(202206,20829307,24,1,30669.00,'2024-04-12','asexis'),(202206,3322343,24,1,30669.00,'2024-04-12','asexis'),(202206,1032403881,24,1,37442.00,'2024-04-12','asexis'),(202206,3132234,24,1,30669.00,'2024-04-12','asexis'),(202206,18418303,24,1,37212.00,'2024-04-12','asexis'),(202206,41718136,24,1,37442.00,'2024-04-12','asexis'),(202206,41718138,24,1,24160.00,'2024-04-12','asexis'),(202206,2320893,24,1,58609.00,'2024-04-12','asexis'),(202206,41718137,24,1,33933.00,'2024-04-12','asexis'),(202206,41718133,24,1,38453.00,'2024-04-12','asexis'),(202206,41718131,24,1,35557.00,'2024-04-12','asexis'),(202206,10181528,24,1,38453.00,'2024-04-12','asexis'),(202206,1073320821,24,1,33933.00,'2024-04-12','asexis'),(202206,3131747,24,1,32330.00,'2024-04-12','asexis'),(202206,1317473,24,1,32330.00,'2024-04-12','asexis'),(202206,10175933,24,1,35557.00,'2024-04-12','asexis'),(202206,41718135,24,1,30669.00,'2024-04-12','asexis'),(202206,3132089,21,1,96239.00,'2024-04-12','asexis'),(202206,41718130,21,1,99294.00,'2024-04-12','asexis'),(202206,10171813,21,1,99294.00,'2024-04-12','asexis'),(202206,41718134,21,1,61104.00,'2024-04-12','asexis'),(202206,20829307,21,1,50360.00,'2024-04-12','asexis'),(202206,3322343,21,1,50360.00,'2024-04-12','asexis'),(202206,1032403881,21,1,61481.00,'2024-04-12','asexis'),(202206,3132234,21,1,50360.00,'2024-04-12','asexis'),(202206,18418303,21,1,61104.00,'2024-04-12','asexis'),(202206,41718136,21,1,61481.00,'2024-04-12','asexis'),(202206,41718138,21,1,52896.00,'2024-04-12','asexis'),(202206,2320893,21,1,96239.00,'2024-04-12','asexis'),(202206,41718137,21,1,55720.00,'2024-04-12','asexis'),(202206,41718133,21,1,63141.00,'2024-04-12','asexis'),(202206,41718131,21,1,58386.00,'2024-04-12','asexis'),(202206,10181528,21,1,63141.00,'2024-04-12','asexis'),(202206,1073320821,21,1,55720.00,'2024-04-12','asexis'),(202206,3131747,21,1,53088.00,'2024-04-12','asexis'),(202206,1317473,21,1,53088.00,'2024-04-12','asexis'),(202206,10175933,21,1,58386.00,'2024-04-12','asexis'),(202206,41718135,21,1,50360.00,'2024-04-12','asexis'),(202206,3132089,18,1,288716.00,'2024-04-12','asexis'),(202206,41718130,18,1,297882.00,'2024-04-12','asexis'),(202206,10171813,18,1,297882.00,'2024-04-12','asexis'),(202206,41718134,18,1,183312.00,'2024-04-12','asexis'),(202206,20829307,18,1,151080.00,'2024-04-12','asexis'),(202206,3322343,18,1,151080.00,'2024-04-12','asexis'),(202206,1032403881,18,1,184444.00,'2024-04-12','asexis'),(202206,3132234,18,1,151080.00,'2024-04-12','asexis'),(202206,18418303,18,1,183312.00,'2024-04-12','asexis'),(202206,41718136,18,1,184444.00,'2024-04-12','asexis'),(202206,41718138,18,1,198360.00,'2024-04-12','asexis'),(202206,2320893,18,1,288716.00,'2024-04-12','asexis'),(202206,41718137,18,1,167160.00,'2024-04-12','asexis'),(202206,41718132,18,1,183312.00,'2024-04-12','asexis'),(202206,41718133,18,1,189422.00,'2024-04-12','asexis'),(202206,41718131,18,1,175158.00,'2024-04-12','asexis'),(202206,10181528,18,1,189422.00,'2024-04-12','asexis'),(202206,1073320821,18,1,167160.00,'2024-04-12','asexis'),(202206,3131747,18,1,159264.00,'2024-04-12','asexis'),(202206,1317473,18,1,159264.00,'2024-04-12','asexis'),(202206,10175933,18,1,175158.00,'2024-04-12','asexis'),(202206,41718135,18,1,151080.00,'2024-04-12','asexis'),(202206,3132089,15,1,96239.00,'2024-04-12','asexis'),(202206,41718130,15,1,99294.00,'2024-04-12','asexis'),(202206,10171813,15,1,99294.00,'2024-04-12','asexis'),(202206,41718134,15,1,61104.00,'2024-04-12','asexis'),(202206,20829307,15,1,50360.00,'2024-04-12','asexis'),(202206,3322343,15,1,50360.00,'2024-04-12','asexis'),(202206,1032403881,15,1,61481.00,'2024-04-12','asexis'),(202206,3132234,15,1,50360.00,'2024-04-12','asexis'),(202206,18418303,15,1,61104.00,'2024-04-12','asexis'),(202206,41718136,15,1,61481.00,'2024-04-12','asexis'),(202206,41718138,15,1,66120.00,'2024-04-12','asexis'),(202206,2320893,15,1,96239.00,'2024-04-12','asexis'),(202206,41718137,15,1,55720.00,'2024-04-12','asexis'),(202206,41718132,15,1,61104.00,'2024-04-12','asexis'),(202206,41718133,15,1,63141.00,'2024-04-12','asexis'),(202206,41718131,15,1,58386.00,'2024-04-12','asexis'),(202206,10181528,15,1,63141.00,'2024-04-12','asexis'),(202206,1073320821,15,1,55720.00,'2024-04-12','asexis'),(202206,3131747,15,1,53088.00,'2024-04-12','asexis'),(202206,10175933,15,1,58386.00,'2024-04-12','asexis'),(202206,41718135,15,1,50360.00,'2024-04-12','asexis'),(202206,19518008,15,1,50360.00,'2024-04-12','asexis'),(202206,8571303,15,1,50360.00,'2024-04-12','asexis'),(202206,8729882,15,1,50360.00,'2024-04-12','asexis'),(202206,1079657627,15,1,50360.00,'2024-04-12','asexis'),(202206,5886604,15,1,50360.00,'2024-04-12','asexis'),(202206,3132089,5,1,140606.00,'2024-04-12','asexis'),(202206,41718130,5,1,140606.00,'2024-04-12','asexis'),(202206,10171813,5,1,140606.00,'2024-04-12','asexis'),(202206,41718134,5,1,140606.00,'2024-04-12','asexis'),(202206,19518008,5,1,140606.00,'2024-04-12','asexis'),(202206,8571303,5,1,140606.00,'2024-04-12','asexis'),(202206,20829307,5,1,140606.00,'2024-04-12','asexis'),(202206,3322343,5,1,140606.00,'2024-04-12','asexis'),(202206,1032403881,5,1,140606.00,'2024-04-12','asexis'),(202206,3132234,5,1,140606.00,'2024-04-12','asexis'),(202206,18418303,5,1,140606.00,'2024-04-12','asexis'),(202206,41718136,5,1,140606.00,'2024-04-12','asexis'),(202206,41718138,5,1,112485.00,'2024-04-12','asexis'),(202206,2320893,5,1,140606.00,'2024-04-12','asexis'),(202206,41718137,5,1,140606.00,'2024-04-12','asexis'),(202206,41718132,5,1,140606.00,'2024-04-12','asexis'),(202206,41718133,5,1,140606.00,'2024-04-12','asexis'),(202206,8729882,5,1,140606.00,'2024-04-12','asexis'),(202206,1079657627,5,1,140606.00,'2024-04-12','asexis'),(202206,5886604,5,1,140606.00,'2024-04-12','asexis'),(202206,41718131,5,1,140606.00,'2024-04-12','asexis'),(202206,10181528,5,1,140606.00,'2024-04-12','asexis'),(202206,1073320821,5,1,140606.00,'2024-04-12','asexis'),(202206,3131747,5,1,140606.00,'2024-04-12','asexis'),(202206,1317473,5,1,140606.00,'2024-04-12','asexis'),(202206,10175933,5,1,140606.00,'2024-04-12','asexis'),(202206,41718135,5,1,140606.00,'2024-04-12','asexis');
/*!40000 ALTER TABLE `novlrnom_liq` ENABLE KEYS */;
UNLOCK TABLES;

--
-- Table structure for table `observaciones`
--

DROP TABLE IF EXISTS `observaciones`;
/*!40101 SET @saved_cs_client     = @@character_set_client */;
/*!40101 SET character_set_client = utf8 */;
CREATE TABLE `observaciones` (
  `ob_numero` int(9) NOT NULL,
  `ob_detalle` text,
  PRIMARY KEY (`ob_numero`)
) ENGINE=MyISAM DEFAULT CHARSET=latin1;
/*!40101 SET character_set_client = @saved_cs_client */;

--
-- Dumping data for table `observaciones`
--

LOCK TABLES `observaciones` WRITE;
/*!40000 ALTER TABLE `observaciones` DISABLE KEYS */;
/*!40000 ALTER TABLE `observaciones` ENABLE KEYS */;
UNLOCK TABLES;

--
-- Table structure for table `ordenes`
--

DROP TABLE IF EXISTS `ordenes`;
/*!40101 SET @saved_cs_client     = @@character_set_client */;
/*!40101 SET character_set_client = utf8 */;
CREATE TABLE `ordenes` (
  `or_numero` int(9) NOT NULL,
  `or_codcli` varchar(12) NOT NULL DEFAULT '0',
  `or_pedido` int(9) NOT NULL,
  `or_observa` text,
  `or_codres` char(12) NOT NULL,
  `or_fecreg` date DEFAULT NULL,
  `or_horreg` time NOT NULL DEFAULT '00:00:00',
  `or_vlrtot` int(9) DEFAULT NULL,
  `or_descli` int(9) DEFAULT NULL,
  `or_vlriva` int(9) DEFAULT NULL,
  `or_apagar` int(9) DEFAULT NULL,
  `or_estado` char(1) NOT NULL,
  `or_tippag` char(1) NOT NULL,
  `or_contrato` varchar(10) NOT NULL,
  `or_vigencia` int(6) NOT NULL,
  PRIMARY KEY (`or_numero`),
  KEY `or_codcli` (`or_codcli`),
  KEY `or_pedido` (`or_pedido`)
) ENGINE=MyISAM DEFAULT CHARSET=latin1;
/*!40101 SET character_set_client = @saved_cs_client */;

--
-- Dumping data for table `ordenes`
--

LOCK TABLES `ordenes` WRITE;
/*!40000 ALTER TABLE `ordenes` DISABLE KEYS */;
/*!40000 ALTER TABLE `ordenes` ENABLE KEYS */;
UNLOCK TABLES;

--
-- Table structure for table `paraexogena`
--

DROP TABLE IF EXISTS `paraexogena`;
/*!40101 SET @saved_cs_client     = @@character_set_client */;
/*!40101 SET character_set_client = utf8 */;
CREATE TABLE `paraexogena` (
  `formato` char(12) NOT NULL,
  `concepto` char(12) NOT NULL,
  `ctainicial` char(12) NOT NULL,
  `ctafinal` char(12) NOT NULL,
  `columna` int(6) NOT NULL
) ENGINE=MyISAM DEFAULT CHARSET=latin1;
/*!40101 SET character_set_client = @saved_cs_client */;

--
-- Dumping data for table `paraexogena`
--

LOCK TABLES `paraexogena` WRITE;
/*!40000 ALTER TABLE `paraexogena` DISABLE KEYS */;
/*!40000 ALTER TABLE `paraexogena` ENABLE KEYS */;
UNLOCK TABLES;

--
-- Table structure for table `pedcom`
--

DROP TABLE IF EXISTS `pedcom`;
/*!40101 SET @saved_cs_client     = @@character_set_client */;
/*!40101 SET character_set_client = utf8 */;
CREATE TABLE `pedcom` (
  `pec_numero` int(9) NOT NULL,
  `pec_mesa` int(4) NOT NULL,
  `pec_observ` char(40) DEFAULT NULL,
  PRIMARY KEY (`pec_numero`)
) ENGINE=MyISAM DEFAULT CHARSET=latin1;
/*!40101 SET character_set_client = @saved_cs_client */;

--
-- Dumping data for table `pedcom`
--

LOCK TABLES `pedcom` WRITE;
/*!40000 ALTER TABLE `pedcom` DISABLE KEYS */;
/*!40000 ALTER TABLE `pedcom` ENABLE KEYS */;
UNLOCK TABLES;

--
-- Table structure for table `pedcomp`
--

DROP TABLE IF EXISTS `pedcomp`;
/*!40101 SET @saved_cs_client     = @@character_set_client */;
/*!40101 SET character_set_client = utf8 */;
CREATE TABLE `pedcomp` (
  `pec_numero` int(9) NOT NULL,
  `pec_fecha` date NOT NULL,
  `pec_observ` varchar(80) DEFAULT NULL,
  PRIMARY KEY (`pec_numero`,`pec_fecha`)
) ENGINE=MyISAM DEFAULT CHARSET=latin1;
/*!40101 SET character_set_client = @saved_cs_client */;

--
-- Dumping data for table `pedcomp`
--

LOCK TABLES `pedcomp` WRITE;
/*!40000 ALTER TABLE `pedcomp` DISABLE KEYS */;
/*!40000 ALTER TABLE `pedcomp` ENABLE KEYS */;
UNLOCK TABLES;

--
-- Table structure for table `pedidos`
--

DROP TABLE IF EXISTS `pedidos`;
/*!40101 SET @saved_cs_client     = @@character_set_client */;
/*!40101 SET character_set_client = utf8 */;
CREATE TABLE `pedidos` (
  `pe_numero` int(9) NOT NULL,
  `pe_mesa` bigint(12) NOT NULL,
  `pe_observ` char(40) DEFAULT NULL,
  PRIMARY KEY (`pe_numero`)
) ENGINE=MyISAM DEFAULT CHARSET=latin1;
/*!40101 SET character_set_client = @saved_cs_client */;

--
-- Dumping data for table `pedidos`
--

LOCK TABLES `pedidos` WRITE;
/*!40000 ALTER TABLE `pedidos` DISABLE KEYS */;
/*!40000 ALTER TABLE `pedidos` ENABLE KEYS */;
UNLOCK TABLES;

--
-- Table structure for table `pedidos_cxp`
--

DROP TABLE IF EXISTS `pedidos_cxp`;
/*!40101 SET @saved_cs_client     = @@character_set_client */;
/*!40101 SET character_set_client = utf8 */;
CREATE TABLE `pedidos_cxp` (
  `pe_numero` int(9) NOT NULL,
  `pe_mesa` bigint(12) NOT NULL,
  `pe_observ` char(40) DEFAULT NULL,
  PRIMARY KEY (`pe_numero`)
) ENGINE=MyISAM DEFAULT CHARSET=latin1;
/*!40101 SET character_set_client = @saved_cs_client */;

--
-- Dumping data for table `pedidos_cxp`
--

LOCK TABLES `pedidos_cxp` WRITE;
/*!40000 ALTER TABLE `pedidos_cxp` DISABLE KEYS */;
/*!40000 ALTER TABLE `pedidos_cxp` ENABLE KEYS */;
UNLOCK TABLES;

--
-- Table structure for table `pedidos_fe`
--

DROP TABLE IF EXISTS `pedidos_fe`;
/*!40101 SET @saved_cs_client     = @@character_set_client */;
/*!40101 SET character_set_client = utf8 */;
CREATE TABLE `pedidos_fe` (
  `pe_numero` int(9) NOT NULL,
  `pe_mesa` bigint(12) NOT NULL,
  `pe_observ` char(40) DEFAULT NULL,
  PRIMARY KEY (`pe_numero`)
) ENGINE=MyISAM DEFAULT CHARSET=latin1;
/*!40101 SET character_set_client = @saved_cs_client */;

--
-- Dumping data for table `pedidos_fe`
--

LOCK TABLES `pedidos_fe` WRITE;
/*!40000 ALTER TABLE `pedidos_fe` DISABLE KEYS */;
/*!40000 ALTER TABLE `pedidos_fe` ENABLE KEYS */;
UNLOCK TABLES;

--
-- Table structure for table `pedidosal`
--

DROP TABLE IF EXISTS `pedidosal`;
/*!40101 SET @saved_cs_client     = @@character_set_client */;
/*!40101 SET character_set_client = utf8 */;
CREATE TABLE `pedidosal` (
  `pes_numero` int(9) NOT NULL,
  `pes_observ` char(40) DEFAULT NULL,
  `pes_codcli` varchar(12) DEFAULT NULL,
  `descripcion` text NOT NULL,
  `pes_fecha` date DEFAULT '0000-00-00' COMMENT 'Fecha de Creacion del Pedido',
  `causado` int(1) DEFAULT '0' COMMENT 'Indica si el Documento esta Causado',
  `anulado` int(1) DEFAULT '0' COMMENT 'Indica si el Documento esta Anulado',
  `observacion` text COMMENT 'Observaciones del Pedido',
  PRIMARY KEY (`pes_numero`),
  KEY `pes_codcli` (`pes_codcli`)
) ENGINE=InnoDB DEFAULT CHARSET=latin1;
/*!40101 SET character_set_client = @saved_cs_client */;

--
-- Dumping data for table `pedidosal`
--

LOCK TABLES `pedidosal` WRITE;
/*!40000 ALTER TABLE `pedidosal` DISABLE KEYS */;
/*!40000 ALTER TABLE `pedidosal` ENABLE KEYS */;
UNLOCK TABLES;

--
-- Table structure for table `pedidosdes`
--

DROP TABLE IF EXISTS `pedidosdes`;
/*!40101 SET @saved_cs_client     = @@character_set_client */;
/*!40101 SET character_set_client = utf8 */;
CREATE TABLE `pedidosdes` (
  `ped_numero` int(9) NOT NULL,
  `ped_observ` char(40) DEFAULT NULL,
  `ped_codcli` bigint(12) DEFAULT NULL,
  PRIMARY KEY (`ped_numero`),
  KEY `ped_codcli` (`ped_codcli`)
) ENGINE=MyISAM DEFAULT CHARSET=latin1;
/*!40101 SET character_set_client = @saved_cs_client */;

--
-- Dumping data for table `pedidosdes`
--

LOCK TABLES `pedidosdes` WRITE;
/*!40000 ALTER TABLE `pedidosdes` DISABLE KEYS */;
/*!40000 ALTER TABLE `pedidosdes` ENABLE KEYS */;
UNLOCK TABLES;

--
-- Table structure for table `pedidosno`
--

DROP TABLE IF EXISTS `pedidosno`;
/*!40101 SET @saved_cs_client     = @@character_set_client */;
/*!40101 SET character_set_client = utf8 */;
CREATE TABLE `pedidosno` (
  `pen_numero` int(9) NOT NULL,
  `pen_observ` char(40) DEFAULT NULL,
  `pen_cuenta` char(12) DEFAULT NULL,
  PRIMARY KEY (`pen_numero`),
  KEY `pen_cuenta` (`pen_cuenta`)
) ENGINE=InnoDB DEFAULT CHARSET=latin1;
/*!40101 SET character_set_client = @saved_cs_client */;

--
-- Dumping data for table `pedidosno`
--

LOCK TABLES `pedidosno` WRITE;
/*!40000 ALTER TABLE `pedidosno` DISABLE KEYS */;
/*!40000 ALTER TABLE `pedidosno` ENABLE KEYS */;
UNLOCK TABLES;

--
-- Table structure for table `pedidosre`
--

DROP TABLE IF EXISTS `pedidosre`;
/*!40101 SET @saved_cs_client     = @@character_set_client */;
/*!40101 SET character_set_client = utf8 */;
CREATE TABLE `pedidosre` (
  `per_numero` int(9) NOT NULL,
  `per_observ` char(40) DEFAULT NULL,
  `per_codcli` bigint(12) DEFAULT NULL,
  PRIMARY KEY (`per_numero`),
  KEY `per_codcli` (`per_codcli`)
) ENGINE=MyISAM DEFAULT CHARSET=latin1;
/*!40101 SET character_set_client = @saved_cs_client */;

--
-- Dumping data for table `pedidosre`
--

LOCK TABLES `pedidosre` WRITE;
/*!40000 ALTER TABLE `pedidosre` DISABLE KEYS */;
/*!40000 ALTER TABLE `pedidosre` ENABLE KEYS */;
UNLOCK TABLES;

--
-- Table structure for table `pedidosre_nom`
--

DROP TABLE IF EXISTS `pedidosre_nom`;
/*!40101 SET @saved_cs_client     = @@character_set_client */;
/*!40101 SET character_set_client = utf8 */;
CREATE TABLE `pedidosre_nom` (
  `per_numero` int(9) NOT NULL,
  `per_observ` char(40) DEFAULT NULL,
  `per_codcli` bigint(12) DEFAULT NULL,
  PRIMARY KEY (`per_numero`),
  KEY `per_codcli` (`per_codcli`)
) ENGINE=MyISAM DEFAULT CHARSET=latin1;
/*!40101 SET character_set_client = @saved_cs_client */;

--
-- Dumping data for table `pedidosre_nom`
--

LOCK TABLES `pedidosre_nom` WRITE;
/*!40000 ALTER TABLE `pedidosre_nom` DISABLE KEYS */;
INSERT INTO `pedidosre_nom` (`per_numero`, `per_observ`, `per_codcli`) VALUES (1,'210001',0);
/*!40000 ALTER TABLE `pedidosre_nom` ENABLE KEYS */;
UNLOCK TABLES;

--
-- Table structure for table `pedidosrec`
--

DROP TABLE IF EXISTS `pedidosrec`;
/*!40101 SET @saved_cs_client     = @@character_set_client */;
/*!40101 SET character_set_client = utf8 */;
CREATE TABLE `pedidosrec` (
  `per_numero` int(9) NOT NULL,
  `per_observ` char(40) DEFAULT NULL,
  `per_codcli` bigint(12) DEFAULT NULL,
  PRIMARY KEY (`per_numero`),
  KEY `per_codcli` (`per_codcli`)
) ENGINE=MyISAM DEFAULT CHARSET=latin1;
/*!40101 SET character_set_client = @saved_cs_client */;

--
-- Dumping data for table `pedidosrec`
--

LOCK TABLES `pedidosrec` WRITE;
/*!40000 ALTER TABLE `pedidosrec` DISABLE KEYS */;
/*!40000 ALTER TABLE `pedidosrec` ENABLE KEYS */;
UNLOCK TABLES;

--
-- Table structure for table `pedidosrecc`
--

DROP TABLE IF EXISTS `pedidosrecc`;
/*!40101 SET @saved_cs_client     = @@character_set_client */;
/*!40101 SET character_set_client = utf8 */;
CREATE TABLE `pedidosrecc` (
  `per_numero` int(9) NOT NULL,
  `per_observ` char(40) DEFAULT NULL,
  `per_codcli` bigint(12) DEFAULT NULL,
  `per_fecini` date NOT NULL,
  `per_fecfin` date NOT NULL,
  PRIMARY KEY (`per_numero`),
  KEY `per_codcli` (`per_codcli`)
) ENGINE=MyISAM DEFAULT CHARSET=latin1;
/*!40101 SET character_set_client = @saved_cs_client */;

--
-- Dumping data for table `pedidosrecc`
--

LOCK TABLES `pedidosrecc` WRITE;
/*!40000 ALTER TABLE `pedidosrecc` DISABLE KEYS */;
/*!40000 ALTER TABLE `pedidosrecc` ENABLE KEYS */;
UNLOCK TABLES;

--
-- Table structure for table `pedped`
--

DROP TABLE IF EXISTS `pedped`;
/*!40101 SET @saved_cs_client     = @@character_set_client */;
/*!40101 SET character_set_client = utf8 */;
CREATE TABLE `pedped` (
  `pep_numero` int(9) NOT NULL,
  `pep_observa` text,
  `pep_codusu` char(12) NOT NULL,
  `pep_fecreg` date DEFAULT NULL,
  `pep_horreg` time NOT NULL DEFAULT '00:00:00',
  `pep_codare` int(4) NOT NULL,
  `pep_estado` char(1) NOT NULL,
  PRIMARY KEY (`pep_numero`),
  KEY `pep_codare` (`pep_codare`)
) ENGINE=InnoDB DEFAULT CHARSET=latin1;
/*!40101 SET character_set_client = @saved_cs_client */;

--
-- Dumping data for table `pedped`
--

LOCK TABLES `pedped` WRITE;
/*!40000 ALTER TABLE `pedped` DISABLE KEYS */;
/*!40000 ALTER TABLE `pedped` ENABLE KEYS */;
UNLOCK TABLES;

--
-- Table structure for table `permisos`
--

DROP TABLE IF EXISTS `permisos`;
/*!40101 SET @saved_cs_client     = @@character_set_client */;
/*!40101 SET character_set_client = utf8 */;
CREATE TABLE `permisos` (
  `pe_codpro` int(11) NOT NULL DEFAULT '0',
  `pe_codemp` char(8) NOT NULL DEFAULT '',
  PRIMARY KEY (`pe_codpro`,`pe_codemp`),
  KEY `pe_codpro` (`pe_codpro`),
  KEY `pe_codemp` (`pe_codemp`)
) ENGINE=MyISAM DEFAULT CHARSET=latin1;
/*!40101 SET character_set_client = @saved_cs_client */;

--
-- Dumping data for table `permisos`
--

LOCK TABLES `permisos` WRITE;
/*!40000 ALTER TABLE `permisos` DISABLE KEYS */;
/*!40000 ALTER TABLE `permisos` ENABLE KEYS */;
UNLOCK TABLES;

--
-- Table structure for table `recaudo`
--

DROP TABLE IF EXISTS `recaudo`;
/*!40101 SET @saved_cs_client     = @@character_set_client */;
/*!40101 SET character_set_client = utf8 */;
CREATE TABLE `recaudo` (
  `rec_numero` int(9) NOT NULL,
  `rec_codcli` bigint(12) DEFAULT NULL,
  `rec_codres` char(12) NOT NULL,
  `rec_fecreg` date DEFAULT NULL,
  `rec_horreg` time NOT NULL DEFAULT '00:00:00',
  `rec_estado` char(1) NOT NULL,
  `rec_tippag` char(1) NOT NULL,
  `rec_refere` int(9) NOT NULL,
  `rec_vlrtot` double(15,2) DEFAULT NULL,
  `rec_detalle` text NOT NULL,
  `rec_feccre` date NOT NULL,
  PRIMARY KEY (`rec_numero`),
  KEY `rec_codcli` (`rec_codcli`),
  KEY `rec_refere` (`rec_refere`)
) ENGINE=MyISAM DEFAULT CHARSET=latin1;
/*!40101 SET character_set_client = @saved_cs_client */;

--
-- Dumping data for table `recaudo`
--

LOCK TABLES `recaudo` WRITE;
/*!40000 ALTER TABLE `recaudo` DISABLE KEYS */;
INSERT INTO `recaudo` (`rec_numero`, `rec_codcli`, `rec_codres`, `rec_fecreg`, `rec_horreg`, `rec_estado`, `rec_tippag`, `rec_refere`, `rec_vlrtot`, `rec_detalle`, `rec_feccre`) VALUES (220001,900299637,'asexis','2022-05-04','00:00:08','C','1',0,126436.00,'Ingresos de Recaudos para el periodo 2022-05-04 ','2022-07-07'),(220002,900299637,'asexis','2022-05-04','00:00:08','C','1',0,945164.00,'Ingresos de Recaudos para el 2022-05-04','2022-07-07'),(220003,900299637,'asexis','2022-05-09','00:00:08','C','1',0,408900.00,'Ingresos de Recaudos para el periodo 2022-05-09 ','2022-07-07'),(220004,900299637,'asexis','2022-05-09','00:00:08','C','1',0,1480800.00,'Ingresos de Recaudos para el 2022-05-09','2022-07-07'),(220005,900299637,'asexis','2022-05-10','00:00:08','C','1',0,319900.00,'Ingresos de Recaudos para el periodo 2022-05-10 ','2022-07-07'),(220006,900299637,'asexis','2022-05-10','00:00:08','C','1',0,1495300.00,'Ingresos de Recaudos para el 2022-05-10','2022-07-07'),(220007,900299637,'asexis','2022-05-11','00:00:08','C','1',0,244625.10,'Ingresos de Recaudos para el periodo 2022-05-11 ','2022-07-07'),(220008,900299637,'asexis','2022-05-11','00:00:08','C','1',0,932274.90,'Ingresos de Recaudos para el 2022-05-11','2022-07-07'),(220009,900299637,'asexis','2022-05-12','00:00:08','C','1',0,221500.00,'Ingresos de Recaudos para el periodo 2022-05-12 ','2022-07-07'),(220010,900299637,'asexis','2022-05-12','00:00:08','C','1',0,850400.00,'Ingresos de Recaudos para el 2022-05-12','2022-07-07'),(220011,900299637,'asexis','2022-05-13','00:00:08','C','1',0,107700.00,'Ingresos de Recaudos para el periodo 2022-05-13 ','2022-07-07'),(220012,900299637,'asexis','2022-05-13','00:00:08','C','1',0,481100.00,'Ingresos de Recaudos para el 2022-05-13','2022-07-07'),(220013,900299637,'asexis','2022-05-16','00:00:08','C','1',0,381900.00,'Ingresos de Recaudos para el periodo 2022-05-16 ','2022-07-07'),(220014,900299637,'asexis','2022-05-16','00:00:08','C','1',0,1077420.00,'Ingresos de Recaudos para el 2022-05-16','2022-07-07'),(220015,900299637,'asexis','2022-05-17','00:00:08','C','1',0,279800.00,'Ingresos de Recaudos para el periodo 2022-05-17 ','2022-07-07'),(220016,900299637,'asexis','2022-05-17','00:00:08','C','1',0,689500.00,'Ingresos de Recaudos para el 2022-05-17','2022-07-07'),(220017,900299637,'asexis','2022-05-18','00:00:08','C','1',0,216700.00,'Ingresos de Recaudos para el periodo 2022-05-18 ','2022-07-07'),(220018,900299637,'asexis','2022-05-18','00:00:08','C','1',0,450500.00,'Ingresos de Recaudos para el 2022-05-18','2022-07-07'),(220019,900299637,'asexis','2022-05-19','00:00:08','C','1',0,215800.00,'Ingresos de Recaudos para el periodo 2022-05-19 ','2022-07-07'),(220020,900299637,'asexis','2022-05-19','00:00:08','C','1',0,415100.00,'Ingresos de Recaudos para el 2022-05-19','2022-07-07'),(220021,900299637,'asexis','2022-05-20','00:00:08','C','1',0,210600.00,'Ingresos de Recaudos para el periodo 2022-05-20 ','2022-07-07'),(220022,900299637,'asexis','2022-05-20','00:00:08','C','1',0,581000.00,'Ingresos de Recaudos para el 2022-05-20','2022-07-07'),(220023,900299637,'asexis','2022-05-23','00:00:08','C','1',0,158200.00,'Ingresos de Recaudos para el periodo 2022-05-23 ','2022-07-07'),(220024,900299637,'asexis','2022-05-23','00:00:08','C','1',0,605500.00,'Ingresos de Recaudos para el 2022-05-23','2022-07-07'),(220025,900299637,'asexis','2022-05-24','00:00:08','C','1',0,67300.00,'Ingresos de Recaudos para el periodo 2022-05-24 ','2022-07-07'),(220026,900299637,'asexis','2022-05-24','00:00:08','C','1',0,372900.00,'Ingresos de Recaudos para el 2022-05-24','2022-07-07'),(220027,900299637,'asexis','2022-05-25','00:00:08','C','1',0,187000.00,'Ingresos de Recaudos para el periodo 2022-05-25 ','2022-07-07'),(220028,900299637,'asexis','2022-05-25','00:00:08','C','1',0,230900.00,'Ingresos de Recaudos para el 2022-05-25','2022-07-07'),(220029,900299637,'asexis','2022-05-26','00:00:08','C','1',0,72300.00,'Ingresos de Recaudos para el periodo 2022-05-26 ','2022-07-07'),(220030,900299637,'asexis','2022-05-26','00:00:08','C','1',0,233700.00,'Ingresos de Recaudos para el 2022-05-26','2022-07-07'),(220031,900299637,'asexis','2022-05-27','00:00:08','C','1',0,244700.00,'Ingresos de Recaudos para el periodo 2022-05-27 ','2022-07-07'),(220032,900299637,'asexis','2022-05-27','00:00:08','C','1',0,337500.00,'Ingresos de Recaudos para el 2022-05-27','2022-07-07'),(220033,900299637,'asexis','2022-05-04','00:00:08','C','1',0,126436.00,'Ingresos de Recaudos para el periodo 2022-05-04 ','2022-07-07'),(220034,900299637,'asexis','2022-05-04','00:00:08','C','1',0,945164.00,'Ingresos de Recaudos para el 2022-05-04','2022-07-07'),(220035,900299637,'asexis','2022-05-09','00:00:08','C','1',0,408900.00,'Ingresos de Recaudos para el periodo 2022-05-09 ','2022-07-07'),(220036,900299637,'asexis','2022-05-09','00:00:08','C','1',0,1480800.00,'Ingresos de Recaudos para el 2022-05-09','2022-07-07'),(220037,900299637,'asexis','2022-05-10','00:00:08','C','1',0,319900.00,'Ingresos de Recaudos para el periodo 2022-05-10 ','2022-07-07'),(220038,900299637,'asexis','2022-05-10','00:00:08','C','1',0,1495300.00,'Ingresos de Recaudos para el 2022-05-10','2022-07-07'),(220039,900299637,'asexis','2022-05-11','00:00:08','C','1',0,244625.10,'Ingresos de Recaudos para el periodo 2022-05-11 ','2022-07-07'),(220040,900299637,'asexis','2022-05-11','00:00:08','C','1',0,932274.90,'Ingresos de Recaudos para el 2022-05-11','2022-07-07'),(220041,900299637,'asexis','2022-05-12','00:00:08','C','1',0,221500.00,'Ingresos de Recaudos para el periodo 2022-05-12 ','2022-07-07'),(220042,900299637,'asexis','2022-05-12','00:00:08','C','1',0,850400.00,'Ingresos de Recaudos para el 2022-05-12','2022-07-07'),(220043,900299637,'asexis','2022-05-13','00:00:08','C','1',0,107700.00,'Ingresos de Recaudos para el periodo 2022-05-13 ','2022-07-07'),(220044,900299637,'asexis','2022-05-13','00:00:08','C','1',0,481100.00,'Ingresos de Recaudos para el 2022-05-13','2022-07-07'),(220045,900299637,'asexis','2022-05-16','00:00:08','C','1',0,381900.00,'Ingresos de Recaudos para el periodo 2022-05-16 ','2022-07-07'),(220046,900299637,'asexis','2022-05-16','00:00:08','C','1',0,1077420.00,'Ingresos de Recaudos para el 2022-05-16','2022-07-07'),(220047,900299637,'asexis','2022-05-17','00:00:08','C','1',0,279800.00,'Ingresos de Recaudos para el periodo 2022-05-17 ','2022-07-07'),(220048,900299637,'asexis','2022-05-17','00:00:08','C','1',0,689500.00,'Ingresos de Recaudos para el 2022-05-17','2022-07-07'),(220049,900299637,'asexis','2022-05-18','00:00:08','C','1',0,216700.00,'Ingresos de Recaudos para el periodo 2022-05-18 ','2022-07-07'),(220050,900299637,'asexis','2022-05-18','00:00:08','C','1',0,450500.00,'Ingresos de Recaudos para el 2022-05-18','2022-07-07'),(220051,900299637,'asexis','2022-05-19','00:00:08','C','1',0,215800.00,'Ingresos de Recaudos para el periodo 2022-05-19 ','2022-07-07'),(220052,900299637,'asexis','2022-05-19','00:00:08','C','1',0,415100.00,'Ingresos de Recaudos para el 2022-05-19','2022-07-07'),(220053,900299637,'asexis','2022-05-20','00:00:08','C','1',0,210600.00,'Ingresos de Recaudos para el periodo 2022-05-20 ','2022-07-07'),(220054,900299637,'asexis','2022-05-20','00:00:08','C','1',0,581000.00,'Ingresos de Recaudos para el 2022-05-20','2022-07-07'),(220055,900299637,'asexis','2022-05-23','00:00:08','C','1',0,158200.00,'Ingresos de Recaudos para el periodo 2022-05-23 ','2022-07-07'),(220056,900299637,'asexis','2022-05-23','00:00:08','C','1',0,605500.00,'Ingresos de Recaudos para el 2022-05-23','2022-07-07'),(220057,900299637,'asexis','2022-05-24','00:00:08','C','1',0,67300.00,'Ingresos de Recaudos para el periodo 2022-05-24 ','2022-07-07'),(220058,900299637,'asexis','2022-05-24','00:00:08','C','1',0,372900.00,'Ingresos de Recaudos para el 2022-05-24','2022-07-07'),(220059,900299637,'asexis','2022-05-25','00:00:08','C','1',0,187000.00,'Ingresos de Recaudos para el periodo 2022-05-25 ','2022-07-07'),(220060,900299637,'asexis','2022-05-25','00:00:08','C','1',0,230900.00,'Ingresos de Recaudos para el 2022-05-25','2022-07-07'),(220061,900299637,'asexis','2022-05-26','00:00:08','C','1',0,72300.00,'Ingresos de Recaudos para el periodo 2022-05-26 ','2022-07-07'),(220062,900299637,'asexis','2022-05-26','00:00:08','C','1',0,233700.00,'Ingresos de Recaudos para el 2022-05-26','2022-07-07'),(220063,900299637,'asexis','2022-05-27','00:00:08','C','1',0,244700.00,'Ingresos de Recaudos para el periodo 2022-05-27 ','2022-07-07'),(220064,900299637,'asexis','2022-05-27','00:00:08','C','1',0,337500.00,'Ingresos de Recaudos para el 2022-05-27','2022-07-07'),(220065,900299637,'asexis','2022-05-04','00:00:03','C','1',0,126436.00,'Ingresos de Recaudos para el periodo 2022-05-04 ','2022-07-07'),(220066,900299637,'asexis','2022-05-04','00:00:03','C','1',0,945164.00,'Ingresos de Recaudos para el 2022-05-04','2022-07-07'),(220067,900299637,'asexis','2022-05-09','00:00:03','C','1',0,408900.00,'Ingresos de Recaudos para el periodo 2022-05-09 ','2022-07-07'),(220068,900299637,'asexis','2022-05-09','00:00:03','C','1',0,1480800.00,'Ingresos de Recaudos para el 2022-05-09','2022-07-07'),(220069,900299637,'asexis','2022-05-10','00:00:03','C','1',0,319900.00,'Ingresos de Recaudos para el periodo 2022-05-10 ','2022-07-07'),(220070,900299637,'asexis','2022-05-10','00:00:03','C','1',0,1495300.00,'Ingresos de Recaudos para el 2022-05-10','2022-07-07'),(220071,900299637,'asexis','2022-05-11','00:00:03','C','1',0,244625.10,'Ingresos de Recaudos para el periodo 2022-05-11 ','2022-07-07'),(220072,900299637,'asexis','2022-05-11','00:00:03','C','1',0,932274.90,'Ingresos de Recaudos para el 2022-05-11','2022-07-07'),(220073,900299637,'asexis','2022-05-12','00:00:03','C','1',0,221500.00,'Ingresos de Recaudos para el periodo 2022-05-12 ','2022-07-07'),(220074,900299637,'asexis','2022-05-12','00:00:03','C','1',0,850400.00,'Ingresos de Recaudos para el 2022-05-12','2022-07-07'),(220075,900299637,'asexis','2022-05-13','00:00:03','C','1',0,107700.00,'Ingresos de Recaudos para el periodo 2022-05-13 ','2022-07-07'),(220076,900299637,'asexis','2022-05-13','00:00:03','C','1',0,481100.00,'Ingresos de Recaudos para el 2022-05-13','2022-07-07'),(220077,900299637,'asexis','2022-05-16','00:00:03','C','1',0,381900.00,'Ingresos de Recaudos para el periodo 2022-05-16 ','2022-07-07'),(220078,900299637,'asexis','2022-05-16','00:00:03','C','1',0,1077420.00,'Ingresos de Recaudos para el 2022-05-16','2022-07-07'),(220079,900299637,'asexis','2022-05-17','00:00:03','C','1',0,279800.00,'Ingresos de Recaudos para el periodo 2022-05-17 ','2022-07-07'),(220080,900299637,'asexis','2022-05-17','00:00:03','C','1',0,689500.00,'Ingresos de Recaudos para el 2022-05-17','2022-07-07'),(220081,900299637,'asexis','2022-05-18','00:00:03','C','1',0,216700.00,'Ingresos de Recaudos para el periodo 2022-05-18 ','2022-07-07'),(220082,900299637,'asexis','2022-05-18','00:00:03','C','1',0,450500.00,'Ingresos de Recaudos para el 2022-05-18','2022-07-07'),(220083,900299637,'asexis','2022-05-19','00:00:03','C','1',0,215800.00,'Ingresos de Recaudos para el periodo 2022-05-19 ','2022-07-07'),(220084,900299637,'asexis','2022-05-19','00:00:03','C','1',0,415100.00,'Ingresos de Recaudos para el 2022-05-19','2022-07-07'),(220085,900299637,'asexis','2022-05-20','00:00:03','C','1',0,210600.00,'Ingresos de Recaudos para el periodo 2022-05-20 ','2022-07-07'),(220086,900299637,'asexis','2022-05-20','00:00:03','C','1',0,581000.00,'Ingresos de Recaudos para el 2022-05-20','2022-07-07'),(220087,900299637,'asexis','2022-05-23','00:00:03','C','1',0,158200.00,'Ingresos de Recaudos para el periodo 2022-05-23 ','2022-07-07'),(220088,900299637,'asexis','2022-05-23','00:00:03','C','1',0,605500.00,'Ingresos de Recaudos para el 2022-05-23','2022-07-07'),(220089,900299637,'asexis','2022-05-24','00:00:03','C','1',0,67300.00,'Ingresos de Recaudos para el periodo 2022-05-24 ','2022-07-07'),(220090,900299637,'asexis','2022-05-24','00:00:03','C','1',0,372900.00,'Ingresos de Recaudos para el 2022-05-24','2022-07-07'),(220091,900299637,'asexis','2022-05-25','00:00:03','C','1',0,187000.00,'Ingresos de Recaudos para el periodo 2022-05-25 ','2022-07-07'),(220092,900299637,'asexis','2022-05-25','00:00:03','C','1',0,230900.00,'Ingresos de Recaudos para el 2022-05-25','2022-07-07'),(220093,900299637,'asexis','2022-05-26','00:00:03','C','1',0,72300.00,'Ingresos de Recaudos para el periodo 2022-05-26 ','2022-07-07'),(220094,900299637,'asexis','2022-05-26','00:00:03','C','1',0,233700.00,'Ingresos de Recaudos para el 2022-05-26','2022-07-07'),(220095,900299637,'asexis','2022-05-27','00:00:03','C','1',0,244700.00,'Ingresos de Recaudos para el periodo 2022-05-27 ','2022-07-07'),(220096,900299637,'asexis','2022-05-27','00:00:03','C','1',0,337500.00,'Ingresos de Recaudos para el 2022-05-27','2022-07-07'),(220097,900299637,'asexis','2022-05-04','00:00:04','C','1',0,126436.00,'Ingresos de Recaudos para el periodo 2022-05-04 ','2022-07-07'),(220098,900299637,'asexis','2022-05-04','00:00:04','C','1',0,945164.00,'Ingresos de Recaudos para el 2022-05-04','2022-07-07'),(220099,900299637,'asexis','2022-05-09','00:00:04','C','1',0,408900.00,'Ingresos de Recaudos para el periodo 2022-05-09 ','2022-07-07'),(220100,900299637,'asexis','2022-05-09','00:00:04','C','1',0,1480800.00,'Ingresos de Recaudos para el 2022-05-09','2022-07-07'),(220101,900299637,'asexis','2022-05-10','00:00:04','C','1',0,319900.00,'Ingresos de Recaudos para el periodo 2022-05-10 ','2022-07-07'),(220102,900299637,'asexis','2022-05-10','00:00:04','C','1',0,1495300.00,'Ingresos de Recaudos para el 2022-05-10','2022-07-07'),(220103,900299637,'asexis','2022-05-11','00:00:04','C','1',0,244625.10,'Ingresos de Recaudos para el periodo 2022-05-11 ','2022-07-07'),(220104,900299637,'asexis','2022-05-11','00:00:04','C','1',0,932274.90,'Ingresos de Recaudos para el 2022-05-11','2022-07-07'),(220105,900299637,'asexis','2022-05-12','00:00:04','C','1',0,221500.00,'Ingresos de Recaudos para el periodo 2022-05-12 ','2022-07-07'),(220106,900299637,'asexis','2022-05-12','00:00:04','C','1',0,850400.00,'Ingresos de Recaudos para el 2022-05-12','2022-07-07'),(220107,900299637,'asexis','2022-05-13','00:00:04','C','1',0,107700.00,'Ingresos de Recaudos para el periodo 2022-05-13 ','2022-07-07'),(220108,900299637,'asexis','2022-05-13','00:00:04','C','1',0,481100.00,'Ingresos de Recaudos para el 2022-05-13','2022-07-07'),(220109,900299637,'asexis','2022-05-16','00:00:04','C','1',0,381900.00,'Ingresos de Recaudos para el periodo 2022-05-16 ','2022-07-07'),(220110,900299637,'asexis','2022-05-16','00:00:04','C','1',0,1077420.00,'Ingresos de Recaudos para el 2022-05-16','2022-07-07'),(220111,900299637,'asexis','2022-05-17','00:00:04','C','1',0,279800.00,'Ingresos de Recaudos para el periodo 2022-05-17 ','2022-07-07'),(220112,900299637,'asexis','2022-05-17','00:00:04','C','1',0,689500.00,'Ingresos de Recaudos para el 2022-05-17','2022-07-07'),(220113,900299637,'asexis','2022-05-18','00:00:04','C','1',0,216700.00,'Ingresos de Recaudos para el periodo 2022-05-18 ','2022-07-07'),(220114,900299637,'asexis','2022-05-18','00:00:04','C','1',0,450500.00,'Ingresos de Recaudos para el 2022-05-18','2022-07-07'),(220115,900299637,'asexis','2022-05-19','00:00:04','C','1',0,215800.00,'Ingresos de Recaudos para el periodo 2022-05-19 ','2022-07-07'),(220116,900299637,'asexis','2022-05-19','00:00:04','C','1',0,415100.00,'Ingresos de Recaudos para el 2022-05-19','2022-07-07'),(220117,900299637,'asexis','2022-05-20','00:00:04','C','1',0,210600.00,'Ingresos de Recaudos para el periodo 2022-05-20 ','2022-07-07'),(220118,900299637,'asexis','2022-05-20','00:00:04','C','1',0,581000.00,'Ingresos de Recaudos para el 2022-05-20','2022-07-07'),(220119,900299637,'asexis','2022-05-23','00:00:04','C','1',0,158200.00,'Ingresos de Recaudos para el periodo 2022-05-23 ','2022-07-07'),(220120,900299637,'asexis','2022-05-23','00:00:04','C','1',0,605500.00,'Ingresos de Recaudos para el 2022-05-23','2022-07-07'),(220121,900299637,'asexis','2022-05-24','00:00:04','C','1',0,67300.00,'Ingresos de Recaudos para el periodo 2022-05-24 ','2022-07-07'),(220122,900299637,'asexis','2022-05-24','00:00:04','C','1',0,372900.00,'Ingresos de Recaudos para el 2022-05-24','2022-07-07'),(220123,900299637,'asexis','2022-05-25','00:00:04','C','1',0,187000.00,'Ingresos de Recaudos para el periodo 2022-05-25 ','2022-07-07'),(220124,900299637,'asexis','2022-05-25','00:00:04','C','1',0,230900.00,'Ingresos de Recaudos para el 2022-05-25','2022-07-07'),(220125,900299637,'asexis','2022-05-26','00:00:04','C','1',0,72300.00,'Ingresos de Recaudos para el periodo 2022-05-26 ','2022-07-07'),(220126,900299637,'asexis','2022-05-26','00:00:04','C','1',0,233700.00,'Ingresos de Recaudos para el 2022-05-26','2022-07-07'),(220127,900299637,'asexis','2022-05-27','00:00:04','C','1',0,244700.00,'Ingresos de Recaudos para el periodo 2022-05-27 ','2022-07-07'),(220128,900299637,'asexis','2022-05-27','00:00:04','C','1',0,337500.00,'Ingresos de Recaudos para el 2022-05-27','2022-07-07'),(220129,900299637,'asexis','2022-11-08','00:00:09','C','1',0,460100.00,'Ingresos de Recaudos para el periodo 2022-11-08 ','2023-05-18'),(220130,900299637,'asexis','2022-11-08','00:00:09','C','1',0,1425400.00,'Ingresos de Recaudos para el 2022-11-08','2023-05-18'),(220131,900299637,'asexis','2022-11-09','00:00:09','C','1',0,270300.00,'Ingresos de Recaudos para el periodo 2022-11-09 ','2023-05-18'),(220132,900299637,'asexis','2022-11-09','00:00:09','C','1',0,1249800.00,'Ingresos de Recaudos para el 2022-11-09','2023-05-18'),(220133,900299637,'asexis','2022-11-10','00:00:09','C','1',0,165200.00,'Ingresos de Recaudos para el periodo 2022-11-10 ','2023-05-18'),(220134,900299637,'asexis','2022-11-10','00:00:09','C','1',0,410600.00,'Ingresos de Recaudos para el 2022-11-10','2023-05-18'),(220135,900299637,'asexis','2022-11-11','00:00:09','C','1',0,158600.00,'Ingresos de Recaudos para el periodo 2022-11-11 ','2023-05-18'),(220136,900299637,'asexis','2022-11-11','00:00:09','C','1',0,610000.00,'Ingresos de Recaudos para el 2022-11-11','2023-05-18'),(220137,900299637,'asexis','2022-11-15','00:00:09','C','1',0,261800.00,'Ingresos de Recaudos para el periodo 2022-11-15 ','2023-05-18'),(220138,900299637,'asexis','2022-11-15','00:00:09','C','1',0,2499000.00,'Ingresos de Recaudos para el 2022-11-15','2023-05-18'),(220139,900299637,'asexis','2022-11-16','00:00:09','C','1',0,883864.60,'Ingresos de Recaudos para el periodo 2022-11-16 ','2023-05-18'),(220140,900299637,'asexis','2022-11-16','00:00:09','C','1',0,2405235.40,'Ingresos de Recaudos para el 2022-11-16','2023-05-18'),(220141,900299637,'asexis','2022-11-17','00:00:09','C','1',0,677410.20,'Ingresos de Recaudos para el periodo 2022-11-17 ','2023-05-18'),(220142,900299637,'asexis','2022-11-17','00:00:09','C','1',0,1065889.80,'Ingresos de Recaudos para el 2022-11-17','2023-05-18'),(220143,900299637,'asexis','2022-11-18','00:00:09','C','1',0,601192.60,'Ingresos de Recaudos para el periodo 2022-11-18 ','2023-05-18'),(220144,900299637,'asexis','2022-11-18','00:00:09','C','1',0,1426807.40,'Ingresos de Recaudos para el 2022-11-18','2023-05-18'),(220145,900299637,'asexis','2022-11-21','00:00:09','C','1',0,621052.40,'Ingresos de Recaudos para el periodo 2022-11-21 ','2023-05-18'),(220146,900299637,'asexis','2022-11-21','00:00:09','C','1',0,1470927.60,'Ingresos de Recaudos para el 2022-11-21','2023-05-18'),(220147,900299637,'asexis','2022-11-22','00:00:09','C','1',0,850246.40,'Ingresos de Recaudos para el periodo 2022-11-22 ','2023-05-18'),(220148,900299637,'asexis','2022-11-22','00:00:09','C','1',0,1449053.60,'Ingresos de Recaudos para el 2022-11-22','2023-05-18'),(220149,900299637,'asexis','2022-11-23','00:00:09','C','1',0,334027.00,'Ingresos de Recaudos para el periodo 2022-11-23 ','2023-05-18'),(220150,900299637,'asexis','2022-11-23','00:00:09','C','1',0,896573.00,'Ingresos de Recaudos para el 2022-11-23','2023-05-18'),(220151,900299637,'asexis','2022-11-24','00:00:09','C','1',0,389118.60,'Ingresos de Recaudos para el periodo 2022-11-24 ','2023-05-18'),(220152,900299637,'asexis','2022-11-24','00:00:09','C','1',0,1097981.40,'Ingresos de Recaudos para el 2022-11-24','2023-05-18'),(220153,900299637,'asexis','2022-11-25','00:00:09','C','1',0,566464.00,'Ingresos de Recaudos para el periodo 2022-11-25 ','2023-05-18'),(220154,900299637,'asexis','2022-11-25','00:00:09','C','1',0,762136.00,'Ingresos de Recaudos para el 2022-11-25','2023-05-18'),(220155,900299637,'asexis','2022-11-28','00:00:09','C','1',0,514917.80,'Ingresos de Recaudos para el periodo 2022-11-28 ','2023-05-18'),(220156,900299637,'asexis','2022-11-28','00:00:09','C','1',0,399182.20,'Ingresos de Recaudos para el 2022-11-28','2023-05-18'),(220157,900299637,'asexis','2022-11-08','00:00:09','C','1',0,460100.00,'Ingresos de Recaudos para el periodo 2022-11-08 ','2023-05-18'),(220158,900299637,'asexis','2022-11-08','00:00:09','C','1',0,1425400.00,'Ingresos de Recaudos para el 2022-11-08','2023-05-18'),(220159,900299637,'asexis','2022-11-09','00:00:09','C','1',0,270300.00,'Ingresos de Recaudos para el periodo 2022-11-09 ','2023-05-18'),(220160,900299637,'asexis','2022-11-09','00:00:09','C','1',0,1249800.00,'Ingresos de Recaudos para el 2022-11-09','2023-05-18'),(220161,900299637,'asexis','2022-11-10','00:00:09','C','1',0,165200.00,'Ingresos de Recaudos para el periodo 2022-11-10 ','2023-05-18'),(220162,900299637,'asexis','2022-11-10','00:00:09','C','1',0,410600.00,'Ingresos de Recaudos para el 2022-11-10','2023-05-18'),(220163,900299637,'asexis','2022-11-11','00:00:09','C','1',0,158600.00,'Ingresos de Recaudos para el periodo 2022-11-11 ','2023-05-18'),(220164,900299637,'asexis','2022-11-11','00:00:09','C','1',0,610000.00,'Ingresos de Recaudos para el 2022-11-11','2023-05-18'),(220165,900299637,'asexis','2022-11-15','00:00:09','C','1',0,261800.00,'Ingresos de Recaudos para el periodo 2022-11-15 ','2023-05-18'),(220166,900299637,'asexis','2022-11-15','00:00:09','C','1',0,2499000.00,'Ingresos de Recaudos para el 2022-11-15','2023-05-18'),(220167,900299637,'asexis','2022-11-16','00:00:09','C','1',0,883864.60,'Ingresos de Recaudos para el periodo 2022-11-16 ','2023-05-18'),(220168,900299637,'asexis','2022-11-16','00:00:09','C','1',0,2405235.40,'Ingresos de Recaudos para el 2022-11-16','2023-05-18'),(220169,900299637,'asexis','2022-11-17','00:00:09','C','1',0,677410.20,'Ingresos de Recaudos para el periodo 2022-11-17 ','2023-05-18'),(220170,900299637,'asexis','2022-11-17','00:00:09','C','1',0,1065889.80,'Ingresos de Recaudos para el 2022-11-17','2023-05-18'),(220171,900299637,'asexis','2022-11-18','00:00:09','C','1',0,601192.60,'Ingresos de Recaudos para el periodo 2022-11-18 ','2023-05-18'),(220172,900299637,'asexis','2022-11-18','00:00:09','C','1',0,1426807.40,'Ingresos de Recaudos para el 2022-11-18','2023-05-18'),(220173,900299637,'asexis','2022-11-21','00:00:09','C','1',0,621052.40,'Ingresos de Recaudos para el periodo 2022-11-21 ','2023-05-18'),(220174,900299637,'asexis','2022-11-21','00:00:09','C','1',0,1470927.60,'Ingresos de Recaudos para el 2022-11-21','2023-05-18'),(220175,900299637,'asexis','2022-11-22','00:00:09','C','1',0,850246.40,'Ingresos de Recaudos para el periodo 2022-11-22 ','2023-05-18'),(220176,900299637,'asexis','2022-11-22','00:00:09','C','1',0,1449053.60,'Ingresos de Recaudos para el 2022-11-22','2023-05-18'),(220177,900299637,'asexis','2022-11-23','00:00:09','C','1',0,334027.00,'Ingresos de Recaudos para el periodo 2022-11-23 ','2023-05-18'),(220178,900299637,'asexis','2022-11-23','00:00:09','C','1',0,896573.00,'Ingresos de Recaudos para el 2022-11-23','2023-05-18'),(220179,900299637,'asexis','2022-11-24','00:00:09','C','1',0,389118.60,'Ingresos de Recaudos para el periodo 2022-11-24 ','2023-05-18'),(220180,900299637,'asexis','2022-11-24','00:00:09','C','1',0,1097981.40,'Ingresos de Recaudos para el 2022-11-24','2023-05-18'),(220181,900299637,'asexis','2022-11-25','00:00:09','C','1',0,566464.00,'Ingresos de Recaudos para el periodo 2022-11-25 ','2023-05-18'),(220182,900299637,'asexis','2022-11-25','00:00:09','C','1',0,762136.00,'Ingresos de Recaudos para el 2022-11-25','2023-05-18'),(220183,900299637,'asexis','2022-11-28','00:00:09','C','1',0,514917.80,'Ingresos de Recaudos para el periodo 2022-11-28 ','2023-05-18'),(220184,900299637,'asexis','2022-11-28','00:00:09','C','1',0,399182.20,'Ingresos de Recaudos para el 2022-11-28','2023-05-18'),(220185,900299637,'asexis','2022-05-04','00:00:08','C','1',0,126436.00,'Ingresos de Recaudos para el periodo 2022-05-04 ','2024-01-24'),(220186,900299637,'asexis','2022-05-04','00:00:08','C','1',0,945164.00,'Ingresos de Recaudos para el 2022-05-04','2024-01-24'),(220187,900299637,'asexis','2022-05-09','00:00:08','C','1',0,408900.00,'Ingresos de Recaudos para el periodo 2022-05-09 ','2024-01-24'),(220188,900299637,'asexis','2022-05-09','00:00:08','C','1',0,1480800.00,'Ingresos de Recaudos para el 2022-05-09','2024-01-24'),(220189,900299637,'asexis','2022-05-10','00:00:08','C','1',0,319900.00,'Ingresos de Recaudos para el periodo 2022-05-10 ','2024-01-24'),(220190,900299637,'asexis','2022-05-10','00:00:08','C','1',0,1495300.00,'Ingresos de Recaudos para el 2022-05-10','2024-01-24'),(220191,900299637,'asexis','2022-05-11','00:00:08','C','1',0,244625.10,'Ingresos de Recaudos para el periodo 2022-05-11 ','2024-01-24'),(220192,900299637,'asexis','2022-05-11','00:00:08','C','1',0,932274.90,'Ingresos de Recaudos para el 2022-05-11','2024-01-24'),(220193,900299637,'asexis','2022-05-12','00:00:08','C','1',0,221500.00,'Ingresos de Recaudos para el periodo 2022-05-12 ','2024-01-24'),(220194,900299637,'asexis','2022-05-12','00:00:08','C','1',0,850400.00,'Ingresos de Recaudos para el 2022-05-12','2024-01-24'),(220195,900299637,'asexis','2022-05-13','00:00:08','C','1',0,107700.00,'Ingresos de Recaudos para el periodo 2022-05-13 ','2024-01-24'),(220196,900299637,'asexis','2022-05-13','00:00:08','C','1',0,481100.00,'Ingresos de Recaudos para el 2022-05-13','2024-01-24'),(220197,900299637,'asexis','2022-05-16','00:00:08','C','1',0,381900.00,'Ingresos de Recaudos para el periodo 2022-05-16 ','2024-01-24'),(220198,900299637,'asexis','2022-05-16','00:00:08','C','1',0,1077420.00,'Ingresos de Recaudos para el 2022-05-16','2024-01-24'),(220199,900299637,'asexis','2022-05-17','00:00:08','C','1',0,279800.00,'Ingresos de Recaudos para el periodo 2022-05-17 ','2024-01-24'),(220200,900299637,'asexis','2022-05-17','00:00:08','C','1',0,689500.00,'Ingresos de Recaudos para el 2022-05-17','2024-01-24'),(220201,900299637,'asexis','2022-05-18','00:00:08','C','1',0,216700.00,'Ingresos de Recaudos para el periodo 2022-05-18 ','2024-01-24'),(220202,900299637,'asexis','2022-05-18','00:00:08','C','1',0,450500.00,'Ingresos de Recaudos para el 2022-05-18','2024-01-24'),(220203,900299637,'asexis','2022-05-19','00:00:08','C','1',0,215800.00,'Ingresos de Recaudos para el periodo 2022-05-19 ','2024-01-24'),(220204,900299637,'asexis','2022-05-19','00:00:08','C','1',0,415100.00,'Ingresos de Recaudos para el 2022-05-19','2024-01-24'),(220205,900299637,'asexis','2022-05-20','00:00:08','C','1',0,210600.00,'Ingresos de Recaudos para el periodo 2022-05-20 ','2024-01-24'),(220206,900299637,'asexis','2022-05-20','00:00:08','C','1',0,581000.00,'Ingresos de Recaudos para el 2022-05-20','2024-01-24'),(220207,900299637,'asexis','2022-05-23','00:00:08','C','1',0,158200.00,'Ingresos de Recaudos para el periodo 2022-05-23 ','2024-01-24'),(220208,900299637,'asexis','2022-05-23','00:00:08','C','1',0,605500.00,'Ingresos de Recaudos para el 2022-05-23','2024-01-24'),(220209,900299637,'asexis','2022-05-24','00:00:08','C','1',0,67300.00,'Ingresos de Recaudos para el periodo 2022-05-24 ','2024-01-24'),(220210,900299637,'asexis','2022-05-24','00:00:08','C','1',0,372900.00,'Ingresos de Recaudos para el 2022-05-24','2024-01-24'),(220211,900299637,'asexis','2022-05-25','00:00:08','C','1',0,187000.00,'Ingresos de Recaudos para el periodo 2022-05-25 ','2024-01-24'),(220212,900299637,'asexis','2022-05-25','00:00:08','C','1',0,230900.00,'Ingresos de Recaudos para el 2022-05-25','2024-01-24'),(220213,900299637,'asexis','2022-05-26','00:00:08','C','1',0,72300.00,'Ingresos de Recaudos para el periodo 2022-05-26 ','2024-01-24'),(220214,900299637,'asexis','2022-05-26','00:00:08','C','1',0,233700.00,'Ingresos de Recaudos para el 2022-05-26','2024-01-24'),(220215,900299637,'asexis','2022-05-27','00:00:08','C','1',0,244700.00,'Ingresos de Recaudos para el periodo 2022-05-27 ','2024-01-24'),(220216,900299637,'asexis','2022-05-27','00:00:08','C','1',0,337500.00,'Ingresos de Recaudos para el 2022-05-27','2024-01-24');
/*!40000 ALTER TABLE `recaudo` ENABLE KEYS */;
UNLOCK TABLES;

--
-- Table structure for table `recaudo_aju`
--

DROP TABLE IF EXISTS `recaudo_aju`;
/*!40101 SET @saved_cs_client     = @@character_set_client */;
/*!40101 SET character_set_client = utf8 */;
CREATE TABLE `recaudo_aju` (
  `reca_numero` int(9) NOT NULL,
  `reca_codcli` bigint(12) DEFAULT NULL,
  `reca_codres` char(12) NOT NULL,
  `reca_fecreg` date DEFAULT NULL,
  `reca_horreg` time NOT NULL DEFAULT '00:00:00',
  `reca_estado` char(1) NOT NULL,
  `reca_tippag` char(1) NOT NULL,
  `reca_refere` int(9) NOT NULL,
  `reca_vlrtot` double(15,2) DEFAULT NULL,
  `reca_detalle` text NOT NULL,
  `reca_feccre` date NOT NULL,
  PRIMARY KEY (`reca_numero`),
  KEY `reca_codcli` (`reca_codcli`),
  KEY `reca_refere` (`reca_refere`)
) ENGINE=MyISAM DEFAULT CHARSET=latin1;
/*!40101 SET character_set_client = @saved_cs_client */;

--
-- Dumping data for table `recaudo_aju`
--

LOCK TABLES `recaudo_aju` WRITE;
/*!40000 ALTER TABLE `recaudo_aju` DISABLE KEYS */;
/*!40000 ALTER TABLE `recaudo_aju` ENABLE KEYS */;
UNLOCK TABLES;

--
-- Table structure for table `reccxp`
--

DROP TABLE IF EXISTS `reccxp`;
/*!40101 SET @saved_cs_client     = @@character_set_client */;
/*!40101 SET character_set_client = utf8 */;
CREATE TABLE `reccxp` (
  `rcxp_numero` int(9) NOT NULL,
  `rcxp_codcli` bigint(12) NOT NULL DEFAULT '0',
  `rcxp_fecreg` date DEFAULT NULL,
  `rcxp_horreg` time NOT NULL DEFAULT '00:00:00',
  `rcxp_vlrtot` double(15,2) DEFAULT NULL,
  `rcxp_estado` char(1) NOT NULL,
  `rcxp_tippag` char(2) NOT NULL,
  `rcxp_observa` text NOT NULL,
  `rcxp_usuari` char(12) NOT NULL,
  `rcxp_numcom` int(9) NOT NULL,
  `rcxp_tipcom` char(2) NOT NULL,
  `rcxp_cuenta` char(12) NOT NULL,
  `rcxp_cheque` char(12) NOT NULL,
  `rcxp_tercero` bigint(12) NOT NULL,
  `rcxp_nomtercero` varchar(60) NOT NULL,
  `rcxp_tipcont` int(4) NOT NULL,
  `rcxp_numcont` int(9) NOT NULL,
  `rcxp_giro` int(9) NOT NULL,
  PRIMARY KEY (`rcxp_numero`),
  KEY `rcxp_numcom` (`rcxp_numcom`),
  KEY `rcxp_codcli` (`rcxp_codcli`)
) ENGINE=InnoDB DEFAULT CHARSET=latin1;
/*!40101 SET character_set_client = @saved_cs_client */;

--
-- Dumping data for table `reccxp`
--

LOCK TABLES `reccxp` WRITE;
/*!40000 ALTER TABLE `reccxp` DISABLE KEYS */;
INSERT INTO `reccxp` (`rcxp_numero`, `rcxp_codcli`, `rcxp_fecreg`, `rcxp_horreg`, `rcxp_vlrtot`, `rcxp_estado`, `rcxp_tippag`, `rcxp_observa`, `rcxp_usuari`, `rcxp_numcom`, `rcxp_tipcom`, `rcxp_cuenta`, `rcxp_cheque`, `rcxp_tercero`, `rcxp_nomtercero`, `rcxp_tipcont`, `rcxp_numcont`, `rcxp_giro`) VALUES (220001,1140866885,'2022-01-19','10:47:06',32449740.00,'C','T','PAGO MANTENIIMIENTO Y REPARCION DE TUBERIA DE 8\" A TODO COSTO ENERO 2022 ','8785891',220001,'N','11100601','0',0,'',0,0,0),(220002,8729882,'2022-01-19','11:09:02',1000000.00,'C','T','   PAGO VIATICOS CIUDAD STA MARTA ','8785891',220002,'N','11100601','0',0,'',0,0,0),(220003,5124670,'2022-06-14','04:15:30',940000.00,'C','E','    ','asexis',220003,'N','11050101','0',0,'',0,0,0);
/*!40000 ALTER TABLE `reccxp` ENABLE KEYS */;
UNLOCK TABLES;

--
-- Table structure for table `reccxp_detalle`
--

DROP TABLE IF EXISTS `reccxp_detalle`;
/*!40101 SET @saved_cs_client     = @@character_set_client */;
/*!40101 SET character_set_client = utf8 */;
CREATE TABLE `reccxp_detalle` (
  `rcxpd_numero` int(9) NOT NULL,
  `rcxpd_codcta` char(12) NOT NULL,
  `rcxpd_regist` int(9) NOT NULL,
  `rcxpd_nroord` int(9) NOT NULL,
  `rcxpd_tipo` char(2) NOT NULL,
  `rcxpd_vlrtot` double(15,2) DEFAULT NULL,
  `rcxpd_detalle` varchar(100) NOT NULL,
  PRIMARY KEY (`rcxpd_numero`,`rcxpd_codcta`,`rcxpd_regist`,`rcxpd_nroord`,`rcxpd_tipo`),
  KEY `rcxpd_numero` (`rcxpd_numero`),
  KEY `rcxpd_codcta` (`rcxpd_codcta`)
) ENGINE=InnoDB DEFAULT CHARSET=latin1;
/*!40101 SET character_set_client = @saved_cs_client */;

--
-- Dumping data for table `reccxp_detalle`
--

LOCK TABLES `reccxp_detalle` WRITE;
/*!40000 ALTER TABLE `reccxp_detalle` DISABLE KEYS */;
INSERT INTO `reccxp_detalle` (`rcxpd_numero`, `rcxpd_codcta`, `rcxpd_regist`, `rcxpd_nroord`, `rcxpd_tipo`, `rcxpd_vlrtot`, `rcxpd_detalle`) VALUES (220001,'24010101',3,220001,'N',32449740.00,'Causacion: 220001'),(220002,'24902701',2,220002,'N',1000000.00,'Causacion: 220002'),(220003,'24010101',3,220003,'N',940000.00,'Causacion: 220003');
/*!40000 ALTER TABLE `reccxp_detalle` ENABLE KEYS */;
UNLOCK TABLES;

--
-- Table structure for table `recibos`
--

DROP TABLE IF EXISTS `recibos`;
/*!40101 SET @saved_cs_client     = @@character_set_client */;
/*!40101 SET character_set_client = utf8 */;
CREATE TABLE `recibos` (
  `re_numero` int(9) NOT NULL,
  `re_codcli` bigint(12) DEFAULT NULL,
  `re_nropla` char(6) DEFAULT NULL,
  `re_codres` char(12) NOT NULL,
  `re_fecreg` date DEFAULT NULL,
  `re_horreg` time NOT NULL DEFAULT '00:00:00',
  `re_vlrtot` double(15,2) DEFAULT NULL,
  `re_estado` char(1) NOT NULL,
  `re_tippag` char(1) NOT NULL,
  `re_pagado` double(15,2) DEFAULT NULL,
  `re_ccosto` int(6) NOT NULL,
  `re_banco` int(6) NOT NULL,
  `re_cheque` varchar(20) NOT NULL,
  PRIMARY KEY (`re_numero`),
  KEY `re_codcli` (`re_codcli`),
  KEY `re_nropla` (`re_nropla`),
  KEY `re_codres` (`re_codres`)
) ENGINE=InnoDB DEFAULT CHARSET=latin1;
/*!40101 SET character_set_client = @saved_cs_client */;

--
-- Dumping data for table `recibos`
--

LOCK TABLES `recibos` WRITE;
/*!40000 ALTER TABLE `recibos` DISABLE KEYS */;
/*!40000 ALTER TABLE `recibos` ENABLE KEYS */;
UNLOCK TABLES;

--
-- Table structure for table `recibosp`
--

DROP TABLE IF EXISTS `recibosp`;
/*!40101 SET @saved_cs_client     = @@character_set_client */;
/*!40101 SET character_set_client = utf8 */;
CREATE TABLE `recibosp` (
  `re_numero` int(9) NOT NULL,
  `re_codcli` bigint(12) DEFAULT NULL,
  `re_nropla` char(6) DEFAULT NULL,
  `re_codres` char(12) NOT NULL,
  `re_fecreg` date DEFAULT NULL,
  `re_horreg` time NOT NULL DEFAULT '00:00:00',
  `re_vlrtot` double(15,2) DEFAULT NULL,
  `re_estado` char(1) NOT NULL,
  `re_tippag` char(1) NOT NULL,
  `re_pagado` double(15,2) DEFAULT NULL,
  `re_ctapago` char(12) NOT NULL,
  `re_usuario` char(12) NOT NULL,
  `re_detalle` text NOT NULL,
  `re_soporte` char(15) NOT NULL,
  PRIMARY KEY (`re_numero`),
  KEY `re_codcli` (`re_codcli`),
  KEY `re_nropla` (`re_nropla`),
  KEY `re_codres` (`re_codres`)
) ENGINE=MyISAM DEFAULT CHARSET=latin1;
/*!40101 SET character_set_client = @saved_cs_client */;

--
-- Dumping data for table `recibosp`
--

LOCK TABLES `recibosp` WRITE;
/*!40000 ALTER TABLE `recibosp` DISABLE KEYS */;
INSERT INTO `recibosp` (`re_numero`, `re_codcli`, `re_nropla`, `re_codres`, `re_fecreg`, `re_horreg`, `re_vlrtot`, `re_estado`, `re_tippag`, `re_pagado`, `re_ctapago`, `re_usuario`, `re_detalle`, `re_soporte`) VALUES (210001,800197268,'-','900299637','2021-06-25','09:54:53',0.00,'F','T',0.00,'1110050101','50999055','','');
/*!40000 ALTER TABLE `recibosp` ENABLE KEYS */;
UNLOCK TABLES;

--
-- Table structure for table `recibosp2`
--

DROP TABLE IF EXISTS `recibosp2`;
/*!40101 SET @saved_cs_client     = @@character_set_client */;
/*!40101 SET character_set_client = utf8 */;
CREATE TABLE `recibosp2` (
  `re_numero` int(9) NOT NULL,
  `re_codcli` bigint(12) DEFAULT NULL,
  `re_nropla` char(6) DEFAULT NULL,
  `re_codres` char(12) NOT NULL,
  `re_fecreg` date DEFAULT NULL,
  `re_horreg` time NOT NULL DEFAULT '00:00:00',
  `re_vlrtot` double(15,2) DEFAULT NULL,
  `re_estado` char(1) NOT NULL,
  `re_tippag` char(1) NOT NULL,
  `re_pagado` double(15,2) DEFAULT NULL,
  `re_ctapago` char(12) NOT NULL,
  `re_usuario` char(12) NOT NULL,
  `re_detalle` text NOT NULL,
  `re_soporte` char(15) NOT NULL,
  PRIMARY KEY (`re_numero`),
  KEY `re_codcli` (`re_codcli`),
  KEY `re_nropla` (`re_nropla`),
  KEY `re_codres` (`re_codres`)
) ENGINE=MyISAM DEFAULT CHARSET=latin1;
/*!40101 SET character_set_client = @saved_cs_client */;

--
-- Dumping data for table `recibosp2`
--

LOCK TABLES `recibosp2` WRITE;
/*!40000 ALTER TABLE `recibosp2` DISABLE KEYS */;
INSERT INTO `recibosp2` (`re_numero`, `re_codcli`, `re_nropla`, `re_codres`, `re_fecreg`, `re_horreg`, `re_vlrtot`, `re_estado`, `re_tippag`, `re_pagado`, `re_ctapago`, `re_usuario`, `re_detalle`, `re_soporte`) VALUES (220006,8796606,'-','1','2022-06-14','04:51:46',60000.00,'F','E',60000.00,'11050101','asexis','pago','');
/*!40000 ALTER TABLE `recibosp2` ENABLE KEYS */;
UNLOCK TABLES;

--
-- Table structure for table `recibosp_nom`
--

DROP TABLE IF EXISTS `recibosp_nom`;
/*!40101 SET @saved_cs_client     = @@character_set_client */;
/*!40101 SET character_set_client = utf8 */;
CREATE TABLE `recibosp_nom` (
  `re_numero` int(9) NOT NULL,
  `re_codcli` bigint(12) DEFAULT NULL,
  `re_nropla` char(6) DEFAULT NULL,
  `re_codres` char(12) NOT NULL,
  `re_fecreg` date DEFAULT NULL,
  `re_horreg` time NOT NULL DEFAULT '00:00:00',
  `re_vlrtot` double(15,2) DEFAULT NULL,
  `re_estado` char(1) NOT NULL,
  `re_tippag` char(1) NOT NULL,
  `re_pagado` double(15,2) DEFAULT NULL,
  `re_ctapago` char(12) NOT NULL,
  `re_usuario` char(12) NOT NULL,
  `re_detalle` text NOT NULL,
  `re_soporte` char(15) NOT NULL,
  PRIMARY KEY (`re_numero`),
  KEY `re_codcli` (`re_codcli`),
  KEY `re_nropla` (`re_nropla`),
  KEY `re_codres` (`re_codres`)
) ENGINE=MyISAM DEFAULT CHARSET=latin1;
/*!40101 SET character_set_client = @saved_cs_client */;

--
-- Dumping data for table `recibosp_nom`
--

LOCK TABLES `recibosp_nom` WRITE;
/*!40000 ALTER TABLE `recibosp_nom` DISABLE KEYS */;
INSERT INTO `recibosp_nom` (`re_numero`, `re_codcli`, `re_nropla`, `re_codres`, `re_fecreg`, `re_horreg`, `re_vlrtot`, `re_estado`, `re_tippag`, `re_pagado`, `re_ctapago`, `re_usuario`, `re_detalle`, `re_soporte`) VALUES (220001,3132089,'','900299637','2023-06-13','05:51:52',1283211.00,'F','T',0.00,'1110050101','asexis','Pago nomina mes de octubre 2022','220033'),(220002,10171813,'','900299637','2023-06-13','05:51:52',1525117.00,'F','T',0.00,'1110050101','asexis','Pago nomina mes de octubre 2022','220033'),(220003,19518008,'','900299637','2023-06-13','05:51:52',1261598.00,'F','T',0.00,'1110050101','asexis','Pago nomina mes de octubre 2022','220033'),(220004,8571303,'','900299637','2023-06-13','05:51:52',1261598.00,'F','T',0.00,'1110050101','asexis','Pago nomina mes de octubre 2022','220033'),(220005,20829307,'','900299637','2023-06-13','05:51:52',890748.00,'F','T',0.00,'1110050101','asexis','Pago nomina mes de octubre 2022','220033'),(220006,1032403881,'','900299637','2023-06-13','05:51:52',1327317.00,'F','T',0.00,'1110050101','asexis','Pago nomina mes de octubre 2022','220033'),(220007,3132234,'','900299637','2023-06-13','05:51:52',1020062.00,'F','T',0.00,'1110050101','asexis','Pago nomina mes de octubre 2022','220033'),(220008,18418303,'','900299637','2023-06-13','05:51:52',924418.00,'F','T',0.00,'1110050101','asexis','Pago nomina mes de octubre 2022','220033'),(220009,1073321377,'','900299637','2023-06-13','05:51:52',627101.00,'F','T',0.00,'1110050101','asexis','Pago nomina mes de octubre 2022','220033'),(220010,8729882,'','900299637','2023-06-13','05:51:52',2208000.00,'F','T',0.00,'1110050101','asexis','Pago nomina mes de octubre 2022','220033'),(220011,1079657627,'','900299637','2023-06-13','05:51:52',1261598.00,'F','T',0.00,'1110050101','asexis','Pago nomina mes de octubre 2022','220033'),(220012,5886604,'','900299637','2023-06-13','05:51:52',1501414.00,'F','T',0.00,'1110050101','asexis','Pago nomina mes de octubre 2022','220033'),(220013,10181528,'','900299637','2023-06-13','05:51:52',773334.00,'F','T',0.00,'1110050101','asexis','Pago nomina mes de octubre 2022','220033'),(220014,1073320821,'','900299637','2023-06-13','05:51:52',1422166.00,'F','T',0.00,'1110050101','asexis','Pago nomina mes de octubre 2022','220033'),(220015,3131747,'','900299637','2023-06-13','05:51:52',1364721.00,'F','T',0.00,'1110050101','asexis','Pago nomina mes de octubre 2022','220033'),(220016,10175933,'','900299637','2023-06-13','05:51:52',1329731.00,'F','T',0.00,'1110050101','asexis','Pago nomina mes de octubre 2022','220033'),(220017,10176087,'','900299637','2023-06-13','05:51:52',-500239.00,'F','T',0.00,'1110050101','asexis','Pago nomina mes de octubre 2022','220033'),(220018,3132089,'','','2023-06-14','05:02:02',1627101.00,'F','E',0.00,'-','asexis','','220036'),(220019,10171813,'','','2023-06-14','05:02:02',1612756.00,'F','E',0.00,'-','asexis','','220036'),(220020,19518008,'','','2023-06-14','05:02:02',1261598.00,'F','E',0.00,'-','asexis','','220036'),(220021,8571303,'','','2023-06-14','05:02:02',1261598.00,'F','E',0.00,'-','asexis','','220036'),(220022,20829307,'','','2023-06-14','05:02:02',1298886.00,'F','E',0.00,'-','asexis','','220036'),(220023,1032403881,'','','2023-06-14','05:02:02',1339907.00,'F','E',0.00,'-','asexis','','220036'),(220024,3132234,'','','2023-06-14','05:02:02',1298886.00,'F','E',0.00,'-','asexis','','220036'),(220025,18418303,'','','2023-06-14','05:02:02',1545998.00,'F','E',0.00,'-','asexis','','220036'),(220026,1073321377,'','','2023-06-14','05:02:02',1661366.00,'F','E',0.00,'-','asexis','','220036'),(220027,8729882,'','','2023-06-14','05:02:02',2208000.00,'F','E',0.00,'-','asexis','','220036'),(220028,1079657627,'','','2023-06-14','05:02:02',1261598.00,'F','E',0.00,'-','asexis','','220036'),(220029,5886604,'','','2023-06-14','05:02:02',1501414.00,'F','E',0.00,'-','asexis','','220036'),(220030,10181528,'','','2023-06-14','05:02:02',1625052.00,'F','E',0.00,'-','asexis','','220036'),(220031,1073320821,'','','2023-06-14','05:02:02',1422166.00,'F','E',0.00,'-','asexis','','220036'),(220032,3131747,'','','2023-06-14','05:02:02',1394203.00,'F','E',0.00,'-','asexis','','220036'),(220033,10175933,'','','2023-06-14','05:02:02',1348354.00,'F','E',0.00,'-','asexis','','220036'),(220034,10176087,'','','2023-06-14','05:02:02',1545998.00,'F','E',0.00,'-','asexis','','220036'),(220035,3132089,'','','2023-06-15','05:13:42',1252761.00,'F','T',0.00,'1110050101','asexis','Pago de nomina mes de octubre 2022','220041'),(220036,10171813,'','','2023-06-15','05:13:42',1470075.00,'F','T',0.00,'1110050101','asexis','Pago de nomina mes de octubre 2022','220041'),(220037,19518008,'','','2023-06-15','05:13:42',1261598.00,'F','T',0.00,'1110050101','asexis','Pago de nomina mes de octubre 2022','220041'),(220038,8571303,'','','2023-06-15','05:13:42',1261598.00,'F','T',0.00,'1110050101','asexis','Pago de nomina mes de octubre 2022','220041'),(220039,20829307,'','','2023-06-15','05:13:42',890748.00,'F','T',0.00,'1110050101','asexis','Pago de nomina mes de octubre 2022','220041'),(220040,1032403881,'','','2023-06-15','05:13:42',1327317.00,'F','T',0.00,'1110050101','asexis','Pago de nomina mes de octubre 2022','220041'),(220041,3132234,'','','2023-06-15','05:13:42',1020062.00,'F','T',0.00,'1110050101','asexis','Pago de nomina mes de octubre 2022','220041'),(220042,18418303,'','','2023-06-15','05:13:42',924418.00,'F','T',0.00,'1110050101','asexis','Pago de nomina mes de octubre 2022','220041'),(220043,1073321377,'','','2023-06-15','05:13:42',350764.00,'F','T',0.00,'1110050101','asexis','Pago de nomina mes de octubre 2022','220041'),(220044,8729882,'','','2023-06-15','05:13:42',2208000.00,'F','T',0.00,'1110050101','asexis','Pago de nomina mes de octubre 2022','220041'),(220045,1079657627,'','','2023-06-15','05:13:42',1261598.00,'F','T',0.00,'1110050101','asexis','Pago de nomina mes de octubre 2022','220041'),(220046,5886604,'','','2023-06-15','05:13:42',1501414.00,'F','T',0.00,'1110050101','asexis','Pago de nomina mes de octubre 2022','220041'),(220047,10181528,'','','2023-06-15','05:13:42',793830.00,'F','T',0.00,'1110050101','asexis','Pago de nomina mes de octubre 2022','220041'),(220048,1073320821,'','','2023-06-15','05:13:42',1408236.00,'F','T',0.00,'1110050101','asexis','Pago de nomina mes de octubre 2022','220041'),(220049,3131747,'','','2023-06-15','05:13:42',1381613.00,'F','T',0.00,'1110050101','asexis','Pago de nomina mes de octubre 2022','220041'),(220050,10175933,'','','2023-06-15','05:13:42',1335764.00,'F','T',0.00,'1110050101','asexis','Pago de nomina mes de octubre 2022','220041'),(220051,10176087,'','','2023-06-15','05:13:42',-507367.00,'F','T',0.00,'1110050101','asexis','Pago de nomina mes de octubre 2022','220041'),(220052,3132089,'','900299637','2023-06-15','05:31:45',1252761.00,'F','T',0.00,'1110050101','asexis','Pago de nomina mes de octubre 2022','220041'),(220053,10171813,'','900299637','2023-06-15','05:31:45',1470075.00,'F','T',0.00,'1110050101','asexis','Pago de nomina mes de octubre 2022','220041'),(220054,19518008,'','900299637','2023-06-15','05:31:45',1261598.00,'F','T',0.00,'1110050101','asexis','Pago de nomina mes de octubre 2022','220041'),(220055,8571303,'','900299637','2023-06-15','05:31:45',1261598.00,'F','T',0.00,'1110050101','asexis','Pago de nomina mes de octubre 2022','220041'),(220056,20829307,'','900299637','2023-06-15','05:31:45',890748.00,'F','T',0.00,'1110050101','asexis','Pago de nomina mes de octubre 2022','220041'),(220057,1032403881,'','900299637','2023-06-15','05:31:45',1327317.00,'F','T',0.00,'1110050101','asexis','Pago de nomina mes de octubre 2022','220041'),(220058,3132234,'','900299637','2023-06-15','05:31:45',1020062.00,'F','T',0.00,'1110050101','asexis','Pago de nomina mes de octubre 2022','220041'),(220059,18418303,'','900299637','2023-06-15','05:31:45',924418.00,'F','T',0.00,'1110050101','asexis','Pago de nomina mes de octubre 2022','220041'),(220060,1073321377,'','900299637','2023-06-15','05:31:45',350764.00,'F','T',0.00,'1110050101','asexis','Pago de nomina mes de octubre 2022','220041'),(220061,8729882,'','900299637','2023-06-15','05:31:45',2208000.00,'F','T',0.00,'1110050101','asexis','Pago de nomina mes de octubre 2022','220041'),(220062,1079657627,'','900299637','2023-06-15','05:31:45',1261598.00,'F','T',0.00,'1110050101','asexis','Pago de nomina mes de octubre 2022','220041'),(220063,5886604,'','900299637','2023-06-15','05:31:45',1501414.00,'F','T',0.00,'1110050101','asexis','Pago de nomina mes de octubre 2022','220041'),(220064,10181528,'','900299637','2023-06-15','05:31:45',793830.00,'F','T',0.00,'1110050101','asexis','Pago de nomina mes de octubre 2022','220041'),(220065,1073320821,'','900299637','2023-06-15','05:31:45',1408236.00,'F','T',0.00,'1110050101','asexis','Pago de nomina mes de octubre 2022','220041'),(220066,3131747,'','900299637','2023-06-15','05:31:45',1381613.00,'F','T',0.00,'1110050101','asexis','Pago de nomina mes de octubre 2022','220041'),(220067,10175933,'','900299637','2023-06-15','05:31:45',1335764.00,'F','T',0.00,'1110050101','asexis','Pago de nomina mes de octubre 2022','220041'),(220068,10176087,'','900299637','2023-06-15','05:31:45',-507367.00,'F','T',0.00,'1110050101','asexis','Pago de nomina mes de octubre 2022','220041'),(220069,3132089,'','','2023-06-28','09:48:33',1738556.00,'F','T',0.00,'1110050201','asexis','Pago Nomina Octubre 2022','220045'),(220070,10171813,'','','2023-06-28','09:48:33',2142374.00,'F','T',0.00,'1110050201','asexis','Pago Nomina Octubre 2022','220045'),(220071,19518008,'','','2023-06-28','09:48:33',1238164.00,'F','T',0.00,'1110050201','asexis','Pago Nomina Octubre 2022','220045'),(220072,8571303,'','','2023-06-28','09:48:33',1238164.00,'F','T',0.00,'1110050201','asexis','Pago Nomina Octubre 2022','220045'),(220073,20829307,'','','2023-06-28','09:48:33',1007920.00,'F','T',0.00,'1110050201','asexis','Pago Nomina Octubre 2022','220045'),(220074,1032403881,'','','2023-06-28','09:48:33',1477067.00,'F','T',0.00,'1110050201','asexis','Pago Nomina Octubre 2022','220045'),(220075,3132234,'','','2023-06-28','09:48:33',1137234.00,'F','T',0.00,'1110050201','asexis','Pago Nomina Octubre 2022','220045'),(220076,18418303,'','','2023-06-28','09:48:33',1041590.00,'F','T',0.00,'1110050201','asexis','Pago Nomina Octubre 2022','220045'),(220077,1073321377,'','','2023-06-28','09:48:33',-699707.00,'F','T',0.00,'1110050201','asexis','Pago Nomina Octubre 2022','220045'),(220078,8729882,'','','2023-06-28','09:48:33',2208000.00,'F','T',0.00,'1110050201','asexis','Pago Nomina Octubre 2022','220045'),(220079,1079657627,'','','2023-06-28','09:48:33',1238164.00,'F','T',0.00,'1110050201','asexis','Pago Nomina Octubre 2022','220045'),(220080,5886604,'','','2023-06-28','09:48:33',1477980.00,'F','T',0.00,'1110050201','asexis','Pago Nomina Octubre 2022','220045'),(220081,10181528,'','','2023-06-28','09:48:33',931497.00,'F','T',0.00,'1110050201','asexis','Pago Nomina Octubre 2022','220045'),(220082,1073320821,'','','2023-06-28','09:48:33',1525408.00,'F','T',0.00,'1110050201','asexis','Pago Nomina Octubre 2022','220045'),(220083,3131747,'','','2023-06-28','09:48:33',1498785.00,'F','T',0.00,'1110050201','asexis','Pago Nomina Octubre 2022','220045'),(220084,10175933,'','','2023-06-28','09:48:33',1481893.00,'F','T',0.00,'1110050201','asexis','Pago Nomina Octubre 2022','220045'),(220085,10176087,'','','2023-06-28','09:48:33',-507367.00,'F','T',0.00,'1110050201','asexis','Pago Nomina Octubre 2022','220045'),(220086,3132089,'','900299637','2023-07-04','11:55:58',1958082.00,'F','T',0.00,'11050101','asexis','NOMINA OCTUBRE 202210','220053'),(220087,10171813,'','900299637','2023-07-04','11:55:58',2257989.00,'F','T',0.00,'11050101','asexis','NOMINA OCTUBRE 202210','220053'),(220088,19518008,'','900299637','2023-07-04','11:55:58',1238164.00,'F','T',0.00,'11050101','asexis','NOMINA OCTUBRE 202210','220053'),(220089,8571303,'','900299637','2023-07-04','11:55:58',1238164.00,'F','T',0.00,'11050101','asexis','NOMINA OCTUBRE 202210','220053'),(220090,20829307,'','900299637','2023-07-04','11:55:58',867314.00,'F','T',0.00,'11050101','asexis','NOMINA OCTUBRE 202210','220053'),(220091,1032403881,'','900299637','2023-07-04','11:55:58',1518649.00,'F','T',0.00,'11050101','asexis','NOMINA OCTUBRE 202210','220053'),(220092,3132234,'','900299637','2023-07-04','11:55:58',996628.00,'F','T',0.00,'11050101','asexis','NOMINA OCTUBRE 202210','220053'),(220093,18418303,'','900299637','2023-07-04','11:55:58',900984.00,'F','T',0.00,'11050101','asexis','NOMINA OCTUBRE 202210','220053'),(220094,1073321377,'','900299637','2023-07-04','11:55:58',-675544.00,'F','T',0.00,'11050101','asexis','NOMINA OCTUBRE 202210','220053'),(220095,8729882,'','900299637','2023-07-04','11:55:58',2208000.00,'F','T',0.00,'11050101','asexis','NOMINA OCTUBRE 202210','220053'),(220096,1079657627,'','900299637','2023-07-04','11:55:58',1238164.00,'F','T',0.00,'11050101','asexis','NOMINA OCTUBRE 202210','220053'),(220097,5886604,'','900299637','2023-07-04','11:55:58',1477980.00,'F','T',0.00,'11050101','asexis','NOMINA OCTUBRE 202210','220053'),(220098,10181528,'','900299637','2023-07-04','11:55:58',738188.00,'F','T',0.00,'11050101','asexis','NOMINA OCTUBRE 202210','220053'),(220099,1073320821,'','900299637','2023-07-04','11:55:58',1384802.00,'F','T',0.00,'11050101','asexis','NOMINA OCTUBRE 202210','220053'),(220100,3131747,'','900299637','2023-07-04','11:55:58',1331635.00,'F','T',0.00,'11050101','asexis','NOMINA OCTUBRE 202210','220053'),(220101,10175933,'','900299637','2023-07-04','11:55:58',1446859.00,'F','T',0.00,'11050101','asexis','NOMINA OCTUBRE 202210','220053'),(220102,10176087,'','900299637','2023-07-04','11:55:58',-629575.00,'F','T',0.00,'11050101','asexis','NOMINA OCTUBRE 202210','220053'),(220103,3132089,'','','2023-07-04','11:56:53',1958082.00,'F','T',0.00,'11050101','asexis','NOMINA OCTUBRE 202210','220053'),(220104,10171813,'','','2023-07-04','11:56:53',2257989.00,'F','T',0.00,'11050101','asexis','NOMINA OCTUBRE 202210','220053'),(220105,19518008,'','','2023-07-04','11:56:53',1238164.00,'F','T',0.00,'11050101','asexis','NOMINA OCTUBRE 202210','220053'),(220106,8571303,'','','2023-07-04','11:56:53',1238164.00,'F','T',0.00,'11050101','asexis','NOMINA OCTUBRE 202210','220053'),(220107,1032403881,'','','2023-07-04','11:56:53',1518649.00,'F','T',0.00,'11050101','asexis','NOMINA OCTUBRE 202210','220053'),(220108,18418303,'','','2023-07-04','11:56:53',900984.00,'F','T',0.00,'11050101','asexis','NOMINA OCTUBRE 202210','220053'),(220109,1073321377,'','','2023-07-04','11:56:53',-675544.00,'F','T',0.00,'11050101','asexis','NOMINA OCTUBRE 202210','220053'),(220110,1079657627,'','','2023-07-04','11:56:53',1238164.00,'F','T',0.00,'11050101','asexis','NOMINA OCTUBRE 202210','220053'),(220111,10181528,'','','2023-07-04','11:56:53',738188.00,'F','T',0.00,'11050101','asexis','NOMINA OCTUBRE 202210','220053'),(220112,1073320821,'','','2023-07-04','11:56:53',1384802.00,'F','T',0.00,'11050101','asexis','NOMINA OCTUBRE 202210','220053'),(220113,10176087,'','','2023-07-04','11:56:53',-629575.00,'F','T',0.00,'11050101','asexis','NOMINA OCTUBRE 202210','220053'),(220114,3132089,'','','2023-08-17','04:47:35',1288830.00,'F','T',0.00,'1110050201','asexis','','220056'),(220115,10171813,'','','2023-08-17','04:47:35',1520489.00,'F','T',0.00,'1110050201','asexis','','220056'),(220116,19518008,'','','2023-08-17','04:47:35',1238164.00,'F','T',0.00,'1110050201','asexis','','220056'),(220117,8571303,'','','2023-08-17','04:47:35',1238164.00,'F','T',0.00,'1110050201','asexis','','220056'),(220118,20829307,'','','2023-08-17','04:47:35',1007920.00,'F','T',0.00,'1110050201','asexis','','220056'),(220119,1032403881,'','','2023-08-17','04:47:35',1433632.00,'F','T',0.00,'1110050201','asexis','','220056'),(220120,3132234,'','','2023-08-17','04:47:35',1137234.00,'F','T',0.00,'1110050201','asexis','','220056'),(220121,18418303,'','','2023-08-17','04:47:35',900984.00,'F','T',0.00,'1110050201','asexis','','220056'),(220122,1073321377,'','','2023-08-17','04:47:35',92114.00,'F','T',0.00,'1110050201','asexis','','220056'),(220123,8729882,'','','2023-08-17','04:47:35',2208000.00,'F','T',0.00,'1110050201','asexis','','220056'),(220124,1079657627,'','','2023-08-17','04:47:35',1238164.00,'F','T',0.00,'1110050201','asexis','','220056'),(220125,5886604,'','','2023-08-17','04:47:35',1477980.00,'F','T',0.00,'1110050201','asexis','','220056'),(220126,10181528,'','','2023-08-17','04:47:35',861227.00,'F','T',0.00,'1110050201','asexis','','220056'),(220127,1073320821,'','','2023-08-17','04:47:35',1525408.00,'F','T',0.00,'1110050201','asexis','','220056'),(220128,3131747,'','','2023-08-17','04:47:35',1451730.00,'F','T',0.00,'1110050201','asexis','','220056'),(220129,10175933,'','','2023-08-17','04:47:35',1427599.00,'F','T',0.00,'1110050201','asexis','','220056'),(220130,10176087,'','','2023-08-17','04:47:35',-507367.00,'F','T',0.00,'1110050201','asexis','','220056'),(220131,3132089,'','1','2023-08-17','05:25:37',1288830.00,'F','T',0.00,'1110050201','asexis','','220056'),(220132,10171813,'','1','2023-08-17','05:25:37',1520489.00,'F','T',0.00,'1110050201','asexis','','220056'),(220133,19518008,'','1','2023-08-17','05:25:37',1238164.00,'F','T',0.00,'1110050201','asexis','','220056'),(220134,8571303,'','1','2023-08-17','05:25:37',1238164.00,'F','T',0.00,'1110050201','asexis','','220056'),(220135,20829307,'','1','2023-08-17','05:25:37',1007920.00,'F','T',0.00,'1110050201','asexis','','220056'),(220136,1032403881,'','1','2023-08-17','05:25:37',1433632.00,'F','T',0.00,'1110050201','asexis','','220056'),(220137,3132234,'','1','2023-08-17','05:25:37',1137234.00,'F','T',0.00,'1110050201','asexis','','220056'),(220138,18418303,'','1','2023-08-17','05:25:37',900984.00,'F','T',0.00,'1110050201','asexis','','220056'),(220139,1073321377,'','1','2023-08-17','05:25:37',92114.00,'F','T',0.00,'1110050201','asexis','','220056'),(220140,8729882,'','1','2023-08-17','05:25:37',2208000.00,'F','T',0.00,'1110050201','asexis','','220056'),(220141,1079657627,'','1','2023-08-17','05:25:37',1238164.00,'F','T',0.00,'1110050201','asexis','','220056'),(220142,5886604,'','1','2023-08-17','05:25:37',1477980.00,'F','T',0.00,'1110050201','asexis','','220056'),(220143,10181528,'','1','2023-08-17','05:25:37',861227.00,'F','T',0.00,'1110050201','asexis','','220056'),(220144,1073320821,'','1','2023-08-17','05:25:37',1525408.00,'F','T',0.00,'1110050201','asexis','','220056'),(220145,3131747,'','1','2023-08-17','05:25:37',1451730.00,'F','T',0.00,'1110050201','asexis','','220056'),(220146,10175933,'','1','2023-08-17','05:25:37',1427599.00,'F','T',0.00,'1110050201','asexis','','220056'),(220147,10176087,'','1','2023-08-17','05:25:37',-507367.00,'F','T',0.00,'1110050201','asexis','','220056'),(220148,3132089,'','1','2023-08-17','05:45:13',1288830.00,'F','E',0.00,'1110050201','asexis','Pago de nomina Mes de Octubre 202210','220056'),(220149,10171813,'','1','2023-08-17','05:45:13',1520489.00,'F','E',0.00,'1110050201','asexis','Pago de nomina Mes de Octubre 202210','220056'),(220150,19518008,'','1','2023-08-17','05:45:13',1238164.00,'F','E',0.00,'1110050201','asexis','Pago de nomina Mes de Octubre 202210','220056'),(220151,8571303,'','1','2023-08-17','05:45:13',1238164.00,'F','E',0.00,'1110050201','asexis','Pago de nomina Mes de Octubre 202210','220056'),(220152,20829307,'','1','2023-08-17','05:45:13',1007920.00,'F','E',0.00,'1110050201','asexis','Pago de nomina Mes de Octubre 202210','220056'),(220153,1032403881,'','1','2023-08-17','05:45:13',1433632.00,'F','E',0.00,'1110050201','asexis','Pago de nomina Mes de Octubre 202210','220056'),(220154,3132234,'','1','2023-08-17','05:45:13',1137234.00,'F','E',0.00,'1110050201','asexis','Pago de nomina Mes de Octubre 202210','220056'),(220155,18418303,'','1','2023-08-17','05:45:13',900984.00,'F','E',0.00,'1110050201','asexis','Pago de nomina Mes de Octubre 202210','220056'),(220156,1073321377,'','1','2023-08-17','05:45:13',92114.00,'F','E',0.00,'1110050201','asexis','Pago de nomina Mes de Octubre 202210','220056'),(220157,8729882,'','1','2023-08-17','05:45:13',2208000.00,'F','E',0.00,'1110050201','asexis','Pago de nomina Mes de Octubre 202210','220056'),(220158,1079657627,'','1','2023-08-17','05:45:13',1238164.00,'F','E',0.00,'1110050201','asexis','Pago de nomina Mes de Octubre 202210','220056'),(220159,5886604,'','1','2023-08-17','05:45:13',1477980.00,'F','E',0.00,'1110050201','asexis','Pago de nomina Mes de Octubre 202210','220056'),(220160,10181528,'','1','2023-08-17','05:45:13',861227.00,'F','E',0.00,'1110050201','asexis','Pago de nomina Mes de Octubre 202210','220056'),(220161,1073320821,'','1','2023-08-17','05:45:13',1525408.00,'F','E',0.00,'1110050201','asexis','Pago de nomina Mes de Octubre 202210','220056'),(220162,3131747,'','1','2023-08-17','05:45:13',1451730.00,'F','E',0.00,'1110050201','asexis','Pago de nomina Mes de Octubre 202210','220056'),(220163,10175933,'','1','2023-08-17','05:45:13',1427599.00,'F','E',0.00,'1110050201','asexis','Pago de nomina Mes de Octubre 202210','220056'),(220164,10176087,'','1','2023-08-17','05:45:13',-507367.00,'F','E',0.00,'1110050201','asexis','Pago de nomina Mes de Octubre 202210','220056'),(220165,3132089,'','','2023-08-17','05:47:01',1288830.00,'F','T',0.00,'1110050201','asexis','Pago de nomina Mes de Octubre 202210','220056'),(220166,10171813,'','','2023-08-17','05:47:01',1520489.00,'F','T',0.00,'1110050201','asexis','Pago de nomina Mes de Octubre 202210','220056'),(220167,19518008,'','','2023-08-17','05:47:01',1238164.00,'F','T',0.00,'1110050201','asexis','Pago de nomina Mes de Octubre 202210','220056'),(220168,8571303,'','','2023-08-17','05:47:01',1238164.00,'F','T',0.00,'1110050201','asexis','Pago de nomina Mes de Octubre 202210','220056'),(220169,20829307,'','','2023-08-17','05:47:01',1007920.00,'F','T',0.00,'1110050201','asexis','Pago de nomina Mes de Octubre 202210','220056'),(220170,1032403881,'','','2023-08-17','05:47:01',1433632.00,'F','T',0.00,'1110050201','asexis','Pago de nomina Mes de Octubre 202210','220056'),(220171,3132234,'','','2023-08-17','05:47:01',1137234.00,'F','T',0.00,'1110050201','asexis','Pago de nomina Mes de Octubre 202210','220056'),(220172,18418303,'','','2023-08-17','05:47:01',900984.00,'F','T',0.00,'1110050201','asexis','Pago de nomina Mes de Octubre 202210','220056'),(220173,1073321377,'','','2023-08-17','05:47:01',92114.00,'F','T',0.00,'1110050201','asexis','Pago de nomina Mes de Octubre 202210','220056'),(220174,8729882,'','','2023-08-17','05:47:01',2208000.00,'F','T',0.00,'1110050201','asexis','Pago de nomina Mes de Octubre 202210','220056'),(220175,1079657627,'','','2023-08-17','05:47:01',1238164.00,'F','T',0.00,'1110050201','asexis','Pago de nomina Mes de Octubre 202210','220056'),(220176,5886604,'','','2023-08-17','05:47:01',1477980.00,'F','T',0.00,'1110050201','asexis','Pago de nomina Mes de Octubre 202210','220056'),(220177,10181528,'','','2023-08-17','05:47:01',861227.00,'F','T',0.00,'1110050201','asexis','Pago de nomina Mes de Octubre 202210','220056'),(220178,1073320821,'','','2023-08-17','05:47:01',1525408.00,'F','T',0.00,'1110050201','asexis','Pago de nomina Mes de Octubre 202210','220056'),(220179,3131747,'','','2023-08-17','05:47:01',1451730.00,'F','T',0.00,'1110050201','asexis','Pago de nomina Mes de Octubre 202210','220056'),(220180,10175933,'','','2023-08-17','05:47:01',1427599.00,'F','T',0.00,'1110050201','asexis','Pago de nomina Mes de Octubre 202210','220056'),(220181,10176087,'','','2023-08-17','05:47:01',-507367.00,'F','T',0.00,'1110050201','asexis','Pago de nomina Mes de Octubre 202210','220056'),(220182,3132089,'','','2023-08-17','06:01:49',1288830.00,'F','T',0.00,'1110050201','asexis','Pago de nomina Mes de Octubre 202210','220056'),(220183,10171813,'','','2023-08-17','06:01:49',1520489.00,'F','T',0.00,'1110050201','asexis','Pago de nomina Mes de Octubre 202210','220056'),(220184,19518008,'','','2023-08-17','06:01:49',1238164.00,'F','T',0.00,'1110050201','asexis','Pago de nomina Mes de Octubre 202210','220056'),(220185,8571303,'','','2023-08-17','06:01:49',1238164.00,'F','T',0.00,'1110050201','asexis','Pago de nomina Mes de Octubre 202210','220056'),(220186,20829307,'','','2023-08-17','06:01:49',1007920.00,'F','T',0.00,'1110050201','asexis','Pago de nomina Mes de Octubre 202210','220056'),(220187,1032403881,'','','2023-08-17','06:01:49',1433632.00,'F','T',0.00,'1110050201','asexis','Pago de nomina Mes de Octubre 202210','220056'),(220188,3132234,'','','2023-08-17','06:01:49',1137234.00,'F','T',0.00,'1110050201','asexis','Pago de nomina Mes de Octubre 202210','220056'),(220189,18418303,'','','2023-08-17','06:01:49',900984.00,'F','T',0.00,'1110050201','asexis','Pago de nomina Mes de Octubre 202210','220056'),(220190,1073321377,'','','2023-08-17','06:01:49',92114.00,'F','T',0.00,'1110050201','asexis','Pago de nomina Mes de Octubre 202210','220056'),(220191,8729882,'','','2023-08-17','06:01:49',2208000.00,'F','T',0.00,'1110050201','asexis','Pago de nomina Mes de Octubre 202210','220056'),(220192,1079657627,'','','2023-08-17','06:01:49',1238164.00,'F','T',0.00,'1110050201','asexis','Pago de nomina Mes de Octubre 202210','220056'),(220193,5886604,'','','2023-08-17','06:01:49',1477980.00,'F','T',0.00,'1110050201','asexis','Pago de nomina Mes de Octubre 202210','220056'),(220194,10181528,'','','2023-08-17','06:01:49',861227.00,'F','T',0.00,'1110050201','asexis','Pago de nomina Mes de Octubre 202210','220056'),(220195,1073320821,'','','2023-08-17','06:01:49',1525408.00,'F','T',0.00,'1110050201','asexis','Pago de nomina Mes de Octubre 202210','220056'),(220196,3131747,'','','2023-08-17','06:01:49',1451730.00,'F','T',0.00,'1110050201','asexis','Pago de nomina Mes de Octubre 202210','220056'),(220197,10175933,'','','2023-08-17','06:01:49',1427599.00,'F','T',0.00,'1110050201','asexis','Pago de nomina Mes de Octubre 202210','220056'),(220198,10176087,'','','2023-08-17','06:01:49',-507367.00,'F','T',0.00,'1110050201','asexis','Pago de nomina Mes de Octubre 202210','220056'),(220199,3132089,'','','2023-08-18','05:21:41',2098688.00,'F','E',0.00,'1110050201','asexis','Pago de nomina mes de Octubre 2022','220086'),(220200,10171813,'','','2023-08-18','05:21:41',2404130.00,'F','E',0.00,'1110050201','asexis','Pago de nomina mes de Octubre 2022','220086'),(220201,19518008,'','','2023-08-18','05:21:41',1238164.00,'F','E',0.00,'1110050201','asexis','Pago de nomina mes de Octubre 2022','220086'),(220202,8571303,'','','2023-08-18','05:21:41',1238164.00,'F','E',0.00,'1110050201','asexis','Pago de nomina mes de Octubre 2022','220086'),(220203,20829307,'','','2023-08-18','05:21:41',1007920.00,'F','E',0.00,'1110050201','asexis','Pago de nomina mes de Octubre 2022','220086'),(220204,1032403881,'','','2023-08-18','05:21:41',1659255.00,'F','E',0.00,'1110050201','asexis','Pago de nomina mes de Octubre 2022','220086'),(220205,3132234,'','','2023-08-18','05:21:41',1137234.00,'F','E',0.00,'1110050201','asexis','Pago de nomina mes de Octubre 2022','220086'),(220206,18418303,'','','2023-08-18','05:21:41',900984.00,'F','E',0.00,'1110050201','asexis','Pago de nomina mes de Octubre 2022','220086'),(220207,1073321377,'','','2023-08-18','05:21:41',92114.00,'F','E',0.00,'1110050201','asexis','Pago de nomina mes de Octubre 2022','220086'),(220208,8729882,'','','2023-08-18','05:21:41',2208000.00,'F','E',0.00,'1110050201','asexis','Pago de nomina mes de Octubre 2022','220086'),(220209,1079657627,'','','2023-08-18','05:21:41',1238164.00,'F','E',0.00,'1110050201','asexis','Pago de nomina mes de Octubre 2022','220086'),(220210,5886604,'','','2023-08-18','05:21:41',1477980.00,'F','E',0.00,'1110050201','asexis','Pago de nomina mes de Octubre 2022','220086'),(220211,10181528,'','','2023-08-18','05:21:41',878794.00,'F','E',0.00,'1110050201','asexis','Pago de nomina mes de Octubre 2022','220086'),(220212,1073320821,'','','2023-08-18','05:21:41',1525408.00,'F','E',0.00,'1110050201','asexis','Pago de nomina mes de Octubre 2022','220086'),(220213,3131747,'','','2023-08-18','05:21:41',1466208.00,'F','E',0.00,'1110050201','asexis','Pago de nomina mes de Octubre 2022','220086'),(220214,10175933,'','','2023-08-18','05:21:41',1589274.00,'F','E',0.00,'1110050201','asexis','Pago de nomina mes de Octubre 2022','220086'),(220215,10176087,'','','2023-08-18','05:21:41',-507367.00,'F','E',0.00,'1110050201','asexis','Pago de nomina mes de Octubre 2022','220086'),(220216,3132089,'','1','2023-08-22','11:40:10',2098688.00,'F','T',0.00,'1110050201','asexis','Pago de nomina mes de octubre ','220089'),(220217,10171813,'','1','2023-08-22','11:40:10',2404130.00,'F','T',0.00,'1110050201','asexis','Pago de nomina mes de octubre ','220089'),(220218,19518008,'','1','2023-08-22','11:40:10',1238164.00,'F','T',0.00,'1110050201','asexis','Pago de nomina mes de octubre ','220089'),(220219,8571303,'','1','2023-08-22','11:40:10',1238164.00,'F','T',0.00,'1110050201','asexis','Pago de nomina mes de octubre ','220089'),(220220,20829307,'','1','2023-08-22','11:40:10',1007920.00,'F','T',0.00,'1110050201','asexis','Pago de nomina mes de octubre ','220089'),(220221,1032403881,'','1','2023-08-22','11:40:10',1659255.00,'F','T',0.00,'1110050201','asexis','Pago de nomina mes de octubre ','220089'),(220222,3132234,'','1','2023-08-22','11:40:10',1137234.00,'F','T',0.00,'1110050201','asexis','Pago de nomina mes de octubre ','220089'),(220223,18418303,'','1','2023-08-22','11:40:10',900984.00,'F','T',0.00,'1110050201','asexis','Pago de nomina mes de octubre ','220089'),(220224,1073321377,'','1','2023-08-22','11:40:10',92114.00,'F','T',0.00,'1110050201','asexis','Pago de nomina mes de octubre ','220089'),(220225,8729882,'','1','2023-08-22','11:40:10',2208000.00,'F','T',0.00,'1110050201','asexis','Pago de nomina mes de octubre ','220089'),(220226,1079657627,'','1','2023-08-22','11:40:10',1238164.00,'F','T',0.00,'1110050201','asexis','Pago de nomina mes de octubre ','220089'),(220227,5886604,'','1','2023-08-22','11:40:10',1477980.00,'F','T',0.00,'1110050201','asexis','Pago de nomina mes de octubre ','220089'),(220228,10181528,'','1','2023-08-22','11:40:10',878794.00,'F','T',0.00,'1110050201','asexis','Pago de nomina mes de octubre ','220089'),(220229,1073320821,'','1','2023-08-22','11:40:10',1525408.00,'F','T',0.00,'1110050201','asexis','Pago de nomina mes de octubre ','220089'),(220230,3131747,'','1','2023-08-22','11:40:10',1466208.00,'F','T',0.00,'1110050201','asexis','Pago de nomina mes de octubre ','220089'),(220231,10175933,'','1','2023-08-22','11:40:10',1589274.00,'F','T',0.00,'1110050201','asexis','Pago de nomina mes de octubre ','220089'),(220232,10176087,'','1','2023-08-22','11:40:10',-507367.00,'F','T',0.00,'1110050201','asexis','Pago de nomina mes de octubre ','220089'),(220233,3132089,'','1','2023-08-22','11:40:43',2098688.00,'F','T',0.00,'1110050201','asexis','Pago de nomina mes de octubre ','220089'),(220234,10171813,'','1','2023-08-22','11:40:43',2404130.00,'F','T',0.00,'1110050201','asexis','Pago de nomina mes de octubre ','220089'),(220235,19518008,'','1','2023-08-22','11:40:43',1238164.00,'F','T',0.00,'1110050201','asexis','Pago de nomina mes de octubre ','220089'),(220236,8571303,'','1','2023-08-22','11:40:43',1238164.00,'F','T',0.00,'1110050201','asexis','Pago de nomina mes de octubre ','220089'),(220237,20829307,'','1','2023-08-22','11:40:43',1007920.00,'F','T',0.00,'1110050201','asexis','Pago de nomina mes de octubre ','220089'),(220238,1032403881,'','1','2023-08-22','11:40:43',1659255.00,'F','T',0.00,'1110050201','asexis','Pago de nomina mes de octubre ','220089'),(220239,3132234,'','1','2023-08-22','11:40:43',1137234.00,'F','T',0.00,'1110050201','asexis','Pago de nomina mes de octubre ','220089'),(220240,18418303,'','1','2023-08-22','11:40:43',900984.00,'F','T',0.00,'1110050201','asexis','Pago de nomina mes de octubre ','220089'),(220241,1073321377,'','1','2023-08-22','11:40:43',92114.00,'F','T',0.00,'1110050201','asexis','Pago de nomina mes de octubre ','220089'),(220242,8729882,'','1','2023-08-22','11:40:43',2208000.00,'F','T',0.00,'1110050201','asexis','Pago de nomina mes de octubre ','220089'),(220243,1079657627,'','1','2023-08-22','11:40:43',1238164.00,'F','T',0.00,'1110050201','asexis','Pago de nomina mes de octubre ','220089'),(220244,5886604,'','1','2023-08-22','11:40:43',1477980.00,'F','T',0.00,'1110050201','asexis','Pago de nomina mes de octubre ','220089'),(220245,10181528,'','1','2023-08-22','11:40:43',878794.00,'F','T',0.00,'1110050201','asexis','Pago de nomina mes de octubre ','220089'),(220246,1073320821,'','1','2023-08-22','11:40:43',1525408.00,'F','T',0.00,'1110050201','asexis','Pago de nomina mes de octubre ','220089'),(220247,3131747,'','1','2023-08-22','11:40:43',1466208.00,'F','T',0.00,'1110050201','asexis','Pago de nomina mes de octubre ','220089'),(220248,10175933,'','1','2023-08-22','11:40:43',1589274.00,'F','T',0.00,'1110050201','asexis','Pago de nomina mes de octubre ','220089'),(220249,10176087,'','1','2023-08-22','11:40:43',-507367.00,'F','T',0.00,'1110050201','asexis','Pago de nomina mes de octubre ','220089'),(220250,3132089,'','1','2023-08-22','11:48:59',2098688.00,'F','T',0.00,'1110050201','asexis','Pago de nomina mes de octubre ','220089'),(220251,10171813,'','1','2023-08-22','11:48:59',2404130.00,'F','T',0.00,'1110050201','asexis','Pago de nomina mes de octubre ','220089'),(220252,19518008,'','1','2023-08-22','11:48:59',1238164.00,'F','T',0.00,'1110050201','asexis','Pago de nomina mes de octubre ','220089'),(220253,8571303,'','1','2023-08-22','11:48:59',1238164.00,'F','T',0.00,'1110050201','asexis','Pago de nomina mes de octubre ','220089'),(220254,20829307,'','1','2023-08-22','11:48:59',1007920.00,'F','T',0.00,'1110050201','asexis','Pago de nomina mes de octubre ','220089'),(220255,1032403881,'','1','2023-08-22','11:48:59',1659255.00,'F','T',0.00,'1110050201','asexis','Pago de nomina mes de octubre ','220089'),(220256,3132234,'','1','2023-08-22','11:48:59',1137234.00,'F','T',0.00,'1110050201','asexis','Pago de nomina mes de octubre ','220089'),(220257,18418303,'','1','2023-08-22','11:48:59',900984.00,'F','T',0.00,'1110050201','asexis','Pago de nomina mes de octubre ','220089'),(220258,1073321377,'','1','2023-08-22','11:48:59',92114.00,'F','T',0.00,'1110050201','asexis','Pago de nomina mes de octubre ','220089'),(220259,8729882,'','1','2023-08-22','11:48:59',2208000.00,'F','T',0.00,'1110050201','asexis','Pago de nomina mes de octubre ','220089'),(220260,1079657627,'','1','2023-08-22','11:48:59',1238164.00,'F','T',0.00,'1110050201','asexis','Pago de nomina mes de octubre ','220089'),(220261,5886604,'','1','2023-08-22','11:48:59',1477980.00,'F','T',0.00,'1110050201','asexis','Pago de nomina mes de octubre ','220089'),(220262,10181528,'','1','2023-08-22','11:48:59',878794.00,'F','T',0.00,'1110050201','asexis','Pago de nomina mes de octubre ','220089'),(220263,1073320821,'','1','2023-08-22','11:48:59',1525408.00,'F','T',0.00,'1110050201','asexis','Pago de nomina mes de octubre ','220089'),(220264,3131747,'','1','2023-08-22','11:48:59',1466208.00,'F','T',0.00,'1110050201','asexis','Pago de nomina mes de octubre ','220089'),(220265,10175933,'','1','2023-08-22','11:48:59',1589274.00,'F','T',0.00,'1110050201','asexis','Pago de nomina mes de octubre ','220089'),(220266,10176087,'','1','2023-08-22','11:48:59',-507367.00,'F','T',0.00,'1110050201','asexis','Pago de nomina mes de octubre ','220089'),(220267,3132089,'','1','2023-08-22','11:51:44',2098688.00,'F','T',0.00,'1110050201','asexis','Pago de nomina mes de octubre ','220089'),(220268,10171813,'','1','2023-08-22','11:51:44',2404130.00,'F','T',0.00,'1110050201','asexis','Pago de nomina mes de octubre ','220089'),(220269,19518008,'','1','2023-08-22','11:51:44',1238164.00,'F','T',0.00,'1110050201','asexis','Pago de nomina mes de octubre ','220089'),(220270,8571303,'','1','2023-08-22','11:51:44',1238164.00,'F','T',0.00,'1110050201','asexis','Pago de nomina mes de octubre ','220089'),(220271,20829307,'','1','2023-08-22','11:51:44',1007920.00,'F','T',0.00,'1110050201','asexis','Pago de nomina mes de octubre ','220089'),(220272,1032403881,'','1','2023-08-22','11:51:44',1659255.00,'F','T',0.00,'1110050201','asexis','Pago de nomina mes de octubre ','220089'),(220273,3132234,'','1','2023-08-22','11:51:44',1137234.00,'F','T',0.00,'1110050201','asexis','Pago de nomina mes de octubre ','220089'),(220274,18418303,'','1','2023-08-22','11:51:44',900984.00,'F','T',0.00,'1110050201','asexis','Pago de nomina mes de octubre ','220089'),(220275,1073321377,'','1','2023-08-22','11:51:44',92114.00,'F','T',0.00,'1110050201','asexis','Pago de nomina mes de octubre ','220089'),(220276,8729882,'','1','2023-08-22','11:51:44',2208000.00,'F','T',0.00,'1110050201','asexis','Pago de nomina mes de octubre ','220089'),(220277,1079657627,'','1','2023-08-22','11:51:44',1238164.00,'F','T',0.00,'1110050201','asexis','Pago de nomina mes de octubre ','220089'),(220278,5886604,'','1','2023-08-22','11:51:44',1477980.00,'F','T',0.00,'1110050201','asexis','Pago de nomina mes de octubre ','220089'),(220279,10181528,'','1','2023-08-22','11:51:44',878794.00,'F','T',0.00,'1110050201','asexis','Pago de nomina mes de octubre ','220089'),(220280,1073320821,'','1','2023-08-22','11:51:44',1525408.00,'F','T',0.00,'1110050201','asexis','Pago de nomina mes de octubre ','220089'),(220281,3131747,'','1','2023-08-22','11:51:44',1466208.00,'F','T',0.00,'1110050201','asexis','Pago de nomina mes de octubre ','220089'),(220282,10175933,'','1','2023-08-22','11:51:44',1589274.00,'F','T',0.00,'1110050201','asexis','Pago de nomina mes de octubre ','220089'),(220283,10176087,'','1','2023-08-22','11:51:44',-507367.00,'F','T',0.00,'1110050201','asexis','Pago de nomina mes de octubre ','220089'),(220284,3132089,'','1','2023-08-24','09:08:58',2098688.00,'F','T',0.00,'1110050201','asexis','Pago de nomina mes de Octubre 2022','220096'),(220285,10171813,'','1','2023-08-24','09:08:58',2404130.00,'F','T',0.00,'1110050201','asexis','Pago de nomina mes de Octubre 2022','220096'),(220286,19518008,'','1','2023-08-24','09:08:58',1238164.00,'F','T',0.00,'1110050201','asexis','Pago de nomina mes de Octubre 2022','220096'),(220287,8571303,'','1','2023-08-24','09:08:58',1238164.00,'F','T',0.00,'1110050201','asexis','Pago de nomina mes de Octubre 2022','220096'),(220288,20829307,'','1','2023-08-24','09:08:58',1007920.00,'F','T',0.00,'1110050201','asexis','Pago de nomina mes de Octubre 2022','220096'),(220289,1032403881,'','1','2023-08-24','09:08:58',1659255.00,'F','T',0.00,'1110050201','asexis','Pago de nomina mes de Octubre 2022','220096'),(220290,3132234,'','1','2023-08-24','09:08:58',1137234.00,'F','T',0.00,'1110050201','asexis','Pago de nomina mes de Octubre 2022','220096'),(220291,18418303,'','1','2023-08-24','09:08:58',900984.00,'F','T',0.00,'1110050201','asexis','Pago de nomina mes de Octubre 2022','220096'),(220292,1073321377,'','1','2023-08-24','09:08:58',92114.00,'F','T',0.00,'1110050201','asexis','Pago de nomina mes de Octubre 2022','220096'),(220293,8729882,'','1','2023-08-24','09:08:58',2208000.00,'F','T',0.00,'1110050201','asexis','Pago de nomina mes de Octubre 2022','220096'),(220294,1079657627,'','1','2023-08-24','09:08:58',1238164.00,'F','T',0.00,'1110050201','asexis','Pago de nomina mes de Octubre 2022','220096'),(220295,5886604,'','1','2023-08-24','09:08:58',1477980.00,'F','T',0.00,'1110050201','asexis','Pago de nomina mes de Octubre 2022','220096'),(220296,10181528,'','1','2023-08-24','09:08:58',878794.00,'F','T',0.00,'1110050201','asexis','Pago de nomina mes de Octubre 2022','220096'),(220297,1073320821,'','1','2023-08-24','09:08:58',1525408.00,'F','T',0.00,'1110050201','asexis','Pago de nomina mes de Octubre 2022','220096'),(220298,3131747,'','1','2023-08-24','09:08:58',1466208.00,'F','T',0.00,'1110050201','asexis','Pago de nomina mes de Octubre 2022','220096'),(220299,10175933,'','1','2023-08-24','09:08:58',1589274.00,'F','T',0.00,'1110050201','asexis','Pago de nomina mes de Octubre 2022','220096'),(220300,10176087,'','1','2023-08-24','09:08:58',1015197.00,'F','T',0.00,'1110050201','asexis','Pago de nomina mes de Octubre 2022','220096'),(220301,3132089,'','1','2023-08-24','09:11:15',2098688.00,'F','T',0.00,'1110050201','asexis','Pago de nomina mes de Octubre 2022','220096'),(220302,10171813,'','1','2023-08-24','09:11:15',2404130.00,'F','T',0.00,'1110050201','asexis','Pago de nomina mes de Octubre 2022','220096'),(220303,19518008,'','1','2023-08-24','09:11:15',1238164.00,'F','T',0.00,'1110050201','asexis','Pago de nomina mes de Octubre 2022','220096'),(220304,8571303,'','1','2023-08-24','09:11:15',1238164.00,'F','T',0.00,'1110050201','asexis','Pago de nomina mes de Octubre 2022','220096'),(220305,20829307,'','1','2023-08-24','09:11:15',1007920.00,'F','T',0.00,'1110050201','asexis','Pago de nomina mes de Octubre 2022','220096'),(220306,1032403881,'','1','2023-08-24','09:11:15',1659255.00,'F','T',0.00,'1110050201','asexis','Pago de nomina mes de Octubre 2022','220096'),(220307,3132234,'','1','2023-08-24','09:11:15',1137234.00,'F','T',0.00,'1110050201','asexis','Pago de nomina mes de Octubre 2022','220096'),(220308,18418303,'','1','2023-08-24','09:11:15',900984.00,'F','T',0.00,'1110050201','asexis','Pago de nomina mes de Octubre 2022','220096'),(220309,1073321377,'','1','2023-08-24','09:11:15',92114.00,'F','T',0.00,'1110050201','asexis','Pago de nomina mes de Octubre 2022','220096'),(220310,8729882,'','1','2023-08-24','09:11:15',2208000.00,'F','T',0.00,'1110050201','asexis','Pago de nomina mes de Octubre 2022','220096'),(220311,1079657627,'','1','2023-08-24','09:11:15',1238164.00,'F','T',0.00,'1110050201','asexis','Pago de nomina mes de Octubre 2022','220096'),(220312,5886604,'','1','2023-08-24','09:11:15',1477980.00,'F','T',0.00,'1110050201','asexis','Pago de nomina mes de Octubre 2022','220096'),(220313,10181528,'','1','2023-08-24','09:11:15',878794.00,'F','T',0.00,'1110050201','asexis','Pago de nomina mes de Octubre 2022','220096'),(220314,1073320821,'','1','2023-08-24','09:11:15',1525408.00,'F','T',0.00,'1110050201','asexis','Pago de nomina mes de Octubre 2022','220096'),(220315,3131747,'','1','2023-08-24','09:11:15',1466208.00,'F','T',0.00,'1110050201','asexis','Pago de nomina mes de Octubre 2022','220096'),(220316,10175933,'','1','2023-08-24','09:11:15',1589274.00,'F','T',0.00,'1110050201','asexis','Pago de nomina mes de Octubre 2022','220096'),(220317,10176087,'','1','2023-08-24','09:11:15',1015197.00,'F','T',0.00,'1110050201','asexis','Pago de nomina mes de Octubre 2022','220096'),(220318,3132089,'','1','2023-08-28','04:24:55',2098688.00,'F','T',0.00,'1110050201','asexis','Pago de nomina periodo 202210','220098'),(220319,10171813,'','1','2023-08-28','04:24:55',2404130.00,'F','T',0.00,'1110050201','asexis','Pago de nomina periodo 202210','220098'),(220320,19518008,'','1','2023-08-28','04:24:55',1238164.00,'F','T',0.00,'1110050201','asexis','Pago de nomina periodo 202210','220098'),(220321,8571303,'','1','2023-08-28','04:24:55',1238164.00,'F','T',0.00,'1110050201','asexis','Pago de nomina periodo 202210','220098'),(220322,20829307,'','1','2023-08-28','04:24:55',1007920.00,'F','T',0.00,'1110050201','asexis','Pago de nomina periodo 202210','220098'),(220323,1032403881,'','1','2023-08-28','04:24:55',1659255.00,'F','T',0.00,'1110050201','asexis','Pago de nomina periodo 202210','220098'),(220324,3132234,'','1','2023-08-28','04:24:55',1137234.00,'F','T',0.00,'1110050201','asexis','Pago de nomina periodo 202210','220098'),(220325,18418303,'','1','2023-08-28','04:24:55',1041590.00,'F','T',0.00,'1110050201','asexis','Pago de nomina periodo 202210','220098'),(220326,1073321377,'','1','2023-08-28','04:24:55',1074873.00,'F','T',0.00,'1110050201','asexis','Pago de nomina periodo 202210','220098'),(220327,8729882,'','1','2023-08-28','04:24:55',2208000.00,'F','T',0.00,'1110050201','asexis','Pago de nomina periodo 202210','220098'),(220328,1079657627,'','1','2023-08-28','04:24:55',1238164.00,'F','T',0.00,'1110050201','asexis','Pago de nomina periodo 202210','220098'),(220329,5886604,'','1','2023-08-28','04:24:55',1477980.00,'F','T',0.00,'1110050201','asexis','Pago de nomina periodo 202210','220098'),(220330,10181528,'','1','2023-08-28','04:24:55',878794.00,'F','T',0.00,'1110050201','asexis','Pago de nomina periodo 202210','220098'),(220331,1073320821,'','1','2023-08-28','04:24:55',1525408.00,'F','T',0.00,'1110050201','asexis','Pago de nomina periodo 202210','220098'),(220332,3131747,'','1','2023-08-28','04:24:55',1466208.00,'F','T',0.00,'1110050201','asexis','Pago de nomina periodo 202210','220098'),(220333,10175933,'','1','2023-08-28','04:24:55',1589274.00,'F','T',0.00,'1110050201','asexis','Pago de nomina periodo 202210','220098'),(220334,10176087,'','1','2023-08-28','04:24:55',1015197.00,'F','T',0.00,'1110050201','asexis','Pago de nomina periodo 202210','220098');
/*!40000 ALTER TABLE `recibosp_nom` ENABLE KEYS */;
UNLOCK TABLES;

--
-- Table structure for table `registro`
--

DROP TABLE IF EXISTS `registro`;
/*!40101 SET @saved_cs_client     = @@character_set_client */;
/*!40101 SET character_set_client = utf8 */;
CREATE TABLE `registro` (
  `reg_numero` int(9) NOT NULL,
  `reg_codcli` bigint(12) DEFAULT NULL,
  `reg_codres` char(12) NOT NULL,
  `reg_fecreg` date DEFAULT NULL,
  `reg_horreg` time NOT NULL DEFAULT '00:00:00',
  `reg_estado` char(1) NOT NULL,
  `reg_tippag` char(1) NOT NULL,
  `reg_dispon` int(9) NOT NULL,
  `reg_vlrtot` double(15,2) DEFAULT NULL,
  `reg_detalle` text NOT NULL,
  `reg_feccre` date NOT NULL,
  `reg_cretencion` varchar(12) NOT NULL,
  `reg_creteica` varchar(12) NOT NULL,
  `reg_retencion` double(15,2) NOT NULL,
  `reg_reteica` double(15,2) NOT NULL,
  `reg_vlrgir` double(15,2) NOT NULL,
  `reg_proyecto` int(9) NOT NULL,
  `reg_auxiliar` int(9) NOT NULL,
  `reg_codsec` int(4) NOT NULL,
  `reg_codare` int(4) NOT NULL,
  `reg_nrofac` char(12) NOT NULL,
  PRIMARY KEY (`reg_numero`),
  KEY `reg_codcli` (`reg_codcli`),
  KEY `reg_dispon` (`reg_dispon`),
  KEY `reg_proyecto` (`reg_proyecto`),
  KEY `reg_auxiliar` (`reg_auxiliar`),
  KEY `reg_codsec` (`reg_codsec`),
  KEY `reg_codare` (`reg_codare`)
) ENGINE=MyISAM DEFAULT CHARSET=latin1;
/*!40101 SET character_set_client = @saved_cs_client */;

--
-- Dumping data for table `registro`
--

LOCK TABLES `registro` WRITE;
/*!40000 ALTER TABLE `registro` DISABLE KEYS */;
INSERT INTO `registro` (`reg_numero`, `reg_codcli`, `reg_codres`, `reg_fecreg`, `reg_horreg`, `reg_estado`, `reg_tippag`, `reg_dispon`, `reg_vlrtot`, `reg_detalle`, `reg_feccre`, `reg_cretencion`, `reg_creteica`, `reg_retencion`, `reg_reteica`, `reg_vlrgir`, `reg_proyecto`, `reg_auxiliar`, `reg_codsec`, `reg_codare`, `reg_nrofac`) VALUES (220001,1140866885,'8785891','2022-01-05','10:20:52','C','1',220089,34521000.00,'MANTENIIMIENTO Y REPARCION DE TUBERIA DE 8\" A TODO COSTO ENERO 2022','2022-05-19','NA','NA',0.00,0.00,34521000.00,0,0,16,1,''),(220002,8729882,'8785891','2022-01-03','11:01:26','C','1',220002,1000000.00,'PAGO VIATICOS CIUDAD STA MARTA','2022-05-19','','',0.00,0.00,1000000.00,0,0,0,0,''),(220003,5124670,'asexis','2022-06-14','03:56:32','A','1',220003,10000000.00,' ','2022-06-14','','',0.00,0.00,10000000.00,0,0,0,0,''),(220004,5124670,'asexis','2022-06-14','04:27:18','A','1',220004,9800000.00,' nomina julio','2022-06-14','','',0.00,0.00,9800000.00,0,0,0,0,''),(220005,830503264,'asexis','2022-10-01','05:14:52','P','1',220005,38279377.00,' NOMINA OCTUBRE 2022','2023-06-26','','',0.00,0.00,38279377.00,0,0,0,0,''),(220006,830503264,'asexis','2024-01-22','10:48:20','A','1',220006,1500000.00,' Compra de elementos','2024-01-22','NA','NA',0.00,0.00,1500000.00,0,0,0,0,''),(220007,5124670,'asexis','2024-01-24','03:56:16','C','1',220007,100.00,'PRUEBA PRUEBA PRUEBA','2024-01-24','NA','NA',0.00,0.00,100.00,0,0,0,0,''),(220008,830503264,'asexis','2024-01-31','04:29:25','C','1',220008,50.00,'PRUEBA PRUEBA PRUEBA','2024-01-31','NA','NA',0.00,0.00,50.00,0,0,0,0,''),(220009,900301855,'asexis','2024-02-13','11:55:54','C','1',220009,100.00,'PRUEBA, PRUEBA, PRUEBA.','2024-02-13','NA','NA',0.00,0.00,100.00,0,0,0,0,''),(220010,830503264,'asexis','2024-05-06','05:43:02','C','1',220010,150000.00,'ELEMENTOS DE COMPRA','2024-05-06','NA','NA',0.00,0.00,150000.00,0,0,0,0,'');
/*!40000 ALTER TABLE `registro` ENABLE KEYS */;
UNLOCK TABLES;

--
-- Table structure for table `registrop`
--

DROP TABLE IF EXISTS `registrop`;
/*!40101 SET @saved_cs_client     = @@character_set_client */;
/*!40101 SET character_set_client = utf8 */;
CREATE TABLE `registrop` (
  `regp_numero` int(9) NOT NULL,
  `regp_codcli` bigint(12) DEFAULT NULL,
  `regp_codres` char(12) NOT NULL,
  `regp_fecreg` date DEFAULT NULL,
  `regp_horreg` time NOT NULL DEFAULT '00:00:00',
  `regp_estado` char(1) NOT NULL,
  `regp_tippag` char(1) NOT NULL,
  `regp_dispon` int(9) NOT NULL,
  `regp_vlrtot` double(15,2) DEFAULT NULL,
  `regp_detalle` text NOT NULL,
  `regp_feccre` date NOT NULL,
  `regp_cretencion` varchar(12) NOT NULL,
  `regp_creteica` varchar(12) NOT NULL,
  `regp_retencion` double(15,2) NOT NULL,
  `regp_reteica` double(15,2) NOT NULL,
  `regp_vlriva` double(15,2) NOT NULL,
  `regp_vlrgir` double(15,2) NOT NULL,
  `regp_proyecto` int(9) NOT NULL,
  `regp_auxiliar` int(9) NOT NULL,
  `regp_codsec` int(4) NOT NULL,
  `regp_codare` int(4) NOT NULL,
  `regp_nrofac` char(12) NOT NULL,
  `regp_nroreg` int(9) NOT NULL,
  `regp_nroord` int(9) NOT NULL,
  `regp_soporte` int(9) NOT NULL,
  `regp_tipcon` varchar(12) NOT NULL,
  `regp_forpag` int(11) NOT NULL,
  `regp_creteiva` char(12) NOT NULL,
  `regp_cbomberil` char(12) NOT NULL,
  `regp_iva` double(6,2) NOT NULL,
  `regp_dias` int(11) NOT NULL,
  `regp_reteiva` double(15,2) NOT NULL,
  `regp_bomberil` double(15,2) NOT NULL,
  `regp_tipact` varchar(12) NOT NULL,
  `regp_contrato_vigencia` varchar(4) NOT NULL,
  `regp_contrato_numero` varchar(12) NOT NULL,
  `regp_origen` varchar(10) NOT NULL,
  `regp_guerra` varchar(12) NOT NULL,
  `regp_vguerra` double(15,2) NOT NULL,
  `regp_imp_cree` varchar(12) NOT NULL,
  `regp_vimp_cree` double(15,2) NOT NULL,
  `regp_ent_inv` int(1) NOT NULL DEFAULT '0' COMMENT '1- Si, 0 - No',
  `regp_ent_inv_num` varchar(30) NOT NULL DEFAULT '0',
  `regp_base` double(15,2) NOT NULL,
  `regp_tipo_contrato` int(11) NOT NULL COMMENT '2. contrato, 7. conv institu, 8, conv. admin',
  `regp_otros1` varchar(12) NOT NULL,
  `regp_votros1` double(15,2) NOT NULL,
  `regp_otros2` varchar(12) NOT NULL,
  `regp_votros2` double(15,2) NOT NULL,
  `regp_otros3` varchar(12) NOT NULL,
  `regp_votros3` double(15,2) NOT NULL,
  PRIMARY KEY (`regp_numero`),
  KEY `regp_codcli` (`regp_codcli`),
  KEY `regp_dispon` (`regp_dispon`),
  KEY `regp_nroreg` (`regp_nroreg`),
  KEY `regp_nroord` (`regp_nroord`),
  KEY `regp_proyecto` (`regp_proyecto`),
  KEY `regp_auxiliar` (`regp_auxiliar`),
  KEY `regp_codsec` (`regp_codsec`),
  KEY `regp_codare` (`regp_codare`)
) ENGINE=InnoDB DEFAULT CHARSET=latin1;
/*!40101 SET character_set_client = @saved_cs_client */;

--
-- Dumping data for table `registrop`
--

LOCK TABLES `registrop` WRITE;
/*!40000 ALTER TABLE `registrop` DISABLE KEYS */;
INSERT INTO `registrop` (`regp_numero`, `regp_codcli`, `regp_codres`, `regp_fecreg`, `regp_horreg`, `regp_estado`, `regp_tippag`, `regp_dispon`, `regp_vlrtot`, `regp_detalle`, `regp_feccre`, `regp_cretencion`, `regp_creteica`, `regp_retencion`, `regp_reteica`, `regp_vlriva`, `regp_vlrgir`, `regp_proyecto`, `regp_auxiliar`, `regp_codsec`, `regp_codare`, `regp_nrofac`, `regp_nroreg`, `regp_nroord`, `regp_soporte`, `regp_tipcon`, `regp_forpag`, `regp_creteiva`, `regp_cbomberil`, `regp_iva`, `regp_dias`, `regp_reteiva`, `regp_bomberil`, `regp_tipact`, `regp_contrato_vigencia`, `regp_contrato_numero`, `regp_origen`, `regp_guerra`, `regp_vguerra`, `regp_imp_cree`, `regp_vimp_cree`, `regp_ent_inv`, `regp_ent_inv_num`, `regp_base`, `regp_tipo_contrato`, `regp_otros1`, `regp_votros1`, `regp_otros2`, `regp_votros2`, `regp_otros3`, `regp_votros3`) VALUES (220001,1140866885,'8785891','2022-01-19','10:24:07','C','1',220089,34521000.00,' MANTENIIMIENTO Y REPARCION DE TUBERIA DE 8\" A TODO COSTO ENERO 2022','2022-05-19','RETE006','',2071260.00,0.00,0.00,32449740.00,0,0,16,1,'',220001,1,0,'OBRA',0,'','',0.00,0,0.00,0.00,'001-2022','2022','001-2022','','',0.00,'',0.00,0,'',34521000.00,0,'',0.00,'',0.00,'',0.00),(220002,8729882,'8785891','2022-01-19','11:03:38','C','1',220002,1000000.00,'PAGO VIATICOS CIUDAD STA MARTA','2022-05-19','','',0.00,0.00,0.00,1000000.00,0,0,4,5,'',220002,0,0,'VIATICOS',0,'','',0.00,0,0.00,0.00,'0','2022','0','','',0.00,'',0.00,0,'',1000000.00,0,'',0.00,'',0.00,'',0.00),(220003,5124670,'asexis','2022-06-14','03:58:12','C','1',220003,1000000.00,'','2022-06-14','RETE006','',60000.00,0.00,0.00,940000.00,0,0,0,0,'',220003,1,0,'servicoio',0,'','',0.00,0,0.00,0.00,'1','2022','1','','',0.00,'',0.00,0,'',1000000.00,0,'',0.00,'',0.00,'',0.00),(220004,5124670,'asexis','2022-06-14','04:31:07','A','1',220004,9800000.00,'nomina julio','2022-06-14','NA','NA',0.00,0.00,0.00,9800000.00,0,0,0,0,'',220004,0,0,'nomina julio',0,'NA','NA',0.00,0,0.00,0.00,'0','2022','0','','',0.00,'',0.00,0,'',9000000.00,0,'',0.00,'',0.00,'',0.00),(220005,830503264,'asexis','2022-10-01','05:24:58','C','1',220005,38279377.00,'NOMINA OCTUBRE 2022','2023-06-26','NA','NA',0.00,0.00,0.00,38279377.00,0,0,0,0,'',220005,0,0,'NOMINA',0,'NA','NA',0.00,0,0.00,0.00,'0','2022','0','','NA',0.00,'NA',0.00,1,'',38279377.00,0,'NA',0.00,'NA',0.00,'NA',0.00),(220006,830503264,'asexis','2024-01-22','11:11:08','A','1',220006,1500000.00,'CVOMPRA DE ELEMENTOS','2024-01-22','RETE006','NA',0.00,0.00,0.00,0.00,0,0,0,0,'',220006,123,0,'PRESTACION D',0,'','',0.00,0,0.00,0.00,'1','2022','1','','',0.00,'',0.00,0,'',0.00,0,'',0.00,'',0.00,'',0.00),(220007,830503264,'asexis','2024-01-22','05:39:11','A','1',220006,0.00,'COMPRA DE ELEMENTOS','2024-01-22','RETE006','NA',0.00,0.00,0.00,0.00,0,0,0,0,'',220006,123,0,'PRESTACION D',0,'NA','NA',0.00,0,0.00,0.00,'1','2022','1','','NA',0.00,'NA',0.00,0,'',0.00,0,'NA',0.00,'NA',0.00,'NA',0.00),(220008,5124670,'asexis','2024-01-24','04:09:33','C','1',220007,100.00,'PRUEBA PRUEBA PRUEBA','2024-01-24','RETE006','NA',0.00,0.00,0.00,100.00,0,0,0,0,'',220007,0,0,'Prestacion S',0,'NA','NA',0.00,0,0.00,0.00,'1','2024','1','','NA',0.00,'NA',0.00,0,'',100.00,0,'NA',0.00,'NA',0.00,'NA',0.00),(220009,830503264,'asexis','2024-01-31','04:40:17','C','1',220008,50.00,'PRUEBA PRUEBA PRUEBA','2024-01-31','RETE006','',0.00,0.00,0.00,50.00,0,0,0,0,'',220008,456,0,'PRESTACION S',0,'','',0.00,0,0.00,0.00,'1','2022','1','','',0.00,'',0.00,0,'',50.00,0,'',0.00,'',0.00,'',0.00),(220010,900301855,'asexis','2024-02-13','12:01:48','C','1',220009,100.00,'PRUEBA, PRUEBA, PRUEBA.','2024-02-13','NA','NA',0.00,0.00,0.00,100.00,0,0,0,0,'',220009,321,0,'Prestacion S',0,'NA','NA',0.00,0,0.00,0.00,'1','2024','1','','NA',0.00,'NA',0.00,0,'',100.00,0,'NA',0.00,'NA',0.00,'NA',0.00),(220011,8729882,'asexis','2024-05-06','04:53:32','P','1',220002,150000.00,'COMPRA DE ELEMENTOS ','2024-05-06','RETE006','NA',0.00,0.00,0.00,0.00,0,0,0,0,'',220002,123,0,'PRESTACION D',0,'NA','NA',0.00,0,0.00,0.00,'1','2022','1','','NA',0.00,'NA',0.00,0,'',0.00,0,'NA',0.00,'NA',0.00,'NA',0.00),(220012,830503264,'asexis','2024-05-06','05:49:10','P','1',220010,150000.00,'ELEMENTOS DE COMPRA','2024-05-06','NA','NA',0.00,0.00,0.00,0.00,0,0,0,0,'',220010,123,0,'PRESTACION D',0,'NA','NA',0.00,0,0.00,0.00,'1','2022','1','','NA',0.00,'NA',0.00,0,'',0.00,0,'NA',0.00,'NA',0.00,'NA',0.00);
/*!40000 ALTER TABLE `registrop` ENABLE KEYS */;
UNLOCK TABLES;

--
-- Table structure for table `reintegro`
--

DROP TABLE IF EXISTS `reintegro`;
/*!40101 SET @saved_cs_client     = @@character_set_client */;
/*!40101 SET character_set_client = utf8 */;
CREATE TABLE `reintegro` (
  `rei_numero` int(9) NOT NULL,
  `rei_codcli` bigint(12) DEFAULT NULL,
  `rei_codres` char(12) NOT NULL,
  `rei_fecreg` date DEFAULT NULL,
  `rei_horreg` time NOT NULL DEFAULT '00:00:00',
  `rei_estado` char(1) NOT NULL,
  `rei_tippag` char(1) NOT NULL,
  `rei_dispon` int(9) NOT NULL,
  `rei_vlrtot` double(15,2) DEFAULT NULL,
  `rei_detalle` text NOT NULL,
  `rei_feccre` date NOT NULL,
  PRIMARY KEY (`rei_numero`),
  KEY `rei_codcli` (`rei_codcli`),
  KEY `rei_dispon` (`rei_dispon`)
) ENGINE=MyISAM DEFAULT CHARSET=latin1;
/*!40101 SET character_set_client = @saved_cs_client */;

--
-- Dumping data for table `reintegro`
--

LOCK TABLES `reintegro` WRITE;
/*!40000 ALTER TABLE `reintegro` DISABLE KEYS */;
/*!40000 ALTER TABLE `reintegro` ENABLE KEYS */;
UNLOCK TABLES;

--
-- Table structure for table `responsable`
--

DROP TABLE IF EXISTS `responsable`;
/*!40101 SET @saved_cs_client     = @@character_set_client */;
/*!40101 SET character_set_client = utf8 */;
CREATE TABLE `responsable` (
  `re_codres` char(12) NOT NULL,
  `re_nombre` char(40) DEFAULT NULL,
  `re_cargo` char(40) DEFAULT NULL,
  PRIMARY KEY (`re_codres`)
) ENGINE=MyISAM DEFAULT CHARSET=latin1;
/*!40101 SET character_set_client = @saved_cs_client */;

--
-- Dumping data for table `responsable`
--

LOCK TABLES `responsable` WRITE;
/*!40000 ALTER TABLE `responsable` DISABLE KEYS */;
INSERT INTO `responsable` (`re_codres`, `re_nombre`, `re_cargo`) VALUES ('1','EMPRESAS PUBLICAS MUNICIPALES ESP','GENERAL'),('900299637','AGUALCAS','AGUALCAS');
/*!40000 ALTER TABLE `responsable` ENABLE KEYS */;
UNLOCK TABLES;

--
-- Table structure for table `responsablei`
--

DROP TABLE IF EXISTS `responsablei`;
/*!40101 SET @saved_cs_client     = @@character_set_client */;
/*!40101 SET character_set_client = utf8 */;
CREATE TABLE `responsablei` (
  `re_codres` char(12) NOT NULL,
  `re_nombre` char(40) DEFAULT NULL,
  `re_cargo` char(40) DEFAULT NULL,
  PRIMARY KEY (`re_codres`)
) ENGINE=MyISAM DEFAULT CHARSET=latin1;
/*!40101 SET character_set_client = @saved_cs_client */;

--
-- Dumping data for table `responsablei`
--

LOCK TABLES `responsablei` WRITE;
/*!40000 ALTER TABLE `responsablei` DISABLE KEYS */;
/*!40000 ALTER TABLE `responsablei` ENABLE KEYS */;
UNLOCK TABLES;

--
-- Table structure for table `retencion`
--

DROP TABLE IF EXISTS `retencion`;
/*!40101 SET @saved_cs_client     = @@character_set_client */;
/*!40101 SET character_set_client = utf8 */;
CREATE TABLE `retencion` (
  `rte_cuenta` char(12) NOT NULL,
  `rte_descri` char(80) DEFAULT NULL,
  `rte_codigo` char(12) DEFAULT NULL,
  `rte_porcen` double(15,2) DEFAULT NULL,
  `rte_base` double(10,2) NOT NULL,
  `rte_baseuvt` double(10,2) NOT NULL,
  PRIMARY KEY (`rte_cuenta`)
) ENGINE=MyISAM DEFAULT CHARSET=latin1;
/*!40101 SET character_set_client = @saved_cs_client */;

--
-- Dumping data for table `retencion`
--

LOCK TABLES `retencion` WRITE;
/*!40000 ALTER TABLE `retencion` DISABLE KEYS */;
INSERT INTO `retencion` (`rte_cuenta`, `rte_descri`, `rte_codigo`, `rte_porcen`, `rte_base`, `rte_baseuvt`) VALUES ('NA','NO APLICA','',0.00,0.00,0.00),('RETE001','Compras generales (declarantes)','24360801',2.50,742000.00,27.00),('RETE002','Compras generales (no declarantes)','24360802',3.50,742000.00,27.00),('RETE003','Compras con tarjeta debito o credito','',1.50,0.00,0.00),('RETE004','Compras de combustibles derivados del petroleo','24360803',0.10,0.00,0.00),('RETE005','Servicios generales (declarantes)','24360502',4.00,110000.00,4.00),('RETE006','Servicios generales (no declarantes)','24360501',6.00,110000.00,4.00),('RETE007','Servicios de transporte de carga','24360505',1.00,0.00,4.00),('RETE008','Servicios de transporte nacional de pasajeros por via terrestre (declarantes)','24360504',2.50,742000.00,27.00),('RETE009','Servicios de transporte nacional de pasajeros por via terrestre (no declarantes)','24360505',3.50,742000.00,27.00),('RETE010','Servicios de transporte nacional de pasajeros por via aerea o maritima','',1.00,110000.00,4.00),('RETE011','Servicios prestados por empresas de servicios temporales (sobre AIU)','24360501',1.00,119000.00,4.00),('RETE012','Servicios prestados por empresas de vigilancia y aseo (sobre AIU)','24360502',2.00,110000.00,4.00),('RETE013','Servicios integrales de salud prestados por IPS','',2.00,110000.00,4.00),('RETE014','Servicios de hoteles y restaurantes (declarantes)','24360504',3.50,119000.00,4.00),('RETE015','Servicios de hoteles y restaurantes (no declarantes)','24360504',3.50,119000.00,4.00),('RETE016','Arrendamiento de bienes muebles','24360601',4.00,0.00,0.00),('RETE017','Arrendamiento de bienes inmuebles (declarantes)','24360602',2.50,742000.00,27.00),('RETE018','Arrendamiento de bienes inmuebles (no declarantes)','24360701',3.50,742000.00,27.00),('RETE019','Otros ingresos tributarios (declarantes)','',2.50,742000.00,27.00),('RETE020','Otros ingresos tributarios (no declarantes)','',3.50,742000.00,27.00),('RETE021','Pagos o abonos en cuenta gravables realizados a personas naturales trib.empleado','24369001',95.00,0.00,0.00),('RETE022','Pagos o abonos en cuenta gravables realizados a personas naturales Tarifa Minima','24369001',128.96,0.00,0.00),('RETE023','Honorarios y comisiones (personas juridicas)','24360302',11.00,0.00,0.00),('RETE024','Honorarios y comisiones personas naturales contrato o sumatoria > 3300 uvt','24360303',10.00,0.00,0.00),('RETE025','Honorarios y comisiones (no declarantes)','24360301',10.00,0.00,0.00),('RETE027','Intereses o rendimientos financieros','24360701',7.00,0.00,0.00),('RETE028','Contratos de obra','24360503',2.00,0.00,0.00),('CONTEDAD','Contribucion Tercera Edad','2407220103',4.00,0.00,0.00),('RETIVA','Rete Regimen Comun 15%','24362501',15.00,0.00,0.00),('RETEICA08','Reteica Compras  Ferreteria, Equipos y otros','24362702',4.50,0.00,0.00),('CONTCUL','Contribucion Cultura','2407220105',2.00,0.00,0.00),('RETEICA07','Reteica Cemento,Manofacturas, Aserradero y Metales','24370101',7.00,0.00,0.00),('RETEICA05','Reteica Compras en Gral','24362703',5.00,0.00,0.00),('RETEICA10','Reteica Cigarrillo, Combustible','24370101',10.00,0.00,0.00),('EPDEPARTA','Estampilla Pro desarrollo departamental','2905020101',2.00,0.00,0.00),('EPFRONT01','Pro fronterizo 0.5%','29050201',0.50,7377170.00,0.00),('EPFRONT02','Pro fronterizo 1%','29050201',1.00,73771700.00,0.00),('EPFRONT03','Pro fronterizo 1.5%','29050201',1.50,99999999.99,0.00),('CEOBRAS','Contribucion Especial Obras Publicas','2905020203',5.00,0.00,0.00),('RETE029','Industria y Comercio','24369001',0.80,0.00,0.00),('24408001','EP PRO UNIVERSIDAD DE LE GUAJIRA','24408001',2.00,0.00,0.00),('RETE026','Servicio de Licenciamineto o Uso de Software','24360305',3.50,0.00,0.00),('CONTDEP','Contribucion Deporte','2407220104',2.00,0.00,0.00),('CONTSEGC','Contribucion Seguridad Ciudadana','24079001',5.00,0.00,0.00),('RETEICA06','Reteica x Servicios en Gral','24362701',6.00,0.00,0.00),('1392','Confecciones de artículos con materiales textiles excepto prendas de vestir','1392',0.40,0.00,0.00);
/*!40000 ALTER TABLE `retencion` ENABLE KEYS */;
UNLOCK TABLES;

--
-- Table structure for table `retencion_niif`
--

DROP TABLE IF EXISTS `retencion_niif`;
/*!40101 SET @saved_cs_client     = @@character_set_client */;
/*!40101 SET character_set_client = utf8 */;
CREATE TABLE `retencion_niif` (
  `rte_cuenta` char(12) NOT NULL,
  `rte_descri` char(80) DEFAULT NULL,
  `rte_codigo` char(12) DEFAULT NULL,
  `rte_porcen` double(15,2) DEFAULT NULL,
  `rte_base` double(10,2) NOT NULL,
  `rte_baseuvt` double(10,2) NOT NULL,
  PRIMARY KEY (`rte_cuenta`)
) ENGINE=MyISAM DEFAULT CHARSET=latin1;
/*!40101 SET character_set_client = @saved_cs_client */;

--
-- Dumping data for table `retencion_niif`
--

LOCK TABLES `retencion_niif` WRITE;
/*!40000 ALTER TABLE `retencion_niif` DISABLE KEYS */;
INSERT INTO `retencion_niif` (`rte_cuenta`, `rte_descri`, `rte_codigo`, `rte_porcen`, `rte_base`, `rte_baseuvt`) VALUES ('NA','NO APLICA','',0.00,0.00,0.00),('RETE001','Compras generales (declarantes)','24360801',2.50,742000.00,27.00),('RETE002','Compras generales (no declarantes)','24360802',3.50,742000.00,27.00),('RETE003','Compras con tarjeta debito o credito','',1.50,0.00,0.00),('RETE004','Compras de combustibles derivados del petroleo','24360803',0.10,0.00,0.00),('RETE005','Servicios generales (declarantes)','24360501',4.00,110000.00,4.00),('RETE006','Servicios generales (no declarantes)','24360502',6.00,110000.00,4.00),('RETE007','Servicios de transporte de carga','24360503',1.00,110000.00,4.00),('RETE008','Servicios de transporte nacional de pasajeros por via terrestre (declarantes)','24360504',2.50,742000.00,27.00),('RETE009','Servicios de transporte nacional de pasajeros por via terrestre (no declarantes)','24360505',3.50,742000.00,27.00),('RETE010','Servicios de transporte nacional de pasajeros por via aerea o maritima','',1.00,110000.00,4.00),('RETE011','Servicios prestados por empresas de servicios temporales (sobre AIU)','',1.00,110000.00,4.00),('RETE012','Servicios prestados por empresas de vigilancia y aseo (sobre AIU)','',2.00,110000.00,4.00),('RETE013','Servicios integrales de salud prestados por IPS','',2.00,110000.00,4.00),('RETE014','Servicios de hoteles y restaurantes (declarantes)','',2.50,110000.00,4.00),('RETE015','Servicios de hoteles y restaurantes (no declarantes)','',3.50,110000.00,4.00),('RETE016','Arrendamiento de bienes muebles','24360601',4.00,0.00,0.00),('RETE017','Arrendamiento de bienes inmuebles (declarantes)','24360602',2.50,742000.00,27.00),('RETE018','Arrendamiento de bienes inmuebles (no declarantes)','24360603',3.50,742000.00,27.00),('RETE019','Otros ingresos tributarios (declarantes)','',2.50,742000.00,27.00),('RETE020','Otros ingresos tributarios (no declarantes)','',3.50,742000.00,27.00),('RETE021','Pagos o abonos en cuenta gravables realizados a personas naturales trib.empleado','24369001',95.00,0.00,0.00),('RETE022','Pagos o abonos en cuenta gravables realizados a personas naturales Tarifa Minima','24369001',128.96,0.00,0.00),('RETE023','Honorarios y comisiones (personas juridicas)','24360301',11.00,0.00,0.00),('RETE024','Honorarios y comisiones personas naturales contrato o sumatoria > 3300 uvt','24360302',0.00,0.00,0.00),('RETE025','Honorarios y comisiones (no declarantes)','24360303',10.00,0.00,0.00),('RETE026','Servicios de licenciamiento o derecho de uso de software','',3.50,0.00,0.00),('RETE027','Intereses o rendimientos financieros','24360701',7.00,0.00,0.00),('RETE028','Contratos de construccion y urbanizacion','24362601',2.00,0.00,0.00);
/*!40000 ALTER TABLE `retencion_niif` ENABLE KEYS */;
UNLOCK TABLES;

--
-- Table structure for table `salario`
--

DROP TABLE IF EXISTS `salario`;
/*!40101 SET @saved_cs_client     = @@character_set_client */;
/*!40101 SET character_set_client = utf8 */;
CREATE TABLE `salario` (
  `sa_ano` int(4) NOT NULL DEFAULT '0',
  `sa_valor` int(9) NOT NULL DEFAULT '0',
  `sa_subsi` int(9) NOT NULL DEFAULT '0',
  PRIMARY KEY (`sa_ano`)
) ENGINE=MyISAM DEFAULT CHARSET=latin1;
/*!40101 SET character_set_client = @saved_cs_client */;

--
-- Dumping data for table `salario`
--

LOCK TABLES `salario` WRITE;
/*!40000 ALTER TABLE `salario` DISABLE KEYS */;
INSERT INTO `salario` (`sa_ano`, `sa_valor`, `sa_subsi`) VALUES (2015,644350,74000),(2016,689455,77700),(2017,737717,83140),(2018,781242,88211),(2019,828116,97032),(2020,877803,102854),(2021,908526,106454),(2022,1000000,117172),(2023,1160000,140606),(2024,1300000,162000);
/*!40000 ALTER TABLE `salario` ENABLE KEYS */;
UNLOCK TABLES;

--
-- Table structure for table `saldos`
--

DROP TABLE IF EXISTS `saldos`;
/*!40101 SET @saved_cs_client     = @@character_set_client */;
/*!40101 SET character_set_client = utf8 */;
CREATE TABLE `saldos` (
  `sal_ano` int(4) NOT NULL DEFAULT '0',
  `sal_mes` int(2) NOT NULL DEFAULT '0',
  `sal_codcta` char(12) NOT NULL,
  `sal_tercer` bigint(12) NOT NULL DEFAULT '0',
  `sal_auxili` int(9) NOT NULL DEFAULT '0',
  `sal_codcen` int(6) NOT NULL DEFAULT '0',
  `sal_salant` double(15,2) DEFAULT NULL,
  `sal_debmes` double(15,2) DEFAULT NULL,
  `sal_cremes` double(15,2) DEFAULT NULL,
  `sal_debacu` double(15,2) DEFAULT NULL,
  `sal_creacu` double(15,2) DEFAULT NULL,
  `sal_nuesal` double(15,2) DEFAULT NULL,
  PRIMARY KEY (`sal_ano`,`sal_mes`,`sal_codcta`,`sal_tercer`,`sal_auxili`,`sal_codcen`),
  KEY `sal_codcta` (`sal_codcta`),
  KEY `sal_codcen` (`sal_codcen`),
  KEY `sal_tercer` (`sal_tercer`),
  KEY `sal_auxili` (`sal_auxili`)
) ENGINE=MyISAM DEFAULT CHARSET=latin1;
/*!40101 SET character_set_client = @saved_cs_client */;

--
-- Dumping data for table `saldos`
--

LOCK TABLES `saldos` WRITE;
/*!40000 ALTER TABLE `saldos` DISABLE KEYS */;
INSERT INTO `saldos` (`sal_ano`, `sal_mes`, `sal_codcta`, `sal_tercer`, `sal_auxili`, `sal_codcen`, `sal_salant`, `sal_debmes`, `sal_cremes`, `sal_debacu`, `sal_creacu`, `sal_nuesal`) VALUES (2022,1,'24360501',1140866885,0,101092,0.00,0.00,2071260.00,0.00,2071260.00,2071260.00),(2022,1,'243605',0,0,0,0.00,0.00,2071260.00,0.00,2071260.00,2071260.00),(2022,1,'2436',0,0,0,0.00,0.00,2071260.00,0.00,2071260.00,2071260.00),(2022,1,'24',0,0,0,0.00,0.00,34521000.00,0.00,34521000.00,34521000.00),(2022,1,'2',0,0,0,0.00,0.00,34521000.00,0.00,34521000.00,34521000.00),(2022,1,'75020103',0,0,101092,0.00,34521000.00,0.00,34521000.00,0.00,34521000.00),(2022,1,'750201',0,0,0,0.00,34521000.00,0.00,34521000.00,0.00,34521000.00),(2022,1,'7502',0,0,0,0.00,34521000.00,0.00,34521000.00,0.00,34521000.00),(2022,1,'75',0,0,0,0.00,34521000.00,0.00,34521000.00,0.00,34521000.00),(2022,1,'7',0,0,0,0.00,34521000.00,0.00,34521000.00,0.00,34521000.00),(2022,1,'24010101',1140866885,0,101092,0.00,0.00,32449740.00,0.00,32449740.00,32449740.00),(2022,1,'240101',0,0,0,0.00,0.00,32449740.00,0.00,32449740.00,32449740.00),(2022,1,'2401',0,0,0,0.00,0.00,32449740.00,0.00,32449740.00,32449740.00);
/*!40000 ALTER TABLE `saldos` ENABLE KEYS */;
UNLOCK TABLES;

--
-- Table structure for table `saldos_niif`
--

DROP TABLE IF EXISTS `saldos_niif`;
/*!40101 SET @saved_cs_client     = @@character_set_client */;
/*!40101 SET character_set_client = utf8 */;
CREATE TABLE `saldos_niif` (
  `sal_ano` int(4) NOT NULL DEFAULT '0',
  `sal_mes` int(2) NOT NULL DEFAULT '0',
  `sal_codcta` char(12) NOT NULL,
  `sal_tercer` bigint(12) NOT NULL DEFAULT '0',
  `sal_auxili` int(9) NOT NULL DEFAULT '0',
  `sal_codcen` int(6) NOT NULL DEFAULT '0',
  `sal_salant` double(15,2) DEFAULT NULL,
  `sal_debmes` double(15,2) DEFAULT NULL,
  `sal_cremes` double(15,2) DEFAULT NULL,
  `sal_debacu` double(15,2) DEFAULT NULL,
  `sal_creacu` double(15,2) DEFAULT NULL,
  `sal_nuesal` double(15,2) DEFAULT NULL,
  PRIMARY KEY (`sal_ano`,`sal_mes`,`sal_codcta`,`sal_tercer`,`sal_auxili`,`sal_codcen`),
  KEY `sal_codcta` (`sal_codcta`),
  KEY `sal_codcen` (`sal_codcen`),
  KEY `sal_tercer` (`sal_tercer`),
  KEY `sal_auxili` (`sal_auxili`)
) ENGINE=MyISAM DEFAULT CHARSET=latin1;
/*!40101 SET character_set_client = @saved_cs_client */;

--
-- Dumping data for table `saldos_niif`
--

LOCK TABLES `saldos_niif` WRITE;
/*!40000 ALTER TABLE `saldos_niif` DISABLE KEYS */;
/*!40000 ALTER TABLE `saldos_niif` ENABLE KEYS */;
UNLOCK TABLES;

--
-- Table structure for table `saldos_niifa`
--

DROP TABLE IF EXISTS `saldos_niifa`;
/*!40101 SET @saved_cs_client     = @@character_set_client */;
/*!40101 SET character_set_client = utf8 */;
CREATE TABLE `saldos_niifa` (
  `sala_ano` int(4) NOT NULL DEFAULT '0',
  `sala_mes` int(2) NOT NULL DEFAULT '0',
  `sala_codcta` char(12) NOT NULL DEFAULT '',
  `sala_tercer` bigint(12) NOT NULL DEFAULT '0',
  `sala_auxili` int(9) NOT NULL DEFAULT '0',
  `sala_salant` double(15,2) DEFAULT NULL,
  `sala_debmes` double(15,2) DEFAULT NULL,
  `sala_cremes` double(15,2) DEFAULT NULL,
  `sala_debacu` double(15,2) DEFAULT NULL,
  `sala_creacu` double(15,2) DEFAULT NULL,
  `sala_nuesal` double(15,2) DEFAULT NULL,
  PRIMARY KEY (`sala_ano`,`sala_mes`,`sala_codcta`,`sala_tercer`,`sala_auxili`),
  KEY `sala_codcta` (`sala_codcta`),
  KEY `sala_tercer` (`sala_tercer`),
  KEY `sala_auxili` (`sala_auxili`)
) ENGINE=MyISAM DEFAULT CHARSET=latin1;
/*!40101 SET character_set_client = @saved_cs_client */;

--
-- Dumping data for table `saldos_niifa`
--

LOCK TABLES `saldos_niifa` WRITE;
/*!40000 ALTER TABLE `saldos_niifa` DISABLE KEYS */;
/*!40000 ALTER TABLE `saldos_niifa` ENABLE KEYS */;
UNLOCK TABLES;

--
-- Table structure for table `saldos_niifx`
--

DROP TABLE IF EXISTS `saldos_niifx`;
/*!40101 SET @saved_cs_client     = @@character_set_client */;
/*!40101 SET character_set_client = utf8 */;
CREATE TABLE `saldos_niifx` (
  `salx_ano` int(4) NOT NULL DEFAULT '0',
  `salx_mes` int(2) NOT NULL DEFAULT '0',
  `salx_codcta` char(12) NOT NULL DEFAULT '',
  `salx_salant` double(15,2) DEFAULT NULL,
  `salx_debmes` double(15,2) DEFAULT NULL,
  `salx_cremes` double(15,2) DEFAULT NULL,
  `salx_debacu` double(15,2) DEFAULT NULL,
  `salx_creacu` double(15,2) DEFAULT NULL,
  `salx_nuesal` double(15,2) DEFAULT NULL,
  PRIMARY KEY (`salx_ano`,`salx_mes`,`salx_codcta`),
  KEY `salx_codcta` (`salx_codcta`)
) ENGINE=MyISAM DEFAULT CHARSET=latin1;
/*!40101 SET character_set_client = @saved_cs_client */;

--
-- Dumping data for table `saldos_niifx`
--

LOCK TABLES `saldos_niifx` WRITE;
/*!40000 ALTER TABLE `saldos_niifx` DISABLE KEYS */;
/*!40000 ALTER TABLE `saldos_niifx` ENABLE KEYS */;
UNLOCK TABLES;

--
-- Table structure for table `saldosa`
--

DROP TABLE IF EXISTS `saldosa`;
/*!40101 SET @saved_cs_client     = @@character_set_client */;
/*!40101 SET character_set_client = utf8 */;
CREATE TABLE `saldosa` (
  `sala_ano` int(4) NOT NULL DEFAULT '0',
  `sala_mes` int(2) NOT NULL DEFAULT '0',
  `sala_codcta` char(12) NOT NULL DEFAULT '',
  `sala_tercer` bigint(12) NOT NULL DEFAULT '0',
  `sala_auxili` int(9) NOT NULL DEFAULT '0',
  `sala_salant` double(15,2) DEFAULT NULL,
  `sala_debmes` double(15,2) DEFAULT NULL,
  `sala_cremes` double(15,2) DEFAULT NULL,
  `sala_debacu` double(15,2) DEFAULT NULL,
  `sala_creacu` double(15,2) DEFAULT NULL,
  `sala_nuesal` double(15,2) DEFAULT NULL,
  PRIMARY KEY (`sala_ano`,`sala_mes`,`sala_codcta`,`sala_tercer`,`sala_auxili`),
  KEY `sala_codcta` (`sala_codcta`),
  KEY `sala_tercer` (`sala_tercer`),
  KEY `sala_auxili` (`sala_auxili`)
) ENGINE=MyISAM DEFAULT CHARSET=latin1;
/*!40101 SET character_set_client = @saved_cs_client */;

--
-- Dumping data for table `saldosa`
--

LOCK TABLES `saldosa` WRITE;
/*!40000 ALTER TABLE `saldosa` DISABLE KEYS */;
INSERT INTO `saldosa` (`sala_ano`, `sala_mes`, `sala_codcta`, `sala_tercer`, `sala_auxili`, `sala_salant`, `sala_debmes`, `sala_cremes`, `sala_debacu`, `sala_creacu`, `sala_nuesal`) VALUES (2022,1,'2',0,0,0.00,0.00,34521000.00,0.00,34521000.00,34521000.00),(2022,1,'24',0,0,0.00,0.00,34521000.00,0.00,34521000.00,34521000.00),(2022,1,'2401',0,0,0.00,0.00,32449740.00,0.00,32449740.00,32449740.00),(2022,1,'240101',0,0,0.00,0.00,32449740.00,0.00,32449740.00,32449740.00),(2022,1,'24010101',1140866885,0,0.00,0.00,32449740.00,0.00,32449740.00,32449740.00),(2022,1,'2436',0,0,0.00,0.00,2071260.00,0.00,2071260.00,2071260.00),(2022,1,'243605',0,0,0.00,0.00,2071260.00,0.00,2071260.00,2071260.00),(2022,1,'24360501',1140866885,0,0.00,0.00,2071260.00,0.00,2071260.00,2071260.00),(2022,1,'7',0,0,0.00,34521000.00,0.00,34521000.00,0.00,34521000.00),(2022,1,'75',0,0,0.00,34521000.00,0.00,34521000.00,0.00,34521000.00),(2022,1,'7502',0,0,0.00,34521000.00,0.00,34521000.00,0.00,34521000.00),(2022,1,'750201',0,0,0.00,34521000.00,0.00,34521000.00,0.00,34521000.00),(2022,1,'75020103',0,0,0.00,34521000.00,0.00,34521000.00,0.00,34521000.00);
/*!40000 ALTER TABLE `saldosa` ENABLE KEYS */;
UNLOCK TABLES;

--
-- Table structure for table `saldosc`
--

DROP TABLE IF EXISTS `saldosc`;
/*!40101 SET @saved_cs_client     = @@character_set_client */;
/*!40101 SET character_set_client = utf8 */;
CREATE TABLE `saldosc` (
  `salc_ano` int(4) NOT NULL DEFAULT '0',
  `salc_mes` int(2) NOT NULL DEFAULT '0',
  `salc_codcta` char(25) NOT NULL,
  `salc_tercer` bigint(12) NOT NULL DEFAULT '0',
  `salc_auxili` int(9) NOT NULL DEFAULT '0',
  `salc_codcen` int(6) NOT NULL DEFAULT '0',
  `salc_salant` double(15,2) DEFAULT NULL,
  `salc_debmes` double(15,2) DEFAULT NULL,
  `salc_cremes` double(15,2) DEFAULT NULL,
  `salc_debacu` double(15,2) DEFAULT NULL,
  `salc_creacu` double(15,2) DEFAULT NULL,
  `salc_nuesal` double(15,2) DEFAULT NULL,
  PRIMARY KEY (`salc_ano`,`salc_mes`,`salc_codcta`,`salc_tercer`,`salc_auxili`,`salc_codcen`)
) ENGINE=MyISAM DEFAULT CHARSET=latin1;
/*!40101 SET character_set_client = @saved_cs_client */;

--
-- Dumping data for table `saldosc`
--

LOCK TABLES `saldosc` WRITE;
/*!40000 ALTER TABLE `saldosc` DISABLE KEYS */;
/*!40000 ALTER TABLE `saldosc` ENABLE KEYS */;
UNLOCK TABLES;

--
-- Table structure for table `saldosinventario`
--

DROP TABLE IF EXISTS `saldosinventario`;
/*!40101 SET @saved_cs_client     = @@character_set_client */;
/*!40101 SET character_set_client = utf8 */;
CREATE TABLE `saldosinventario` (
  `sal_fecha` date NOT NULL,
  `sal_codcon` int(10) NOT NULL,
  `sal_bodega` varchar(6) NOT NULL,
  `sal_canant` double(15,2) DEFAULT NULL,
  `sal_salant` double(15,2) DEFAULT NULL,
  `sal_caning` double(15,2) DEFAULT NULL,
  `sal_ingres` double(15,2) DEFAULT NULL,
  `sal_canegr` double(15,2) DEFAULT NULL,
  `sal_egreso` double(15,2) DEFAULT NULL,
  `sal_cannue` double(15,2) DEFAULT NULL,
  `sal_nuesal` double(15,2) DEFAULT NULL,
  PRIMARY KEY (`sal_fecha`,`sal_codcon`,`sal_bodega`)
) ENGINE=InnoDB DEFAULT CHARSET=latin1;
/*!40101 SET character_set_client = @saved_cs_client */;

--
-- Dumping data for table `saldosinventario`
--

LOCK TABLES `saldosinventario` WRITE;
/*!40000 ALTER TABLE `saldosinventario` DISABLE KEYS */;
/*!40000 ALTER TABLE `saldosinventario` ENABLE KEYS */;
UNLOCK TABLES;

--
-- Table structure for table `saldospre`
--

DROP TABLE IF EXISTS `saldospre`;
/*!40101 SET @saved_cs_client     = @@character_set_client */;
/*!40101 SET character_set_client = utf8 */;
CREATE TABLE `saldospre` (
  `sal_ano` int(4) NOT NULL DEFAULT '0',
  `sal_mes` int(2) NOT NULL DEFAULT '0',
  `sal_codcta` varchar(25) NOT NULL,
  `sal_salant` double(15,2) DEFAULT NULL,
  `sal_debmes` double(15,2) DEFAULT NULL,
  `sal_cremes` double(15,2) DEFAULT NULL,
  `sal_debacu` double(15,2) DEFAULT NULL,
  `sal_creacu` double(15,2) DEFAULT NULL,
  `sal_nuesal` double(15,2) DEFAULT NULL,
  PRIMARY KEY (`sal_ano`,`sal_mes`,`sal_codcta`),
  KEY `sal_codcta` (`sal_codcta`)
) ENGINE=MyISAM DEFAULT CHARSET=latin1;
/*!40101 SET character_set_client = @saved_cs_client */;

--
-- Dumping data for table `saldospre`
--

LOCK TABLES `saldospre` WRITE;
/*!40000 ALTER TABLE `saldospre` DISABLE KEYS */;
/*!40000 ALTER TABLE `saldospre` ENABLE KEYS */;
UNLOCK TABLES;

--
-- Table structure for table `saldosprej`
--

DROP TABLE IF EXISTS `saldosprej`;
/*!40101 SET @saved_cs_client     = @@character_set_client */;
/*!40101 SET character_set_client = utf8 */;
CREATE TABLE `saldosprej` (
  `sal_eje_ano` int(4) NOT NULL DEFAULT '0',
  `sal_eje_mes` int(2) NOT NULL DEFAULT '0',
  `sal_eje_codcta` varchar(25) NOT NULL,
  `sal_eje_salant` double(15,2) DEFAULT NULL,
  `sal_eje_credit` double(15,2) DEFAULT NULL,
  `sal_eje_concre` double(15,2) DEFAULT NULL,
  `sal_eje_adicio` double(15,2) DEFAULT NULL,
  `sal_eje_reducc` double(15,2) DEFAULT NULL,
  `sal_eje_defini` double(15,2) DEFAULT NULL,
  `sal_eje_dispon` double(15,2) DEFAULT NULL,
  `sal_eje_regist` double(15,2) DEFAULT NULL,
  `sal_eje_girosp` double(15,2) DEFAULT NULL,
  `sal_eje_nuesal` double(15,2) DEFAULT NULL,
  PRIMARY KEY (`sal_eje_ano`,`sal_eje_mes`,`sal_eje_codcta`),
  KEY `sal_codcta` (`sal_eje_codcta`)
) ENGINE=MyISAM DEFAULT CHARSET=latin1;
/*!40101 SET character_set_client = @saved_cs_client */;

--
-- Dumping data for table `saldosprej`
--

LOCK TABLES `saldosprej` WRITE;
/*!40000 ALTER TABLE `saldosprej` DISABLE KEYS */;
/*!40000 ALTER TABLE `saldosprej` ENABLE KEYS */;
UNLOCK TABLES;

--
-- Table structure for table `saldostes`
--

DROP TABLE IF EXISTS `saldostes`;
/*!40101 SET @saved_cs_client     = @@character_set_client */;
/*!40101 SET character_set_client = utf8 */;
CREATE TABLE `saldostes` (
  `salt_fecha` date NOT NULL,
  `salt_codcta` char(12) NOT NULL,
  `salt_salant` double(15,2) DEFAULT NULL,
  `salt_ingresos` double(15,2) DEFAULT NULL,
  `salt_egresos` double(15,2) DEFAULT NULL,
  `salt_nuesal` double(15,2) DEFAULT NULL,
  PRIMARY KEY (`salt_fecha`,`salt_codcta`),
  KEY `salt_codcta` (`salt_codcta`)
) ENGINE=InnoDB DEFAULT CHARSET=latin1;
/*!40101 SET character_set_client = @saved_cs_client */;

--
-- Dumping data for table `saldostes`
--

LOCK TABLES `saldostes` WRITE;
/*!40000 ALTER TABLE `saldostes` DISABLE KEYS */;
/*!40000 ALTER TABLE `saldostes` ENABLE KEYS */;
UNLOCK TABLES;

--
-- Table structure for table `saldosx`
--

DROP TABLE IF EXISTS `saldosx`;
/*!40101 SET @saved_cs_client     = @@character_set_client */;
/*!40101 SET character_set_client = utf8 */;
CREATE TABLE `saldosx` (
  `salx_ano` int(4) NOT NULL DEFAULT '0',
  `salx_mes` int(2) NOT NULL DEFAULT '0',
  `salx_codcta` char(12) NOT NULL DEFAULT '',
  `salx_salant` double(15,2) DEFAULT NULL,
  `salx_debmes` double(15,2) DEFAULT NULL,
  `salx_cremes` double(15,2) DEFAULT NULL,
  `salx_debacu` double(15,2) DEFAULT NULL,
  `salx_creacu` double(15,2) DEFAULT NULL,
  `salx_nuesal` double(15,2) DEFAULT NULL,
  PRIMARY KEY (`salx_ano`,`salx_mes`,`salx_codcta`),
  KEY `salx_codcta` (`salx_codcta`)
) ENGINE=MyISAM DEFAULT CHARSET=latin1;
/*!40101 SET character_set_client = @saved_cs_client */;

--
-- Dumping data for table `saldosx`
--

LOCK TABLES `saldosx` WRITE;
/*!40000 ALTER TABLE `saldosx` DISABLE KEYS */;
INSERT INTO `saldosx` (`salx_ano`, `salx_mes`, `salx_codcta`, `salx_salant`, `salx_debmes`, `salx_cremes`, `salx_debacu`, `salx_creacu`, `salx_nuesal`) VALUES (2022,1,'2',0.00,0.00,34521000.00,0.00,34521000.00,34521000.00),(2022,1,'24',0.00,0.00,34521000.00,0.00,34521000.00,34521000.00),(2022,1,'2401',0.00,0.00,32449740.00,0.00,32449740.00,32449740.00),(2022,1,'240101',0.00,0.00,32449740.00,0.00,32449740.00,32449740.00),(2022,1,'24010101',0.00,0.00,32449740.00,0.00,32449740.00,32449740.00),(2022,1,'2436',0.00,0.00,2071260.00,0.00,2071260.00,2071260.00),(2022,1,'243605',0.00,0.00,2071260.00,0.00,2071260.00,2071260.00),(2022,1,'24360501',0.00,0.00,2071260.00,0.00,2071260.00,2071260.00),(2022,1,'7',0.00,34521000.00,0.00,34521000.00,0.00,34521000.00),(2022,1,'75',0.00,34521000.00,0.00,34521000.00,0.00,34521000.00),(2022,1,'7502',0.00,34521000.00,0.00,34521000.00,0.00,34521000.00),(2022,1,'750201',0.00,34521000.00,0.00,34521000.00,0.00,34521000.00),(2022,1,'75020103',0.00,34521000.00,0.00,34521000.00,0.00,34521000.00);
/*!40000 ALTER TABLE `saldosx` ENABLE KEYS */;
UNLOCK TABLES;

--
-- Table structure for table `saldosxt`
--

DROP TABLE IF EXISTS `saldosxt`;
/*!40101 SET @saved_cs_client     = @@character_set_client */;
/*!40101 SET character_set_client = utf8 */;
CREATE TABLE `saldosxt` (
  `salx_ano` int(4) NOT NULL DEFAULT '0',
  `salx_mes` int(2) NOT NULL DEFAULT '0',
  `salx_codcta` char(12) NOT NULL DEFAULT '',
  `salx_salant` double(15,2) DEFAULT NULL,
  `salx_debmes` double(15,2) DEFAULT NULL,
  `salx_cremes` double(15,2) DEFAULT NULL,
  `salx_debacu` double(15,2) DEFAULT NULL,
  `salx_creacu` double(15,2) DEFAULT NULL,
  `salx_nuesal` double(15,2) DEFAULT NULL,
  `salx_cor` double(15,2) NOT NULL,
  `salx_ncor` double(15,2) NOT NULL,
  PRIMARY KEY (`salx_ano`,`salx_mes`,`salx_codcta`),
  KEY `salx_codcta` (`salx_codcta`)
) ENGINE=MyISAM DEFAULT CHARSET=latin1;
/*!40101 SET character_set_client = @saved_cs_client */;

--
-- Dumping data for table `saldosxt`
--

LOCK TABLES `saldosxt` WRITE;
/*!40000 ALTER TABLE `saldosxt` DISABLE KEYS */;
/*!40000 ALTER TABLE `saldosxt` ENABLE KEYS */;
UNLOCK TABLES;

--
-- Table structure for table `salidas`
--

DROP TABLE IF EXISTS `salidas`;
/*!40101 SET @saved_cs_client     = @@character_set_client */;
/*!40101 SET character_set_client = utf8 */;
CREATE TABLE `salidas` (
  `sa_tipo_sa` int(1) NOT NULL DEFAULT '1' COMMENT '1.Normal, 2. Almacen',
  `sa_numero` int(9) NOT NULL,
  `sa_codcli` varchar(12) NOT NULL,
  `sa_fecreg` date DEFAULT NULL,
  `sa_horreg` time NOT NULL DEFAULT '00:00:00',
  `sa_vlrtot` double(15,2) DEFAULT NULL,
  `sa_vlriva` double(15,2) DEFAULT NULL,
  `sa_apagar` double(15,2) DEFAULT NULL,
  `sa_estado` char(1) NOT NULL,
  `sa_codcen` varchar(6) NOT NULL,
  `sa_codaux` varchar(70) NOT NULL,
  `sa_usuario` varchar(15) NOT NULL,
  `sa_tipo` varchar(1) NOT NULL,
  `sa_ccosto` varchar(6) NOT NULL,
  `descripcion` text NOT NULL,
  `sa_clase` varchar(1) NOT NULL DEFAULT 'B' COMMENT 'Salidas Buenas o Malas',
  `sa_solicitud` int(11) NOT NULL,
  PRIMARY KEY (`sa_numero`,`sa_tipo_sa`),
  KEY `sa_codcli` (`sa_codcli`),
  KEY `sa_codcen` (`sa_codcen`),
  KEY `sa_codaux` (`sa_codaux`)
) ENGINE=InnoDB DEFAULT CHARSET=latin1;
/*!40101 SET character_set_client = @saved_cs_client */;

--
-- Dumping data for table `salidas`
--

LOCK TABLES `salidas` WRITE;
/*!40000 ALTER TABLE `salidas` DISABLE KEYS */;
/*!40000 ALTER TABLE `salidas` ENABLE KEYS */;
UNLOCK TABLES;

--
-- Table structure for table `salidasdev`
--

DROP TABLE IF EXISTS `salidasdev`;
/*!40101 SET @saved_cs_client     = @@character_set_client */;
/*!40101 SET character_set_client = utf8 */;
CREATE TABLE `salidasdev` (
  `sa_tipo_sa` int(1) NOT NULL DEFAULT '1' COMMENT '1.Normal, 2. Almacen',
  `sa_numero` int(9) NOT NULL,
  `sa_codcli` varchar(12) NOT NULL,
  `sa_fecreg` date DEFAULT NULL,
  `sa_horreg` time NOT NULL DEFAULT '00:00:00',
  `sa_vlrtot` double(15,2) DEFAULT NULL,
  `sa_vlriva` double(15,2) DEFAULT NULL,
  `sa_apagar` double(15,2) DEFAULT NULL,
  `sa_estado` char(1) NOT NULL,
  `sa_codcen` varchar(6) NOT NULL,
  `sa_codaux` varchar(70) NOT NULL,
  `sa_usuario` varchar(15) NOT NULL,
  `sa_tipo` varchar(1) NOT NULL,
  `sa_ccosto` varchar(6) NOT NULL,
  `descripcion` text NOT NULL,
  `sa_clase` varchar(1) NOT NULL DEFAULT 'B' COMMENT 'Salidas Buenas o Malas',
  `sa_solicitud` int(11) NOT NULL,
  `sa_resori` varchar(12) NOT NULL,
  `sa_resdes` varchar(12) NOT NULL,
  PRIMARY KEY (`sa_numero`,`sa_tipo_sa`),
  KEY `sa_codcli` (`sa_codcli`),
  KEY `sa_codcen` (`sa_codcen`),
  KEY `sa_codaux` (`sa_codaux`)
) ENGINE=InnoDB DEFAULT CHARSET=latin1;
/*!40101 SET character_set_client = @saved_cs_client */;

--
-- Dumping data for table `salidasdev`
--

LOCK TABLES `salidasdev` WRITE;
/*!40000 ALTER TABLE `salidasdev` DISABLE KEYS */;
/*!40000 ALTER TABLE `salidasdev` ENABLE KEYS */;
UNLOCK TABLES;

--
-- Table structure for table `secciones`
--

DROP TABLE IF EXISTS `secciones`;
/*!40101 SET @saved_cs_client     = @@character_set_client */;
/*!40101 SET character_set_client = utf8 */;
CREATE TABLE `secciones` (
  `se_codsec` int(4) NOT NULL DEFAULT '0',
  `se_descri` char(60) NOT NULL DEFAULT '',
  PRIMARY KEY (`se_codsec`)
) ENGINE=MyISAM DEFAULT CHARSET=latin1;
/*!40101 SET character_set_client = @saved_cs_client */;

--
-- Dumping data for table `secciones`
--

LOCK TABLES `secciones` WRITE;
/*!40000 ALTER TABLE `secciones` DISABLE KEYS */;
INSERT INTO `secciones` (`se_codsec`, `se_descri`) VALUES (0,'NO APLICA'),(1001,'BODEGA ACUEDUCTO'),(1002,'BODEGA ALCANTARILLADO'),(1000,'BODEGA PRINCIPAL'),(1,'REDES'),(2,'DEPARTAMENTO OPERATIVO'),(3,'JEFATURA ADMINISTRATIVA'),(4,'GERENCIA'),(5,'QUEJAS Y RECLAMOS'),(6,'OFICINA CONTROL INTERNO'),(7,'DEPENDENCIA DE SISTEMAS'),(8,'DIVISION FINANCIERA'),(9,'OFICINA ALMACEN'),(10,'SERVICIOS GENERALES'),(14,'FACTURACION'),(15,'SECRETARIA GENERAL'),(16,'PLANTA BOMBEO'),(17,'PLANTA TRATAMIENTO'),(18,'PLANTA SUR'),(19,'JEFE RELLENO SANITARIO'),(20,'CELADURIA'),(21,'OPERARIO'),(22,'JEFATURA COMERCIAL'),(24,'ARCHIVO GENERAL'),(25,'FUNCIONARIA ADMINISTRATIVA'),(27,'LABORATORIO'),(28,'ASESOR JURIDICO'),(201,'DEPARTAMENTO OPERATIVO'),(202,'JEFE DE OPERARIOS'),(3333,'REDES DE DISTRIBUCION'),(9902,'BODEGA DE RESPONSABILIDADES FISCALES'),(9999,'BODEGA DE INSERVIBLES'),(1003,'BODEGA ASEO');
/*!40000 ALTER TABLE `secciones` ENABLE KEYS */;
UNLOCK TABLES;

--
-- Table structure for table `secuencia`
--

DROP TABLE IF EXISTS `secuencia`;
/*!40101 SET @saved_cs_client     = @@character_set_client */;
/*!40101 SET character_set_client = utf8 */;
CREATE TABLE `secuencia` (
  `se_tipsec` char(3) NOT NULL,
  `se_descri` char(40) DEFAULT NULL,
  `se_numero` int(9) DEFAULT NULL,
  PRIMARY KEY (`se_tipsec`)
) ENGINE=MyISAM DEFAULT CHARSET=latin1;
/*!40101 SET character_set_client = @saved_cs_client */;

--
-- Dumping data for table `secuencia`
--

LOCK TABLES `secuencia` WRITE;
/*!40000 ALTER TABLE `secuencia` DISABLE KEYS */;
INSERT INTO `secuencia` (`se_tipsec`, `se_descri`, `se_numero`) VALUES ('C','Compras',220000),('D','Descuentos',220000),('E','Factura Equivalente',220000),('F','Facturas',220000),('N','Recibos de pago Nomina',220334),('P','Recibos de Pago',220000),('R','Recibos de Caja',220000),('S','Salidas de Inventario',220000),('X','Cuentas Por Pagar',220000),('I','Disponibilidades',220011),('G','Registros Presupuestales',220010),('GP','Giro Presupuestal',220000),('CS','Consignaciones',220000),('PE','Pedidos Entradas',220000),('OR','Ordenes de Compra',220000),('PS','Pedidos Salidas',220000),('A','Adiciones Presupuestales',220002),('DP','Disminucion Presupuestal',220001),('TP','Traslado Presupuestal',220001),('OP','Orden de pago',220012),('EP','Egresos ordenes de pago',220012),('NB','Notas bancarias',220000),('CD','Cambios Disponibilidad',220004),('CR','Cambios Registros',220001),('RC','Recaudos Presupuestales',220216),('LC','Liquidacion Contrato',220000),('CN','Liquidacion Contrato',220000),('PC','Pagos directo por cuenta',220006),('LA','Avances',220000),('TB','Tralados bancarios',220000);
/*!40000 ALTER TABLE `secuencia` ENABLE KEYS */;
UNLOCK TABLES;

--
-- Table structure for table `suspennom_liq`
--

DROP TABLE IF EXISTS `suspennom_liq`;
/*!40101 SET @saved_cs_client     = @@character_set_client */;
/*!40101 SET character_set_client = utf8 */;
CREATE TABLE `suspennom_liq` (
  `sp_periodo` int(7) NOT NULL DEFAULT '0',
  `sp_cedula` bigint(12) NOT NULL DEFAULT '0',
  `sp_falta` char(2) NOT NULL,
  `sp_fecini` date DEFAULT NULL,
  `sp_valor` int(9) DEFAULT NULL,
  `sp_fecreg` date DEFAULT NULL,
  `sp_usuari` char(12) NOT NULL,
  `sp_detalle` text,
  PRIMARY KEY (`sp_periodo`,`sp_cedula`,`sp_falta`),
  KEY `sp_cedula` (`sp_cedula`),
  KEY `sp_falta` (`sp_falta`)
) ENGINE=MyISAM DEFAULT CHARSET=latin1;
/*!40101 SET character_set_client = @saved_cs_client */;

--
-- Dumping data for table `suspennom_liq`
--

LOCK TABLES `suspennom_liq` WRITE;
/*!40000 ALTER TABLE `suspennom_liq` DISABLE KEYS */;
/*!40000 ALTER TABLE `suspennom_liq` ENABLE KEYS */;
UNLOCK TABLES;

--
-- Table structure for table `tarifas`
--

DROP TABLE IF EXISTS `tarifas`;
/*!40101 SET @saved_cs_client     = @@character_set_client */;
/*!40101 SET character_set_client = utf8 */;
CREATE TABLE `tarifas` (
  `tar_codigo` int(11) NOT NULL DEFAULT '0',
  `tar_minima` int(11) NOT NULL,
  `tar_banderazo` int(11) NOT NULL,
  `tar_caidamts` int(11) NOT NULL,
  `tar_caidaseg` int(11) NOT NULL,
  `tar_recargo` int(11) NOT NULL,
  `tar_radio` int(11) NOT NULL,
  `tar_aeropuerto` int(11) NOT NULL,
  `tar_porhoras` int(11) NOT NULL,
  PRIMARY KEY (`tar_codigo`)
) ENGINE=MyISAM DEFAULT CHARSET=latin1;
/*!40101 SET character_set_client = @saved_cs_client */;

--
-- Dumping data for table `tarifas`
--

LOCK TABLES `tarifas` WRITE;
/*!40000 ALTER TABLE `tarifas` DISABLE KEYS */;
/*!40000 ALTER TABLE `tarifas` ENABLE KEYS */;
UNLOCK TABLES;

--
-- Table structure for table `temmovto`
--

DROP TABLE IF EXISTS `temmovto`;
/*!40101 SET @saved_cs_client     = @@character_set_client */;
/*!40101 SET character_set_client = utf8 */;
CREATE TABLE `temmovto` (
  `tem_tipcom` int(3) NOT NULL,
  `tem_numero` int(9) NOT NULL,
  `tem_codcta` char(12) NOT NULL,
  `tem_tercer` bigint(12) NOT NULL DEFAULT '0',
  `tem_tipmov` int(1) NOT NULL DEFAULT '0',
  `tem_auxili` int(9) DEFAULT NULL,
  `tem_codtic` char(3) NOT NULL,
  `tem_detall` char(50) DEFAULT NULL,
  `tem_cheque` char(12) DEFAULT NULL,
  `tem_codcen` int(6) NOT NULL DEFAULT '0',
  `tem_vlrmov` double(15,2) DEFAULT NULL,
  `tem_fecreg` date DEFAULT NULL,
  `tem_codemp` char(8) DEFAULT NULL,
  PRIMARY KEY (`tem_tipcom`,`tem_numero`,`tem_codcta`,`tem_tercer`,`tem_tipmov`,`tem_codcen`)
) ENGINE=MyISAM DEFAULT CHARSET=latin1;
/*!40101 SET character_set_client = @saved_cs_client */;

--
-- Dumping data for table `temmovto`
--

LOCK TABLES `temmovto` WRITE;
/*!40000 ALTER TABLE `temmovto` DISABLE KEYS */;
/*!40000 ALTER TABLE `temmovto` ENABLE KEYS */;
UNLOCK TABLES;

--
-- Table structure for table `terceros`
--

DROP TABLE IF EXISTS `terceros`;
/*!40101 SET @saved_cs_client     = @@character_set_client */;
/*!40101 SET character_set_client = utf8 */;
CREATE TABLE `terceros` (
  `te_codcli` bigint(12) NOT NULL DEFAULT '0',
  `te_nombre` char(200) NOT NULL,
  `te_direcc` char(50) NOT NULL DEFAULT '',
  `te_telefo` char(12) NOT NULL DEFAULT '',
  `te_porcen` int(2) DEFAULT NULL,
  `te_nombr1` char(10) DEFAULT NULL,
  `te_nombr2` char(10) DEFAULT NULL,
  `te_apell1` char(20) DEFAULT NULL,
  `te_apell2` char(10) DEFAULT NULL,
  `te_codact` int(6) DEFAULT NULL,
  `te_codciu` int(3) DEFAULT NULL,
  `te_tipo` char(1) NOT NULL,
  `te_tipter` char(1) NOT NULL,
  `te_tipdoc` char(2) NOT NULL,
  `te_autore` char(1) NOT NULL,
  `te_gran` char(1) NOT NULL,
  `te_ent_publica` enum('S','N') NOT NULL,
  `te_regimen` varchar(1) NOT NULL,
  `te_estado` varchar(1) NOT NULL,
  `te_correo` varchar(70) NOT NULL,
  PRIMARY KEY (`te_codcli`),
  KEY `te_codact` (`te_codact`),
  KEY `te_codciu` (`te_codciu`)
) ENGINE=MyISAM DEFAULT CHARSET=latin1;
/*!40101 SET character_set_client = @saved_cs_client */;

--
-- Dumping data for table `terceros`
--

LOCK TABLES `terceros` WRITE;
/*!40000 ALTER TABLE `terceros` DISABLE KEYS */;
INSERT INTO `terceros` (`te_codcli`, `te_nombre`, `te_direcc`, `te_telefo`, `te_porcen`, `te_nombr1`, `te_nombr2`, `te_apell1`, `te_apell2`, `te_codact`, `te_codciu`, `te_tipo`, `te_tipter`, `te_tipdoc`, `te_autore`, `te_gran`, `te_ent_publica`, `te_regimen`, `te_estado`, `te_correo`) VALUES (900301855,'ASESORES EXPERTOS EN INGENIERIA Y SOLUCIONES SAS','CALLE 45 # 11-10 PISO 2','2777796',5,'','ASEXIS','SAS','',7210,73001,'J','C','NI','N','N','N','S','A','asexis_sas@hotmail.com'),(8785891,'FERNANDO JOSE ANDRADE OROZCO','carrera 13  N. 8 - 43','3218873376',3,'FERNANDO','JOSE','ANDRADE','OROZCO',6920,47170,'N','E','CC','N','N','N','N','A','fernando-andradeo@hotmail.com'),(12589514,'DIEGO RAFAEL DE CASTRO JARABA','CALLE 2 N. 2A - 03','3126520038',6,'DIEGO','RAFAEL','DE CASTRO','JARABA',8299,47170,'N','E','CC','N','N','N','N','A','diegodecastrojaraba31@gmail.com'),(39095242,'ROCIO DEL CARMEN OROZCO OROZCO','CARRERA 9 N. 6 - 20','3002894707',5,'ROCIO','DEL CARMEN','OROZCO','OROZCO',7490,47170,'N','E','CC','N','N','N','N','A','rociorozco09@gmail.com'),(72050865,'JAROL ENRIQUE OROZCO OROZCO','CARRERA 1B SUR  7B - 17','3205430324',1,'JAROL','ENRIQUE','OROZCO','OROZCO',8521,47960,'N','E','CC','N','N','N','N','A','coopserchivolo@gmail.com'),(19516503,'ANTONIO MARÍA HERRERA VERGARA','CALLE 10 N. 15 - 42','3216284798',8,'ANTONIO','MARÍA','HERRERA','VERGARA',3600,47170,'N','E','CC','N','N','N','N','A','coopserchivolo@gmail.com'),(5124670,'ANTONIO RAMON CONTRERAS DE AVILA','LA CHINA','3113959400',6,'ANTONIO','RAMON','CONTRERAS','DE AVILA',3600,47170,'N','E','CC','N','N','N','N','A','coopserchivolo@gmail.com'),(57116115,'SERGINA MATILDE ANDRADE ANAYA','CALLE 6 N. 14 - 41','3043415165',5,'SERGINA','MATILDE','ANDRADE','ANAYA',7490,47170,'N','E','CC','N','N','N','N','A','andradeanayasergina@gmail.com'),(1081914283,'AYDA LUZ OVALLOS SERRANO','CARRERA 10 N. 10 - 6','3106483041',6,'AYDA','LUZ','OVALLOS','SERRANO',9609,47170,'N','E','CC','N','N','N','N','A','ovallos@gmail.com'),(8796606,'ANTONIO MARIA MATIU MERIÑO','LA ESTRELLA','3202197571',0,'ANTONIO','MARIA','MATIU','MERIÑO',0,47170,'N','E','CC','N','N','N','N','A','coopserchivolo@gmail.com'),(19516963,'OSCAR ARMANDO ANDRADE ANDRADE','BRR CHIBOLON','',0,'OSCAR','ARMANDO','ANDRADE','ANDRADE',0,47170,'N','E','CC','N','N','N','N','A','coopserchivolo@gmail.com'),(19515888,'OCTAVIANO AUGUSTO ARAGON ARRIETA','CORR LA CHINA','3012012653',0,'OCTAVIANO','AUGUSTO','ARAGON','ARRIETA',0,47170,'N','E','CC','N','N','N','N','A','coopserchivolo@gmail.com'),(19516505,'MANUEL FRANCISCO BARRIOS DIAZ','BRR CHIBOLON','3147046950',0,'MANUEL','FRANCISCO','BARRIOS','DIAZ',0,47170,'N','E','CC','N','N','N','N','A','coopserchivolo@gmail.com'),(19516490,'PEDRO RAMÓN MATIU CONTRERAS','CALLE 5 N. 14 - 30','3233155039',0,'PEDRO','RAMÓN','MATIU','CONTRERAS',0,47170,'N','E','CC','N','N','N','N','A','coopserchivolo@gmail.com'),(19517047,'JORGE MARÍA SIMANCA ANDRADE','BRR 23 DE ABRIL','3008343640',0,'JORGE','MARÍA','SIMANCA','ANDRADE',0,47170,'N','E','CC','N','N','N','N','A','coopserchivolo@gmail.com'),(19518867,'LUIS ENRIQUE BOLAÑO OROZCO','BRR CHIBOLON','3113716556',0,'LUIS','ENRIQUE','BOLAÑO','OROZCO',0,47170,'N','E','CC','N','N','N','N','A','coopserchivolo@gmail.com'),(57117153,'NOIRIS MARÍA PADILLA CONTRERAS','CORR LA CHINA','3214964976',0,'NOIRIS','MARÍA','PADILLA','CONTRERAS',0,47170,'N','E','CC','N','N','N','N','A','coopserchivolo@gmail.com'),(12685597,'JOSE HIGINIO DIAZ BENJUMEA','BRR LA FRANCISCANA','3016904852',0,'JOSE','HIGINIO','DIAZ','BENJUMEA',0,47170,'N','E','CC','N','N','N','N','A','coopserchivolo@gmail.com'),(1128165500,'YONATHAN CALANCHE VILLA','CORR MOLER','3145359762',0,'YONATHAN','','CALANCHE','VILLA',0,47170,'N','E','CC','N','N','N','N','A','coopserchivolo@gmail.com'),(1079654224,'ALEX JOSE MERIÑO BIEVA','CORR LA ESTRELLA','3135981272',0,'ALEX','JOSE','MERIÑO','BIEVA',0,47170,'N','E','CC','N','N','N','N','A','coopserchivolo@gmail.com'),(85220105,'TEOFILO BRIEVA GUERRA','CORR LA ESTRELLA','3226589409',0,'TEOFILO','','BRIEVA','GUERRA',0,47170,'N','E','CC','N','N','N','N','A','coopserchivolo@gmail.com'),(1079657876,'MARINA ISABEL HERRERA OSPINO','BRR LA FRANCISCANA','3233873300',0,'MARINA','ISABEL','HERRERA','OSPINO',0,47170,'N','E','CC','N','N','N','N','A','coopserchivolo@gmail.com'),(901523846,'OUTSOURCING AAA SAS','CARRERA 14 N. 12 - 30','3233873300',7,'OUTSOURCIN','AAA','SAS','',7020,47170,'J','C','CC','S','N','N','S','A','miho1990@hotmail.com'),(1140866885,'HUGO MERILO ANDRADE SANCHEZ','CRA 12 # 5-55','3116906319',7,'HUGO','MERILO','ANDRADE','SANCHEZ',7110,47170,'N','P','CC','N','N','N','N','A','hugomerilo@hotmail.com'),(8729882,'EFRAIN TERCERO CARO PEREZ','BRRIO RINCON','3135651105',0,'EFRAIN','TERCERO','CARO','PEREZ',7010,47170,'N','E','CC','N','N','N','N','A','capefrate@hotmail.com'),(830503264,'COOPSERCHIBOLO','CL 5 8 - 6 LC 1','3135651105',0,'','','','',0,0,'','','','','','N','','',''),(5886604,'JOSE IGNACIO GONZALEZ CARDENAS','CLLE 5 N. 10  -  82','	3207756931',0,'JOSE','IGNACIO','GONZALEZ','CARDENAS',9609,47170,'N','E','CC','','','N','','A','josegon_1965@hotmail.com');
/*!40000 ALTER TABLE `terceros` ENABLE KEYS */;
UNLOCK TABLES;

--
-- Table structure for table `tico`
--

DROP TABLE IF EXISTS `tico`;
/*!40101 SET @saved_cs_client     = @@character_set_client */;
/*!40101 SET character_set_client = utf8 */;
CREATE TABLE `tico` (
  `ti_codtip` int(3) NOT NULL,
  `ti_descri` char(40) DEFAULT NULL,
  `ti_numero` int(9) DEFAULT NULL,
  PRIMARY KEY (`ti_codtip`)
) ENGINE=MyISAM DEFAULT CHARSET=latin1;
/*!40101 SET character_set_client = @saved_cs_client */;

--
-- Dumping data for table `tico`
--

LOCK TABLES `tico` WRITE;
/*!40000 ALTER TABLE `tico` DISABLE KEYS */;
INSERT INTO `tico` (`ti_codtip`, `ti_descri`, `ti_numero`) VALUES (100,'Saldo Inicial',220000),(101,'Facturas Servicios Publicos',220017),(102,'Recibos de Recaudo',220357),(103,'Entradas',220000),(104,'Salidas de Inventario',220000),(105,'Notas Bancarias',220000),(106,'Consignaciones',220000),(107,'Notas Contables',220000),(108,'Descuentos de Facturas',220000),(109,'Cuentas Por pagar',220001),(110,'Recibos de Pago',220000),(111,'Compras y Ctas x Pagar',220010),(112,'Comprobante de Egreso Adicional',220002),(113,'Comprobante de Egreso',220000),(116,'Comprobante de Depreciacion',220000),(118,'Nomina',220104),(119,'Pago de Nomina',220000),(200,'Cierre de Año',220000),(115,'Notas Debito Facturacion',220005),(114,'Notas Credito Facturacion',220006),(117,'Comprobante de Ingreso',220000),(120,'Entrada Medidores OC',220000),(121,'Entrada Devolutivos OC',220000),(131,'Facturas de Portafolio',220000),(132,'Recibos de Pago',220000),(122,'Traslados Bancarios',220000),(133,'Notas Credito Facturacion Saldo A favor',220000),(140,'Pago Directos por cuenta',220000);
/*!40000 ALTER TABLE `tico` ENABLE KEYS */;
UNLOCK TABLES;

--
-- Table structure for table `tico_niif`
--

DROP TABLE IF EXISTS `tico_niif`;
/*!40101 SET @saved_cs_client     = @@character_set_client */;
/*!40101 SET character_set_client = utf8 */;
CREATE TABLE `tico_niif` (
  `ti_codtip` int(3) NOT NULL,
  `ti_descri` char(40) DEFAULT NULL,
  `ti_numero` int(9) DEFAULT NULL,
  PRIMARY KEY (`ti_codtip`)
) ENGINE=MyISAM DEFAULT CHARSET=latin1;
/*!40101 SET character_set_client = @saved_cs_client */;

--
-- Dumping data for table `tico_niif`
--

LOCK TABLES `tico_niif` WRITE;
/*!40000 ALTER TABLE `tico_niif` DISABLE KEYS */;
INSERT INTO `tico_niif` (`ti_codtip`, `ti_descri`, `ti_numero`) VALUES (100,'Saldo Inicial',0),(101,'Facturas',0),(102,'Recibos de Recaudo',0),(103,'Entradas',0),(104,'Salidas de Inventario',0),(105,'Notas Bancarias',0),(106,'Consignaciones',0),(107,'Notas Contables',0),(108,'Descuentos de Facturas',0),(109,'Cuentas Por pagar',0),(110,'Recibos de Pago',0),(111,'Comprobante de Causacion',2),(112,'Comprobante de Ingreso',0),(113,'Comprobante de Egreso',0),(116,'Comprobante de Depreciacion',0),(118,'Nomina',0),(119,'Pago de Nomina',0),(200,'Cierre de Año',0),(115,'Notas Debito Facturacion',0),(114,'Notas Credito Facturacion',0);
/*!40000 ALTER TABLE `tico_niif` ENABLE KEYS */;
UNLOCK TABLES;

--
-- Table structure for table `tidocu`
--

DROP TABLE IF EXISTS `tidocu`;
/*!40101 SET @saved_cs_client     = @@character_set_client */;
/*!40101 SET character_set_client = utf8 */;
CREATE TABLE `tidocu` (
  `td_tidocu` char(2) NOT NULL,
  `td_descri` char(40) DEFAULT NULL,
  PRIMARY KEY (`td_tidocu`)
) ENGINE=MyISAM DEFAULT CHARSET=latin1;
/*!40101 SET character_set_client = @saved_cs_client */;

--
-- Dumping data for table `tidocu`
--

LOCK TABLES `tidocu` WRITE;
/*!40000 ALTER TABLE `tidocu` DISABLE KEYS */;
INSERT INTO `tidocu` (`td_tidocu`, `td_descri`) VALUES ('CC','Cedula de Ciudadania'),('CE','Cedula de Extranjeria'),('NI','NIT');
/*!40000 ALTER TABLE `tidocu` ENABLE KEYS */;
UNLOCK TABLES;

--
-- Table structure for table `timovto`
--

DROP TABLE IF EXISTS `timovto`;
/*!40101 SET @saved_cs_client     = @@character_set_client */;
/*!40101 SET character_set_client = utf8 */;
CREATE TABLE `timovto` (
  `tm_timovto` int(2) NOT NULL,
  `tm_descri` char(40) DEFAULT NULL,
  PRIMARY KEY (`tm_timovto`)
) ENGINE=MyISAM DEFAULT CHARSET=latin1;
/*!40101 SET character_set_client = @saved_cs_client */;

--
-- Dumping data for table `timovto`
--

LOCK TABLES `timovto` WRITE;
/*!40000 ALTER TABLE `timovto` DISABLE KEYS */;
INSERT INTO `timovto` (`tm_timovto`, `tm_descri`) VALUES (131,'Facturas Servicios Especiales'),(132,'Recibos de Caja Servicios especiales'),(103,'Entradas de Inventario'),(104,'Salidas de Inventario'),(108,'Descuentos de Facturas'),(109,'Cuentas Por Pagar'),(110,'Recibos de Pago'),(105,'Notas Bancarias'),(0,'Sin Definir');
/*!40000 ALTER TABLE `timovto` ENABLE KEYS */;
UNLOCK TABLES;

--
-- Table structure for table `tipcon`
--

DROP TABLE IF EXISTS `tipcon`;
/*!40101 SET @saved_cs_client     = @@character_set_client */;
/*!40101 SET character_set_client = utf8 */;
CREATE TABLE `tipcon` (
  `tc_codtic` char(3) NOT NULL,
  `tc_descri` char(40) DEFAULT NULL,
  PRIMARY KEY (`tc_codtic`)
) ENGINE=MyISAM DEFAULT CHARSET=latin1;
/*!40101 SET character_set_client = @saved_cs_client */;

--
-- Dumping data for table `tipcon`
--

LOCK TABLES `tipcon` WRITE;
/*!40000 ALTER TABLE `tipcon` DISABLE KEYS */;
INSERT INTO `tipcon` (`tc_codtic`, `tc_descri`) VALUES ('CAU','Causacion'),('CIE','Cierre-Año'),('CON','Consignaciones'),('CXP','Cuenta Por Pagar'),('EIN','Entradas de Inventario'),('FAC','Segun Factura'),('NOB','Nota Bancaria'),('NOC','Nota Contable'),('NOF','Nota Facturacion'),('PT','Pago a Terceros'),('RC','Recibo de Caja No.'),('REC','Recaudos'),('REI','Segun Reintegro No.'),('SI','Saldo Inicial'),('SIN','Salida de Inventario');
/*!40000 ALTER TABLE `tipcon` ENABLE KEYS */;
UNLOCK TABLES;

--
-- Table structure for table `tipveh`
--

DROP TABLE IF EXISTS `tipveh`;
/*!40101 SET @saved_cs_client     = @@character_set_client */;
/*!40101 SET character_set_client = utf8 */;
CREATE TABLE `tipveh` (
  `tv_tipveh` int(3) NOT NULL DEFAULT '0',
  `tv_descri` char(40) NOT NULL DEFAULT '',
  PRIMARY KEY (`tv_tipveh`)
) ENGINE=MyISAM DEFAULT CHARSET=latin1;
/*!40101 SET character_set_client = @saved_cs_client */;

--
-- Dumping data for table `tipveh`
--

LOCK TABLES `tipveh` WRITE;
/*!40000 ALTER TABLE `tipveh` DISABLE KEYS */;
INSERT INTO `tipveh` (`tv_tipveh`, `tv_descri`) VALUES (0,'No Aplica'),(1,'COOPSERCHIBOLO');
/*!40000 ALTER TABLE `tipveh` ENABLE KEYS */;
UNLOCK TABLES;

--
-- Table structure for table `tmprevmovto_niif`
--

DROP TABLE IF EXISTS `tmprevmovto_niif`;
/*!40101 SET @saved_cs_client     = @@character_set_client */;
/*!40101 SET character_set_client = utf8 */;
CREATE TABLE `tmprevmovto_niif` (
  `tmo_tipcom` int(3) NOT NULL,
  `tmo_numero` int(9) NOT NULL,
  `tmo_secuen` int(5) NOT NULL,
  `tmo_revela` text,
  PRIMARY KEY (`tmo_tipcom`,`tmo_numero`,`tmo_secuen`)
) ENGINE=MyISAM DEFAULT CHARSET=latin1;
/*!40101 SET character_set_client = @saved_cs_client */;

--
-- Dumping data for table `tmprevmovto_niif`
--

LOCK TABLES `tmprevmovto_niif` WRITE;
/*!40000 ALTER TABLE `tmprevmovto_niif` DISABLE KEYS */;
INSERT INTO `tmprevmovto_niif` (`tmo_tipcom`, `tmo_numero`, `tmo_secuen`, `tmo_revela`) VALUES (112,220001,1,' '),(112,220001,2,' '),(111,220009,2,' '),(111,220009,1,' ');
/*!40000 ALTER TABLE `tmprevmovto_niif` ENABLE KEYS */;
UNLOCK TABLES;

--
-- Table structure for table `tramites`
--

DROP TABLE IF EXISTS `tramites`;
/*!40101 SET @saved_cs_client     = @@character_set_client */;
/*!40101 SET character_set_client = utf8 */;
CREATE TABLE `tramites` (
  `tm_numero` int(9) NOT NULL,
  `tm_codare` int(3) NOT NULL,
  `tm_tidano` int(3) NOT NULL,
  `tm_fecreg` date DEFAULT NULL,
  `tm_horreg` time NOT NULL DEFAULT '00:00:00',
  `tm_codcli` bigint(12) NOT NULL,
  `tm_estado` char(1) NOT NULL,
  `tm_califi` char(1) DEFAULT NULL,
  `tm_feccon` date DEFAULT NULL,
  `tm_horcon` time NOT NULL DEFAULT '00:00:00',
  `tm_origen` char(1) NOT NULL,
  `tm_codres` char(12) NOT NULL,
  `tm_admin` double(12,2) NOT NULL,
  `tm_impre` double(12,2) NOT NULL,
  `tm_utilid` double(12,2) NOT NULL,
  `tm_ivauti` double(12,2) NOT NULL,
  PRIMARY KEY (`tm_numero`),
  KEY `tm_tidano` (`tm_tidano`),
  KEY `tm_codcli` (`tm_codcli`),
  KEY `tm_codare` (`tm_codare`)
) ENGINE=MyISAM DEFAULT CHARSET=latin1;
/*!40101 SET character_set_client = @saved_cs_client */;

--
-- Dumping data for table `tramites`
--

LOCK TABLES `tramites` WRITE;
/*!40000 ALTER TABLE `tramites` DISABLE KEYS */;
INSERT INTO `tramites` (`tm_numero`, `tm_codare`, `tm_tidano`, `tm_fecreg`, `tm_horreg`, `tm_codcli`, `tm_estado`, `tm_califi`, `tm_feccon`, `tm_horcon`, `tm_origen`, `tm_codres`, `tm_admin`, `tm_impre`, `tm_utilid`, `tm_ivauti`) VALUES (1,0,0,'2013-03-01','10:46:16',0,'P','','0000-00-00','00:00:00','1','0',0.00,0.00,0.00,0.00);
/*!40000 ALTER TABLE `tramites` ENABLE KEYS */;
UNLOCK TABLES;

--
-- Table structure for table `traslado`
--

DROP TABLE IF EXISTS `traslado`;
/*!40101 SET @saved_cs_client     = @@character_set_client */;
/*!40101 SET character_set_client = utf8 */;
CREATE TABLE `traslado` (
  `tra_numero` int(9) NOT NULL,
  `tra_codres` char(12) NOT NULL,
  `tra_fecreg` date DEFAULT NULL,
  `tra_horreg` time NOT NULL DEFAULT '00:00:00',
  `tra_estado` char(1) NOT NULL,
  `tra_tippag` char(1) NOT NULL,
  `tra_vlrtot` double(15,2) DEFAULT NULL,
  `tra_detalle` text NOT NULL,
  `tra_feccre` date NOT NULL,
  `tra_anopre` int(4) NOT NULL,
  PRIMARY KEY (`tra_numero`)
) ENGINE=MyISAM DEFAULT CHARSET=latin1;
/*!40101 SET character_set_client = @saved_cs_client */;

--
-- Dumping data for table `traslado`
--

LOCK TABLES `traslado` WRITE;
/*!40000 ALTER TABLE `traslado` DISABLE KEYS */;
INSERT INTO `traslado` (`tra_numero`, `tra_codres`, `tra_fecreg`, `tra_horreg`, `tra_estado`, `tra_tippag`, `tra_vlrtot`, `tra_detalle`, `tra_feccre`, `tra_anopre`) VALUES (220001,'asexis','2022-06-14','03:40:46','C','1',1000000.00,' xxx','2022-06-14',2022);
/*!40000 ALTER TABLE `traslado` ENABLE KEYS */;
UNLOCK TABLES;

--
-- Table structure for table `traslados`
--

DROP TABLE IF EXISTS `traslados`;
/*!40101 SET @saved_cs_client     = @@character_set_client */;
/*!40101 SET character_set_client = utf8 */;
CREATE TABLE `traslados` (
  `tr_numero` int(9) NOT NULL,
  `tr_cuenta_ori` char(12) DEFAULT NULL,
  `tr_cuenta_des` char(12) DEFAULT NULL,
  `tr_codres` char(12) NOT NULL,
  `tr_fecreg` date DEFAULT NULL,
  `tr_horreg` time NOT NULL DEFAULT '00:00:00',
  `tr_vlrtot` double(15,2) DEFAULT NULL,
  `tr_estado` char(1) NOT NULL,
  `tr_observa` text NOT NULL,
  `tr_codcli` bigint(12) NOT NULL DEFAULT '0',
  `tr_refere_o` varchar(6) NOT NULL,
  `tr_ccosto_aco` double(15,2) NOT NULL,
  `tr_ccosto_alo` double(15,2) NOT NULL,
  `tr_ccosto_aso` double(15,2) NOT NULL,
  `tr_refere_d` varchar(6) NOT NULL,
  `tr_ccosto_acd` double(15,2) NOT NULL,
  `tr_ccosto_ald` double(15,2) NOT NULL,
  `tr_ccosto_asd` double(15,2) NOT NULL,
  PRIMARY KEY (`tr_numero`),
  KEY `tr_cuenta_ori` (`tr_cuenta_ori`),
  KEY `tr_cuenta_des` (`tr_cuenta_des`),
  KEY `tr_codcli` (`tr_codcli`),
  KEY `tr_codres` (`tr_codres`)
) ENGINE=InnoDB DEFAULT CHARSET=latin1;
/*!40101 SET character_set_client = @saved_cs_client */;

--
-- Dumping data for table `traslados`
--

LOCK TABLES `traslados` WRITE;
/*!40000 ALTER TABLE `traslados` DISABLE KEYS */;
/*!40000 ALTER TABLE `traslados` ENABLE KEYS */;
UNLOCK TABLES;

--
-- Table structure for table `usuario`
--

DROP TABLE IF EXISTS `usuario`;
/*!40101 SET @saved_cs_client     = @@character_set_client */;
/*!40101 SET character_set_client = utf8 */;
CREATE TABLE `usuario` (
  `us_codemp` char(8) NOT NULL DEFAULT '',
  `us_nombre` char(40) NOT NULL DEFAULT '',
  `us_direcc` char(40) NOT NULL DEFAULT '',
  `us_telefo` char(10) NOT NULL DEFAULT '',
  `us_passwd` char(8) NOT NULL DEFAULT '',
  `us_nivelu` char(1) NOT NULL DEFAULT '',
  PRIMARY KEY (`us_codemp`)
) ENGINE=MyISAM DEFAULT CHARSET=latin1;
/*!40101 SET character_set_client = @saved_cs_client */;

--
-- Dumping data for table `usuario`
--

LOCK TABLES `usuario` WRITE;
/*!40000 ALTER TABLE `usuario` DISABLE KEYS */;
/*!40000 ALTER TABLE `usuario` ENABLE KEYS */;
UNLOCK TABLES;

--
-- Table structure for table `vehiculo`
--

DROP TABLE IF EXISTS `vehiculo`;
/*!40101 SET @saved_cs_client     = @@character_set_client */;
/*!40101 SET character_set_client = utf8 */;
CREATE TABLE `vehiculo` (
  `vh_nropla` char(6) NOT NULL DEFAULT '',
  `vh_codmar` int(3) NOT NULL DEFAULT '0',
  `vh_tipveh` int(3) NOT NULL DEFAULT '0',
  `vh_descri` char(40) NOT NULL DEFAULT '',
  `vh_modelo` int(4) NOT NULL DEFAULT '0',
  `vh_nromot` char(20) DEFAULT NULL,
  `vh_nrocha` char(20) DEFAULT NULL,
  `vh_nrotra` char(20) DEFAULT NULL,
  `vh_nrocol` char(20) DEFAULT NULL,
  `vh_nroint` char(6) NOT NULL DEFAULT '0',
  `vh_combus` char(1) NOT NULL DEFAULT '',
  `vh_kmact` decimal(8,2) DEFAULT NULL,
  `vh_hmact` decimal(8,2) DEFAULT NULL,
  `vh_codcli` bigint(12) NOT NULL DEFAULT '0',
  `vh_pasaje` int(3) NOT NULL,
  `vh_cermov` int(10) DEFAULT NULL,
  `vh_feccer` date DEFAULT NULL,
  `vh_segobl` char(10) DEFAULT NULL,
  `vh_fecseg` date DEFAULT NULL,
  `vh_estado` char(1) NOT NULL DEFAULT '',
  `vh_afilia` char(1) NOT NULL,
  `vh_base` char(1) NOT NULL,
  PRIMARY KEY (`vh_nropla`),
  KEY `vh_tipveh` (`vh_tipveh`),
  KEY `vh_codcli` (`vh_codcli`),
  KEY `vh_codmar` (`vh_codmar`)
) ENGINE=MyISAM DEFAULT CHARSET=latin1;
/*!40101 SET character_set_client = @saved_cs_client */;

--
-- Dumping data for table `vehiculo`
--

LOCK TABLES `vehiculo` WRITE;
/*!40000 ALTER TABLE `vehiculo` DISABLE KEYS */;
INSERT INTO `vehiculo` (`vh_nropla`, `vh_codmar`, `vh_tipveh`, `vh_descri`, `vh_modelo`, `vh_nromot`, `vh_nrocha`, `vh_nrotra`, `vh_nrocol`, `vh_nroint`, `vh_combus`, `vh_kmact`, `vh_hmact`, `vh_codcli`, `vh_pasaje`, `vh_cermov`, `vh_feccer`, `vh_segobl`, `vh_fecseg`, `vh_estado`, `vh_afilia`, `vh_base`) VALUES ('-',1,0,'No Aplica',0,'1','1','1','1','0','',1.00,1.00,0,0,1,'2011-11-01','1','2011-11-01','I','I','I');
/*!40000 ALTER TABLE `vehiculo` ENABLE KEYS */;
UNLOCK TABLES;

--
-- Dumping events for database 'antsoftw_chivolo_contable2022'
--

--
-- Dumping routines for database 'antsoftw_chivolo_contable2022'
--
/*!40103 SET TIME_ZONE=@OLD_TIME_ZONE */;

/*!40101 SET SQL_MODE=@OLD_SQL_MODE */;
/*!40014 SET FOREIGN_KEY_CHECKS=@OLD_FOREIGN_KEY_CHECKS */;
/*!40014 SET UNIQUE_CHECKS=@OLD_UNIQUE_CHECKS */;
/*!40101 SET CHARACTER_SET_CLIENT=@OLD_CHARACTER_SET_CLIENT */;
/*!40101 SET CHARACTER_SET_RESULTS=@OLD_CHARACTER_SET_RESULTS */;
/*!40101 SET COLLATION_CONNECTION=@OLD_COLLATION_CONNECTION */;
/*!40111 SET SQL_NOTES=@OLD_SQL_NOTES */;

-- Dump completed on 2026-06-05  2:29:24
