--
-- Host: localhost    Database: antsoftw_ideas_contable2021
-- ------------------------------------------------------


--
-- Table structure for table `ac_detfac`
--

CREATE TABLE `ac_detfac` (
  `df_numero` int(9) NOT NULL,
  `df_codcon` int(4) NOT NULL,
  `df_cantid` float(9,2) DEFAULT NULL,
  `df_vlruni` float(9,2) DEFAULT NULL,
  `df_vlriva` float(9,2) DEFAULT NULL,
  `df_vlrtot` float(9,2) DEFAULT NULL,
  `df_pagos` float(9,2) DEFAULT NULL,
  `df_refere` int(9) NOT NULL,
  PRIMARY KEY (`df_numero`,`df_codcon`),
  KEY `df_numero` (`df_numero`),
  KEY `df_codcon` (`df_codcon`)
) ENGINE=MyISAM DEFAULT CHARSET=latin1;

--
-- Dumping data for table `ac_detfac`
--


--
-- Table structure for table `ac_detped`
--

CREATE TABLE `ac_detped` (
  `dp_numero` int(9) NOT NULL,
  `dp_codcon` int(4) NOT NULL,
  `dp_cantid` float(10,2) DEFAULT NULL,
  `dp_vlruni` float(10,2) DEFAULT NULL,
  `dp_vlrtot` float(10,2) DEFAULT NULL,
  `dp_refere` int(9) NOT NULL,
  PRIMARY KEY (`dp_numero`,`dp_codcon`),
  KEY `dp_codcon` (`dp_codcon`)
) ENGINE=MyISAM DEFAULT CHARSET=latin1;

--
-- Dumping data for table `ac_detped`
--


--
-- Table structure for table `ac_facturas`
--

CREATE TABLE `ac_facturas` (
  `fa_numero` int(9) NOT NULL,
  `fa_codcli` bigint(12) NOT NULL DEFAULT '0',
  `fa_codres` char(12) NOT NULL,
  `fa_fecreg` date DEFAULT NULL,
  `fa_horreg` time NOT NULL DEFAULT '00:00:00',
  `fa_vlrtot` int(9) DEFAULT NULL,
  `fa_descli` int(9) DEFAULT NULL,
  `fa_vlriva` int(9) DEFAULT NULL,
  `fa_apagar` int(9) DEFAULT NULL,
  `fa_estado` char(1) NOT NULL,
  `fa_tippag` char(1) NOT NULL,
  `fa_pagado` int(9) DEFAULT NULL,
  PRIMARY KEY (`fa_numero`),
  KEY `fa_codcli` (`fa_codcli`),
  KEY `fa_codres` (`fa_codres`)
) ENGINE=MyISAM DEFAULT CHARSET=latin1;

--
-- Dumping data for table `ac_facturas`
--


--
-- Table structure for table `ac_pedidos`
--

CREATE TABLE `ac_pedidos` (
  `pe_numero` int(9) NOT NULL,
  `pe_mesa` bigint(12) NOT NULL,
  `pe_observ` char(40) DEFAULT NULL,
  PRIMARY KEY (`pe_numero`)
) ENGINE=MyISAM DEFAULT CHARSET=latin1;

--
-- Dumping data for table `ac_pedidos`
--


--
-- Table structure for table `accesos`
--

CREATE TABLE `accesos` (
  `ap_codpro` int(11) NOT NULL DEFAULT '0',
  `ap_nombre` char(40) NOT NULL DEFAULT '',
  `ap_nivelp` char(1) NOT NULL DEFAULT '',
  PRIMARY KEY (`ap_codpro`)
) ENGINE=MyISAM DEFAULT CHARSET=latin1;

--
-- Dumping data for table `accesos`
--

INSERT INTO `accesos` (`ap_codpro`, `ap_nombre`, `ap_nivelp`) VALUES (100,'Menu Principal','A'),(101,'Administracion Empresa','Z'),(102,'Administracion Usuarios','Z'),(103,'Administracion Modulos','Z'),(104,'Administracion Permisos','Z'),(302,'Facturas Especiales','G'),(304,'Recibos de Caja Especiales','G'),(8999,'Cierre Periodo Nomina','B'),(5000,'Tesoreria','D');

--
-- Table structure for table `actividad`
--

CREATE TABLE `actividad` (
  `ac_codact` int(6) NOT NULL DEFAULT '0',
  `ac_descri` varchar(100) NOT NULL,
  `ac_grupo` int(6) NOT NULL DEFAULT '0',
  `ac_porcen` float(3,2) NOT NULL DEFAULT '0.00',
  PRIMARY KEY (`ac_codact`)
) ENGINE=MyISAM DEFAULT CHARSET=latin1;

--
-- Dumping data for table `actividad`
--

INSERT INTO `actividad` (`ac_codact`, `ac_descri`, `ac_grupo`, `ac_porcen`) VALUES (1000,'Actividad Comercial General',0,5.00),(2001,'Comercio  al pormenor en establecimientos no especializado con surtido compuesto principalmente de a',2001,3.00),(2002,'Comercio de Productos Quimicos, Plastico y caucho en forma primaria y productos quimicos de uso agri',2002,3.00),(2003,'comercio de combuistiblem para automotores',2003,5.00),(2004,'comercio de lubricantes, (aceites, grasas), aditivo y productos de limpieza para vehiculo',2004,5.00),(2005,'comercio de vehiculos automotores nuevos, a traves de consecionario',2005,5.00),(2007,'comercio de libros, periodico, materiales y articulos de papeleria y escritorio en establecimientos ',2007,5.00),(2008,'comercio de materiales de construccion',2008,5.00),(2011,'comercio de pinturas y poroductos conexos',2011,4.00),(2012,'comercio de maquinaria y equipo para la agricultura, mineria, construccion y la industria',2012,4.00),(2013,'comercio de productos textiles y productos confeccionados para uso domestico',2013,4.00),(2016,'comercio de materiales  y equipos especializados ',2016,4.00),(2019,'comercio de productos metalicos, accesorios electricos, Art?culos de ferreterias y vidrios',2019,4.00),(2020,'comercio de equipo de transporte, excepto vehiculos automoteres y motocicletas',2020,4.00),(2022,'comercio de maderas, productos de maderas y muebles en general',2022,4.00),(2023,'comercio general en supermercados, miscelaneas y almacenes mixtos',2023,6.00),(2024,'comercio de electrodomesticos, Articulos para el hogar y oficinas',2024,6.00),(2025,'Alquiler de vehiculos automotores',2025,6.00),(2027,'comercio de ranchos, licores y cigarreria',2027,6.00),(2032,'Demas activides comerciales ',2032,6.00),(3001,'Servicio de Transporte en general',3001,3.00),(3002,'Servicio Social con alojamiento y sin alojamiento',3002,3.00),(3003,'Servicio de vigilancia privada y empresas de empleos temporales',3003,7.00),(3004,'Actividades de las instituciones prestadoras de servicios de salud con internacion',3004,3.00),(3005,'Activides de las practicas medica',3005,3.00),(3008,'Educacion',3008,3.00),(3009,'Servicio de Fumigaciones',3009,4.00),(3010,'Activides de contratistas de construccion, constructores y urbanizadores',3010,4.00),(3011,'Otras Activides relacionadas con la salud humana',3011,6.00),(3013,'Trabajos de electricidad',3013,6.00),(3014,'Reparacion de enseres domesticos, camaras fotogradicas y equipos similares',3014,6.00),(3016,'Reparacion de Automoviles, motocicletas y bicicletas',3016,6.00),(3018,'Activides Auxiliares de los seguros',3018,6.00),(3019,'Servicios de transmision de programas de radio y television, agencias de correo',3019,6.00),(3020,'Servicio de Agencias de cobranzas',3020,6.00),(3021,'Publicidad',3021,6.00),(3022,'Obtencion y suministro de personal para servicio domestico',3022,6.00),(3025,'Actividades inmobiliarias realizadas con bienes propios o arrendados',3025,6.00),(3028,'almacenes de depositos y alquilar de bodegas',3028,6.00),(3032,'Actividades de fotografia',3032,6.00),(8890,'ACTIVIDADES DE ASISTENCIA SOCIAL SIN ALOJAMIENTO',881,0.00),(3038,'Investigacion y desarrollo como consultoria profesional',3038,6.00),(3039,'demas activides de servicio',3039,7.00),(3040,'Expendio de bebidas alcoholicas, para el consumo dentro del establecimiento',3040,7.00),(3041,'Expendio de comidas preparadas en restaurante',3041,6.00),(3042,'Expendio de comidas preparas en cafeteria',3042,6.00),(3043,'otros tipos de expendios de alimentos preparados',3043,7.00),(3044,'Alojamientos en hoteles, hostales y apartahotel',3044,7.00),(3048,'Servicios Publicos Domiciliarios',3048,8.00),(3049,'Servicio Telefonicos',3049,8.00),(3050,'Servicio de transmision de datos a traves de redes',3050,8.00),(3052,'Otros servicios de telecomunicaciones',3052,8.00),(9309,' Otras actividades de servicios NCP.',30809,9.99),(353,'Confección de prendas de vestir, excepto de piel',353,3.50),(354,'Actividades de servicios relacionados con la impresión',354,3.50),(1820,'Producción de copias a partir de grabaciones originales. ',182,6.00),(2511,'Fabricación de productos metálicos para uso estructural. ',251,3.50),(3312,'Mantenimiento y reparación especializado de maquinaria y equipo.',331,6.00),(3514,'Comercialización de energía eléctrica. ',351,0.00),(3600,'Captación, tratamiento y distribución de agua',360,0.00),(4220,'Construcción de proyectos de servicio público.',420,1.00),(4290,'Construcción de otras obras de ingeniería civil',429,1.00),(4312,'Preparación del terreno',421,6.00),(4520,'Mantenimiento y reparación de vehículos automotores',452,6.00),(4541,'Comercio de motocicletas y de sus partes, piezas y accesorios',454,3.50),(4542,'Mantenimiento y reparación de motocicletas y de sus partes y piezas',454,3.50),(4731,'Comercio al por menor de combustible para automotores.',473,1.00),(4923,'Transporte de carga por carretera',492,1.00),(5611,'Expendio a la mesa de comidas preparadas',561,6.00),(6920,'Actividades de contabilidad, teneduría de libros, auditoría financiera',692,6.00),(8121,'Limpieza general interior de edificios',812,6.00),(10,'Asalariados ',10,0.00),(6910,'Actividades jurídicas',691,0.00),(7110,'Actividades de arquitectura e ingeniería y otras actividades conexas d',711,0.00),(8230,'Organización de convenciones y eventos comerciales',82,0.00),(6511,'Seguros Generales',6511,0.80),(8219,'Fotocopiado, preparación de documentos y otras actividades especializa',2004,0.00),(7490,'Otras actividades profesionales, cienticas y técnicas n.c.p.',2404,0.00),(9603,'Pompas fúnebres y actividades relacionadas',0,0.00),(7310,'Publicidad.',2410,0.00),(8299,'Otras actividades de servicio a apoyo a las empresas',8299,0.08),(4659,'Comercio al por mayor de otros tipos de maquinaria y equipo n.c.p.',1,1.00),(8692,'Actividades de Apoyo Terapeutico',8,0.00),(8514,'ACTIVIDADES DE APOYO DIAGNOSTICO',1,0.00),(1392,'Confección de artículos con materialtextiles excepto prendas de vestir',13,0.40),(4719,'Comercio al por menor en establecimientos no especializados, con surti',47,0.00),(6209,'Otras actividades de tecnologías de información y actividades de ',6,0.00),(3812,'Recolección de Desechos peligrosos',38,9.99),(7120,'Ensayos y Análisis Técnicos',7,0.00),(4322,'Instalaciones de Fontanería Calefacción y aire acondicionado',4322,0.00),(8211,'Actividades combinadas de servicios administrativos de oficina',8,0.80),(4321,'Instalaciones Electricas',4321,0.80),(4773,'Comercio al por menor de productos farmaceuticos y medicinales',4,0.00),(4752,'Comercio al por menor de artículos de ferretería, pinturas y productos',47,0.00),(2592,'Tratamiento y Revestimiento de metales mecanizado',2,0.00),(4111,'Construcción Edificios Redisenciales',4,0.80),(4530,'COMERCIO DE PARTES PIEZAS ACCECOSIOS VEHICULOS',4530,0.40),(4759,'Comercio de artículos domesticos',4759,0.35),(4653,'Comercio al por mayor de maquinaria y equipo agropecuario',4,0.40),(4645,'Comercio al por mayor de productos farmacéuticos, medicinales, cosméti',4,4.00),(811,'Extracción de piedra, Arena, Arcillas comunes y yeso',891,0.00),(6312,'Portales Web',6312,0.00),(4799,'Otros tipos de comercio al por menor no realizado en establecimientos,',4799,0.00),(1410,'Comercio al por menor de prendas de vestir y sus accesorios (incluye',1410,0.00),(4771,'Comercio al por menor de prendas de vestir y sus accesorios (incluye',4771,0.00);

--
-- Table structure for table `apropiapre`
--

CREATE TABLE `apropiapre` (
  `app_ano` int(4) NOT NULL,
  `app_codcta` varchar(25) NOT NULL,
  `app_acuerd` char(20) NOT NULL DEFAULT '',
  `app_inicia` double(15,2) DEFAULT NULL,
  `app_aument` double(15,2) DEFAULT NULL,
  `app_dismin` double(15,2) DEFAULT NULL,
  `app_vlraum` double(15,2) NOT NULL,
  `app_vlrdis` double(15,2) NOT NULL,
  `app_aplaza` double(15,2) NOT NULL,
  `app_defini` double(15,2) DEFAULT NULL,
  `app_dispon` double(15,2) DEFAULT NULL,
  `app_regist` double(15,2) DEFAULT NULL,
  `app_girosp` double(15,2) NOT NULL,
  `app_mes1` double(15,2) DEFAULT NULL,
  `app_mes2` double(15,2) DEFAULT NULL,
  `app_mes3` double(15,2) DEFAULT NULL,
  `app_mes4` double(15,2) DEFAULT NULL,
  `app_mes5` double(15,2) DEFAULT NULL,
  `app_mes6` double(15,2) DEFAULT NULL,
  `app_mes7` double(15,2) DEFAULT NULL,
  `app_mes8` double(15,2) DEFAULT NULL,
  `app_mes9` double(15,2) DEFAULT NULL,
  `app_mes10` double(15,2) DEFAULT NULL,
  `app_mes11` double(15,2) DEFAULT NULL,
  `app_mes12` double(15,2) DEFAULT NULL,
  PRIMARY KEY (`app_ano`,`app_codcta`),
  KEY `app_codcta` (`app_codcta`)
) ENGINE=MyISAM DEFAULT CHARSET=latin1;

--
-- Dumping data for table `apropiapre`
--

INSERT INTO `apropiapre` (`app_ano`, `app_codcta`, `app_acuerd`, `app_inicia`, `app_aument`, `app_dismin`, `app_vlraum`, `app_vlrdis`, `app_aplaza`, `app_defini`, `app_dispon`, `app_regist`, `app_girosp`, `app_mes1`, `app_mes2`, `app_mes3`, `app_mes4`, `app_mes5`, `app_mes6`, `app_mes7`, `app_mes8`, `app_mes9`, `app_mes10`, `app_mes11`, `app_mes12`) VALUES (2021,'1','1',649011417.00,17808028.00,17808028.00,94639263.00,0.00,0.00,743650680.00,0.00,0.00,0.00,0.00,0.00,0.00,0.00,0.00,0.00,0.00,0.00,0.00,0.00,0.00,0.00),(2021,'1002','1',167180604.00,0.00,0.00,0.00,0.00,0.00,167180604.00,0.00,0.00,0.00,0.00,0.00,0.00,0.00,0.00,0.00,0.00,0.00,0.00,0.00,0.00,0.00),(2021,'11','1',475549691.00,17808028.00,12639037.00,94639263.00,0.00,0.00,575357945.00,0.00,0.00,0.00,0.00,0.00,0.00,0.00,0.00,0.00,0.00,0.00,0.00,0.00,0.00,0.00),(2021,'1102','1',475549691.00,17808028.00,12639037.00,94639263.00,0.00,0.00,575357945.00,0.00,0.00,0.00,0.00,0.00,0.00,0.00,0.00,0.00,0.00,0.00,0.00,0.00,0.00,0.00),(2021,'110204','1',475549691.00,17808028.00,12639037.00,94639263.00,0.00,0.00,575357945.00,0.00,0.00,0.00,0.00,0.00,0.00,0.00,0.00,0.00,0.00,0.00,0.00,0.00,0.00,0.00),(2021,'11020403','1',475549691.00,17808028.00,12639037.00,94639263.00,0.00,0.00,575357945.00,0.00,0.00,0.00,0.00,0.00,0.00,0.00,0.00,0.00,0.00,0.00,0.00,0.00,0.00,0.00),(2021,'1102040313','1',475549691.00,17808028.00,12639037.00,94639263.00,0.00,0.00,575357945.00,0.00,0.00,0.00,0.00,0.00,0.00,0.00,0.00,0.00,0.00,0.00,0.00,0.00,0.00,0.00),(2021,'110204031301','1',336005556.00,0.00,0.00,32857205.00,0.00,0.00,368862761.00,0.00,0.00,0.00,0.00,0.00,0.00,0.00,0.00,0.00,0.00,0.00,0.00,0.00,0.00,0.00),(2021,'110204031303','1',61397677.00,0.00,9186714.00,0.00,0.00,0.00,52210963.00,0.00,0.00,0.00,0.00,0.00,0.00,0.00,0.00,0.00,0.00,0.00,0.00,0.00,0.00,0.00),(2021,'110204031304','1',73588535.00,17808028.00,0.00,21782058.00,0.00,0.00,113178621.00,0.00,0.00,0.00,0.00,0.00,0.00,0.00,0.00,0.00,0.00,0.00,0.00,0.00,0.00,0.00),(2021,'110204031398','1',4557923.00,0.00,3452323.00,40000000.00,0.00,0.00,41105600.00,0.00,0.00,0.00,0.00,0.00,0.00,0.00,0.00,0.00,0.00,0.00,0.00,0.00,0.00,0.00),(2021,'1202','1',6281122.00,0.00,5168991.00,0.00,0.00,0.00,1112131.00,0.00,0.00,0.00,0.00,0.00,0.00,0.00,0.00,0.00,0.00,0.00,0.00,0.00,0.00,0.00),(2021,'120203','1',6281122.00,0.00,5168991.00,0.00,0.00,0.00,1112131.00,0.00,0.00,0.00,0.00,0.00,0.00,0.00,0.00,0.00,0.00,0.00,0.00,0.00,0.00,0.00),(2021,'12020301','1',6281122.00,0.00,5168991.00,0.00,0.00,0.00,1112131.00,0.00,0.00,0.00,0.00,0.00,0.00,0.00,0.00,0.00,0.00,0.00,0.00,0.00,0.00,0.00),(2021,'1202030101','1',6281122.00,0.00,5168991.00,0.00,0.00,0.00,1112131.00,0.00,0.00,0.00,0.00,0.00,0.00,0.00,0.00,0.00,0.00,0.00,0.00,0.00,0.00,0.00),(2021,'120203010198','1',6281122.00,0.00,5168991.00,0.00,0.00,0.00,1112131.00,0.00,0.00,0.00,0.00,0.00,0.00,0.00,0.00,0.00,0.00,0.00,0.00,0.00,0.00,0.00),(2021,'2','1',649011417.00,94513474.71,97768324.74,94639263.00,0.00,0.00,121288966.58,0.00,149810147.60,469296715.79,0.00,0.00,0.00,0.00,0.00,0.00,0.00,0.00,0.00,0.00,0.00,0.00),(2021,'21101','1',184371779.00,17646901.68,6660646.63,0.00,0.00,0.00,2006804.05,0.00,50508443.48,142842786.52,0.00,0.00,0.00,0.00,0.00,0.00,0.00,0.00,0.00,0.00,0.00,0.00),(2021,'2110101','1',85104484.00,2140698.23,5231522.03,0.00,0.00,0.00,1006804.05,0.00,32065189.65,48941666.50,0.00,0.00,0.00,0.00,0.00,0.00,0.00,0.00,0.00,0.00,0.00,0.00),(2021,'2110101001','1',85104484.00,2140698.23,5231522.03,0.00,0.00,0.00,1006804.05,0.00,32065189.65,48941666.50,0.00,0.00,0.00,0.00,0.00,0.00,0.00,0.00,0.00,0.00,0.00,0.00),(2021,'211010100101','1',68360889.00,1300604.00,0.00,0.00,0.00,0.00,0.00,0.00,28279046.33,41382446.67,0.00,0.00,0.00,0.00,0.00,0.00,0.00,0.00,0.00,0.00,0.00,0.00),(2021,'211010100105','1',2875712.00,0.00,519530.00,0.00,0.00,0.00,0.13,0.00,958085.99,1398095.88,0.00,0.00,0.00,0.00,0.00,0.00,0.00,0.00,0.00,0.00,0.00,0.00),(2021,'211010100106','1',2845712.00,703982.73,0.00,0.00,0.00,0.00,0.00,0.00,1393764.78,2155929.95,0.00,0.00,0.00,0.00,0.00,0.00,0.00,0.00,0.00,0.00,0.00,0.00),(2021,'211010100107','1',0.00,0.00,0.00,0.00,0.00,0.00,0.00,0.00,0.00,0.00,0.00,0.00,0.00,0.00,0.00,0.00,0.00,0.00,0.00,0.00,0.00,0.00),(2021,'211010100108','1',5695171.00,136111.50,907795.95,0.00,0.00,0.00,0.00,0.00,1434292.55,3489194.00,0.00,0.00,0.00,0.00,0.00,0.00,0.00,0.00,0.00,0.00,0.00,0.00),(2021,'21101010010801','1',2845236.00,0.00,907795.95,0.00,0.00,0.00,0.00,0.00,503178.48,1434261.57,0.00,0.00,0.00,0.00,0.00,0.00,0.00,0.00,0.00,0.00,0.00,0.00),(2021,'21101010010802','1',2849935.00,136111.50,0.00,0.00,0.00,0.00,0.00,0.00,931114.07,2054932.43,0.00,0.00,0.00,0.00,0.00,0.00,0.00,0.00,0.00,0.00,0.00,0.00),(2021,'211010100198','1',5327000.00,0.00,3804196.08,0.00,0.00,0.00,1006803.92,0.00,0.00,516000.00,0.00,0.00,0.00,0.00,0.00,0.00,0.00,0.00,0.00,0.00,0.00,0.00),(2021,'21101010019801','1',5327000.00,0.00,3804196.08,0.00,0.00,0.00,1006803.92,0.00,0.00,516000.00,0.00,0.00,0.00,0.00,0.00,0.00,0.00,0.00,0.00,0.00,0.00,0.00),(2021,'2110102','1',85293172.00,10986255.05,0.00,0.00,0.00,0.00,1000000.00,0.00,12626002.53,82653424.52,0.00,0.00,0.00,0.00,0.00,0.00,0.00,0.00,0.00,0.00,0.00,0.00),(2021,'2110102001','1',85293172.00,10986255.05,0.00,0.00,0.00,0.00,1000000.00,0.00,12626002.53,82653424.52,0.00,0.00,0.00,0.00,0.00,0.00,0.00,0.00,0.00,0.00,0.00,0.00),(2021,'2110103','1',13974123.00,4519948.40,1429124.60,0.00,0.00,0.00,0.00,0.00,5817251.30,11247695.50,0.00,0.00,0.00,0.00,0.00,0.00,0.00,0.00,0.00,0.00,0.00,0.00),(2021,'2110103001','1',13974123.00,4519948.40,1429124.60,0.00,0.00,0.00,0.00,0.00,5817251.30,11247695.50,0.00,0.00,0.00,0.00,0.00,0.00,0.00,0.00,0.00,0.00,0.00,0.00),(2021,'211010300101','1',6619396.00,962146.07,1429124.60,0.00,0.00,0.00,0.00,0.00,2124651.30,4027766.17,0.00,0.00,0.00,0.00,0.00,0.00,0.00,0.00,0.00,0.00,0.00,0.00),(2021,'211010300102','1',5258391.00,2686424.60,0.00,0.00,0.00,0.00,0.00,0.00,2681500.00,5263315.60,0.00,0.00,0.00,0.00,0.00,0.00,0.00,0.00,0.00,0.00,0.00,0.00),(2021,'211010300103','1',228740.00,114968.53,0.00,0.00,0.00,0.00,0.00,0.00,117100.00,226608.53,0.00,0.00,0.00,0.00,0.00,0.00,0.00,0.00,0.00,0.00,0.00,0.00),(2021,'211010300104','1',1867596.00,756409.20,0.00,0.00,0.00,0.00,0.00,0.00,894000.00,1730005.20,0.00,0.00,0.00,0.00,0.00,0.00,0.00,0.00,0.00,0.00,0.00,0.00),(2021,'212','1',179495341.00,69226215.38,85107678.11,0.00,0.00,0.00,42682906.53,0.00,22311927.01,98619044.73,0.00,0.00,0.00,0.00,0.00,0.00,0.00,0.00,0.00,0.00,0.00,0.00),(2021,'21201','1',14925858.00,49163949.00,0.00,0.00,0.00,0.00,2194544.00,0.00,12075941.00,49819322.00,0.00,0.00,0.00,0.00,0.00,0.00,0.00,0.00,0.00,0.00,0.00,0.00),(2021,'2120101','1',14925858.00,49163949.00,0.00,0.00,0.00,0.00,2194544.00,0.00,12075941.00,49819322.00,0.00,0.00,0.00,0.00,0.00,0.00,0.00,0.00,0.00,0.00,0.00,0.00),(2021,'2120101001','1',14925858.00,49163949.00,0.00,0.00,0.00,0.00,2194544.00,0.00,12075941.00,49819322.00,0.00,0.00,0.00,0.00,0.00,0.00,0.00,0.00,0.00,0.00,0.00,0.00),(2021,'212010100101','1',14386098.00,49163949.00,0.00,0.00,0.00,0.00,1892784.00,0.00,12075941.00,49581322.00,0.00,0.00,0.00,0.00,0.00,0.00,0.00,0.00,0.00,0.00,0.00,0.00),(2021,'212010100105','1',539760.00,0.00,0.00,0.00,0.00,0.00,301760.00,0.00,0.00,238000.00,0.00,0.00,0.00,0.00,0.00,0.00,0.00,0.00,0.00,0.00,0.00,0.00),(2021,'21202','1',164569483.00,20062266.38,85107678.11,0.00,0.00,0.00,40488362.53,0.00,10235986.01,48799722.73,0.00,0.00,0.00,0.00,0.00,0.00,0.00,0.00,0.00,0.00,0.00,0.00),(2021,'2120201','1',13112304.00,9000000.00,765820.00,0.00,0.00,0.00,7105767.54,0.00,217800.00,14022916.46,0.00,0.00,0.00,0.00,0.00,0.00,0.00,0.00,0.00,0.00,0.00,0.00),(2021,'2120201003','1',4657334.00,2000000.00,0.00,0.00,0.00,0.00,222794.00,0.00,217800.00,6216740.00,0.00,0.00,0.00,0.00,0.00,0.00,0.00,0.00,0.00,0.00,0.00,0.00),(2021,'2120201005','1',2465606.00,0.00,0.00,0.00,0.00,0.00,1818406.00,0.00,0.00,647200.00,0.00,0.00,0.00,0.00,0.00,0.00,0.00,0.00,0.00,0.00,0.00,0.00),(2021,'2120201007','1',3912468.00,7000000.00,0.00,0.00,0.00,0.00,4310362.54,0.00,0.00,6602105.46,0.00,0.00,0.00,0.00,0.00,0.00,0.00,0.00,0.00,0.00,0.00,0.00),(2021,'2120201009','1',2076896.00,0.00,765820.00,0.00,0.00,0.00,754205.00,0.00,0.00,556871.00,0.00,0.00,0.00,0.00,0.00,0.00,0.00,0.00,0.00,0.00,0.00,0.00),(2021,'2120202','1',126950578.00,0.00,84341858.11,0.00,0.00,0.00,9548595.31,0.00,3691312.01,29368812.57,0.00,0.00,0.00,0.00,0.00,0.00,0.00,0.00,0.00,0.00,0.00,0.00),(2021,'2120202015','1',6874557.00,0.00,2158557.00,0.00,0.00,0.00,0.00,0.00,3170000.00,1546000.00,0.00,0.00,0.00,0.00,0.00,0.00,0.00,0.00,0.00,0.00,0.00,0.00),(2021,'2120202021','1',86421012.00,0.00,70790561.70,0.00,0.00,0.00,3254850.30,0.00,4770.00,12370830.00,0.00,0.00,0.00,0.00,0.00,0.00,0.00,0.00,0.00,0.00,0.00,0.00),(2021,'2120202023','1',16912589.00,0.00,8137889.70,0.00,0.00,0.00,-0.32,0.00,569129.01,8205570.61,0.00,0.00,0.00,0.00,0.00,0.00,0.00,0.00,0.00,0.00,0.00,0.00),(2021,'2120202098','1',16742420.00,0.00,0.00,0.00,0.00,0.00,9548595.04,0.00,-52587.00,7246411.96,0.00,0.00,0.00,0.00,0.00,0.00,0.00,0.00,0.00,0.00,0.00,0.00),(2021,'2120203','1',24506601.00,11062266.70,0.00,0.00,0.00,0.00,0.00,0.00,30160874.00,5407993.70,0.00,0.00,0.00,0.00,0.00,0.00,0.00,0.00,0.00,0.00,0.00,0.00),(2021,'213','1',9265156.00,0.00,0.00,0.00,0.00,0.00,8952297.00,0.00,312859.00,0.00,0.00,0.00,0.00,0.00,0.00,0.00,0.00,0.00,0.00,0.00,0.00,0.00),(2021,'21301','1',9265156.00,0.00,0.00,0.00,0.00,0.00,8952297.00,0.00,312859.00,0.00,0.00,0.00,0.00,0.00,0.00,0.00,0.00,0.00,0.00,0.00,0.00,0.00),(2021,'2130101','1',9265156.00,0.00,0.00,0.00,0.00,0.00,8952297.00,0.00,312859.00,0.00,0.00,0.00,0.00,0.00,0.00,0.00,0.00,0.00,0.00,0.00,0.00,0.00),(2021,'2130101001','1',9265156.00,0.00,0.00,0.00,0.00,0.00,8764297.00,0.00,500859.00,0.00,0.00,0.00,0.00,0.00,0.00,0.00,0.00,0.00,0.00,0.00,0.00,0.00),(2021,'213010100101','1',6554171.00,0.00,0.00,0.00,0.00,0.00,6241312.00,0.00,312859.00,0.00,0.00,0.00,0.00,0.00,0.00,0.00,0.00,0.00,0.00,0.00,0.00,0.00),(2021,'213010100198','1',2710985.00,0.00,0.00,0.00,0.00,0.00,2522985.00,0.00,188000.00,0.00,0.00,0.00,0.00,0.00,0.00,0.00,0.00,0.00,0.00,0.00,0.00,0.00),(2021,'215','1',1311333.00,0.00,0.00,0.00,0.00,0.00,1306545.00,0.00,4540.46,247.54,0.00,0.00,0.00,0.00,0.00,0.00,0.00,0.00,0.00,0.00,0.00,0.00),(2021,'2150107','1',1311333.00,0.00,0.00,0.00,0.00,0.00,1306545.00,0.00,4540.46,247.54,0.00,0.00,0.00,0.00,0.00,0.00,0.00,0.00,0.00,0.00,0.00,0.00),(2021,'22','1',241778657.00,7640357.65,0.00,54639263.00,0.00,0.00,54317404.00,0.00,49945966.65,199794907.00,0.00,0.00,0.00,0.00,0.00,0.00,0.00,0.00,0.00,0.00,0.00,0.00),(2021,'221','1',241778657.00,7640357.65,0.00,54639263.00,0.00,0.00,54639263.00,0.00,49624107.65,199794907.00,0.00,0.00,0.00,0.00,0.00,0.00,0.00,0.00,0.00,0.00,0.00,0.00),(2021,'22101','1',241778657.00,7640357.65,0.00,54639263.00,0.00,0.00,54639263.00,0.00,49624107.65,199794907.00,0.00,0.00,0.00,0.00,0.00,0.00,0.00,0.00,0.00,0.00,0.00,0.00),(2021,'2210101','1',241778657.00,7640357.65,0.00,54639263.00,0.00,0.00,54639263.00,0.00,49624107.65,199794907.00,0.00,0.00,0.00,0.00,0.00,0.00,0.00,0.00,0.00,0.00,0.00,0.00),(2021,'2210101093','1',127597159.00,0.00,0.00,54639263.00,0.00,0.00,54317404.00,0.00,32345548.00,95573470.00,0.00,0.00,0.00,0.00,0.00,0.00,0.00,0.00,0.00,0.00,0.00,0.00),(2021,'2210198','1',0.00,0.00,0.00,0.00,0.00,0.00,0.00,0.00,0.00,0.00,0.00,0.00,0.00,0.00,0.00,0.00,0.00,0.00,0.00,0.00,0.00,0.00),(2021,'2210101098','1',114181498.00,7640357.65,0.00,0.00,0.00,0.00,0.00,0.00,17600418.65,104221437.00,0.00,0.00,0.00,0.00,0.00,0.00,0.00,0.00,0.00,0.00,0.00,0.00),(2021,'23','1',32789151.00,0.00,6000000.00,0.00,0.00,0.00,11701151.00,0.00,10448270.00,4639730.00,0.00,0.00,0.00,0.00,0.00,0.00,0.00,0.00,0.00,0.00,0.00,0.00),(2021,'231','1',16715096.00,0.00,6000000.00,0.00,0.00,0.00,485096.00,0.00,10230000.00,0.00,0.00,0.00,0.00,0.00,0.00,0.00,0.00,0.00,0.00,0.00,0.00,0.00),(2021,'23101','1',16715096.00,0.00,6000000.00,0.00,0.00,0.00,485096.00,0.00,10230000.00,0.00,0.00,0.00,0.00,0.00,0.00,0.00,0.00,0.00,0.00,0.00,0.00,0.00),(2021,'2310101','1',16715096.00,0.00,6000000.00,0.00,0.00,0.00,485096.00,0.00,10230000.00,0.00,0.00,0.00,0.00,0.00,0.00,0.00,0.00,0.00,0.00,0.00,0.00,0.00),(2021,'2310101001','1',16715096.00,0.00,6000000.00,0.00,0.00,0.00,485096.00,0.00,10230000.00,0.00,0.00,0.00,0.00,0.00,0.00,0.00,0.00,0.00,0.00,0.00,0.00,0.00),(2021,'232','1',16074055.00,0.00,0.00,0.00,0.00,0.00,11216055.00,0.00,218270.00,4639730.00,0.00,0.00,0.00,0.00,0.00,0.00,0.00,0.00,0.00,0.00,0.00,0.00),(2021,'23201','1',16074055.00,0.00,0.00,0.00,0.00,0.00,11216055.00,0.00,218270.00,4639730.00,0.00,0.00,0.00,0.00,0.00,0.00,0.00,0.00,0.00,0.00,0.00,0.00),(2021,'2320101','1',16074055.00,0.00,0.00,0.00,0.00,0.00,11216055.00,0.00,218270.00,4639730.00,0.00,0.00,0.00,0.00,0.00,0.00,0.00,0.00,0.00,0.00,0.00,0.00),(2021,'2320101001','1',16074055.00,0.00,0.00,0.00,0.00,0.00,11216055.00,0.00,218270.00,4639730.00,0.00,0.00,0.00,0.00,0.00,0.00,0.00,0.00,0.00,0.00,0.00,0.00),(2021,'232010100101','1',16074055.00,0.00,0.00,0.00,0.00,0.00,11216055.00,0.00,218270.00,4639730.00,0.00,0.00,0.00,0.00,0.00,0.00,0.00,0.00,0.00,0.00,0.00,0.00),(2021,'2303','1',0.00,0.00,0.00,0.00,0.00,0.00,0.00,0.00,0.00,0.00,0.00,0.00,0.00,0.00,0.00,0.00,0.00,0.00,0.00,0.00,0.00,0.00),(2021,'230301','1',0.00,0.00,0.00,0.00,0.00,0.00,0.00,0.00,0.00,0.00,0.00,0.00,0.00,0.00,0.00,0.00,0.00,0.00,0.00,0.00,0.00,0.00),(2021,'23030198','1',0.00,0.00,0.00,0.00,0.00,0.00,0.00,0.00,0.00,0.00,0.00,0.00,0.00,0.00,0.00,0.00,0.00,0.00,0.00,0.00,0.00,0.00),(2021,'24502','2',0.00,0.00,0.00,40000000.00,0.00,0.00,0.00,0.00,16600000.00,23400000.00,0.00,0.00,0.00,0.00,0.00,0.00,0.00,0.00,0.00,0.00,0.00,0.00),(2021,'2450206','2',0.00,0.00,0.00,0.00,0.00,0.00,0.00,0.00,0.00,0.00,0.00,0.00,0.00,0.00,0.00,0.00,0.00,0.00,0.00,0.00,0.00,0.00),(2021,'2450205','2',0.00,0.00,0.00,0.00,0.00,0.00,0.00,0.00,0.00,0.00,0.00,0.00,0.00,0.00,0.00,0.00,0.00,0.00,0.00,0.00,0.00,0.00),(2021,'2450209','2',0.00,0.00,0.00,40000000.00,0.00,0.00,0.00,0.00,16600000.00,23400000.00,0.00,0.00,0.00,0.00,0.00,0.00,0.00,0.00,0.00,0.00,0.00,0.00),(2021,'2450207','2',0.00,0.00,0.00,0.00,0.00,0.00,0.00,0.00,0.00,0.00,0.00,0.00,0.00,0.00,0.00,0.00,0.00,0.00,0.00,0.00,0.00,0.00),(2021,'2450208','2',0.00,0.00,0.00,0.00,0.00,0.00,0.00,0.00,0.00,0.00,0.00,0.00,0.00,0.00,0.00,0.00,0.00,0.00,0.00,0.00,0.00,0.00);

--
-- Table structure for table `area`
--

CREATE TABLE `area` (
  `ar_codare` int(3) NOT NULL DEFAULT '0',
  `ar_descri` char(40) NOT NULL DEFAULT '',
  PRIMARY KEY (`ar_codare`)
) ENGINE=MyISAM DEFAULT CHARSET=latin1;

--
-- Dumping data for table `area`
--

INSERT INTO `area` (`ar_codare`, `ar_descri`) VALUES (0,'No Aplica'),(1,'ACUEDUCTO'),(2,'ALCANTARILLADO'),(3,'ASEO'),(4,'ADMINISTRATIVO');

--
-- Table structure for table `aumento`
--

CREATE TABLE `aumento` (
  `aum_numero` int(9) NOT NULL,
  `aum_codres` char(12) NOT NULL,
  `aum_fecreg` date DEFAULT NULL,
  `aum_horreg` time NOT NULL DEFAULT '00:00:00',
  `aum_estado` char(1) NOT NULL,
  `aum_tippag` char(1) NOT NULL,
  `aum_vlrtot` double(15,2) DEFAULT NULL,
  `aum_detalle` text NOT NULL,
  `aum_feccre` date NOT NULL,
  `aum_anopre` int(4) NOT NULL,
  PRIMARY KEY (`aum_numero`)
) ENGINE=MyISAM DEFAULT CHARSET=latin1;

--
-- Dumping data for table `aumento`
--

INSERT INTO `aumento` (`aum_numero`, `aum_codres`, `aum_fecreg`, `aum_horreg`, `aum_estado`, `aum_tippag`, `aum_vlrtot`, `aum_detalle`, `aum_feccre`, `aum_anopre`) VALUES (210001,'1105334','2021-12-22','01:50:45','A','1',0.00,'  ADICION CONVENIO INTERADMINISTRATIVO ALCADIA MUNICIPAL DE SEVILLA ','2021-12-22',2021),(210002,'1105334','2021-12-22','02:08:19','A','1',0.00,' ','2021-12-22',2021),(210003,'1105334','2021-12-22','02:11:40','C','1',80000000.00,'ADICION POR ACTA INGRESO CONTRATO SEVILLA','2021-12-22',2021),(210004,'contable','2021-12-31','03:23:00','C','1',109278526.00,'ADICION PRESUPUESTAL POR MEDIO DE ACTA DE VIGENCIAS ANTERIORES ','2022-01-24',2021);

--
-- Table structure for table `auxiliar`
--

CREATE TABLE `auxiliar` (
  `au_codaux` int(9) NOT NULL,
  `au_descri` char(50) DEFAULT NULL,
  PRIMARY KEY (`au_codaux`)
) ENGINE=MyISAM DEFAULT CHARSET=latin1;

--
-- Dumping data for table `auxiliar`
--

INSERT INTO `auxiliar` (`au_codaux`, `au_descri`) VALUES (0,'NO APLICA');

--
-- Table structure for table `banco`
--

CREATE TABLE `banco` (
  `ba_codban` int(4) NOT NULL,
  `ba_descri` char(40) DEFAULT NULL,
  `ba_nit` char(15) NOT NULL,
  PRIMARY KEY (`ba_codban`)
) ENGINE=InnoDB DEFAULT CHARSET=latin1;

--
-- Dumping data for table `banco`
--

INSERT INTO `banco` (`ba_codban`, `ba_descri`, `ba_nit`) VALUES (1,'Caja Menor','9003634083'),(4,'BANCO DE COLOMBIA','8909039388');

--
-- Table structure for table `bodegas`
--

CREATE TABLE `bodegas` (
  `bo_codbod` varchar(6) NOT NULL DEFAULT '0',
  `bo_descri` char(70) NOT NULL,
  PRIMARY KEY (`bo_codbod`)
) ENGINE=MyISAM DEFAULT CHARSET=latin1;

--
-- Dumping data for table `bodegas`
--

INSERT INTO `bodegas` (`bo_codbod`, `bo_descri`) VALUES ('1000','BODEGA PRINCIPAL'),('1001','BODEGA ACUEDUCTO'),('1002','BODEGA ALCANTARILLADO'),('1003','BODEGA ASEO');

--
-- Table structure for table `camdispo`
--

CREATE TABLE `camdispo` (
  `cdis_numero` int(9) NOT NULL,
  `cdis_codcli` bigint(12) DEFAULT NULL,
  `cdis_codres` char(12) NOT NULL,
  `cdis_fecreg` date DEFAULT NULL,
  `cdis_horreg` time NOT NULL DEFAULT '00:00:00',
  `cdis_estado` char(1) NOT NULL,
  `cdis_tippag` char(1) NOT NULL,
  `cdis_dispon` int(9) NOT NULL,
  `cdis_vlrtot` double(15,2) DEFAULT NULL,
  `cdis_detalle` text NOT NULL,
  `cdis_feccre` date NOT NULL,
  PRIMARY KEY (`cdis_numero`),
  KEY `cdis_codcli` (`cdis_codcli`),
  KEY `cdis_dispon` (`cdis_dispon`)
) ENGINE=MyISAM DEFAULT CHARSET=latin1;

--
-- Dumping data for table `camdispo`
--


--
-- Table structure for table `camregistro`
--

CREATE TABLE `camregistro` (
  `creg_numero` int(9) NOT NULL,
  `creg_codcli` bigint(12) DEFAULT NULL,
  `creg_codres` char(12) NOT NULL,
  `creg_fecreg` date DEFAULT NULL,
  `creg_horreg` time NOT NULL DEFAULT '00:00:00',
  `creg_estado` char(1) NOT NULL,
  `creg_tippag` char(1) NOT NULL,
  `creg_dispon` int(9) NOT NULL,
  `creg_vlrtot` double(15,2) DEFAULT NULL,
  `creg_detalle` text NOT NULL,
  `creg_feccre` date NOT NULL,
  PRIMARY KEY (`creg_numero`),
  KEY `creg_codcli` (`creg_codcli`),
  KEY `creg_dispon` (`creg_dispon`)
) ENGINE=MyISAM DEFAULT CHARSET=latin1;

--
-- Dumping data for table `camregistro`
--


--
-- Table structure for table `camregistrop`
--

CREATE TABLE `camregistrop` (
  `creg_numero` int(9) NOT NULL,
  `creg_codcli` bigint(12) DEFAULT NULL,
  `creg_codres` char(12) NOT NULL,
  `creg_fecreg` date DEFAULT NULL,
  `creg_horreg` time NOT NULL DEFAULT '00:00:00',
  `creg_estado` char(1) NOT NULL,
  `creg_tippag` char(1) NOT NULL,
  `creg_dispon` int(9) NOT NULL,
  `creg_vlrtot` double(15,2) DEFAULT NULL,
  `creg_detalle` text NOT NULL,
  `creg_feccre` date NOT NULL,
  PRIMARY KEY (`creg_numero`),
  KEY `creg_codcli` (`creg_codcli`),
  KEY `creg_dispon` (`creg_dispon`)
) ENGINE=MyISAM DEFAULT CHARSET=latin1;

--
-- Dumping data for table `camregistrop`
--


--
-- Table structure for table `cargo`
--

CREATE TABLE `cargo` (
  `car_codigo` char(4) NOT NULL,
  `car_descri` char(50) DEFAULT NULL,
  `car_valor` int(11) DEFAULT NULL,
  PRIMARY KEY (`car_codigo`)
) ENGINE=MyISAM DEFAULT CHARSET=latin1;

--
-- Dumping data for table `cargo`
--

INSERT INTO `cargo` (`car_codigo`, `car_descri`, `car_valor`) VALUES ('1','GERENTE',3634104),('2','Jefe area comercial, administrativa y talento huma',737717),('3','Jefe area financiera y presupuestos',2187870),('4','Profesional Universitario Control Interno',2100000),('5','Asistente Area administrativa y financiera',908526),('6','Asistente PQR',737717),('7','Auxiliar Recaudo y cartera',737717),('8','Auxiliar Operativo I',1486437),('9','Jefe area operativa Acueducto, alca y aseo',737717),('10','Auxiliar Operativo I',1486437),('11','Operatio fontanero acueducto',737717),('12','Operario fontanero acueducto y alcantarillado',737717),('13','Auxiliar Operativo I',1486437),('14','Auxiliares Sena',737717),('15','Operario barrido de calles',737717),('16','SUPERNUMERARIO',737717),('17','SERVICIOS GENERALES',737717),('18','SECRETARIA',737717),('19','Aprendiz',781242),('20','Tecnico Operativo II',1722675),('21','GERENTE ADMINISTRATIVO',3846110),('22','Juridico',1800000),('23','Profesional IV',2081999),('24','Tecnico Adminisrativo II',1722675),('25','Tecnico Operativo II',1722675),('26','Auxiliar Operativo I',1486437),('27','Auxiliar Operativo I',1486437),('52','Pensionado',828116),('29','Auxiliar Operativo I',1486437);

--
-- Table structure for table `cbod`
--

CREATE TABLE `cbod` (
  `cb_codcon` int(9) NOT NULL,
  `cb_ccosto` varchar(6) NOT NULL,
  `cb_codcli` bigint(12) NOT NULL DEFAULT '0',
  `cb_estado` char(1) NOT NULL,
  `cb_existen` double(15,2) DEFAULT NULL,
  PRIMARY KEY (`cb_codcon`,`cb_ccosto`,`cb_codcli`,`cb_estado`),
  KEY `cb_codcon` (`cb_codcon`),
  KEY `cb_ccosto` (`cb_ccosto`),
  KEY `cb_codcli` (`cb_codcli`)
) ENGINE=MyISAM DEFAULT CHARSET=latin1;

--
-- Dumping data for table `cbod`
--


--
-- Table structure for table `ccostos`
--

CREATE TABLE `ccostos` (
  `cc_codcen` int(6) NOT NULL DEFAULT '0',
  `cc_descri` char(70) NOT NULL,
  PRIMARY KEY (`cc_codcen`)
) ENGINE=MyISAM DEFAULT CHARSET=latin1;

--
-- Dumping data for table `ccostos`
--

INSERT INTO `ccostos` (`cc_codcen`, `cc_descri`) VALUES (0,'No Aplica'),(100000,'SERVICIO DE ACUEDUCTO'),(101000,'UNIDAD DE SERVICIO DE ABASTECIMIENTO'),(101010,'PROCESO OPERATIVO DE PLANIFICACION DEL USO DEL SUELO'),(101011,' Personal'),(101012,' Materiales'),(101013,' Equipos'),(101014,' Edificios'),(101015,' Miscelaneos'),(101030,'PROCESO OPERATIVO DE RECUPERACION'),(101031,' Personal'),(101032,' Materiales'),(101033,' Equipos'),(101034,' Edificios'),(101035,' Miscelaneos'),(101050,'PROCESO OPERATIVO DE CONSERVACION DEL RECURSO HIDRICO'),(101051,' Personal'),(101052,' Materiales'),(101053,' Equipos'),(101054,' Edificios'),(101055,' Miscelaneos'),(101060,'PROCESO OPERATIVO DE OPERACION'),(101061,' Personal'),(101062,' Materiales'),(101063,' Equipos'),(101064,' Edificios'),(101065,' Miscelaneos'),(101070,'PROCESO OPERATIVO DE PLANIFICACION DE PRODUCCION'),(101071,' Personal'),(101072,' Materiales'),(101073,' Equipos'),(101074,' Edificios'),(101075,' Miscelaneos'),(101080,'PROCESO OPERATIVO DE PRODUCCION'),(101081,' Personal'),(101082,' Materiales'),(101083,' Equipos'),(101084,' Edificios'),(101085,' Miscelaneos'),(101090,'PROCESO OPERATIVO DE MANTENIMIENTO'),(101091,' Personal'),(101092,' Materiales'),(101093,' Equipos'),(101094,' Edificios'),(101095,' Miscelaneos'),(101100,'PROCESO OPERATIVO DE CONTROL'),(101101,' Personal'),(101102,' Materiales'),(101103,' Equipos'),(101104,' Edificios'),(101105,' Miscelaneos'),(101110,'PROCESO OPERATIVO DE CONTROL EN LA PRODUCCION'),(101111,' Personal'),(101112,' Materiales'),(101113,' Equipos'),(101114,' Edificios'),(101115,' Miscelaneos'),(101750,'PROCESO COMERCIAL DE MERCADEO'),(101751,' Personal'),(101752,' Materiales'),(101753,' Equipos'),(101754,' Edificios'),(101755,' Miscelaneos'),(101756,' Bienes y Servicios para la Venta'),(101790,'PROCESO COMERCIAL DE ATENCION A CLIENTES'),(101791,' Personal'),(101792,' Materiales'),(101793,' Equipos'),(101794,' Edificios'),(101795,' Miscelaneos'),(101796,' Bienes y Servicios para la Venta'),(101800,'PROCESO COMERCIAL DE CONTROL DE PERDIDAS NO TECNICAS'),(101801,' Personal'),(101802,' Materiales'),(101803,' Equipos'),(101804,' Edificios'),(101805,' Miscelaneos'),(101806,' Bienes y Servicios para la Venta'),(101810,'PROCESO COMERCIAL DE FACTURACION Y RECAUDO'),(101811,' Personal'),(101812,' Materiales'),(101813,' Equipos'),(101814,' Edificios'),(101815,' Miscelaneos'),(101816,' Bienes y Servicios para la Venta'),(101900,'PROCESO ESTRATEGICO Y DE SOPORTE DE GERENCIA Y ESTRATEGIA'),(101901,' Personal'),(101902,' Materiales'),(101903,' Equipos'),(101904,' Edificios'),(101905,' Miscelaneos'),(101910,'PROCESO ESTRATEGICO Y DE SOPORTE DE PLANEACION CORPORATIVA'),(101911,' Personal'),(101912,' Materiales'),(101913,' Equipos'),(101914,' Edificios'),(101915,' Miscelaneos'),(101920,'PROCESO ESTRATEGICO Y DE SOPORTE DE CONTROL DE GESTION'),(101921,' Personal'),(101922,' Materiales'),(101923,' Equipos'),(101924,' Edificios'),(101925,' Miscelaneos'),(101930,'PROCESO ESTRATEGICO Y DE SOPORTE DE GESTION DEL TALENTO HUMANO'),(101931,' Personal'),(101932,' Materiales'),(101933,' Equipos'),(101934,' Edificios'),(101935,' Miscelaneos'),(101940,'PROCESO ESTRATEGICO Y DE SOPORTE DE SERVICIOS LOGISTICOS'),(101941,' Personal'),(101942,' Materiales'),(101943,' Equipos'),(101944,' Edificios'),(101945,' Miscelaneos'),(101950,'PROCESO ESTRATEGICO Y DE SOPORTE DE GESTION FINANCIERA'),(101951,' Personal'),(101952,' Materiales'),(101953,' Equipos'),(101954,' Edificios'),(101955,' Miscelaneos'),(101960,'PROCESO ESTRATEGICO Y DE SOPORTE DE GESTION DE FINANCIAMIENTO'),(101961,' Personal'),(101962,' Materiales'),(101963,' Equipos'),(101964,' Edificios'),(101965,' Miscelaneos'),(101970,'PROCESO ESTRATEGICO Y DE SOPORTE DE INFORMATICA'),(101971,' Personal'),(101972,' Materiales'),(101973,' Equipos'),(101974,' Edificios'),(101975,' Miscelaneos'),(101980,'PROCESO ESTRATEGICO Y DE SOPORTE DE JURIDICA Y CONTRATOS'),(101981,' Personal'),(101982,' Materiales'),(101983,' Equipos'),(101984,' Edificios'),(101985,' Miscelaneos'),(102000,'UNIDAD DE SERVICIO DE DISTRIBUCION'),(102020,'PROCESO OPERATIVO DE PLANEACION'),(102021,' Personal'),(102022,' Materiales'),(102023,' Equipos'),(102024,' Edificios'),(102025,' Miscelaneos'),(102040,'PROCESO OPERATIVO DE COORDINACION DEL SISTEMA'),(102041,' Personal'),(102042,' Materiales'),(102043,' Equipos'),(102044,' Edificios'),(102045,' Miscelaneos'),(102090,'PROCESO OPERATIVO DE MANTENIMIENTO'),(102091,' Personal'),(102092,' Materiales'),(102093,' Equipos'),(102094,' Edificios'),(102095,' Miscelaneos'),(102100,'PROCESO OPERATIVO DE CONTROL'),(102101,' Personal'),(102102,' Materiales'),(102103,' Equipos'),(102104,' Edificios'),(102105,' Miscelaneos'),(102750,'PROCESO COMERCIAL DE MERCADEO'),(102751,' Personal'),(102752,' Materiales'),(102753,' Equipos'),(102754,' Edificios'),(102755,' Miscelaneos'),(102756,' Bienes y Servicios para la Venta'),(102790,'PROCESO COMERCIAL DE ATENCION A CLIENTES'),(102791,' Personal'),(102792,' Materiales'),(102793,' Equipos'),(102794,' Edificios'),(102795,' Miscelaneos'),(102796,' Bienes y Servicios para la Venta'),(102800,'PROCESO COMERCIAL DE CONTROL DE PERDIDAS NO TECNICAS'),(102801,' Personal'),(102802,' Materiales'),(102803,' Equipos'),(102804,' Edificios'),(102805,' Miscelaneos'),(102806,' Bienes y Servicios para la Venta'),(102810,'PROCESO COMERCIAL DE FACTURACION Y RECAUDO'),(102811,' Personal'),(102812,' Materiales'),(102813,' Equipos'),(102814,' Edificios'),(102815,' Miscelaneos'),(102816,' Bienes y Servicios para la Venta'),(102900,'PROCESO ESTRATEGICO Y DE SOPORTE DE GERENCIA Y ESTRATEGIA'),(102901,' Personal'),(102902,' Materiales'),(102903,' Equipos'),(102904,' Edificios'),(102905,' Miscelaneos'),(102910,'PROCESO ESTRATEGICO Y DE SOPORTE DE PLANEACION CORPORATIVA'),(102911,' Personal'),(102912,' Materiales'),(102913,' Equipos'),(102914,' Edificios'),(102915,' Miscelaneos'),(102920,'PROCESO ESTRATEGICO Y DE SOPORTE DE CONTROL DE GESTION'),(102921,' Personal'),(102922,' Materiales'),(102923,' Equipos'),(102924,' Edificios'),(102925,' Miscelaneos'),(102930,'PROCESO ESTRATEGICO Y DE SOPORTE DE GESTION DEL TALENTO HUMANO'),(102931,' Personal'),(102932,' Materiales'),(102933,' Equipos'),(102934,' Edificios'),(102935,' Miscelaneos'),(102940,'PROCESO ESTRATEGICO Y DE SOPORTE DE SERVICIOS LOGISTICOS'),(102941,' Personal'),(102942,' Materiales'),(102943,' Equipos'),(102944,' Edificios'),(102945,' Miscelaneos'),(102950,'PROCESO ESTRATEGICO Y DE SOPORTE DE GESTION FINANCIERA'),(102951,' Personal'),(102952,' Materiales'),(102953,' Equipos'),(102954,' Edificios'),(102955,' Miscelaneos'),(102960,'PROCESO ESTRATEGICO Y DE SOPORTE DE GESTION DE FINANCIAMIENTO'),(102961,' Personal'),(102962,' Materiales'),(102963,' Equipos'),(102964,' Edificios'),(102965,' Miscelaneos'),(102970,'PROCESO ESTRATEGICO Y DE SOPORTE DE INFORMATICA'),(102971,' Personal'),(102972,' Materiales'),(102973,' Equipos'),(102974,' Edificios'),(102975,' Miscelaneos'),(102980,'PROCESO ESTRATEGICO Y DE SOPORTE DE JURIDICA Y CONTRATOS'),(102981,' Personal'),(102982,' Materiales'),(102983,' Equipos'),(102984,' Edificios'),(102985,' Miscelaneos'),(103000,'UNIDAD DE SERVICIO DE COMERCIALIZACION DE ACUEDUCTO'),(103750,'PROCESO COMERCIAL DE MERCADEO'),(103751,' Personal'),(103752,' Materiales'),(103753,' Equipos'),(103754,' Edificios'),(103755,' Miscelaneos'),(103756,' Bienes y Servicios para la Venta'),(103790,'PROCESO COMERCIAL DE ATENCION A CLIENTES'),(103791,' Personal'),(103792,' Materiales'),(103793,' Equipos'),(103794,' Edificios'),(103795,' Miscelaneos'),(103796,' Bienes y Servicios para la Venta'),(103800,'PROCESO COMERCIAL DE CONTROL DE PERDIDAS NO TECNICAS'),(103801,' Personal'),(103802,' Materiales'),(103803,' Equipos'),(103804,' Edificios'),(103805,' Miscelaneos'),(103806,' Bienes y Servicios para la Venta'),(103810,'PROCESO COMERCIAL DE FACTURACION Y RECAUDO'),(103811,' Personal'),(103812,' Materiales'),(103813,' Equipos'),(103814,' Edificios'),(103815,' Miscelaneos'),(103816,' Bienes y Servicios para la Venta'),(103900,'PROCESO ESTRATEGICO Y DE SOPORTE DE GERENCIA Y ESTRATEGIA'),(103901,' Personal'),(103902,' Materiales'),(103903,' Equipos'),(103904,' Edificios'),(103905,' Miscelaneos'),(103910,'PROCESO ESTRATEGICO Y DE SOPORTE DE PLANEACION CORPORATIVA'),(103911,' Personal'),(103912,' Materiales'),(103913,' Equipos'),(103914,' Edificios'),(103915,' Miscelaneos'),(103920,'PROCESO ESTRATEGICO Y DE SOPORTE DE CONTROL DE GESTION'),(103921,' Personal'),(103922,' Materiales'),(103923,' Equipos'),(103924,' Edificios'),(103925,' Miscelaneos'),(103930,'PROCESO ESTRATEGICO Y DE SOPORTE DE GESTION DEL TALENTO HUMANO'),(103931,' Personal'),(103932,' Materiales'),(103933,' Equipos'),(103934,' Edificios'),(103935,' Miscelaneos'),(103940,'PROCESO ESTRATEGICO Y DE SOPORTE DE SERVICIOS LOGISTICOS'),(103941,' Personal'),(103942,' Materiales'),(103943,' Equipos'),(103944,' Edificios'),(103945,' Miscelaneos'),(103950,'PROCESO ESTRATEGICO Y DE SOPORTE DE GESTION FINANCIERA'),(103951,' Personal'),(103952,' Materiales'),(103953,' Equipos'),(103954,' Edificios'),(103955,' Miscelaneos'),(103960,'PROCESO ESTRATEGICO Y DE SOPORTE DE GESTION DE FINANCIAMIENTO'),(103961,' Personal'),(103962,' Materiales'),(103963,' Equipos'),(103964,' Edificios'),(103965,' Miscelaneos'),(103970,'PROCESO ESTRATEGICO Y DE SOPORTE DE INFORMATICA'),(103971,' Personal'),(103972,' Materiales'),(103973,' Equipos'),(103974,' Edificios'),(103975,' Miscelaneos'),(103980,'PROCESO ESTRATEGICO Y DE SOPORTE DE JURIDICA Y CONTRATOS'),(103981,' Personal'),(103982,' Materiales'),(103983,' Equipos'),(103984,' Edificios'),(103985,' Miscelaneos'),(200000,'SERVICIO DE ALCANTARILLADO'),(211000,'UNIDAD DE SERVICIO DE RECOLECCION Y TRANSPORTE'),(211160,'PROCESO OPERATIVO DE PROGRAMACION'),(211161,' Personal'),(211162,' Materiales'),(211163,' Equipos'),(211164,' Edificios'),(211165,' Miscelaneos'),(211170,'PROCESO OPERATIVO DE OPERACION'),(211171,' Personal'),(211172,' Materiales'),(211173,' Equipos'),(211174,' Edificios'),(211175,' Miscelaneos'),(211190,'PROCESO OPERATIVO DE MANTENIMIENTO'),(211191,' Personal'),(211192,' Materiales'),(211193,' Equipos'),(211194,' Edificios'),(211195,' Miscelaneos'),(211200,'PROCESO OPERATIVO DE GESTION AMBIENTAL'),(211201,' Personal'),(211202,' Materiales'),(211203,' Equipos'),(211204,' Edificios'),(211205,' Miscelaneos'),(211750,'PROCESO COMERCIAL DE MERCADEO'),(211751,' Personal'),(211752,' Materiales'),(211753,' Equipos'),(211754,' Edificios'),(211755,' Miscelaneos'),(211756,' Bienes y Servicios para la Venta'),(211790,'PROCESO COMERCIAL DE ATENCION A CLIENTES'),(211791,' Personal'),(211792,' Materiales'),(211793,' Equipos'),(211794,' Edificios'),(211795,' Miscelaneos'),(211796,' Bienes y Servicios para la Venta'),(211810,'PROCESO COMERCIAL DE FACTURACION Y RECAUDO'),(211811,' Personal'),(211812,' Materiales'),(211813,' Equipos'),(211814,' Edificios'),(211815,' Miscelaneos'),(211816,' Bienes y Servicios para la Venta'),(211900,'PROCESO ESTRATEGICO Y DE SOPORTE DE GERENCIA Y ESTRATEGIA'),(211901,' Personal'),(211902,' Materiales'),(211903,' Equipos'),(211904,' Edificios'),(211905,' Miscelaneos'),(211910,'PROCESO ESTRATEGICO Y DE SOPORTE DE PLANEACION CORPORATIVA'),(211911,' Personal'),(211912,' Materiales'),(211913,' Equipos'),(211914,' Edificios'),(211915,' Miscelaneos'),(211920,'PROCESO ESTRATEGICO Y DE SOPORTE DE CONTROL DE GESTION'),(211921,' Personal'),(211922,' Materiales'),(211923,' Equipos'),(211924,' Edificios'),(211925,' Miscelaneos'),(211930,'PROCESO ESTRATEGICO Y DE SOPORTE DE GESTION DEL TALENTO HUMANO'),(211931,' Personal'),(211932,' Materiales'),(211933,' Equipos'),(211934,' Edificios'),(211935,' Miscelaneos'),(211940,'PROCESO ESTRATEGICO Y DE SOPORTE DE SERVICIOS LOGISTICOS'),(211941,' Personal'),(211942,' Materiales'),(211943,' Equipos'),(211944,' Edificios'),(211945,' Miscelaneos'),(211950,'PROCESO ESTRATEGICO Y DE SOPORTE DE GESTION FINANCIERA'),(211951,' Personal'),(211952,' Materiales'),(211953,' Equipos'),(211954,' Edificios'),(211955,' Miscelaneos'),(211960,'PROCESO ESTRATEGICO Y DE SOPORTE DE GESTION DE FINANCIAMIENTO'),(211961,' Personal'),(211962,' Materiales'),(211963,' Equipos'),(211964,' Edificios'),(211965,' Miscelaneos'),(211970,'PROCESO ESTRATEGICO Y DE SOPORTE DE INFORMATICA'),(211971,' Personal'),(211972,' Materiales'),(211973,' Equipos'),(211974,' Edificios'),(211975,' Miscelaneos'),(211980,'PROCESO ESTRATEGICO Y DE SOPORTE DE JURIDICA Y CONTRATOS'),(211981,' Personal'),(211982,' Materiales'),(211983,' Equipos'),(211984,' Edificios'),(211985,' Miscelaneos'),(212000,'UNIDAD DE SERVICIO DE TRATAMIENTO DE AGUAS RESIDUALES'),(212160,'PROCESO OPERATIVO DE PROGRAMACION'),(212161,' Personal'),(212162,' Materiales'),(212163,' Equipos'),(212164,' Edificios'),(212165,' Miscelaneos'),(212180,'PROCESO OPERATIVO DE DEPURACION DE AGUAS RESIDUALES'),(212181,' Personal'),(212182,' Materiales'),(212183,' Equipos'),(212184,' Edificios'),(212185,' Miscelaneos'),(212190,'PROCESO OPERATIVO DE MANTENIMIENTO'),(212191,' Personal'),(212192,' Materiales'),(212193,' Equipos'),(212194,' Edificios'),(212195,' Miscelaneos'),(212200,'PROCESO OPERATIVO DE GESTION AMBIENTAL'),(212201,' Personal'),(212202,' Materiales'),(212203,' Equipos'),(212204,' Edificios'),(212205,' Miscelaneos'),(212750,'PROCESO COMERCIAL DE MERCADEO'),(212751,' Personal'),(212752,' Materiales'),(212753,' Equipos'),(212754,' Edificios'),(212755,' Miscelaneos'),(212756,' Bienes y Servicios para la Venta'),(212790,'PROCESO COMERCIAL DE ATENCION A CLIENTES'),(212791,' Personal'),(212792,' Materiales'),(212793,' Equipos'),(212794,' Edificios'),(212795,' Miscelaneos'),(212796,' Bienes y Servicios para la Venta'),(212810,'PROCESO COMERCIAL DE FACTURACION Y RECAUDO'),(212811,' Personal'),(212812,' Materiales'),(212813,' Equipos'),(212814,' Edificios'),(212815,' Miscelaneos'),(212816,' Bienes y Servicios para la Venta'),(212900,'PROCESO ESTRATEGICO Y DE SOPORTE DE GERENCIA Y ESTRATEGIA'),(212901,' Personal'),(212902,' Materiales'),(212903,' Equipos'),(212904,' Edificios'),(212905,' Miscelaneos'),(212910,'PROCESO ESTRATEGICO Y DE SOPORTE DE PLANEACION CORPORATIVA'),(212911,' Personal'),(212912,' Materiales'),(212913,' Equipos'),(212914,' Edificios'),(212915,' Miscelaneos'),(212920,'PROCESO ESTRATEGICO Y DE SOPORTE DE CONTROL DE GESTION'),(212921,' Personal'),(212922,' Materiales'),(212923,' Equipos'),(212924,' Edificios'),(212925,' Miscelaneos'),(212930,'PROCESO ESTRATEGICO Y DE SOPORTE DE GESTION DEL TALENTO HUMANO'),(212931,' Personal'),(212932,' Materiales'),(212933,' Equipos'),(212934,' Edificios'),(212935,' Miscelaneos'),(212940,'PROCESO ESTRATEGICO Y DE SOPORTE DE SERVICIOS LOGISTICOS'),(212941,' Personal'),(212942,' Materiales'),(212943,' Equipos'),(212944,' Edificios'),(212945,' Miscelaneos'),(212950,'PROCESO ESTRATEGICO Y DE SOPORTE DE GESTION FINANCIERA'),(212951,' Personal'),(212952,' Materiales'),(212953,' Equipos'),(212954,' Edificios'),(212955,' Miscelaneos'),(212960,'PROCESO ESTRATEGICO Y DE SOPORTE DE GESTION DE FINANCIAMIENTO'),(212961,' Personal'),(212962,' Materiales'),(212963,' Equipos'),(212964,' Edificios'),(212965,' Miscelaneos'),(212970,'PROCESO ESTRATEGICO Y DE SOPORTE DE INFORMATICA'),(212971,' Personal'),(212972,' Materiales'),(212973,' Equipos'),(212974,' Edificios'),(212975,' Miscelaneos'),(212980,'PROCESO ESTRATEGICO Y DE SOPORTE DE JURIDICA Y CONTRATOS'),(212981,' Personal'),(212982,' Materiales'),(212983,' Equipos'),(212984,' Edificios'),(212985,' Miscelaneos'),(213000,'UNIDAD DE SERVICIO DE COMERCIALIZACION DE ALCANTARILLADO'),(213750,'PROCESO COMERCIAL DE MERCADEO'),(213751,' Personal'),(213752,' Materiales'),(213753,' Equipos'),(213754,' Edificios'),(213755,' Miscelaneos'),(213756,' Bienes y Servicios para la Venta'),(213790,'PROCESO COMERCIAL DE ATENCION A CLIENTES'),(213791,' Personal'),(213792,' Materiales'),(213793,' Equipos'),(213794,' Edificios'),(213795,' Miscelaneos'),(213796,' Bienes y Servicios para la Venta'),(213810,'PROCESO COMERCIAL DE FACTURACION Y RECAUDO'),(213811,' Personal'),(213812,' Materiales'),(213813,' Equipos'),(213814,' Edificios'),(213815,' Miscelaneos'),(213816,' Bienes y Servicios para la Venta'),(213900,'PROCESO ESTRATEGICO Y DE SOPORTE DE GERENCIA Y ESTRATEGIA'),(213901,' Personal'),(213902,' Materiales'),(213903,' Equipos'),(213904,' Edificios'),(213905,' Miscelaneos'),(213910,'PROCESO ESTRATEGICO Y DE SOPORTE DE PLANEACION CORPORATIVA'),(213911,' Personal'),(213912,' Materiales'),(213913,' Equipos'),(213914,' Edificios'),(213915,' Miscelaneos'),(213920,'PROCESO ESTRATEGICO Y DE SOPORTE DE CONTROL DE GESTION'),(213921,' Personal'),(213922,' Materiales'),(213923,' Equipos'),(213924,' Edificios'),(213925,' Miscelaneos'),(213930,'PROCESO ESTRATEGICO Y DE SOPORTE DE GESTION DEL TALENTO HUMANO'),(213931,' Personal'),(213932,' Materiales'),(213933,' Equipos'),(213934,' Edificios'),(213935,' Miscelaneos'),(213940,'PROCESO ESTRATEGICO Y DE SOPORTE DE SERVICIOS LOGISTICOS'),(213941,' Personal'),(213942,' Materiales'),(213943,' Equipos'),(213944,' Edificios'),(213945,' Miscelaneos'),(213950,'PROCESO ESTRATEGICO Y DE SOPORTE DE GESTION FINANCIERA'),(213951,' Personal'),(213952,' Materiales'),(213953,' Equipos'),(213954,' Edificios'),(213955,' Miscelaneos'),(213960,'PROCESO ESTRATEGICO Y DE SOPORTE DE GESTION DE FINANCIAMIENTO'),(213961,' Personal'),(213962,' Materiales'),(213963,' Equipos'),(213964,' Edificios'),(213965,' Miscelaneos'),(213970,'PROCESO ESTRATEGICO Y DE SOPORTE DE INFORMATICA'),(213971,' Personal'),(213972,' Materiales'),(213973,' Equipos'),(213974,' Edificios'),(213975,' Miscelaneos'),(213980,'PROCESO ESTRATEGICO Y DE SOPORTE DE JURIDICA Y CONTRATOS'),(213981,' Personal'),(213982,' Materiales'),(213983,' Equipos'),(213984,' Edificios'),(213985,' Miscelaneos'),(300000,' Servicio de Aseo'),(321000,' Unidad de Servicio de Recoleccion Domiciliaria'),(321250,' Proceso Operativo de Programacion'),(321251,' Personal'),(321252,' Materiales'),(321253,' Equipos'),(321254,' Edificios'),(321255,' Miscelaneos'),(321300,' Proceso Operativo de Recoleccion'),(321301,' Personal'),(321302,' Materiales'),(321303,' Equipos'),(321304,' Edificios'),(321305,' Miscelaneos'),(321370,' Proceso Operativo de Mantenimiento'),(321371,' Personal'),(321372,' Materiales'),(321373,' Equipos'),(321374,' Edificios'),(321375,' Miscelaneos'),(321390,' Proceso Operativo de Control'),(321391,' Personal'),(321392,' Materiales'),(321393,' Equipos'),(321394,' Edificios'),(321395,' Miscelaneos'),(321750,' Proceso Comercial de Mercadeo'),(321751,' Personal'),(321752,' Materiales'),(321753,' Equipos'),(321754,' Edificios'),(321755,' Miscelaneos'),(321756,' Bienes y Servicios para la Venta'),(321790,' Proceso Comercial de Atencion a Clientes'),(321791,' Personal'),(321792,' Materiales'),(321793,' Equipos'),(321794,' Edificios'),(321795,' Miscelaneos'),(321796,' Bienes y Servicios para la Venta'),(321810,' Proceso Comercial de Facturacion y Recaudo'),(321811,' Personal'),(321812,' Materiales'),(321813,' Equipos'),(321814,' Edificios'),(321815,' Miscelaneos'),(321816,' Bienes y Servicios para la Venta'),(321900,' Proceso Estrategico y de Soporte de Gerencia y Estrategia'),(321901,' Personal'),(321902,' Materiales'),(321903,' Equipos'),(321904,' Edificios'),(321905,' Miscelaneos'),(321910,' Proceso Estrategico y de Soporte de Planeacion Corporativa'),(321911,' Personal'),(321912,' Materiales'),(321913,' Equipos'),(321914,' Edificios'),(321915,' Miscelaneos'),(321920,' Proceso Estrategico y de Soporte de Control de Gestion'),(321921,' Personal'),(321922,' Materiales'),(321923,' Equipos'),(321924,' Edificios'),(321925,' Miscelaneos'),(321930,' Proceso Estrategico y de Soporte de Gestion del Talento Humano'),(321931,' Personal'),(321932,' Materiales'),(321933,' Equipos'),(321934,' Edificios'),(321935,' Miscelaneos'),(321940,' Proceso Estrategico y de Soporte de Servicios Logisticos'),(321941,' Personal'),(321942,' Materiales'),(321943,' Equipos'),(321944,' Edificios'),(321945,' Miscelaneos'),(321950,' Proceso Estrategico y de Soporte de Gestion Financiera'),(321951,' Personal'),(321952,' Materiales'),(321953,' Equipos'),(321954,' Edificios'),(321955,' Miscelaneos'),(321960,' Proceso Estrategico y de Soporte de Gestion de Financiamiento'),(321961,' Personal'),(321962,' Materiales'),(321963,' Equipos'),(321964,' Edificios'),(321965,' Miscelaneos'),(321970,'Proceso Estrategico y de Soporte de Informatica'),(321971,' Personal'),(321972,' Materiales'),(321973,' Equipos'),(321974,' Edificios'),(321975,' Miscelaneos'),(321980,'Proceso Estrategico y de Soporte de Juridica y Contratos'),(321981,' Personal'),(321982,' Materiales'),(321983,' Equipos'),(321984,' Edificios'),(321985,' Miscelaneos'),(322000,'Unidad de Servicio de Transporte'),(322250,'Proceso Operativo de Programacion'),(322251,' Personal'),(322252,' Materiales'),(322253,' Equipos'),(322254,' Edificios'),(322255,' Miscelaneos'),(322310,'Proceso Operativo de Transporte'),(322311,' Personal'),(322312,' Materiales'),(322313,' Equipos'),(322314,' Edificios'),(322315,' Miscelaneos'),(322370,'Proceso Operativo de Mantenimiento'),(322371,' Personal'),(322372,' Materiales'),(322373,' Equipos'),(322374,' Edificios'),(322375,' Miscelaneos'),(322390,'Proceso Operativo de Control'),(322391,' Personal'),(322392,' Materiales'),(322393,' Equipos'),(322394,' Edificios'),(322395,' Miscelaneos'),(322750,'Proceso Comercial de Mercadeo'),(322751,' Personal'),(322752,' Materiales'),(322753,' Equipos'),(322754,' Edificios'),(322755,' Miscelaneos'),(322756,' Bienes y Servicios para la Venta'),(322790,'Proceso Comercial de Atencion a Clientes'),(322791,' Personal'),(322792,' Materiales'),(322793,' Equipos'),(322794,' Edificios'),(322795,' Miscelaneos'),(322796,' Bienes y Servicios para la Venta'),(322810,'Proceso Comercial de Facturacion y Recaudo'),(322811,' Personal'),(322812,' Materiales'),(322813,' Equipos'),(322814,' Edificios'),(322815,' Miscelaneos'),(322816,' Bienes y Servicios para la Venta'),(322900,'Proceso Estrategico y de Soporte de Gerencia y Estrategia'),(322901,' Personal'),(322902,' Materiales'),(322903,' Equipos'),(322904,' Edificios'),(322905,' Miscelaneos'),(322910,'Proceso Estrategico y de Soporte de Planeacion Corporativa'),(322911,' Personal'),(322912,' Materiales'),(322913,' Equipos'),(322914,' Edificios'),(322915,' Miscelaneos'),(322920,'Proceso Estrategico y de Soporte de Control de Gestion'),(322921,' Personal'),(322922,' Materiales'),(322923,' Equipos'),(322924,' Edificios'),(322925,' Miscelaneos'),(322930,'Proceso Estrategico y de Soporte de Gestion del Talento Humano'),(322931,' Personal'),(322932,' Materiales'),(322933,' Equipos'),(322934,' Edificios'),(322935,' Miscelaneos'),(322940,'Proceso Estrategico y de Soporte de Servicios Logisticos'),(322941,' Personal'),(322942,' Materiales'),(322943,' Equipos'),(322944,' Edificios'),(322945,' Miscelaneos'),(322950,'Proceso Estrategico y de Soporte de Gestion Financiera'),(322951,' Personal'),(322952,' Materiales'),(322953,' Equipos'),(322954,' Edificios'),(322955,' Miscelaneos'),(322960,'Proceso Estrategico y de Soporte de Gestion de Financiamiento'),(322961,' Personal'),(322962,' Materiales'),(322963,' Equipos'),(322964,' Edificios'),(322965,' Miscelaneos'),(322970,'Proceso Estrategico y de Soporte de Informatica'),(322971,' Personal'),(322972,' Materiales'),(322973,' Equipos'),(322974,' Edificios'),(322975,' Miscelaneos'),(322980,'Proceso Estrategico y de Soporte de Juridica y Contratos'),(322981,' Personal'),(322982,' Materiales'),(322983,' Equipos'),(322984,' Edificios'),(322985,' Miscelaneos'),(323000,'Unidad de Servicio de Barrido y limpieza'),(323250,'Proceso Operativo de Programacion'),(323251,' Personal'),(323252,' Materiales'),(323253,' Equipos'),(323254,' Edificios'),(323255,' Miscelaneos'),(323320,'Proceso Operativo de Realizacion'),(323321,' Personal'),(323322,' Materiales'),(323323,' Equipos'),(323324,' Edificios'),(323325,' Miscelaneos'),(323370,'Proceso Operativo de Mantenimiento'),(323371,' Personal'),(323372,' Materiales'),(323373,' Equipos'),(323374,' Edificios'),(323375,' Miscelaneos'),(323390,'Proceso Operativo de Control'),(323391,' Personal'),(323392,' Materiales'),(323393,' Equipos'),(323394,' Edificios'),(323395,' Miscelaneos'),(323750,'Proceso Comercial de Mercadeo'),(323751,' Personal'),(323752,' Materiales'),(323753,' Equipos'),(323754,' Edificios'),(323755,' Miscelaneos'),(323756,' Bienes y Servicios para la Venta'),(323790,'Proceso Comercial de Atencion a Clientes'),(323791,' Personal'),(323792,' Materiales'),(323793,' Equipos'),(323794,' Edificios'),(323795,' Miscelaneos'),(323796,' Bienes y Servicios para la Venta'),(323810,'Proceso Comercial de Facturacion y Recaudo'),(323811,' Personal'),(323812,' Materiales'),(323813,' Equipos'),(323814,' Edificios'),(323815,' Miscelaneos'),(323816,' Bienes y Servicios para la Venta'),(323900,'Proceso Estrategico y de Soporte de Gerencia y Estrategia'),(323901,' Personal'),(323902,' Materiales'),(323903,' Equipos'),(323904,' Edificios'),(323905,' Miscelaneos'),(323910,'Proceso Estrategico y de Soporte de Planeacion Corporativa'),(323911,' Personal'),(323912,' Materiales'),(323913,' Equipos'),(323914,' Edificios'),(323915,' Miscelaneos'),(323920,'Proceso Estrategico y de Soporte de Control de Gestion'),(323921,' Personal'),(323922,' Materiales'),(323923,' Equipos'),(323924,' Edificios'),(323925,' Miscelaneos'),(323930,'Proceso Estrategico y de Soporte de Gestion del Talento Humano'),(323931,' Personal'),(323932,' Materiales'),(323933,' Equipos'),(323934,' Edificios'),(323935,' Miscelaneos'),(323940,'Proceso Estrategico y de Soporte de Servicios Logisticos'),(323941,' Personal'),(323942,' Materiales'),(323943,' Equipos'),(323944,' Edificios'),(323945,' Miscelaneos'),(323950,'Proceso Estrategico y de Soporte de Gestion Financiera'),(323951,' Personal'),(323952,' Materiales'),(323953,' Equipos'),(323954,' Edificios'),(323955,' Miscelaneos'),(323960,'Proceso Estrategico y de Soporte de Gestion de Financiamiento'),(323961,' Personal'),(323962,' Materiales'),(323963,' Equipos'),(323964,' Edificios'),(323965,' Miscelaneos'),(323970,'Proceso Estrategico y de Soporte de Informatica'),(323971,' Personal'),(323972,' Materiales'),(323973,' Equipos'),(323974,' Edificios'),(323975,' Miscelaneos'),(323980,'Proceso Estrategico y de Soporte de Juridica y Contratos'),(323981,' Personal'),(323982,' Materiales'),(323983,' Equipos'),(323984,' Edificios'),(323985,' Miscelaneos'),(324000,'Unidad de Servicio de Transferencia'),(324260,'Proceso Operativo de Proyeccion de residuos'),(324261,' Personal'),(324262,' Materiales'),(324263,' Equipos'),(324264,' Edificios'),(324265,' Miscelaneos'),(324330,'Proceso Operativo de Traslado de carga'),(324331,' Personal'),(324332,' Materiales'),(324333,' Equipos'),(324334,' Edificios'),(324335,' Miscelaneos'),(324360,'Proceso Operativo de Higienizacion'),(324361,' Personal'),(324362,' Materiales'),(324363,' Equipos'),(324364,' Edificios'),(324365,' Miscelaneos'),(324380,'Proceso Operativo de Gestion ambiental'),(324381,' Personal'),(324382,' Materiales'),(324383,' Equipos'),(324384,' Edificios'),(324385,' Miscelaneos'),(324750,'Proceso Comercial de Mercadeo'),(324751,' Personal'),(324752,' Materiales'),(324753,' Equipos'),(324754,' Edificios'),(324755,' Miscelaneos'),(324756,' Bienes y Servicios para la Venta'),(324790,'Proceso Comercial de Atencion a Clientes'),(324791,' Personal'),(324792,' Materiales'),(324793,' Equipos'),(324794,' Edificios'),(324795,' Miscelaneos'),(324796,' Bienes y Servicios para la Venta'),(324810,'Proceso Comercial de Facturacion y Recaudo'),(324811,' Personal'),(324812,' Materiales'),(324813,' Equipos'),(324814,' Edificios'),(324815,' Miscelaneos'),(324816,' Bienes y Servicios para la Venta'),(324900,'Proceso Estrategico y de Soporte de Gerencia y Estrategia'),(324901,' Personal'),(324902,' Materiales'),(324903,' Equipos'),(324904,' Edificios'),(324905,' Miscelaneos'),(324910,'Proceso Estrategico y de Soporte de Planeacion Corporativa'),(324911,' Personal'),(324912,' Materiales'),(324913,' Equipos'),(324914,' Edificios'),(324915,' Miscelaneos'),(324920,'Proceso Estrategico y de Soporte de Control de Gestion'),(324921,' Personal'),(324922,' Materiales'),(324923,' Equipos'),(324924,' Edificios'),(324925,' Miscelaneos'),(324930,'Proceso Estrategico y de Soporte de Gestion del Talento Humano'),(324931,' Personal'),(324932,' Materiales'),(324933,' Equipos'),(324934,' Edificios'),(324935,' Miscelaneos'),(324940,'Proceso Estrategico y de Soporte de Servicios Logisticos'),(324941,' Personal'),(324942,' Materiales'),(324943,' Equipos'),(324944,' Edificios'),(324945,' Miscelaneos'),(324950,'Proceso Estrategico y de Soporte de Gestion Financiera'),(324951,' Personal'),(324952,' Materiales'),(324953,' Equipos'),(324954,' Edificios'),(324955,' Miscelaneos'),(324960,'Proceso Estrategico y de Soporte de Gestion de Financiamiento'),(324961,' Personal'),(324962,' Materiales'),(324963,' Equipos'),(324964,' Edificios'),(324965,' Miscelaneos'),(324970,'Proceso Estrategico y de Soporte de Informatica'),(324971,' Personal'),(324972,' Materiales'),(324973,' Equipos'),(324974,' Edificios'),(324975,' Miscelaneos'),(324980,'Proceso Estrategico y de Soporte de Juridica y Contratos'),(324981,' Personal'),(324982,' Materiales'),(324983,' Equipos'),(324984,' Edificios'),(324985,' Miscelaneos'),(325000,'Unidad de Servicio de Aprovechamiento'),(325270,'Proceso Operativo de Calificacion de residuos'),(325271,' Personal'),(325272,' Materiales'),(325273,' Equipos'),(325274,' Edificios'),(325275,' Miscelaneos'),(325360,'Proceso Operativo de Higienizacion'),(325361,' Personal'),(325362,' Materiales'),(325363,' Equipos'),(325364,' Edificios'),(325365,' Miscelaneos'),(325380,'Proceso Operativo de Gestion ambiental'),(325381,' Personal'),(325382,' Materiales'),(325383,' Equipos'),(325384,' Edificios'),(325385,' Miscelaneos'),(325750,'Proceso Comercial de Mercadeo'),(325751,' Personal'),(325752,' Materiales'),(325753,' Equipos'),(325754,' Edificios'),(325755,' Miscelaneos'),(325756,' Bienes y Servicios para la Venta'),(325790,'Proceso Comercial de Atencion a Clientes'),(325791,' Personal'),(325792,' Materiales'),(325793,' Equipos'),(325794,' Edificios'),(325795,' Miscelaneos'),(325796,' Bienes y Servicios para la Venta'),(325810,'Proceso Comercial de Facturacion y Recaudo'),(325811,' Personal'),(325812,' Materiales'),(325813,' Equipos'),(325814,' Edificios'),(325815,' Miscelaneos'),(325816,' Bienes y Servicios para la Venta'),(325900,'Proceso Estrategico y de Soporte de Gerencia y Estrategia'),(325901,' Personal'),(325902,' Materiales'),(325903,' Equipos'),(325904,' Edificios'),(325905,' Miscelaneos'),(325910,'Proceso Estrategico y de Soporte de Planeacion Corporativa'),(325911,' Personal'),(325912,' Materiales'),(325913,' Equipos'),(325914,' Edificios'),(325915,' Miscelaneos'),(325920,'Proceso Estrategico y de Soporte de Control de Gestion'),(325921,' Personal'),(325922,' Materiales'),(325923,' Equipos'),(325924,' Edificios'),(325925,' Miscelaneos'),(325930,'Proceso Estrategico y de Soporte de Gestion del Talento Humano'),(325931,' Personal'),(325932,' Materiales'),(325933,' Equipos'),(325934,' Edificios'),(325935,' Miscelaneos'),(325940,'Proceso Estrategico y de Soporte de Servicios Logisticos'),(325941,' Personal'),(325942,' Materiales'),(325943,' Equipos'),(325944,' Edificios'),(325945,' Miscelaneos'),(325950,'Proceso Estrategico y de Soporte de Gestion Financiera'),(325951,' Personal'),(325952,' Materiales'),(325953,' Equipos'),(325954,' Edificios'),(325955,' Miscelaneos'),(325960,'Proceso Estrategico y de Soporte de Gestion de Financiamiento'),(325961,' Personal'),(325962,' Materiales'),(325963,' Equipos'),(325964,' Edificios'),(325965,' Miscelaneos'),(325970,'Proceso Estrategico y de Soporte de Informatica'),(325971,' Personal'),(325972,' Materiales'),(325973,' Equipos'),(325974,' Edificios'),(325975,' Miscelaneos'),(325980,'Proceso Estrategico y de Soporte de Juridica y Contratos'),(325981,' Personal'),(325982,' Materiales'),(325983,' Equipos'),(325984,' Edificios'),(325985,' Miscelaneos'),(326000,'Unidad de Servicio de Tratamiento'),(326280,'Proceso Operativo de Planificacion de transformacion'),(326281,' Personal'),(326282,' Materiales'),(326283,' Equipos'),(326284,' Edificios'),(326285,' Miscelaneos'),(326340,'Proceso Operativo de Disposicion de Residuos'),(326341,' Personal'),(326342,' Materiales'),(326343,' Equipos'),(326344,' Edificios'),(326345,' Miscelaneos'),(326360,'Proceso Operativo de Higienizacion'),(326361,' Personal'),(326362,' Materiales'),(326363,' Equipos'),(326364,' Edificios'),(326365,' Miscelaneos'),(326380,'Proceso Operativo de Gestion ambiental'),(326381,' Personal'),(326382,' Materiales'),(326383,' Equipos'),(326384,' Edificios'),(326385,' Miscelaneos'),(326750,'Proceso Comercial de Mercadeo'),(326751,' Personal'),(326752,' Materiales'),(326753,' Equipos'),(326754,' Edificios'),(326755,' Miscelaneos'),(326756,' Bienes y Servicios para la Venta'),(326790,'Proceso Comercial de Atencion a Clientes'),(326791,' Personal'),(326792,' Materiales'),(326793,' Equipos'),(326794,' Edificios'),(326795,' Miscelaneos'),(326796,' Bienes y Servicios para la Venta'),(326810,'Proceso Comercial de Facturacion y Recaudo'),(326811,' Personal'),(326812,' Materiales'),(326813,' Equipos'),(326814,' Edificios'),(326815,' Miscelaneos'),(326816,' Bienes y Servicios para la Venta'),(326900,'Proceso Estrategico y de Soporte de Gerencia y Estrategia'),(326901,' Personal'),(326902,' Materiales'),(326903,' Equipos'),(326904,' Edificios'),(326905,' Miscelaneos'),(326910,'Proceso Estrategico y de Soporte de Planeacion Corporativa'),(326911,' Personal'),(326912,' Materiales'),(326913,' Equipos'),(326914,' Edificios'),(326915,' Miscelaneos'),(326920,'Proceso Estrategico y de Soporte de Control de Gestion'),(326921,' Personal'),(326922,' Materiales'),(326923,' Equipos'),(326924,' Edificios'),(326925,' Miscelaneos'),(326930,'Proceso Estrategico y de Soporte de Gestion del Talento Humano'),(326931,' Personal'),(326932,' Materiales'),(326933,' Equipos'),(326934,' Edificios'),(326935,' Miscelaneos'),(326940,'Proceso Estrategico y de Soporte de Servicios Logisticos'),(326941,' Personal'),(326942,' Materiales'),(326943,' Equipos'),(326944,' Edificios'),(326945,' Miscelaneos'),(326950,'Proceso Estrategico y de Soporte de Gestion Financiera'),(326951,' Personal'),(326952,' Materiales'),(326953,' Equipos'),(326954,' Edificios'),(326955,' Miscelaneos'),(326960,'Proceso Estrategico y de Soporte de Gestion de Financiamiento'),(326961,' Personal'),(326962,' Materiales'),(326963,' Equipos'),(326964,' Edificios'),(326965,' Miscelaneos'),(326970,'Proceso Estrategico y de Soporte de Informatica'),(326971,' Personal'),(326972,' Materiales'),(326973,' Equipos'),(326974,' Edificios'),(326975,' Miscelaneos'),(326980,'Proceso Estrategico y de Soporte de Juridica y Contratos'),(326981,' Personal'),(326982,' Materiales'),(326983,' Equipos'),(326984,' Edificios'),(326985,' Miscelaneos'),(327000,'Unidad de Servicio de Disposicion Final'),(327290,'Proceso Operativo de Planificacion de disposicion'),(327291,' Personal'),(327292,' Materiales'),(327293,' Equipos'),(327294,' Edificios'),(327295,' Miscelaneos'),(327350,'Proceso Operativo de Depuracion de residuos'),(327351,' Personal'),(327352,' Materiales'),(327353,' Equipos'),(327354,' Edificios'),(327355,' Miscelaneos'),(327360,'Proceso Operativo de Higienizacion'),(327361,' Personal'),(327362,' Materiales'),(327363,' Equipos'),(327364,' Edificios'),(327365,' Miscelaneos'),(327380,'Proceso Operativo de Gestion ambiental'),(327381,' Personal'),(327382,' Materiales'),(327383,' Equipos'),(327384,' Edificios'),(327385,' Miscelaneos'),(327750,'Proceso Comercial de Mercadeo'),(327751,' Personal'),(327752,' Materiales'),(327753,' Equipos'),(327754,' Edificios'),(327755,' Miscelaneos'),(327756,' Bienes y Servicios para la Venta'),(327790,'Proceso Comercial de Atencion a Clientes'),(327791,' Personal'),(327792,' Materiales'),(327793,' Equipos'),(327794,' Edificios'),(327795,' Miscelaneos'),(327796,' Bienes y Servicios para la Venta'),(327810,'Proceso Comercial de Facturacion y Recaudo'),(327811,' Personal'),(327812,' Materiales'),(327813,' Equipos'),(327814,' Edificios'),(327815,' Miscelaneos'),(327816,' Bienes y Servicios para la Venta'),(327900,'Proceso Estrategico y de Soporte de Gerencia y Estrategia'),(327901,' Personal'),(327902,' Materiales'),(327903,' Equipos'),(327904,' Edificios'),(327905,' Miscelaneos'),(327910,'Proceso Estrategico y de Soporte de Planeacion Corporativa'),(327911,' Personal'),(327912,' Materiales'),(327913,' Equipos'),(327914,' Edificios'),(327915,' Miscelaneos'),(327920,'Proceso Estrategico y de Soporte de Control de Gestion'),(327921,' Personal'),(327922,' Materiales'),(327923,' Equipos'),(327924,' Edificios'),(327925,' Miscelaneos'),(327930,'Proceso Estrategico y de Soporte de Gestion del Talento Humano'),(327931,' Personal'),(327932,' Materiales'),(327933,' Equipos'),(327934,' Edificios'),(327935,' Miscelaneos'),(327940,'Proceso Estrategico y de Soporte de Servicios Logisticos'),(327941,' Personal'),(327942,' Materiales'),(327943,' Equipos'),(327944,' Edificios'),(327945,' Miscelaneos'),(327950,'Proceso Estrategico y de Soporte de Gestion Financiera'),(327951,' Personal'),(327952,' Materiales'),(327953,' Equipos'),(327954,' Edificios'),(327955,' Miscelaneos'),(327960,'Proceso Estrategico y de Soporte de Gestion de Financiamiento'),(327961,' Personal'),(327962,' Materiales'),(327963,' Equipos'),(327964,' Edificios'),(327965,' Miscelaneos'),(327970,'Proceso Estrategico y de Soporte de Informatica'),(327971,' Personal'),(327972,' Materiales'),(327973,' Equipos'),(327974,' Edificios'),(327975,' Miscelaneos'),(327980,'Proceso Estrategico y de Soporte de Juridica y Contratos'),(327981,' Personal'),(327982,' Materiales'),(327983,' Equipos'),(327984,' Edificios'),(327985,' Miscelaneos'),(328000,'Unidad de Servicio de Corte de Cesped y Poda de arboles'),(328250,'Proceso Operativo de Programacion'),(328251,' Personal'),(328252,' Materiales'),(328253,' Equipos'),(328254,' Edificios'),(328255,' Miscelaneos'),(328320,'Proceso Operativo de Realizacion'),(328321,' Personal'),(328322,' Materiales'),(328323,' Equipos'),(328324,' Edificios'),(328325,' Miscelaneos'),(328370,'Proceso Operativo de Mantenimiento'),(328371,' Personal'),(328372,' Materiales'),(328373,' Equipos'),(328374,' Edificios'),(328375,' Miscelaneos'),(328390,'Proceso Operativo de Control'),(328391,' Personal'),(328392,' Materiales'),(328393,' Equipos'),(328394,' Edificios'),(328395,' Miscelaneos'),(328750,'Proceso Comercial de Mercadeo'),(328751,' Personal'),(328752,' Materiales'),(328753,' Equipos'),(328754,' Edificios'),(328755,' Miscelaneos'),(328756,' Bienes y Servicios para la Venta'),(328790,'Proceso Comercial de Atencion a Clientes'),(328791,' Personal'),(328792,' Materiales'),(328793,' Equipos'),(328794,' Edificios'),(328795,' Miscelaneos'),(328796,' Bienes y Servicios para la Venta'),(328810,'Proceso Comercial de Facturacion y Recaudo'),(328811,' Personal'),(328812,' Materiales'),(328813,' Equipos'),(328814,' Edificios'),(328815,' Miscelaneos'),(328816,' Bienes y Servicios para la Venta'),(328900,'Proceso Estrategico y de Soporte de Gerencia y Estrategia'),(328901,' Personal'),(328902,' Materiales'),(328903,' Equipos'),(328904,' Edificios'),(328905,' Miscelaneos'),(328910,'Proceso Estrategico y de Soporte de Planeacion Corporativa'),(328911,' Personal'),(328912,' Materiales'),(328913,' Equipos'),(328914,' Edificios'),(328915,' Miscelaneos'),(328920,'Proceso Estrategico y de Soporte de Control de Gestion'),(328921,' Personal'),(328922,' Materiales'),(328923,' Equipos'),(328924,' Edificios'),(328925,' Miscelaneos'),(328930,'Proceso Estrategico y de Soporte de Gestion del Talento Humano'),(328931,' Personal'),(328932,' Materiales'),(328933,' Equipos'),(328934,' Edificios'),(328935,' Miscelaneos'),(328940,'Proceso Estrategico y de Soporte de Servicios Logisticos'),(328941,' Personal'),(328942,' Materiales'),(328943,' Equipos'),(328944,' Edificios'),(328945,' Miscelaneos'),(328950,'Proceso Estrategico y de Soporte de Gestion Financiera'),(328951,' Personal'),(328952,' Materiales'),(328953,' Equipos'),(328954,' Edificios'),(328955,' Miscelaneos'),(328960,'Proceso Estrategico y de Soporte de Gestion de Financiamiento'),(328961,' Personal'),(328962,' Materiales'),(328963,' Equipos'),(328964,' Edificios'),(328965,' Miscelaneos'),(328970,'Proceso Estrategico y de Soporte de Informatica'),(328971,' Personal'),(328972,' Materiales'),(328973,' Equipos'),(328974,' Edificios'),(328975,' Miscelaneos'),(328980,'Proceso Estrategico y de Soporte de Juridica y Contratos'),(328981,' Personal'),(328982,' Materiales'),(328983,' Equipos'),(328984,' Edificios'),(328985,' Miscelaneos'),(329000,'Unidad de Servicio de Limpieza y Lavado de areas Publicas'),(329250,'Proceso Operativo de Programacion'),(329251,' Personal'),(329252,' Materiales'),(329253,' Equipos'),(329254,' Edificios'),(329255,' Miscelaneos'),(329320,'Proceso Operativo de Realizacion'),(329321,' Personal'),(329322,' Materiales'),(329323,' Equipos'),(329324,' Edificios'),(329325,' Miscelaneos'),(329370,'Proceso Operativo de Mantenimiento'),(329371,' Personal'),(329372,' Materiales'),(329373,' Equipos'),(329374,' Edificios'),(329375,' Miscelaneos'),(329390,'Proceso Operativo de Control'),(329391,' Personal'),(329392,' Materiales'),(329393,' Equipos'),(329394,' Edificios'),(329395,' Miscelaneos'),(329750,'Proceso Comercial de Mercadeo'),(329751,' Personal'),(329752,' Materiales'),(329753,' Equipos'),(329754,' Edificios'),(329755,' Miscelaneos'),(329756,' Bienes y Servicios para la Venta'),(329790,'Proceso Comercial de Atencion a Clientes'),(329791,' Personal'),(329792,' Materiales'),(329793,' Equipos'),(329794,' Edificios'),(329795,' Miscelaneos'),(329796,' Bienes y Servicios para la Venta'),(329810,'Proceso Comercial de Facturacion y Recaudo'),(329811,' Personal'),(329812,' Materiales'),(329813,' Equipos'),(329814,' Edificios'),(329815,' Miscelaneos'),(329816,' Bienes y Servicios para la Venta'),(329900,'Proceso Estrategico y de Soporte de Gerencia y Estrategia'),(329901,' Personal'),(329902,' Materiales'),(329903,' Equipos'),(329904,' Edificios'),(329905,' Miscelaneos'),(329910,'Proceso Estrategico y de Soporte de Planeacion Corporativa'),(329911,' Personal'),(329912,' Materiales'),(329913,' Equipos'),(329914,' Edificios'),(329915,' Miscelaneos'),(329920,'Proceso Estrategico y de Soporte de Control de Gestion'),(329921,' Personal'),(329922,' Materiales'),(329923,' Equipos'),(329924,' Edificios'),(329925,' Miscelaneos'),(329930,'Proceso Estrategico y de Soporte de Gestion del Talento Humano'),(329931,' Personal'),(329932,' Materiales'),(329933,' Equipos'),(329934,' Edificios'),(329935,' Miscelaneos'),(329940,'Proceso Estrategico y de Soporte de Servicios Logisticos'),(329941,' Personal'),(329942,' Materiales'),(329943,' Equipos'),(329944,' Edificios'),(329945,' Miscelaneos'),(329950,'Proceso Estrategico y de Soporte de Gestion Financiera'),(329951,' Personal'),(329952,' Materiales'),(329953,' Equipos'),(329954,' Edificios'),(329955,' Miscelaneos'),(329960,'Proceso Estrategico y de Soporte de Gestion de Financiamiento'),(329961,' Personal'),(329962,' Materiales'),(329963,' Equipos'),(329964,' Edificios'),(329965,' Miscelaneos'),(329970,'Proceso Estrategico y de Soporte de Informatica'),(329971,' Personal'),(329972,' Materiales'),(329973,' Equipos'),(329974,' Edificios'),(329975,' Miscelaneos'),(329980,'Proceso Estrategico y de Soporte de Juridica y Contratos'),(329981,' Personal'),(329982,' Materiales'),(329983,' Equipos'),(329984,' Edificios'),(329985,' Miscelaneos'),(400000,'Acueducto - Alcantarillado - Aseo');

--
-- Table structure for table `centro`
--

CREATE TABLE `centro` (
  `cen_codigo` char(4) NOT NULL,
  `cen_descri` char(50) DEFAULT NULL,
  PRIMARY KEY (`cen_codigo`)
) ENGINE=MyISAM DEFAULT CHARSET=latin1;

--
-- Dumping data for table `centro`
--

INSERT INTO `centro` (`cen_codigo`, `cen_descri`) VALUES ('2','ALCANTARILLADO'),('1','ACUEDUCTO'),('4','PENSIONADO'),('3','ASEO');

--
-- Table structure for table `chip`
--

CREATE TABLE `chip` (
  `chip_codcta` varchar(30) NOT NULL,
  `chip_nombre` varchar(100) NOT NULL,
  `chip_tipcta` varchar(1) NOT NULL,
  PRIMARY KEY (`chip_codcta`)
) ENGINE=MyISAM DEFAULT CHARSET=latin1;

--
-- Dumping data for table `chip`
--

INSERT INTO `chip` (`chip_codcta`, `chip_nombre`, `chip_tipcta`) VALUES ('1.1.02.04.03.09.03','Acueducto','D'),('1.1.02.04.03.09.07','Derechos de Conexion','D'),('1.1.02.04.03.09.98','Cobro de analisis laboratorio','D'),('1.1.02.04.03.11.03','Alcantarillado','D'),('1.1.02.04.03.11.05','Derechos de Conexion','D'),('1.1.02.04.03.13.01','Aseo','D'),('1.1.02.04.03.13.25','Convenio Entidades','D'),('1.2.02.05.05.01','Transferencias por subsidios Malaga','D'),('2.1.01.01.01.01','Personal de Nomina','D'),('2.1.01.01.11','Auxilio Educativo Empleados','D'),('2.1.01.01.17','Prima de Navidad','D'),('2.1.01.01.19','Prima anual de servicios','D'),('2.1.01.01.21','Prima Vacacional','D'),('2.1.01.01.23','Prima de Alimentacion','D'),('2.1.01.01.31','Auxilio de Transporte','D'),('2.1.01.01.33','Indemnizacion por Vacaciones','D'),('2.1.01.01.98','Bonificacion por Servicios Prestados','D'),('2.1.01.02.03','Asesor Contable y Financiero','D'),('2.1.01.02.07','Apoyo Administrativo','D'),('2.1.01.02.09','RemuneraciOn Servicios Tecnicos','D'),('2.1.01.02.98','Pago Servicio de barrido de calles','D'),('2.1.01.03.01.01.03.01','Pension','D'),('2.1.01.03.01.01.05.01','Salud','D'),('2.1.01.03.01.03.01','SENA','D'),('2.1.01.03.01.03.03','I.C.B.F','D'),('2.1.01.03.01.03.09','Riesgos Profesionales','D'),('2.1.01.03.03.03','Caja de Compensacion','D'),('2.1.02.01.01','Suministro facturas del Servicio y elementos de Archivo','D'),('2.1.02.01.03','Compra Dotacion Equipo de Oficina','D'),('2.1.02.01.05','Dotacion Obreros y Empleados','D'),('2.1.02.02.01','Gasto administrativos Capacitacion e incentivos','D'),('2.1.02.02.03','Viaticos y Transporte','D'),('2.1.02.02.05','Portes, Oficios, Telegramas y Remesas Comunicaciones y Transporte','D'),('2.1.02.02.07','Servicios PUblicos (Luz Electrica y Telefono e internet)','D'),('2.1.02.02.09','Poliza de Seguro','D'),('2.1.02.02.11','Publicidad','D'),('2.1.02.02.13','Impresos, publicaciones copias heliograficas, fotocopias reducciones fax','D'),('2.1.02.02.15','Mantenimiento maquinaria, herramientas y vehiculos','D'),('2.1.02.02.19','Servicios Generales','D'),('2.1.02.02.23','Pago por Servicio de Recaudo','D'),('2.1.02.02.27','ImplementaciOn Sistema de GestiOn de Seguridad y Salud en el Trabajo','D'),('2.1.02.02.98','AtenciOn prevenciOn de desastres','D'),('2.1.03.02.01.04','Fondo de Cesantias','D'),('2.1.03.02.03.01','Pensioanados','D'),('2.1.03.98.06','Contribuciones especiales e entidades reguladoras y de vigilancia','D'),('2.1.03.98.07','Sentencias Laudos, Conciliaciones y POlizas de Cumplimiento','D'),('2.3.01.01.01.13','Compra de Insumos potabilizaciOn de Agua Planta de Tratamiento','D'),('2.3.01.01.01.15','Compra de Herramientas y Equipo mantenimiento Alcantarillado','D'),('2.3.01.01.03.11','Optimizacion Plantas de Tratamiento Agua Potable','D'),('2.3.01.01.03.15','Estudio y Asesorias Ajustes Administrativos','D');

--
-- Table structure for table `cierre`
--

CREATE TABLE `cierre` (
  `cie_ano` int(4) NOT NULL DEFAULT '0',
  `cie_mes` int(2) NOT NULL DEFAULT '0',
  `cie_modulo` char(12) NOT NULL,
  `cie_aux` int(11) NOT NULL,
  `cie_estado` char(12) NOT NULL,
  PRIMARY KEY (`cie_ano`,`cie_mes`,`cie_modulo`,`cie_aux`)
) ENGINE=MyISAM DEFAULT CHARSET=latin1;

--
-- Dumping data for table `cierre`
--

INSERT INTO `cierre` (`cie_ano`, `cie_mes`, `cie_modulo`, `cie_aux`, `cie_estado`) VALUES (2022,1,'NOMINA',0,'ACTIVO'),(2022,1,'NOMINA',1,'ACTIVO'),(2021,12,'NOMINA',0,'ACTIVO'),(2021,11,'NOMINA',0,'ACTIVO'),(2021,10,'NOMINA',0,'ACTIVO'),(2021,9,'NOMINA',0,'ACTIVO'),(2021,8,'NOMINA',0,'ACTIVO'),(2021,7,'NOMINA',0,'ACTIVO'),(2021,6,'NOMINA',0,'ACTIVO'),(2021,5,'NOMINA',0,'ACTIVO'),(2021,4,'NOMINA',0,'ACTIVO'),(2021,3,'NOMINA',0,'ACTIVO'),(2021,2,'NOMINA',0,'ACTIVO'),(2021,1,'NOMINA',0,'ACTIVO');

--
-- Table structure for table `ciudad`
--

CREATE TABLE `ciudad` (
  `ci_codciu` int(9) NOT NULL DEFAULT '0',
  `ci_descri` char(40) NOT NULL DEFAULT '',
  PRIMARY KEY (`ci_codciu`)
) ENGINE=MyISAM DEFAULT CHARSET=latin1;

--
-- Dumping data for table `ciudad`
--

INSERT INTO `ciudad` (`ci_codciu`, `ci_descri`) VALUES (5002,'ANTIOQUIA - ABEJORRAL'),(54003,'NORTE DE SANTANDER - ABREGO'),(5004,'ANTIOQUIA - ABRIAQUI'),(50006,'META - ACACIAS'),(27006,'CHOCO - ACANDI'),(41006,'HUILA - ACEVEDO'),(13006,'BOLIVAR - ACHI'),(41013,'HUILA - AGRADO'),(25001,'CUNDINAMARCA - AGUA DE DIOS'),(20011,'CESAR - AGUACHICA'),(68013,'SANTANDER - AGUADA'),(17013,'CALDAS - AGUADAS'),(85010,'CASANARE - AGUAZUL'),(20013,'CESAR - AGUSTIN CODAZZI'),(41016,'HUILA - AIPE'),(25019,'CUNDINAMARCA - ALBAN'),(52019,'NARINO - ALBAN'),(18029,'CAQUETA - ALBANIA'),(44035,'LA GUAJIRA - ALBANIA'),(68020,'SANTANDER - ALBANIA'),(76020,'VALLE DEL CAUCA - ALCALA'),(52022,'NARINO - ALDANA'),(5021,'ANTIOQUIA - ALEJANDRIA'),(47030,'MAGDALENA - ALGARROBO'),(41020,'HUILA - ALGECIRAS'),(19022,'CAUCA - ALMAGUER'),(15022,'BOYACA - ALMEIDA'),(73024,'TOLIMA - ALPUJARRA'),(41026,'HUILA - ALTAMIRA'),(27025,'CHOCO - ALTO BAUDO'),(13030,'BOLIVAR - ALTOS DEL ROSARIO'),(73026,'TOLIMA - ALVARADO'),(5030,'ANTIOQUIA - AMAGA'),(5031,'ANTIOQUIA - AMALFI'),(73030,'TOLIMA - AMBALEMA'),(25035,'CUNDINAMARCA - ANAPOIMA'),(52036,'NARINO - ANCUYA'),(76036,'VALLE DEL CAUCA - ANDALUCIA'),(5034,'ANTIOQUIA - ANDES'),(5036,'ANTIOQUIA - ANGELOPOLIS'),(5038,'ANTIOQUIA - ANGOSTURA'),(25040,'CUNDINAMARCA - ANOLAIMA'),(5040,'ANTIOQUIA - ANORI'),(17042,'CALDAS - ANSERMA'),(76041,'VALLE DEL CAUCA - ANSERMANUEVO'),(5044,'ANTIOQUIA - ANZA'),(73043,'TOLIMA - ANZOATEGUI'),(5045,'ANTIOQUIA - APARTADO'),(66045,'RISARALDA - APIA'),(25599,'CUNDINAMARCA - APULO'),(15047,'BOYACA - AQUITANIA'),(47053,'MAGDALENA - ARACATACA'),(17050,'CALDAS - ARANZAZU'),(68051,'SANTANDER - ARATOCA'),(81001,'ARAUCA - ARAUCA'),(81065,'ARAUCA - ARAUQUITA'),(25053,'CUNDINAMARCA - ARBELAEZ'),(52051,'NARINO - ARBOLEDA'),(54051,'NORTE DE SANTANDER - ARBOLEDAS'),(5051,'ANTIOQUIA - ARBOLETES'),(15051,'BOYACA - ARCABUCO'),(13042,'BOLIVAR - ARENAL'),(5055,'ANTIOQUIA - ARGELIA'),(19050,'CAUCA - ARGELIA'),(76054,'VALLE DEL CAUCA - ARGELIA'),(47058,'MAGDALENA - ARIGUANI'),(13052,'BOLIVAR - ARJONA'),(5059,'ANTIOQUIA - ARMENIA'),(63001,'QUINDIO - ARMENIA'),(73055,'TOLIMA - ARMERO'),(13062,'BOLIVAR - ARROYOHONDO'),(20032,'CESAR - ASTREA'),(73067,'TOLIMA - ATACO'),(27050,'CHOCO - ATRATO'),(23068,'CORDOBA - AYAPEL'),(27073,'CHOCO - BAGADO'),(27075,'CHOCO - BAHIA SOLANO'),(27077,'CHOCO - BAJO BAUDO'),(19075,'CAUCA - BALBOA'),(66075,'RISARALDA - BALBOA'),(8078,'ATLANTICO - BARANOA'),(41078,'HUILA - BARAYA'),(52079,'NARINO - BARBACOAS'),(5079,'ANTIOQUIA - BARBOSA'),(68077,'SANTANDER - BARBOSA'),(68079,'SANTANDER - BARICHARA'),(50110,'META - BARRANCA DE UPIA'),(68081,'SANTANDER - BARRANCABERMEJA'),(44078,'LA GUAJIRA - BARRANCAS'),(13074,'BOLIVAR - BARRANCO DE LOBA'),(94343,'GUAINIA - BARRANCO MINAS'),(8001,'ATLANTICO - BARRANQUILLA'),(20045,'CESAR - BECERRIL'),(17088,'CALDAS - BELALCAZAR'),(15087,'BOYACA - BELEN'),(52083,'NARINO - BELEN'),(27086,'CHOCO - BELEN DE BAJIRA'),(18094,'CAQUETA - BELEN DE LOS ANDAQUIES'),(66088,'RISARALDA - BELEN DE UMBRIA'),(5088,'ANTIOQUIA - BELLO'),(5086,'ANTIOQUIA - BELMIRA'),(25086,'CUNDINAMARCA - BELTRAN'),(15090,'BOYACA - BERBEO'),(5091,'ANTIOQUIA - BETANIA'),(15092,'BOYACA - BETEITIVA'),(5093,'ANTIOQUIA - BETULIA'),(68092,'SANTANDER - BETULIA'),(25095,'CUNDINAMARCA - BITUIMA'),(15097,'BOYACA - BOAVITA'),(54099,'NORTE DE SANTANDER - BOCHALEMA'),(11001,'BOGOTA D.C - BOGOTA'),(25099,'CUNDINAMARCA - BOJACA'),(27099,'CHOCO - BOJAYA'),(19100,'CAUCA - BOLIVAR'),(68101,'SANTANDER - BOLIVAR'),(76100,'VALLE DEL CAUCA - BOLIVAR'),(20060,'CESAR - BOSCONIA'),(15104,'BOYACA - BOYACA'),(5107,'ANTIOQUIA - BRICENO'),(15106,'BOYACA - BRICENO'),(68001,'SANTANDER - BUCARAMANGA'),(54109,'NORTE DE SANTANDER - BUCARASICA'),(76109,'VALLE DEL CAUCA - BUENAVENTURA'),(15109,'BOYACA - BUENAVISTA'),(23079,'CORDOBA - BUENAVISTA'),(63111,'QUINDIO - BUENAVISTA'),(70110,'SUCRE - BUENAVISTA'),(19110,'CAUCA - BUENOS AIRES'),(52110,'NARINO - BUESACO'),(76113,'VALLE DEL CAUCA - BUGALAGRANDE'),(5113,'ANTIOQUIA - BURITICA'),(15114,'BOYACA - BUSBANZA'),(25120,'CUNDINAMARCA - CABRERA'),(68121,'SANTANDER - CABRERA'),(50124,'META - CABUYARO'),(94886,'GUAINIA - CACAHUAL'),(5120,'ANTIOQUIA - CACERES'),(25123,'CUNDINAMARCA - CACHIPAY'),(54128,'NORTE DE SANTANDER - CACHIRA'),(54125,'NORTE DE SANTANDER - CACOTA'),(5125,'ANTIOQUIA - CAICEDO'),(76122,'VALLE DEL CAUCA - CAICEDONIA'),(70124,'SUCRE - CAIMITO'),(73124,'TOLIMA - CAJAMARCA'),(19130,'CAUCA - CAJIBIO'),(25126,'CUNDINAMARCA - CAJICA'),(13140,'BOLIVAR - CALAMAR'),(95015,'GUAVIARE - CALAMAR'),(63130,'QUINDIO - CALARCA'),(5129,'ANTIOQUIA - CALDAS'),(15131,'BOYACA - CALDAS'),(19137,'CAUCA - CALDONO'),(76001,'VALLE DEL CAUCA - CALI'),(68132,'SANTANDER - CALIFORNIA'),(76126,'VALLE DEL CAUCA - CALIMA'),(19142,'CAUCA - CALOTO'),(5134,'ANTIOQUIA - CAMPAMENTO'),(8137,'ATLANTICO - CAMPO DE LA CRUZ'),(41132,'HUILA - CAMPOALEGRE'),(15135,'BOYACA - CAMPOHERMOSO'),(23090,'CORDOBA - CANALETE'),(8141,'ATLANTICO - CANDELARIA'),(76130,'VALLE DEL CAUCA - CANDELARIA'),(13160,'BOLIVAR - CANTAGALLO'),(5138,'ANTIOQUIA - CANASGORDAS'),(25148,'CUNDINAMARCA - CAPARRAPI'),(68147,'SANTANDER - CAPITANEJO'),(25151,'CUNDINAMARCA - CAQUEZA'),(5142,'ANTIOQUIA - CARACOLI'),(5145,'ANTIOQUIA - CARAMANTA'),(68152,'SANTANDER - CARCASI'),(5147,'ANTIOQUIA - CAREPA'),(73148,'TOLIMA - CARMEN DE APICALA'),(25154,'CUNDINAMARCA - CARMEN DE CARUPA'),(27150,'CHOCO - CARMEN DEL DARIEN'),(5150,'ANTIOQUIA - CAROLINA'),(13001,'BOLIVAR - CARTAGENA'),(18150,'CAQUETA - CARTAGENA DEL CHAIRA'),(76147,'VALLE DEL CAUCA - CARTAGO'),(97161,'VAUPES - CARURU'),(73152,'TOLIMA - CASABIANCA'),(50150,'META - CASTILLA LA NUEVA'),(5154,'ANTIOQUIA - CAUCASIA'),(68160,'SANTANDER - CEPITA'),(23162,'CORDOBA - CERETE'),(15162,'BOYACA - CERINZA'),(68162,'SANTANDER - CERRITO'),(47161,'MAGDALENA - CERRO SAN ANTONIO'),(27160,'CHOCO - CERTEGUI'),(52240,'NARINO - CHACHAG?I'),(25168,'CUNDINAMARCA - CHAGUANI'),(70230,'SUCRE - CHALAN'),(85015,'CASANARE - CHAMEZA'),(73168,'TOLIMA - CHAPARRAL'),(68167,'SANTANDER - CHARALA'),(68169,'SANTANDER - CHARTA'),(25175,'CUNDINAMARCA - CHIA'),(47170,'MAGDALENA - CHIBOLO'),(5172,'ANTIOQUIA - CHIGORODO'),(68176,'SANTANDER - CHIMA'),(23168,'CORDOBA - CHIMA'),(20175,'CESAR - CHIMICHAGUA'),(54172,'NORTE DE SANTANDER - CHINACOTA'),(15172,'BOYACA - CHINAVITA'),(17174,'CALDAS - CHINCHINA'),(23182,'CORDOBA - CHINU'),(25178,'CUNDINAMARCA - CHIPAQUE'),(68179,'SANTANDER - CHIPATA'),(15176,'BOYACA - CHIQUINQUIRA'),(15232,'BOYACA - CHIQUIZA'),(20178,'CESAR - CHIRIGUANA'),(15180,'BOYACA - CHISCAS'),(15183,'BOYACA - CHITA'),(54174,'NORTE DE SANTANDER - CHITAGA'),(15185,'BOYACA - CHITARAQUE'),(15187,'BOYACA - CHIVATA'),(15236,'BOYACA - CHIVOR'),(25181,'CUNDINAMARCA - CHOACHI'),(25183,'CUNDINAMARCA - CHOCONTA'),(13188,'BOLIVAR - CICUCO'),(47189,'MAGDALENA - CIENAGA'),(23189,'CORDOBA - CIENAGA DE ORO'),(15189,'BOYACA - CIENEGA'),(68190,'SANTANDER - CIMITARRA'),(63190,'QUINDIO - CIRCASIA'),(5190,'ANTIOQUIA - CISNEROS'),(5101,'ANTIOQUIA - CIUDAD BOLIVAR'),(13222,'BOLIVAR - CLEMENCIA'),(5197,'ANTIOQUIA - COCORNA'),(73200,'TOLIMA - COELLO'),(25200,'CUNDINAMARCA - COGUA'),(41206,'HUILA - COLOMBIA'),(52203,'NARINO - COLON'),(86219,'PUTUMAYO - COLON'),(70204,'SUCRE - COLOSO'),(15204,'BOYACA - COMBITA'),(5206,'ANTIOQUIA - CONCEPCION'),(68207,'SANTANDER - CONCEPCION'),(5209,'ANTIOQUIA - CONCORDIA'),(47205,'MAGDALENA - CONCORDIA'),(27205,'CHOCO - CONDOTO'),(68209,'SANTANDER - CONFINES'),(52207,'NARINO - CONSACA'),(52210,'NARINO - CONTADERO'),(68211,'SANTANDER - CONTRATACION'),(54206,'NORTE DE SANTANDER - CONVENCION'),(5212,'ANTIOQUIA - COPACABANA'),(15212,'BOYACA - COPER'),(13212,'BOLIVAR - CORDOBA'),(52215,'NARINO - CORDOBA'),(63212,'QUINDIO - CORDOBA'),(19212,'CAUCA - CORINTO'),(68217,'SANTANDER - COROMORO'),(70215,'SUCRE - COROZAL'),(15215,'BOYACA - CORRALES'),(25214,'CUNDINAMARCA - COTA'),(23300,'CORDOBA - COTORRA'),(15218,'BOYACA - COVARACHIA'),(70221,'SUCRE - COVENAS'),(73217,'TOLIMA - COYAIMA'),(81220,'ARAUCA - CRAVO NORTE'),(52224,'NARINO - CUASPUD'),(15223,'BOYACA - CUBARA'),(50223,'META - CUBARRAL'),(15224,'BOYACA - CUCAITA'),(25224,'CUNDINAMARCA - CUCUNUBA'),(54001,'NORTE DE SANTANDER - CUCUTA'),(54223,'NORTE DE SANTANDER - CUCUTILLA'),(15226,'BOYACA - CUITIVA'),(50226,'META - CUMARAL'),(99773,'VICHADA - CUMARIBO'),(52227,'NARINO - CUMBAL'),(52233,'NARINO - CUMBITARA'),(73226,'TOLIMA - CUNDAY'),(18205,'CAQUETA - CURILLO'),(68229,'SANTANDER - CURITI'),(20228,'CESAR - CURUMANI'),(5234,'ANTIOQUIA - DABEIBA'),(76233,'VALLE DEL CAUCA - DAGUA'),(44090,'LA GUAJIRA - DIBULLA'),(44098,'LA GUAJIRA - DISTRACCION'),(73236,'TOLIMA - DOLORES'),(5237,'ANTIOQUIA - DON MATIAS'),(66170,'RISARALDA - DOSQUEBRADAS'),(15238,'BOYACA - DUITAMA'),(54239,'NORTE DE SANTANDER - DURANIA'),(5240,'ANTIOQUIA - EBEJICO'),(76243,'VALLE DEL CAUCA - EL AGUILA'),(5250,'ANTIOQUIA - EL BAGRE'),(47245,'MAGDALENA - EL BANCO'),(76246,'VALLE DEL CAUCA - EL CAIRO'),(50245,'META - EL CALVARIO'),(27135,'CHOCO - EL CANTON DEL SAN PABLO'),(54245,'NORTE DE SANTANDER - EL CARMEN'),(27245,'CHOCO - EL CARMEN DE ATRATO'),(13244,'BOLIVAR - EL CARMEN DE BOLIVAR'),(68235,'SANTANDER - EL CARMEN DE CHUCURI'),(5148,'ANTIOQUIA - EL CARMEN DE VIBORAL'),(50251,'META - EL CASTILLO'),(76248,'VALLE DEL CAUCA - EL CERRITO'),(52250,'NARINO - EL CHARCO'),(15244,'BOYACA - EL COCUY'),(25245,'CUNDINAMARCA - EL COLEGIO'),(20238,'CESAR - EL COPEY'),(18247,'CAQUETA - EL DONCELLO'),(50270,'META - EL DORADO'),(76250,'VALLE DEL CAUCA - EL DOVIO'),(91263,'AMAZONAS - EL ENCANTO'),(15248,'BOYACA - EL ESPINO'),(68245,'SANTANDER - EL GUACAMAYO'),(13248,'BOLIVAR - EL GUAMO'),(27250,'CHOCO - EL LITORAL DEL SAN JUAN'),(44110,'LA GUAJIRA - EL MOLINO'),(20250,'CESAR - EL PASO'),(18256,'CAQUETA - EL PAUJIL'),(52254,'NARINO - EL PENOL'),(13268,'BOLIVAR - EL PENON'),(25258,'CUNDINAMARCA - EL PENON'),(68250,'SANTANDER - EL PENON'),(47258,'MAGDALENA - EL PINON'),(68255,'SANTANDER - EL PLAYON'),(47268,'MAGDALENA - EL RETEN'),(95025,'GUAVIARE - EL RETORNO'),(70233,'SUCRE - EL ROBLE'),(25260,'CUNDINAMARCA - EL ROSAL'),(52256,'NARINO - EL ROSARIO'),(5697,'ANTIOQUIA - EL SANTUARIO'),(52258,'NARINO - EL TABLON DE GOMEZ'),(19256,'CAUCA - EL TAMBO'),(52260,'NARINO - EL TAMBO'),(54250,'NORTE DE SANTANDER - EL TARRA'),(54261,'NORTE DE SANTANDER - EL ZULIA'),(41244,'HUILA - ELIAS'),(68264,'SANTANDER - ENCINO'),(68266,'SANTANDER - ENCISO'),(5264,'ANTIOQUIA - ENTRERRIOS'),(5266,'ANTIOQUIA - ENVIGADO'),(73268,'TOLIMA - ESPINAL'),(25269,'CUNDINAMARCA - FACATATIVA'),(73270,'TOLIMA - FALAN'),(17272,'CALDAS - FILADELFIA'),(63272,'QUINDIO - FILANDIA'),(15272,'BOYACA - FIRAVITOBA'),(73275,'TOLIMA - FLANDES'),(18001,'CAQUETA - FLORENCIA'),(19290,'CAUCA - FLORENCIA'),(15276,'BOYACA - FLORESTA'),(68271,'SANTANDER - FLORIAN'),(76275,'VALLE DEL CAUCA - FLORIDA'),(68276,'SANTANDER - FLORIDABLANCA'),(25279,'CUNDINAMARCA - FOMEQUE'),(44279,'LA GUAJIRA - FONSECA'),(81300,'ARAUCA - FORTUL'),(25281,'CUNDINAMARCA - FOSCA'),(52520,'NARINO - FRANCISCO PIZARRO'),(5282,'ANTIOQUIA - FREDONIA'),(73283,'TOLIMA - FRESNO'),(5284,'ANTIOQUIA - FRONTINO'),(50287,'META - FUENTE DE ORO'),(47288,'MAGDALENA - FUNDACION'),(52287,'NARINO - FUNES'),(25286,'CUNDINAMARCA - FUNZA'),(25288,'CUNDINAMARCA - FUQUENE'),(25290,'CUNDINAMARCA - FUSAGASUGA'),(25293,'CUNDINAMARCA - GACHALA'),(25295,'CUNDINAMARCA - GACHANCIPA'),(15293,'BOYACA - GACHANTIVA'),(25297,'CUNDINAMARCA - GACHETA'),(68296,'SANTANDER - GALAN'),(8296,'ATLANTICO - GALAPA'),(70235,'SUCRE - GALERAS'),(25299,'CUNDINAMARCA - GAMA'),(20295,'CESAR - GAMARRA'),(68298,'SANTANDER - GAMBITA'),(15296,'BOYACA - GAMEZA'),(15299,'BOYACA - GARAGOA'),(41298,'HUILA - GARZON'),(63302,'QUINDIO - GENOVA'),(41306,'HUILA - GIGANTE'),(76306,'VALLE DEL CAUCA - GINEBRA'),(5306,'ANTIOQUIA - GIRALDO'),(25307,'CUNDINAMARCA - GIRARDOT'),(5308,'ANTIOQUIA - GIRARDOTA'),(68307,'SANTANDER - GIRON'),(5310,'ANTIOQUIA - GOMEZ PLATA'),(20310,'CESAR - GONZALEZ'),(54313,'NORTE DE SANTANDER - GRAMALOTE'),(5313,'ANTIOQUIA - GRANADA'),(25312,'CUNDINAMARCA - GRANADA'),(50313,'META - GRANADA'),(68318,'SANTANDER - GUACA'),(15317,'BOYACA - GUACAMAYAS'),(76318,'VALLE DEL CAUCA - GUACARI'),(25317,'CUNDINAMARCA - GUACHETA'),(52317,'NARINO - GUACHUCAL'),(76111,'VALLE DEL CAUCA - GUADALAJARA DE BUGA'),(5315,'ANTIOQUIA - GUADALUPE'),(41319,'HUILA - GUADALUPE'),(68320,'SANTANDER - GUADALUPE'),(25320,'CUNDINAMARCA - GUADUAS'),(52320,'NARINO - GUAITARILLA'),(52323,'NARINO - GUALMATAN'),(47318,'MAGDALENA - GUAMAL'),(50318,'META - GUAMAL'),(73319,'TOLIMA - GUAMO'),(19318,'CAUCA - GUAPI'),(68322,'SANTANDER - GUAPOTA'),(70265,'SUCRE - GUARANDA'),(5318,'ANTIOQUIA - GUARNE'),(25322,'CUNDINAMARCA - GUASCA'),(5321,'ANTIOQUIA - GUATAPE'),(25324,'CUNDINAMARCA - GUATAQUI'),(25326,'CUNDINAMARCA - GUATAVITA'),(15322,'BOYACA - GUATEQUE'),(66318,'RISARALDA - GUATICA'),(68324,'SANTANDER - GUAVATA'),(25328,'CUNDINAMARCA - GUAYABAL DE SIQUIMA'),(25335,'CUNDINAMARCA - GUAYABETAL'),(15325,'BOYACA - GUAYATA'),(68327,'SANTANDER - G?EPSA'),(15332,'BOYACA - G?ICAN'),(25339,'CUNDINAMARCA - GUTIERREZ'),(54344,'NORTE DE SANTANDER - HACARI'),(13300,'BOLIVAR - HATILLO DE LOBA'),(68344,'SANTANDER - HATO'),(85125,'CASANARE - HATO COROZAL'),(44378,'LA GUAJIRA - HATONUEVO'),(5347,'ANTIOQUIA - HELICONIA'),(54347,'NORTE DE SANTANDER - HERRAN'),(73347,'TOLIMA - HERVEO'),(5353,'ANTIOQUIA - HISPANIA'),(41349,'HUILA - HOBO'),(73349,'TOLIMA - HONDA'),(73001,'TOLIMA - IBAGUE'),(73352,'TOLIMA - ICONONZO'),(52352,'NARINO - ILES'),(52354,'NARINO - IMUES'),(94001,'GUAINIA - INIRIDA'),(19355,'CAUCA - INZA'),(52356,'NARINO - IPIALES'),(41357,'HUILA - IQUIRA'),(41359,'HUILA - ISNOS'),(27361,'CHOCO - ISTMINA'),(5360,'ANTIOQUIA - ITAGUI'),(5361,'ANTIOQUIA - ITUANGO'),(15362,'BOYACA - IZA'),(19364,'CAUCA - JAMBALO'),(76364,'VALLE DEL CAUCA - JAMUNDI'),(5364,'ANTIOQUIA - JARDIN'),(15367,'BOYACA - JENESANO'),(5368,'ANTIOQUIA - JERICO'),(15368,'BOYACA - JERICO'),(25368,'CUNDINAMARCA - JERUSALEN'),(68368,'SANTANDER - JESUS MARIA'),(68370,'SANTANDER - JORDAN'),(8372,'ATLANTICO - JUAN DE ACOSTA'),(25372,'CUNDINAMARCA - JUNIN'),(27372,'CHOCO - JURADO'),(23350,'CORDOBA - LA APARTADA'),(41378,'HUILA - LA ARGENTINA'),(68377,'SANTANDER - LA BELLEZA'),(25377,'CUNDINAMARCA - LA CALERA'),(15380,'BOYACA - LA CAPILLA'),(5376,'ANTIOQUIA - LA CEJA'),(66383,'RISARALDA - LA CELIA'),(91405,'AMAZONAS - LA CHORRERA'),(52378,'NARINO - LA CRUZ'),(76377,'VALLE DEL CAUCA - LA CUMBRE'),(17380,'CALDAS - LA DORADA'),(54385,'NORTE DE SANTANDER - LA ESPERANZA'),(5380,'ANTIOQUIA - LA ESTRELLA'),(52381,'NARINO - LA FLORIDA'),(20383,'CESAR - LA GLORIA'),(94885,'GUAINIA - LA GUADALUPE'),(20400,'CESAR - LA JAGUA DE IBIRICO'),(44420,'LA GUAJIRA - LA JAGUA DEL PILAR'),(52385,'NARINO - LA LLANADA'),(50350,'META - LA MACARENA'),(17388,'CALDAS - LA MERCED'),(25386,'CUNDINAMARCA - LA MESA'),(18410,'CAQUETA - LA MONTANITA'),(25394,'CUNDINAMARCA - LA PALMA'),(20621,'CESAR - LA PAZ'),(68397,'SANTANDER - LA PAZ'),(91407,'AMAZONAS - LA PEDRERA'),(25398,'CUNDINAMARCA - LA PENA'),(5390,'ANTIOQUIA - LA PINTADA'),(41396,'HUILA - LA PLATA'),(54398,'NORTE DE SANTANDER - LA PLAYA'),(99524,'VICHADA - LA PRIMAVERA'),(85136,'CASANARE - LA SALINA'),(19392,'CAUCA - LA SIERRA'),(63401,'QUINDIO - LA TEBAIDA'),(52390,'NARINO - LA TOLA'),(5400,'ANTIOQUIA - LA UNION'),(52399,'NARINO - LA UNION'),(70400,'SUCRE - LA UNION'),(76400,'VALLE DEL CAUCA - LA UNION'),(15403,'BOYACA - LA UVITA'),(19397,'CAUCA - LA VEGA'),(25402,'CUNDINAMARCA - LA VEGA'),(15401,'BOYACA - LA VICTORIA'),(76403,'VALLE DEL CAUCA - LA VICTORIA'),(91430,'AMAZONAS - LA VICTORIA'),(66400,'RISARALDA - LA VIRGINIA'),(54377,'NORTE DE SANTANDER - LABATECA'),(15377,'BOYACA - LABRANZAGRANDE'),(68385,'SANTANDER - LANDAZURI'),(68406,'SANTANDER - LEBRIJA'),(86573,'PUTUMAYO - LEGUIZAMO'),(52405,'NARINO - LEIVA'),(50400,'META - LEJANIAS'),(25407,'CUNDINAMARCA - LENGUAZAQUE'),(73408,'TOLIMA - LERIDA'),(91001,'AMAZONAS - LETICIA'),(73411,'TOLIMA - LIBANO'),(5411,'ANTIOQUIA - LIBORINA'),(52411,'NARINO - LINARES'),(27413,'CHOCO - LLORO'),(19418,'CAUCA - LOPEZ'),(23417,'CORDOBA - LORICA'),(52418,'NARINO - LOS ANDES'),(23419,'CORDOBA - LOS CORDOBAS'),(70418,'SUCRE - LOS PALMITOS'),(54405,'NORTE DE SANTANDER - LOS PATIOS'),(68418,'SANTANDER - LOS SANTOS'),(54418,'NORTE DE SANTANDER - LOURDES'),(8421,'ATLANTICO - LURUACO'),(15425,'BOYACA - MACANAL'),(68425,'SANTANDER - MACARAVITA'),(5425,'ANTIOQUIA - MACEO'),(25426,'CUNDINAMARCA - MACHETA'),(25430,'CUNDINAMARCA - MADRID'),(13430,'BOLIVAR - MAGANGUE'),(52427,'NARINO - MAG?I'),(13433,'BOLIVAR - MAHATES'),(44430,'LA GUAJIRA - MAICAO'),(70429,'SUCRE - MAJAGUAL'),(68432,'SANTANDER - MALAGA'),(8433,'ATLANTICO - MALAMBO'),(52435,'NARINO - MALLAMA'),(8436,'ATLANTICO - MANATI'),(20443,'CESAR - MANAURE'),(44560,'LA GUAJIRA - MANAURE'),(85139,'CASANARE - MANI'),(17001,'CALDAS - MANIZALES'),(25436,'CUNDINAMARCA - MANTA'),(17433,'CALDAS - MANZANARES'),(50325,'META - MAPIRIPAN'),(94663,'GUAINIA - MAPIRIPANA'),(13440,'BOLIVAR - MARGARITA'),(13442,'BOLIVAR - MARIA LA BAJA'),(5440,'ANTIOQUIA - MARINILLA'),(15442,'BOYACA - MARIPI'),(73443,'TOLIMA - MARIQUITA'),(17442,'CALDAS - MARMATO'),(17444,'CALDAS - MARQUETALIA'),(66440,'RISARALDA - MARSELLA'),(17446,'CALDAS - MARULANDA'),(68444,'SANTANDER - MATANZA'),(5001,'ANTIOQUIA - MEDELLIN'),(25438,'CUNDINAMARCA - MEDINA'),(27425,'CHOCO - MEDIO ATRATO'),(27430,'CHOCO - MEDIO BAUDO'),(27450,'CHOCO - MEDIO SAN JUAN'),(73449,'TOLIMA - MELGAR'),(19450,'CAUCA - MERCADERES'),(50330,'META - MESETAS'),(18460,'CAQUETA - MILAN'),(15455,'BOYACA - MIRAFLORES'),(95200,'GUAVIARE - MIRAFLORES'),(19455,'CAUCA - MIRANDA'),(91460,'AMAZONAS - MIRITI - PARANA'),(66456,'RISARALDA - MISTRATO'),(97001,'VAUPES - MITU'),(86001,'PUTUMAYO - MOCOA'),(68464,'SANTANDER - MOGOTES'),(68468,'SANTANDER - MOLAGAVITA'),(23464,'CORDOBA - MOMIL'),(13468,'BOLIVAR - MOMPOS'),(15464,'BOYACA - MONGUA'),(15466,'BOYACA - MONGUI'),(15469,'BOYACA - MONIQUIRA'),(5467,'ANTIOQUIA - MONTEBELLO'),(13458,'BOLIVAR - MONTECRISTO'),(23466,'CORDOBA - MONTELIBANO'),(63470,'QUINDIO - MONTENEGRO'),(23001,'CORDOBA - MONTERIA'),(85162,'CASANARE - MONTERREY'),(23500,'CORDOBA - MONITOS'),(13473,'BOLIVAR - MORALES'),(19473,'CAUCA - MORALES'),(18479,'CAQUETA - MORELIA'),(94888,'GUAINIA - MORICHAL'),(70473,'SUCRE - MORROA'),(25473,'CUNDINAMARCA - MOSQUERA'),(52473,'NARINO - MOSQUERA'),(15476,'BOYACA - MOTAVITA'),(73461,'TOLIMA - MURILLO'),(5475,'ANTIOQUIA - MURINDO'),(5480,'ANTIOQUIA - MUTATA'),(54480,'NORTE DE SANTANDER - MUTISCUA'),(15480,'BOYACA - MUZO'),(5483,'ANTIOQUIA - NARINO'),(25483,'CUNDINAMARCA - NARINO'),(52480,'NARINO - NARINO'),(41483,'HUILA - NATAGA'),(73483,'TOLIMA - NATAGAIMA'),(5495,'ANTIOQUIA - NECHI'),(5490,'ANTIOQUIA - NECOCLI'),(17486,'CALDAS - NEIRA'),(41001,'HUILA - NEIVA'),(25486,'CUNDINAMARCA - NEMOCON'),(25488,'CUNDINAMARCA - NILO'),(25489,'CUNDINAMARCA - NIMAIMA'),(15491,'BOYACA - NOBSA'),(25491,'CUNDINAMARCA - NOCAIMA'),(17495,'CALDAS - NORCASIA'),(27491,'CHOCO - NOVITA'),(47460,'MAGDALENA - NUEVA GRANADA'),(15494,'BOYACA - NUEVO COLON'),(85225,'CASANARE - NUNCHIA'),(27495,'CHOCO - NUQUI'),(76497,'VALLE DEL CAUCA - OBANDO'),(68498,'SANTANDER - OCAMONTE'),(54498,'NORTE DE SANTANDER - OCANA'),(68500,'SANTANDER - OIBA'),(15500,'BOYACA - OICATA'),(5501,'ANTIOQUIA - OLAYA'),(52490,'NARINO - OLAYA HERRERA'),(68502,'SANTANDER - ONZAGA'),(41503,'HUILA - OPORAPA'),(86320,'PUTUMAYO - ORITO'),(85230,'CASANARE - OROCUE'),(73504,'TOLIMA - ORTEGA'),(52506,'NARINO - OSPINA'),(15507,'BOYACA - OTANCHE'),(70508,'SUCRE - OVEJAS'),(15511,'BOYACA - PACHAVITA'),(25513,'CUNDINAMARCA - PACHO'),(97511,'VAUPES - PACOA'),(17513,'CALDAS - PACORA'),(19513,'CAUCA - PADILLA'),(19517,'CAUCA - PAEZ'),(15514,'BOYACA - PAEZ'),(41518,'HUILA - PAICOL'),(20517,'CESAR - PAILITAS'),(25518,'CUNDINAMARCA - PAIME'),(15516,'BOYACA - PAIPA'),(15518,'BOYACA - PAJARITO'),(41524,'HUILA - PALERMO'),(17524,'CALDAS - PALESTINA'),(41530,'HUILA - PALESTINA'),(68522,'SANTANDER - PALMAR'),(8520,'ATLANTICO - PALMAR DE VARELA'),(68524,'SANTANDER - PALMAS DEL SOCORRO'),(76520,'VALLE DEL CAUCA - PALMIRA'),(70523,'SUCRE - PALMITO'),(73520,'TOLIMA - PALOCABILDO'),(54518,'NORTE DE SANTANDER - PAMPLONA'),(54520,'NORTE DE SANTANDER - PAMPLONITA'),(94887,'GUAINIA - PANA PANA'),(25524,'CUNDINAMARCA - PANDI'),(15522,'BOYACA - PANQUEBA'),(97777,'VAUPES - PAPUNAUA'),(68533,'SANTANDER - PARAMO'),(25530,'CUNDINAMARCA - PARATEBUENO'),(25535,'CUNDINAMARCA - PASCA'),(52001,'NARINO - PASTO'),(19532,'CAUCA - PATIA'),(15531,'BOYACA - PAUNA'),(15533,'BOYACA - PAYA'),(85250,'CASANARE - PAZ DE ARIPORO'),(15537,'BOYACA - PAZ DE RIO'),(47541,'MAGDALENA - PEDRAZA'),(20550,'CESAR - PELAYA'),(17541,'CALDAS - PENSILVANIA'),(5541,'ANTIOQUIA - PENOL'),(5543,'ANTIOQUIA - PEQUE'),(66001,'RISARALDA - PEREIRA'),(15542,'BOYACA - PESCA'),(19533,'CAUCA - PIAMONTE'),(68547,'SANTANDER - PIEDECUESTA'),(73547,'TOLIMA - PIEDRAS'),(19548,'CAUCA - PIENDAMO'),(63548,'QUINDIO - PIJAO'),(47545,'MAGDALENA - PIJINO DEL CARMEN'),(68549,'SANTANDER - PINCHOTE'),(13549,'BOLIVAR - PINILLOS'),(8549,'ATLANTICO - PIOJO'),(15550,'BOYACA - PISBA'),(41548,'HUILA - PITAL'),(41551,'HUILA - PITALITO'),(47551,'MAGDALENA - PIVIJAY'),(73555,'TOLIMA - PLANADAS'),(23555,'CORDOBA - PLANETA RICA'),(47555,'MAGDALENA - PLATO'),(52540,'NARINO - POLICARPA'),(8558,'ATLANTICO - POLONUEVO'),(8560,'ATLANTICO - PONEDERA'),(19001,'CAUCA - POPAYAN'),(85263,'CASANARE - PORE'),(52560,'NARINO - POTOSI'),(76563,'VALLE DEL CAUCA - PRADERA'),(73563,'TOLIMA - PRADO'),(52565,'NARINO - PROVIDENCIA'),(88564,'ARCHIPIELAGO DE SAN ANDRES, PROVIDENCIA'),(20570,'CESAR - PUEBLO BELLO'),(23570,'CORDOBA - PUEBLO NUEVO'),(66572,'RISARALDA - PUEBLO RICO'),(5576,'ANTIOQUIA - PUEBLORRICO'),(47570,'MAGDALENA - PUEBLOVIEJO'),(68572,'SANTANDER - PUENTE NACIONAL'),(52573,'NARINO - PUERRES'),(91530,'AMAZONAS - PUERTO ALEGRIA'),(91536,'AMAZONAS - PUERTO ARICA'),(86568,'PUTUMAYO - PUERTO ASIS'),(5579,'ANTIOQUIA - PUERTO BERRIO'),(15572,'BOYACA - PUERTO BOYACA'),(86569,'PUTUMAYO - PUERTO CAICEDO'),(99001,'VICHADA - PUERTO CARRENO'),(8573,'ATLANTICO - PUERTO COLOMBIA'),(94884,'GUAINIA - PUERTO COLOMBIA'),(50450,'META - PUERTO CONCORDIA'),(23574,'CORDOBA - PUERTO ESCONDIDO'),(50568,'META - PUERTO GAITAN'),(86571,'PUTUMAYO - PUERTO GUZMAN'),(23580,'CORDOBA - PUERTO LIBERTADOR'),(50577,'META - PUERTO LLERAS'),(50573,'META - PUERTO LOPEZ'),(5585,'ANTIOQUIA - PUERTO NARE'),(91540,'AMAZONAS - PUERTO NARINO'),(68573,'SANTANDER - PUERTO PARRA'),(18592,'CAQUETA - PUERTO RICO'),(50590,'META - PUERTO RICO'),(81591,'ARAUCA - PUERTO RONDON'),(25572,'CUNDINAMARCA - PUERTO SALGAR'),(54553,'NORTE DE SANTANDER - PUERTO SANTANDER'),(91669,'AMAZONAS - PUERTO SANTANDER'),(19573,'CAUCA - PUERTO TEJADA'),(5591,'ANTIOQUIA - PUERTO TRIUNFO'),(68575,'SANTANDER - PUERTO WILCHES'),(25580,'CUNDINAMARCA - PULI'),(52585,'NARINO - PUPIALES'),(19585,'CAUCA - PURACE'),(73585,'TOLIMA - PURIFICACION'),(23586,'CORDOBA - PURISIMA'),(25592,'CUNDINAMARCA - QUEBRADANEGRA'),(25594,'CUNDINAMARCA - QUETAME'),(27001,'CHOCO - QUIBDO'),(63594,'QUINDIO - QUIMBAYA'),(66594,'RISARALDA - QUINCHIA'),(15580,'BOYACA - QUIPAMA'),(25596,'CUNDINAMARCA - QUIPILE'),(54599,'NORTE DE SANTANDER - RAGONVALIA'),(15599,'BOYACA - RAMIRIQUI'),(15600,'BOYACA - RAQUIRA'),(85279,'CASANARE - RECETOR'),(13580,'BOLIVAR - REGIDOR'),(5604,'ANTIOQUIA - REMEDIOS'),(47605,'MAGDALENA - REMOLINO'),(8606,'ATLANTICO - REPELON'),(50606,'META - RESTREPO'),(76606,'VALLE DEL CAUCA - RESTREPO'),(5607,'ANTIOQUIA - RETIRO'),(25612,'CUNDINAMARCA - RICAURTE'),(52612,'NARINO - RICAURTE'),(20614,'CESAR - RIO DE ORO'),(27580,'CHOCO - RIO IRO'),(27600,'CHOCO - RIO QUITO'),(13600,'BOLIVAR - RIO VIEJO'),(73616,'TOLIMA - RIOBLANCO'),(76616,'VALLE DEL CAUCA - RIOFRIO'),(44001,'LA GUAJIRA - RIOHACHA'),(5615,'ANTIOQUIA - RIONEGRO'),(68615,'SANTANDER - RIONEGRO'),(17614,'CALDAS - RIOSUCIO'),(27615,'CHOCO - RIOSUCIO'),(17616,'CALDAS - RISARALDA'),(41615,'HUILA - RIVERA'),(52621,'NARINO - ROBERTO PAYAN'),(76622,'VALLE DEL CAUCA - ROLDANILLO'),(73622,'TOLIMA - RONCESVALLES'),(15621,'BOYACA - RONDON'),(19622,'CAUCA - ROSAS'),(73624,'TOLIMA - ROVIRA'),(68655,'SANTANDER - SABANA DE TORRES'),(8634,'ATLANTICO - SABANAGRANDE'),(5628,'ANTIOQUIA - SABANALARGA'),(8638,'ATLANTICO - SABANALARGA'),(85300,'CASANARE - SABANALARGA'),(47660,'MAGDALENA - SABANAS DE SAN ANGEL'),(5631,'ANTIOQUIA - SABANETA'),(15632,'BOYACA - SABOYA'),(85315,'CASANARE - SACAMA'),(15638,'BOYACA - SACHICA'),(23660,'CORDOBA - SAHAGUN'),(41660,'HUILA - SALADOBLANCO'),(17653,'CALDAS - SALAMINA'),(47675,'MAGDALENA - SALAMINA'),(54660,'NORTE DE SANTANDER - SALAZAR'),(73671,'TOLIMA - SALDANA'),(63690,'QUINDIO - SALENTO'),(5642,'ANTIOQUIA - SALGAR'),(15646,'BOYACA - SAMACA'),(17662,'CALDAS - SAMANA'),(52678,'NARINO - SAMANIEGO'),(70670,'SUCRE - SAMPUES'),(41668,'HUILA - SAN AGUSTIN'),(20710,'CESAR - SAN ALBERTO'),(5647,'ANTIOQUIA - SAN ANDRES'),(68669,'SANTANDER - SAN ANDRES'),(88001,'ARCHIPIELAGO DE SAN ANDRES, PROVIDENCIA'),(23670,'CORDOBA - SAN ANDRES SOTAVENTO'),(23672,'CORDOBA - SAN ANTERO'),(73675,'TOLIMA - SAN ANTONIO'),(25645,'CUNDINAMARCA - SAN ANTONIO DEL TEQUENDAM'),(68673,'SANTANDER - SAN BENITO'),(70678,'SUCRE - SAN BENITO ABAD'),(25649,'CUNDINAMARCA - SAN BERNARDO'),(52685,'NARINO - SAN BERNARDO'),(23675,'CORDOBA - SAN BERNARDO DEL VIENTO'),(54670,'NORTE DE SANTANDER - SAN CALIXTO'),(5649,'ANTIOQUIA - SAN CARLOS'),(23678,'CORDOBA - SAN CARLOS'),(50680,'META - SAN CARLOS DE GUAROA'),(25653,'CUNDINAMARCA - SAN CAYETANO'),(54673,'NORTE DE SANTANDER - SAN CAYETANO'),(13620,'BOLIVAR - SAN CRISTOBAL'),(20750,'CESAR - SAN DIEGO'),(15660,'BOYACA - SAN EDUARDO'),(13647,'BOLIVAR - SAN ESTANISLAO'),(94883,'GUAINIA - SAN FELIPE'),(13650,'BOLIVAR - SAN FERNANDO'),(5652,'ANTIOQUIA - SAN FRANCISCO'),(25658,'CUNDINAMARCA - SAN FRANCISCO'),(86755,'PUTUMAYO - SAN FRANCISCO'),(68679,'SANTANDER - SAN GIL'),(13654,'BOLIVAR - SAN JACINTO'),(13655,'BOLIVAR - SAN JACINTO DEL CAUCA'),(5656,'ANTIOQUIA - SAN JERONIMO'),(68682,'SANTANDER - SAN JOAQUIN'),(17665,'CALDAS - SAN JOSE'),(5658,'ANTIOQUIA - SAN JOSE DE LA MONTANA'),(68684,'SANTANDER - SAN JOSE DE MIRANDA'),(15664,'BOYACA - SAN JOSE DE PARE'),(18610,'CAQUETA - SAN JOSE DEL FRAGUA'),(95001,'GUAVIARE - SAN JOSE DEL GUAVIARE'),(27660,'CHOCO - SAN JOSE DEL PALMAR'),(50683,'META - SAN JUAN DE ARAMA'),(70702,'SUCRE - SAN JUAN DE BETULIA'),(25662,'CUNDINAMARCA - SAN JUAN DE RIO SECO'),(5659,'ANTIOQUIA - SAN JUAN DE URABA'),(44650,'LA GUAJIRA - SAN JUAN DEL CESAR'),(13657,'BOLIVAR - SAN JUAN NEPOMUCENO'),(50686,'META - SAN JUANITO'),(52687,'NARINO - SAN LORENZO'),(5660,'ANTIOQUIA - SAN LUIS'),(73678,'TOLIMA - SAN LUIS'),(15667,'BOYACA - SAN LUIS DE GACENO'),(85325,'CASANARE - SAN LUIS DE PALENQUE'),(70708,'SUCRE - SAN MARCOS'),(20770,'CESAR - SAN MARTIN'),(50689,'META - SAN MARTIN'),(13667,'BOLIVAR - SAN MARTIN DE LOBA'),(15673,'BOYACA - SAN MATEO'),(68686,'SANTANDER - SAN MIGUEL'),(86757,'PUTUMAYO - SAN MIGUEL'),(15676,'BOYACA - SAN MIGUEL DE SEMA'),(70713,'SUCRE - SAN ONOFRE'),(13670,'BOLIVAR - SAN PABLO'),(52693,'NARINO - SAN PABLO'),(15681,'BOYACA - SAN PABLO DE BORBUR'),(5664,'ANTIOQUIA - SAN PEDRO'),(70717,'SUCRE - SAN PEDRO'),(76670,'VALLE DEL CAUCA - SAN PEDRO'),(52694,'NARINO - SAN PEDRO DE CARTAGO'),(5665,'ANTIOQUIA - SAN PEDRO DE URABA'),(23686,'CORDOBA - SAN PELAYO'),(5667,'ANTIOQUIA - SAN RAFAEL'),(5670,'ANTIOQUIA - SAN ROQUE'),(19693,'CAUCA - SAN SEBASTIAN'),(47692,'MAGDALENA - SAN SEBASTIAN DE BUENAVISTA'),(5674,'ANTIOQUIA - SAN VICENTE'),(68689,'SANTANDER - SAN VICENTE DE CHUCURI'),(18753,'CAQUETA - SAN VICENTE DEL CAGUAN'),(47703,'MAGDALENA - SAN ZENON'),(52683,'NARINO - SANDONA'),(47707,'MAGDALENA - SANTA ANA'),(5679,'ANTIOQUIA - SANTA BARBARA'),(52696,'NARINO - SANTA BARBARA'),(68705,'SANTANDER - SANTA BARBARA'),(47720,'MAGDALENA - SANTA BARBARA DE PINTO'),(13673,'BOLIVAR - SANTA CATALINA'),(68720,'SANTANDER - SANTA HELENA DEL OPON'),(73686,'TOLIMA - SANTA ISABEL'),(8675,'ATLANTICO - SANTA LUCIA'),(15690,'BOYACA - SANTA MARIA'),(41676,'HUILA - SANTA MARIA'),(47001,'MAGDALENA - SANTA MARTA'),(13683,'BOLIVAR - SANTA ROSA'),(19701,'CAUCA - SANTA ROSA'),(66682,'RISARALDA - SANTA ROSA DE CABAL'),(5686,'ANTIOQUIA - SANTA ROSA DE OSOS'),(15693,'BOYACA - SANTA ROSA DE VITERBO'),(13688,'BOLIVAR - SANTA ROSA DEL SUR'),(99624,'VICHADA - SANTA ROSALIA'),(15696,'BOYACA - SANTA SOFIA'),(52699,'NARINO - SANTACRUZ'),(5042,'ANTIOQUIA - SANTAFE DE ANTIOQUIA'),(15686,'BOYACA - SANTANA'),(19698,'CAUCA - SANTANDER DE QUILICHAO'),(54680,'NORTE DE SANTANDER - SANTIAGO'),(86760,'PUTUMAYO - SANTIAGO'),(70820,'SUCRE - SANTIAGO DE TOLU'),(5690,'ANTIOQUIA - SANTO DOMINGO'),(8685,'ATLANTICO - SANTO TOMAS'),(66687,'RISARALDA - SANTUARIO'),(52720,'NARINO - SAPUYES'),(81736,'ARAUCA - SARAVENA'),(54720,'NORTE DE SANTANDER - SARDINATA'),(25718,'CUNDINAMARCA - SASAIMA'),(15720,'BOYACA - SATIVANORTE'),(15723,'BOYACA - SATIVASUR'),(5736,'ANTIOQUIA - SEGOVIA'),(25736,'CUNDINAMARCA - SESQUILE'),(76736,'VALLE DEL CAUCA - SEVILLA'),(15740,'BOYACA - SIACHOQUE'),(25740,'CUNDINAMARCA - SIBATE'),(86749,'PUTUMAYO - SIBUNDOY'),(54743,'NORTE DE SANTANDER - SILOS'),(25743,'CUNDINAMARCA - SILVANIA'),(19743,'CAUCA - SILVIA'),(68745,'SANTANDER - SIMACOTA'),(25745,'CUNDINAMARCA - SIMIJACA'),(13744,'BOLIVAR - SIMITI'),(70742,'SUCRE - SINCE'),(70001,'SUCRE - SINCELEJO'),(27745,'CHOCO - SIPI'),(47745,'MAGDALENA - SITIONUEVO'),(25754,'CUNDINAMARCA - SOACHA'),(15753,'BOYACA - SOATA'),(15757,'BOYACA - SOCHA'),(68755,'SANTANDER - SOCORRO'),(15755,'BOYACA - SOCOTA'),(15759,'BOYACA - SOGAMOSO'),(18756,'CAQUETA - SOLANO'),(8758,'ATLANTICO - SOLEDAD'),(18785,'CAQUETA - SOLITA'),(15761,'BOYACA - SOMONDOCO'),(5756,'ANTIOQUIA - SONSON'),(5761,'ANTIOQUIA - SOPETRAN'),(13760,'BOLIVAR - SOPLAVIENTO'),(25758,'CUNDINAMARCA - SOPO'),(15762,'BOYACA - SORA'),(15764,'BOYACA - SORACA'),(15763,'BOYACA - SOTAQUIRA'),(19760,'CAUCA - SOTARA'),(68770,'SANTANDER - SUAITA'),(8770,'ATLANTICO - SUAN'),(19780,'CAUCA - SUAREZ'),(73770,'TOLIMA - SUAREZ'),(41770,'HUILA - SUAZA'),(25769,'CUNDINAMARCA - SUBACHOQUE'),(19785,'CAUCA - SUCRE'),(68773,'SANTANDER - SUCRE'),(70771,'SUCRE - SUCRE'),(25772,'CUNDINAMARCA - SUESCA'),(25777,'CUNDINAMARCA - SUPATA'),(17777,'CALDAS - SUPIA'),(68780,'SANTANDER - SURATA'),(25779,'CUNDINAMARCA - SUSA'),(15774,'BOYACA - SUSACON'),(15776,'BOYACA - SUTAMARCHAN'),(25781,'CUNDINAMARCA - SUTATAUSA'),(15778,'BOYACA - SUTATENZA'),(25785,'CUNDINAMARCA - TABIO'),(27787,'CHOCO - TADO'),(13780,'BOLIVAR - TALAIGUA NUEVO'),(20787,'CESAR - TAMALAMEQUE'),(85400,'CASANARE - TAMARA'),(81794,'ARAUCA - TAME'),(5789,'ANTIOQUIA - TAMESIS'),(52786,'NARINO - TAMINANGO'),(52788,'NARINO - TANGUA'),(97666,'VAUPES - TARAIRA'),(91798,'AMAZONAS - TARAPACA'),(5790,'ANTIOQUIA - TARAZA'),(41791,'HUILA - TARQUI'),(5792,'ANTIOQUIA - TARSO'),(15790,'BOYACA - TASCO'),(85410,'CASANARE - TAURAMENA'),(25793,'CUNDINAMARCA - TAUSA'),(41799,'HUILA - TELLO'),(25797,'CUNDINAMARCA - TENA'),(47798,'MAGDALENA - TENERIFE'),(25799,'CUNDINAMARCA - TENJO'),(15798,'BOYACA - TENZA'),(54800,'NORTE DE SANTANDER - TEORAMA'),(41801,'HUILA - TERUEL'),(41797,'HUILA - TESALIA'),(25805,'CUNDINAMARCA - TIBACUY'),(15804,'BOYACA - TIBANA'),(15806,'BOYACA - TIBASOSA'),(25807,'CUNDINAMARCA - TIBIRITA'),(54810,'NORTE DE SANTANDER - TIBU'),(23807,'CORDOBA - TIERRALTA'),(41807,'HUILA - TIMANA'),(19807,'CAUCA - TIMBIO'),(19809,'CAUCA - TIMBIQUI'),(15808,'BOYACA - TINJACA'),(15810,'BOYACA - TIPACOQUE'),(13810,'BOLIVAR - TIQUISIO'),(5809,'ANTIOQUIA - TITIRIBI'),(15814,'BOYACA - TOCA'),(25815,'CUNDINAMARCA - TOCAIMA'),(25817,'CUNDINAMARCA - TOCANCIPA'),(15816,'BOYACA - TOG?I'),(5819,'ANTIOQUIA - TOLEDO'),(54820,'NORTE DE SANTANDER - TOLEDO'),(70823,'SUCRE - TOLU VIEJO'),(68820,'SANTANDER - TONA'),(15820,'BOYACA - TOPAGA'),(25823,'CUNDINAMARCA - TOPAIPI'),(19821,'CAUCA - TORIBIO'),(76823,'VALLE DEL CAUCA - TORO'),(15822,'BOYACA - TOTA'),(19824,'CAUCA - TOTORO'),(85430,'CASANARE - TRINIDAD'),(76828,'VALLE DEL CAUCA - TRUJILLO'),(8832,'ATLANTICO - TUBARA'),(76834,'VALLE DEL CAUCA - TULUA'),(52835,'NARINO - TUMACO'),(15001,'BOYACA - TUNJA'),(15832,'BOYACA - TUNUNGUA'),(52838,'NARINO - TUQUERRES'),(13836,'BOLIVAR - TURBACO'),(13838,'BOLIVAR - TURBANA'),(5837,'ANTIOQUIA - TURBO'),(15835,'BOYACA - TURMEQUE'),(15837,'BOYACA - TUTA'),(15839,'BOYACA - TUTAZA'),(25839,'CUNDINAMARCA - UBALA'),(25841,'CUNDINAMARCA - UBAQUE'),(76845,'VALLE DEL CAUCA - ULLOA'),(15842,'BOYACA - UMBITA'),(25845,'CUNDINAMARCA - UNE'),(27800,'CHOCO - UNGUIA'),(27810,'CHOCO - UNION PANAMERICANA'),(5842,'ANTIOQUIA - URAMITA'),(50370,'META - URIBE'),(44847,'LA GUAJIRA - URIBIA'),(5847,'ANTIOQUIA - URRAO'),(44855,'LA GUAJIRA - URUMITA'),(8849,'ATLANTICO - USIACURI'),(25851,'CUNDINAMARCA - UTICA'),(5854,'ANTIOQUIA - VALDIVIA'),(23855,'CORDOBA - VALENCIA'),(68855,'SANTANDER - VALLE DE SAN JOSE'),(73854,'TOLIMA - VALLE DE SAN JUAN'),(86865,'PUTUMAYO - VALLE DEL GUAMUEZ'),(20001,'CESAR - VALLEDUPAR'),(5856,'ANTIOQUIA - VALPARAISO'),(18860,'CAQUETA - VALPARAISO'),(5858,'ANTIOQUIA - VEGACHI'),(68861,'SANTANDER - VELEZ'),(73861,'TOLIMA - VENADILLO'),(5861,'ANTIOQUIA - VENECIA'),(25506,'CUNDINAMARCA - VENECIA'),(15861,'BOYACA - VENTAQUEMADA'),(25862,'CUNDINAMARCA - VERGARA'),(76863,'VALLE DEL CAUCA - VERSALLES'),(68867,'SANTANDER - VETAS'),(25867,'CUNDINAMARCA - VIANI'),(17867,'CALDAS - VICTORIA'),(5873,'ANTIOQUIA - VIGIA DEL FUERTE'),(76869,'VALLE DEL CAUCA - VIJES'),(54871,'NORTE DE SANTANDER - VILLA CARO'),(15407,'BOYACA - VILLA DE LEYVA'),(25843,'CUNDINAMARCA - VILLA DE SAN DIEGO DE UBA'),(54874,'NORTE DE SANTANDER - VILLA DEL ROSARIO'),(19845,'CAUCA - VILLA RICA'),(86885,'PUTUMAYO - VILLAGARZON'),(25871,'CUNDINAMARCA - VILLAGOMEZ'),(73870,'TOLIMA - VILLAHERMOSA'),(17873,'CALDAS - VILLAMARIA'),(13873,'BOLIVAR - VILLANUEVA'),(44874,'LA GUAJIRA - VILLANUEVA'),(68872,'SANTANDER - VILLANUEVA'),(85440,'CASANARE - VILLANUEVA'),(25873,'CUNDINAMARCA - VILLAPINZON'),(73873,'TOLIMA - VILLARRICA'),(50001,'META - VILLAVICENCIO'),(41872,'HUILA - VILLAVIEJA'),(25875,'CUNDINAMARCA - VILLETA'),(25878,'CUNDINAMARCA - VIOTA'),(15879,'BOYACA - VIRACACHA'),(50711,'META - VISTAHERMOSA'),(17877,'CALDAS - VITERBO'),(25885,'CUNDINAMARCA - YACOPI'),(52885,'NARINO - YACUANQUER'),(41885,'HUILA - YAGUARA'),(5885,'ANTIOQUIA - YALI'),(5887,'ANTIOQUIA - YARUMAL'),(97889,'VAUPES - YAVARATE'),(5890,'ANTIOQUIA - YOLOMBO'),(5893,'ANTIOQUIA - YONDO'),(85001,'CASANARE - YOPAL'),(76890,'VALLE DEL CAUCA - YOTOCO'),(76892,'VALLE DEL CAUCA - YUMBO'),(13894,'BOLIVAR - ZAMBRANO'),(68895,'SANTANDER - ZAPATOCA'),(47960,'MAGDALENA - ZAPAYAN'),(5895,'ANTIOQUIA - ZARAGOZA'),(76895,'VALLE DEL CAUCA - ZARZAL'),(15897,'BOYACA - ZETAQUIRA'),(25898,'CUNDINAMARCA - ZIPACON'),(25899,'CUNDINAMARCA - ZIPAQUIRA'),(47980,'MAGDALENA - ZONA BANANERA');

--
-- Table structure for table `clientes`
--

CREATE TABLE `clientes` (
  `cl_codcli` char(12) NOT NULL DEFAULT '',
  `cl_nombre` char(40) NOT NULL DEFAULT '',
  `cl_direcc` char(40) NOT NULL DEFAULT '',
  `cl_repres` char(40) NOT NULL,
  `cl_telefo` char(10) NOT NULL DEFAULT '',
  `cl_porcen` int(2) DEFAULT NULL,
  PRIMARY KEY (`cl_codcli`)
) ENGINE=MyISAM DEFAULT CHARSET=latin1;

--
-- Dumping data for table `clientes`
--


--
-- Table structure for table `compras`
--

CREATE TABLE `compras` (
  `co_numero` int(9) NOT NULL,
  `co_codcli` varchar(12) DEFAULT NULL,
  `co_fecreg` date DEFAULT NULL,
  `co_horreg` time NOT NULL DEFAULT '00:00:00',
  `co_vlrtot` double(15,2) DEFAULT NULL,
  `co_vlriva` double(15,2) DEFAULT NULL,
  `co_apagar` double(15,2) DEFAULT NULL,
  `co_estado` char(1) NOT NULL,
  `co_codcen` varchar(6) NOT NULL,
  `co_codaux` int(9) NOT NULL,
  `co_usuario` char(15) NOT NULL,
  `co_tipo` char(1) NOT NULL,
  `co_ccosto` varchar(6) NOT NULL,
  `co_contrato` int(11) NOT NULL DEFAULT '0',
  `co_tipcon` int(11) NOT NULL DEFAULT '0',
  `co_anocon` int(4) NOT NULL DEFAULT '0',
  `co_nrofac` varchar(20) NOT NULL,
  `co_fecfac` date NOT NULL,
  PRIMARY KEY (`co_numero`),
  KEY `co_codcli` (`co_codcli`)
) ENGINE=MyISAM DEFAULT CHARSET=latin1;

--
-- Dumping data for table `compras`
--


--
-- Table structure for table `conceptos`
--

CREATE TABLE `conceptos` (
  `cp_codcon` int(10) NOT NULL,
  `cp_detalle` varchar(60) NOT NULL,
  `cp_grupo` int(3) NOT NULL,
  `cp_tiptari` char(1) NOT NULL,
  `cp_referen` int(4) NOT NULL,
  `cp_unidad` char(10) NOT NULL,
  `cp_vlrcomp` double(15,2) DEFAULT NULL,
  `cp_vlrvent` double(15,2) DEFAULT NULL,
  `cp_existen` double(15,2) DEFAULT NULL,
  `cp_poriva` int(2) DEFAULT NULL,
  `cp_placa` varchar(20) NOT NULL,
  `cp_observac` text NOT NULL,
  PRIMARY KEY (`cp_codcon`),
  KEY `cp_grupo` (`cp_grupo`)
) ENGINE=MyISAM DEFAULT CHARSET=latin1;

--
-- Dumping data for table `conceptos`
--

INSERT INTO `conceptos` (`cp_codcon`, `cp_detalle`, `cp_grupo`, `cp_tiptari`, `cp_referen`, `cp_unidad`, `cp_vlrcomp`, `cp_vlrvent`, `cp_existen`, `cp_poriva`, `cp_placa`, `cp_observac`) VALUES (101,'Rendimientos Financieros',1,'V',0,'UNIDAD',0.00,0.00,0.00,0,'',''),(102,'Gastos financieros',2,'V',0,'UNIDAD',0.00,0.00,0.00,0,'',''),(103,'Comisiones',2,'V',0,'UNIDAD',0.00,0.00,0.00,0,'',''),(104,'Chequeras',2,'V',0,'UNIDAD',0.00,0.00,0.00,0,'',''),(1,'SUBSIDIO DE ACUEDUCTO',0,'V',0,'UNID',0.00,0.00,0.00,0,'0',''),(2,'SUBSIDIO DE ALCANTARILLADO',0,'V',0,'UNID',0.00,0.00,0.00,0,'0',''),(3,'SUBSIDIO DE ASEO',0,'V',0,'UNID',0.00,0.00,0.00,0,'0',''),(105,'SUBSIDIO DE ACUEDUCTO',1,'V',0,'0',0.00,0.00,0.00,0,'0','SUBSIDIO DE ACUEDUCTO'),(106,'SUBSIDIO DE ALCANTARILLADO',1,'V',0,'0',0.00,0.00,0.00,0,'0','SUBSIDIO DE ALCANTARILLADO'),(107,'SUBSIDIO DE ASEO',1,'V',0,'0',0.00,0.00,0.00,0,'0','SUBSIDIO DE ASEO'),(62,'Subsidios Acueducto',1,'V',0,'UNIDAD',0.00,0.00,0.00,0,'',''),(67,'Tratamiento  de Lixiviados',1,'V',0,'UNIDAD',0.00,0.00,0.00,0,'',''),(68,'Incentivo Regionalizacion',1,'V',0,'UNIDAD',0.00,0.00,0.00,0,'',''),(71,'Subsidio Aseo',1,'V',0,'UNIDAD',0.00,0.00,0.00,0,'',''),(73,'Capacitacion',1,'V',0,'UNIDAD',0.00,0.00,0.00,0,'',''),(80,'Derechos de Conexion Alcantarillado',1,'V',0,'UNIDAD',0.00,0.00,0.00,0,'',''),(82,'Recoleccion y transporte de residuos',1,'V',0,'UNIDAD',0.00,0.00,0.00,0,'',''),(84,'Disposicion Final de residuos Solidos',1,'V',0,'UNIDAD',0.00,0.00,0.00,0,'',''),(85,'Recoleccion, Transporte y Disposicion final de Residuos Fina',1,'V',0,'UNIDAD',0.00,0.00,0.00,0,'',''),(86,'Analisis Fisicoquimicos',1,'V',0,'UNIDAD',0.00,0.00,0.00,0,'',''),(87,'Mano de Obra',1,'V',0,'UNIDAD',0.00,0.00,0.00,0,'',''),(88,'Derechos de Conexion de Acueducto',1,'V',0,'UNIDAD',0.00,0.00,0.00,0,'',''),(89,'Subsidio Alcantarillado',1,'V',0,'UNIDAD',0.00,0.00,0.00,0,'',''),(97,'Cumplimiento convenio Acueducto',1,'V',0,'UNIDAD',0.00,0.00,0.00,0,'',''),(98,'Cumplimiento convenio Alcantarillado',1,'V',0,'UNIDAD',0.00,0.00,0.00,0,'',''),(10,'SERVICIOS VARIOS',1,'V',0,'94',0.00,0.00,0.00,19,'','');

--
-- Table structure for table `conceptos_nom`
--

CREATE TABLE `conceptos_nom` (
  `cp_codcon` int(4) NOT NULL,
  `cp_detalle` char(50) NOT NULL,
  `cp_tipo` char(1) NOT NULL,
  `cp_aplica` char(1) NOT NULL,
  `cp_criterio` char(1) NOT NULL,
  `cp_cobro` char(1) NOT NULL,
  `cp_valor` double(15,2) DEFAULT NULL,
  `cp_porcen` double(15,4) DEFAULT NULL,
  `cp_unidad` char(10) NOT NULL,
  `cp_debito` char(12) NOT NULL,
  `cp_credito` char(12) NOT NULL,
  `cp_tercero` bigint(12) NOT NULL,
  PRIMARY KEY (`cp_codcon`)
) ENGINE=MyISAM DEFAULT CHARSET=latin1;

--
-- Dumping data for table `conceptos_nom`
--

INSERT INTO `conceptos_nom` (`cp_codcon`, `cp_detalle`, `cp_tipo`, `cp_aplica`, `cp_criterio`, `cp_cobro`, `cp_valor`, `cp_porcen`, `cp_unidad`, `cp_debito`, `cp_credito`, `cp_tercero`) VALUES (1,'ASIGNACION BASICA','T','A','D','V',0.00,0.0000,'','51010101','25050101',0),(2,'SALARIO INTEGRAL','T','A','D','V',0.00,0.0000,'','','',0),(3,'JORNAL','T','A','D','V',0.00,0.0000,'','','',0),(4,'CUOTA DE SOSTENIMIENTO Y APOYO','T','A','D','V',0.00,0.0000,'','','',0),(5,'AUXILIO DE TRANSPORTE','T','A','N','V',0.00,0.0000,'S','51012301','25050101',0),(6,'HORAS EXTRAS DIURNAS','T','A','H','P',0.00,1.2500,'','51010301','25050101',0),(7,'HORAS EXTRAS NOCTURNAS','T','A','H','P',0.00,1.7500,'','51010302','25050101',0),(8,'RECARGO FESTIVO DIURNO','T','A','H','P',0.00,0.7500,'','51010303','25050101',0),(9,'HORAS EXTRAS FESTIVAS NOCTURNAS','T','A','H','P',0.00,2.5000,'','51010304','25050101',0),(10,'DOMINICAL Y FESTIVOS','T','A','H','P',0.00,0.7500,'','51010305','25050101',0),(11,'HORAS EXTRAS FESTIVO DIURNAS','T','A','H','P',0.00,2.0000,'','51010305','25050101',0),(12,'RECARGO NOCTURNO','T','A','H','P',0.00,0.3500,'','51010306','25050101',0),(13,'RECARGO FESTIVO NOCTURNO','T','A','H','P',0.00,1.1000,'','','',0),(14,'SALUD','T','S','D','P',0.00,4.0000,'S','25050101','24251901',0),(15,'PENSION','T','S','N','P',0.00,4.0000,'S','51030701','24251801',0),(16,'APORTES SALUD','E','A','N','P',0.00,0.0000,'S','51030301','24251901',0),(17,'APORTE SALUD COMPLEMENTARIA','T','S','N','P',0.00,0.0000,'S','','',0),(18,'APORTES PENSION','E','A','N','P',0.00,12.0000,'S','','242518',0),(19,'APORTE PENSION SOLIDARIDAD','T','S','N','P',0.00,1.0000,'S','25050101','24251801',0),(20,'APORTE PENSION VOLUNTARIA','T','S','N','P',0.00,0.0000,'S','','242518',8002319671),(21,'CAJA DE COMPENSACION','E','A','N','P',0.00,4.0000,'S','51030201','24252001',0),(22,'I.C.B.F','E','A','N','P',0.00,0.0000,'S','51040101','24252002',0),(23,'SENA','E','A','N','P',0.00,0.0000,'S','51040201','24252003',0),(24,'ARL','E','A','N','P',0.00,1.0000,'S','51030501','242532',0),(25,'CESANTIAS','P','A','N','P',0.00,8.3300,'S','51012401','250502',0),(26,'VACACIONES','P','A','N','P',0.00,4.1600,'S','51011701','250504',0),(27,'PRIMA','P','A','N','P',0.00,8.3300,'S','51015201','250506',0),(28,'INTERESES CESANTIAS','P','A','N','P',0.00,1.0000,'S','51012501','250503',0),(29,'GASTOS DE REPRESENTACION','T','A','N','V',0.00,0.0000,'S','51010501','242530',0),(30,'RETEFUENTE','T','S','N','V',0.00,0.0000,'S','25050101','243601',8907007555),(31,'AUXILIO DE ALIMENTACION','T','A','N','V',0.00,0.0000,'','','',0),(32,'INTERESES CESANTIAS PAGADAS','T','A','N','V',0.00,0.0000,'','','',0),(33,'PRIMA DE SERVICIOS','T','A','N','V',0.00,0.0000,'','','',0),(34,'VACACIONES EN DINERO','T','A','D','V',0.00,0.0000,'','','',0),(35,'VACACIONES DIAS NO HABILES','T','A','N','V',0.00,0.0000,'','','',0),(36,'VACACIONES','T','A','D','V',0.00,0.0000,'','','',0),(37,'CESANTIAS PAGADAS','T','A','N','P',0.00,0.0000,'','','',0),(38,'BONIFICACION POR SERVICIOS PROVISION','E','A','N','V',0.00,0.0000,'','51011901','25050101',0),(101,'AHORRO FOMENTO CONSTRUCCION','T','S','N','V',0.00,0.0000,'','','',0),(105,'AUXILIO DE RODAMIENTO','T','S','N','V',0.00,0.0000,'','','',0),(106,'CUOTA CONVENIO BANCO','T','S','N','V',0.00,0.0000,'','','',0),(107,'CUOTA PLAN CELULAR','T','S','N','V',0.00,0.0000,'','','',0),(108,'CUOTA POLIZA EXEQUIAL','T','S','N','V',0.00,0.0000,'','147012','24259005',800113658),(109,'DCTO GASTO NO AUTORIZADO','T','S','N','V',0.00,0.0000,'','','',0),(110,'DESCUENTO ANTICIPO SUELDO','T','S','N','V',0.00,0.0000,'','','',0),(111,'DESCUENTO CASINO','T','S','N','V',0.00,0.0000,'','','',0),(112,'DESCUENTO EMBARGO DE ALIMENTOS','T','S','N','V',0.00,0.0000,'','','242524',800378008),(113,'DESCUENTO EMBARGO JUDICIAL','T','S','N','V',0.00,0.0000,'','25050101','14701301',800378008),(114,'DESCUENTO MERCANCIA EN CUOTAS','T','S','N','V',0.00,0.0000,'','','',0),(115,'DESCUENTO EMBARGO COOPERATIVA','T','S','N','V',0.00,0.0000,'','','',0),(116,'DESCUENTO REPUESTO','T','S','N','V',0.00,0.0000,'','','',0),(117,'DESCUENTO SERVICIOS PUBLICOS','T','S','N','V',0.00,0.0000,'','','',0),(118,'DESCUENTO CELULAR O FIJO','T','S','N','V',0.00,0.0000,'','','',0),(119,'DESCUENTO POR SUSPENSION','T','S','D','V',0.00,0.0000,'','','',0),(120,'INASISTENCIA NO JUSTIFICADA','T','S','N','V',0.00,0.0000,'','','',0),(121,'INTERESES PRESTAMO CALAMIDAD','T','S','N','V',0.00,0.0000,'','','',0),(122,'INTERESES PRESTAMO EDUCACION','T','S','N','V',0.00,0.0000,'','','',0),(123,'INTERESES PRESTAMO EMPLEADOS','T','S','N','V',0.00,0.0000,'','','',0),(124,'INTERESES PRESTAMO MEDICO','T','S','N','V',0.00,0.0000,'','','',0),(125,'INTERESES PRESTAMO VEHICULO','T','S','N','V',0.00,0.0000,'','','',0),(126,'INTERESES PRESTAMO VIVIENDA','T','S','N','V',0.00,0.0000,'','','',0),(127,'LICENCIA NO REMUNERADA','T','S','N','V',0.00,0.0000,'','','',0),(128,'LLAMADAS TELEFONICAS','T','S','N','V',0.00,0.0000,'','','',0),(129,'MAYOR VALOR PAGADO INT/CESANTIA','T','S','N','V',0.00,0.0000,'','','',0),(130,'MAYOR VALOR PAGADO MES ANTERIOR','T','S','N','V',0.00,0.0000,'','','',0),(131,'MAYOR VALOR PAGADO NOMINA MENSUAL','T','A','N','V',0.00,0.0000,'','','',0),(132,'MAYOR VALOR PAGADO PRIMA','T','S','N','V',0.00,0.0000,'','','',0),(133,'MAYOR VALOR PAGADO VACACIONES','T','S','N','V',0.00,0.0000,'','','',0),(134,'MNR VR DCTDO RETENCION EN LA FUENTE','T','S','N','V',0.00,0.0000,'','','',0),(135,'OTROS DESCUENTOS','T','S','N','V',0.00,0.0000,'','','147012',0),(136,'PRESTAMO A FONDO EMPLEADOS','T','S','N','V',0.00,0.0000,'','25050101','14701201',0),(137,'AHORRO FEPEP','T','S','N','V',0.00,0.0000,'','','',0),(138,'CUOTA SINDICAL','T','S','N','V',0.00,0.0000,'','','',0),(139,'CUOTA SINDICAL POR EXTENSION','T','S','N','P',0.00,0.0000,'','','',0),(140,'APORTE FONDO SUBSISTENCIA','T','S','N','V',0.00,0.0000,'','','',0),(141,'PRESTAMO VEHICULO','T','S','N','V',0.00,0.0000,'','','',0),(142,'PRESTAMO VIVIENDA','T','S','N','V',0.00,0.0000,'','','',0),(143,'REPOSICION CARNET LABORAL','T','S','N','V',0.00,0.0000,'','','',0),(144,'RETEFUENTE NO APLICADA','T','S','N','V',0.00,0.0000,'','','',0),(148,'SUSPENSION','T','S','N','V',0.00,0.0000,'','','',0),(149,'PRESTAMO COOMULTRASAN','T','S','N','V',0.00,0.0000,'','','242535',890903938),(150,'PRESTAMO DAVIVIENDA','T','S','N','V',0.00,0.0000,'','','242535',860034313),(151,'PRESTAMO BANCO POPULAR','T','S','N','V',0.00,0.0000,'','','242535',860007738),(201,'ACUMULADO HORAS EXTRAS','T','A','N','V',0.00,0.0000,'','','',0),(202,'ACUMULADO RECARGO NOCTURNO','T','A','N','V',0.00,0.0000,'','','',0),(203,'ACUMULADO SUELDO','T','A','N','V',0.00,0.0000,'','','',0),(204,'ANTICIPO SALARIO','T','A','N','V',0.00,0.0000,'','','',0),(205,'ANTICIPO SUELDO MENSUAL','T','A','N','V',0.00,0.0000,'','','',0),(207,'CESANTIAS CONSIGNADAS','T','S','N','V',0.00,0.0000,'','75010310','250502',890924205),(208,'COMISIONES','T','A','N','V',0.00,0.0000,'','','',0),(209,'DEVOLUCION RTE FTE','T','A','N','V',0.00,0.0000,'','','',0),(210,'DEVOLUCIONES','T','A','N','V',0.00,0.0000,'','','',0),(211,'SEGURO FUNERARIO','T','S','N','V',0.00,0.0000,'','','',0),(212,'DOTACION PENDIENTE DE ENTREGAR','T','A','N','V',0.00,0.0000,'','51013101','25050101',0),(213,'INCAPACIDAD PAGADA POR LA EMPRESA','T','A','D','P',0.00,0.6666,'','51020101','25050101',0),(214,'INCAPACIDAD POR ACCIDENTE DE TRABAJO','T','A','D','V',0.00,0.0000,'','','',0),(215,'INCAPACIDAD POR ENFERMEDAD  GRAL','T','A','N','V',0.00,0.0000,'','','',0),(216,'INCAPACIDAD POR ENFERMEDAD GENERAL','T','A','D','P',0.00,0.6666,'','','',0),(217,'INDEMNIZACION','T','A','N','V',0.00,0.0000,'','','',0),(218,'INDEMNIZACION POR DOTACION','T','A','N','V',0.00,0.0000,'','','',0),(219,'LICENCIA DE MATERNIDAD','T','A','D','V',0.00,0.0000,'','','',0),(220,'LICENCIA DE PATERNIDAD','T','A','D','V',0.00,0.0000,'','','',0),(221,'LICENCIA REMUNERADA','T','A','N','V',0.00,0.0000,'','','',0),(222,'LICENCIA POR LUTO','T','A','D','V',0.00,0.0000,'','','',0),(223,'LICENCIA POR LUTO CONVENCIONAL','T','A','D','V',0.00,0.0000,'','','',0),(224,'LICENCIA DE MATRIMONIO','T','A','D','V',0.00,0.0000,'','','',0),(225,'MAYOR VALOR DESCONTADO EN NOMINA','T','A','N','V',0.00,0.0000,'','','',0),(226,'MAYOR VALOR DESCONTADO EPS-COOMEVA','T','A','N','V',0.00,0.0000,'','','',0),(227,'MAYOR VALOR DESCONTADO EPS-ISS','T','A','N','V',0.00,0.0000,'','','',0),(228,'MAYOR VALOR DESCONTADO EPS-SOS','T','A','N','V',0.00,0.0000,'','','',0),(229,'MAYOR VALOR DESCONTADO RETEFUENTE','T','A','N','V',0.00,0.0000,'','','',0),(230,'PAGO INT/CESANTIAS','T','A','N','V',0.00,0.0000,'','','',0),(231,'BONIFICACION POR SERVICIOS','T','A','N','V',0.00,0.0000,'','','',0),(232,'PRIMA DE NAVIDAD','T','A','N','V',0.00,0.0000,'','','',0),(233,'PRIMA DE VACACIONES','T','A','N','V',0.00,0.0000,'','','',0),(234,'PRIMA EXTRALEGAL','T','A','N','V',0.00,0.0000,'','','',0),(235,'PRIMA DE ANTIGUEDAD','T','A','N','V',0.00,0.0000,'','','',0),(236,'AYUDA EDUCACION SUPERIOR','T','A','N','V',0.00,0.0000,'','','',0),(237,'RETROACTIVIDAD SUELDO','T','A','N','V',0.00,0.0000,'','','',0),(238,'VACACIONES PENDIENTES X PAGAR','T','A','N','V',0.00,0.0000,'','','',0),(239,'REINTEGRO POR SALUD','T','S','N','V',0.00,0.0000,'','250501','147012',0),(240,'REINTEGRO POR PENSION','T','S','N','V',0.00,0.0000,'','250501','147012',0),(241,'DESCUENTO POR INCAPACIDAD PAGADA','T','S','N','V',0.00,0.0000,'0','1110050102','24259005',0),(242,'RETROACTIVO INCAPACIDAD','T','A','N','V',0.00,0.0000,'0','0','0',0),(243,'AUXILIO MANTENIMIENTO','T','A','N','V',0.00,0.0000,'0','0','0',0),(244,'AUXILIO EDUCATIVO','T','A','N','V',0.00,0.0000,'','','',0),(246,'REINTEGRO POR ARL','T','S','N','V',0.00,0.0000,'','250501','147012',0),(247,'REINTEGRO POR SUELDO','T','S','N','V',0.00,0.0000,'','250501','147012',0),(248,'REINTEGRO POR AUX DE TRANSPORTE','T','S','N','V',0.00,0.0000,'','250501','147012',0),(249,'REINTEGRO POR SUB. ALIMENTACION','T','S','N','V',0.00,0.0000,'','250501','147012',0),(250,'REINTEGRO POR CESANTIAS','T','S','N','V',0.00,0.0000,'0','0','0',0),(90,'PERMISO NO REMUNERADO','T','S','D','V',0.00,0.0000,'','','',0),(91,'PERMISO COMPENSADO','T','A','D','V',0.00,0.0000,'','','',0),(92,'PERMISO REMUNERADO','T','A','D','V',0.00,0.0000,'','','',0),(93,'PERMISO COMPESATORIO SUFRAGIO','T','A','N','D',0.00,0.0000,'','','',0),(94,'PERMISO SINDICAL DIAS','T','A','D','V',0.00,0.0000,'','','',0),(95,'PERMISO SINDICAL HORAS','T','A','H','P',0.00,1.0000,'','','',0),(39,'PRIMA DE ANTIGUEDAD PROVISION','E','A','N','P',0.00,0.0000,'','','',0),(40,'PRIMA DE NAVIDAD PROVISION','E','A','N','P',0.00,0.0000,'','','',0),(41,'PRIMA DE VACACIONES PROVISION','E','A','N','P',0.00,0.0000,'','','',0),(152,'MESADA PENSIONAL','E','A','N','P',0.00,16.6660,'','','',0);

--
-- Table structure for table `conceptos_nomd`
--

CREATE TABLE `conceptos_nomd` (
  `cpd_codcon` int(4) NOT NULL,
  `cpd_grupo` int(3) NOT NULL,
  `cpd_debito` char(12) NOT NULL,
  `cpd_credito` char(12) NOT NULL,
  `cpd_tercero` bigint(12) NOT NULL,
  `cpd_porcen` decimal(10,8) NOT NULL,
  PRIMARY KEY (`cpd_codcon`,`cpd_grupo`,`cpd_tercero`)
) ENGINE=MyISAM DEFAULT CHARSET=latin1;

--
-- Dumping data for table `conceptos_nomd`
--

INSERT INTO `conceptos_nomd` (`cpd_codcon`, `cpd_grupo`, `cpd_debito`, `cpd_credito`, `cpd_tercero`, `cpd_porcen`) VALUES (1,103,'51010101','25110101',322901,1.00000000),(14,103,'25110101','24240201',322811,1.00000000),(14,103,'25110101','24240201',322901,1.00000000),(14,103,'25110101','24240201',322981,1.00000000),(1,103,'51010101','25110101',322811,1.00000000),(5,103,'51012301','25110101',322811,1.00000000),(16,201,'75020503','25112301',100000,1.00000000),(16,101,'51030301','25112301',100000,1.00000000),(18,103,'51030701','25112201',322901,1.00000000),(21,103,'51030201','25112401',322901,1.00000000),(22,201,'75020601','24905001',100000,1.00000000),(22,101,'51040101','24905001',100000,1.00000000),(23,201,'75020602','24905002',100000,1.00000000),(23,101,'51040201','24905002',100000,1.00000000),(24,103,'51030501','25111101',322981,1.00000000),(238,103,'25110501','25110101',322811,1.00000000),(32,103,'25110301','25110101',322981,1.00000000),(37,201,'75020320','25110201',100000,1.00000000),(37,101,'51070201','25110201',100000,1.00000000),(232,101,'51070501','25110701',100000,1.00000000),(232,201,'75020322','25110701',100000,1.00000000),(233,101,'51070401','25110501',100000,1.00000000),(233,201,'75020324','25110501',100000,1.00000000),(1,103,'51010101','25110101',322981,1.00000000),(5,103,'51012301','25110101',322981,1.00000000),(16,202,'75030503','25112301',200000,1.00000000),(16,102,'51030301','25112301',200000,1.00000000),(18,103,'51030701','24240101',322811,1.00000000),(21,103,'51030201','25112401',322811,1.00000000),(22,102,'51040101','24905001',200000,1.00000000),(22,202,'75030601','24905001',200000,1.00000000),(23,102,'51040201','24905002',200000,1.00000000),(23,202,'75030602','24905002',200000,1.00000000),(24,103,'51030501','25111101',322811,1.00000000),(32,103,'25110301','25110101',322901,1.00000000),(37,202,'75030320','25110201',200000,1.00000000),(37,102,'51070201','25110201',200000,1.00000000),(232,102,'51070501','25110701',200000,1.00000000),(232,202,'75030322','25110701',200000,1.00000000),(233,102,'51070401','25110501',200000,1.00000000),(233,202,'75030324','25110501',200000,1.00000000),(16,103,'51030301','25112301',300000,1.00000000),(16,203,'75040503','25112301',300000,1.00000000),(18,103,'51030701','24240101',322981,1.00000000),(21,103,'51030201','25112401',322981,1.00000000),(22,203,'75040601','24905001',300000,1.00000000),(22,103,'51040101','24905001',300000,1.00000000),(23,103,'51040201','24905002',300000,1.00000000),(23,203,'75040602','24905002',300000,1.00000000),(24,103,'51030501','25111101',322901,1.00000000),(32,103,'25110301','25110101',322811,1.00000000),(37,103,'51070201','25110201',300000,1.00000000),(37,203,'75040320','25110201',300000,1.00000000),(232,103,'51070501','25110701',300000,1.00000000),(232,203,'75040322','25110701',300000,1.00000000),(233,203,'75040322','25110501',300000,1.00000000),(233,103,'51070401','25110501',300000,1.00000000),(15,103,'25110101','24240101',322901,1.00000000),(25,103,'51070201','25110201',322901,1.00000000),(26,103,'51070101','25110501',322901,1.00000000),(27,103,'51070601','25110601',322901,1.00000000),(28,103,'51070301','25110301',322901,1.00000000),(31,101,'51016001','25110101',100000,1.00000000),(38,101,'51011901','25110901',100000,1.00000000),(39,101,'51070701','25110801',100000,1.00000000),(40,101,'51070501','25110701',100000,1.00000000),(41,101,'51070401','25110501',100000,1.00000000),(138,101,'25110101','24240401',100000,1.00000000),(231,101,'25110901','25110101',100000,1.00000000),(15,103,'25110101','24240101',322811,1.00000000),(25,103,'51070201','25110201',322811,1.00000000),(26,103,'51070101','25110501',322811,1.00000000),(27,103,'51070601','25110601',322811,1.00000000),(28,103,'51070301','25110301',322811,1.00000000),(31,102,'51016001','25110101',200000,1.00000000),(38,102,'51011901','25110901',200000,1.00000000),(39,102,'51070701','25110801',200000,1.00000000),(40,102,'51070501','25110701',200000,1.00000000),(41,102,'51070401','25110501',200000,1.00000000),(138,102,'25110101','24240401',200000,1.00000000),(231,102,'25110901','25110101',200000,1.00000000),(15,103,'25110101','24240101',322981,1.00000000),(25,103,'51070201','25110201',322981,1.00000000),(26,103,'51070101','25110501',322981,1.00000000),(27,103,'51070601','25110601',322981,1.00000000),(28,103,'51070301','25110301',322981,1.00000000),(31,103,'51016001','25110101',300000,1.00000000),(38,103,'51011901','25110901',300000,1.00000000),(39,103,'51070701','25110801',300000,1.00000000),(40,103,'51070501','25110701',300000,1.00000000),(41,103,'51070401','25110501',300000,1.00000000),(138,103,'25110101','24240401',300000,1.00000000),(231,103,'25110901','25110101',300000,1.00000000),(31,201,'75020327','25110101',100000,1.00000000),(38,201,'75020319','25110901',100000,1.00000000),(39,201,'75020325','25110801',100000,1.00000000),(40,201,'75020326','25110701',100000,1.00000000),(41,201,'75020324','25110501',100000,1.00000000),(138,201,'25110101','24240401',100000,1.00000000),(231,201,'25110901','25110101',100000,1.00000000),(31,202,'75030327','25110101',200000,1.00000000),(38,202,'75030319','25110901',200000,1.00000000),(39,202,'75030325','25110801',200000,1.00000000),(40,202,'75030326','25110701',200000,1.00000000),(41,202,'75030324','25110501',200000,1.00000000),(138,202,'25110101','24240401',200000,1.00000000),(231,202,'25110901','25110101',200000,1.00000000),(31,203,'75040327','25110101',300000,1.00000000),(38,203,'75040319','25110901',300000,1.00000000),(39,203,'75040325','25110801',300000,1.00000000),(40,203,'75040326','25110701',300000,1.00000000),(41,203,'75040324','25110501',300000,1.00000000),(138,203,'25110101','24240401',300000,1.00000000),(231,203,'25110901','25110101',300000,1.00000000),(151,101,'25110101','24249001',100000,1.00000000),(151,102,'25110101','24249001',200000,1.00000000),(151,103,'25110101','24249001',300000,1.00000000),(151,201,'25110101','24249001',100000,1.00000000),(151,202,'25110101','24249001',200000,1.00000000),(151,203,'25110101','24249001',300000,1.00000000),(211,101,'25110101','24249002',100000,1.00000000),(211,102,'25110101','24249002',200000,1.00000000),(211,103,'25110101','24249002',300000,1.00000000),(211,201,'25110101','24249002',100000,1.00000000),(211,202,'25110101','24249002',200000,1.00000000),(211,203,'25110101','24249002',300000,1.00000000),(149,101,'25110101','24249001',100000,1.00000000),(149,102,'25110101','24249001',200000,1.00000000),(149,103,'25110101','24249001',300000,1.00000000),(149,202,'25110101','24249001',200000,1.00000000),(149,201,'25110101','24249001',200000,1.00000000),(149,203,'25110101','24249001',300000,1.00000000),(19,103,'25110101','24240102',322901,1.00000000),(6,101,'75020303','25110101',100000,1.00000000),(6,102,'75030303','25110101',200000,1.00000000),(6,103,'75040303','25110101',300000,1.00000000),(6,201,'75020303','25110101',100000,1.00000000),(6,202,'75030303','25110101',200000,1.00000000),(6,203,'75040303','25110101',300000,1.00000000),(7,101,'75020303','25110101',100000,1.00000000),(7,102,'75030303','25110101',200000,1.00000000),(7,103,'75040303','25110101',300000,1.00000000),(7,201,'75020303','25110101',100000,1.00000000),(7,202,'75030303','25110101',200000,1.00000000),(7,203,'75040303','25110101',300000,1.00000000),(8,101,'75020303','25110101',100000,1.00000000),(8,102,'75030303','25110101',200000,1.00000000),(8,103,'75040303','25110101',300000,1.00000000),(8,201,'75020303','25110101',100000,1.00000000),(8,202,'75030303','25110101',200000,1.00000000),(8,203,'75040303','25110101',300000,1.00000000),(9,101,'75020303','25110101',100000,1.00000000),(9,102,'75030303','25110101',200000,1.00000000),(9,103,'75040303','25110101',300000,1.00000000),(9,201,'75020303','25110101',100000,1.00000000),(9,202,'75030303','25110101',200000,1.00000000),(9,203,'75040303','25110101',300000,1.00000000),(10,101,'75020303','25110101',100000,1.00000000),(10,102,'75030303','25110101',200000,1.00000000),(10,103,'75040303','25110101',300000,1.00000000),(10,201,'75020303','25110101',100000,1.00000000),(10,202,'75030303','25110101',200000,1.00000000),(10,203,'75040303','25110101',300000,1.00000000),(12,101,'75020303','25110101',100000,1.00000000),(12,102,'75030303','25110101',200000,1.00000000),(12,103,'75040303','25110101',300000,1.00000000),(12,201,'75020303','25110101',100000,1.00000000),(12,202,'75030303','25110101',200000,1.00000000),(12,203,'75040303','25110101',300000,1.00000000),(13,101,'75020303','25110101',100000,1.00000000),(13,102,'75030303','25110101',200000,1.00000000),(13,103,'75040303','25110101',300000,1.00000000),(13,201,'75020303','25110101',100000,1.00000000),(13,202,'75030303','25110101',200000,1.00000000),(13,203,'75040303','25110101',300000,1.00000000),(213,101,'75020401','25110101',100000,1.00000000),(213,102,'75030401','25110101',200000,1.00000000),(213,103,'75040401','25110101',300000,1.00000000),(213,201,'75020401','25110101',100000,1.00000000),(213,202,'75030401','25110101',200000,1.00000000),(213,203,'75040401','25110101',300000,1.00000000),(215,101,'24240201','25110101',100000,1.00000000),(215,102,'24240201','25110101',200000,1.00000000),(215,103,'24240201','25110101',300000,1.00000000),(215,201,'24240201','25110101',100000,1.00000000),(215,202,'24240201','25110101',200000,1.00000000),(215,203,'24240201','25110101',300000,1.00000000),(216,101,'24240201','25110101',100000,1.00000000),(216,102,'24240201','25110101',200000,1.00000000),(216,103,'24240201','25110101',300000,1.00000000),(216,201,'24240201','25110101',100000,1.00000000),(216,202,'24240201','25110101',200000,1.00000000),(216,203,'24240201','25110101',300000,1.00000000),(11,101,'75020303','25110101',100000,1.00000000),(11,102,'75030303','25110101',200000,1.00000000),(11,103,'75040303','25110101',300000,1.00000000),(11,201,'75020303','25110101',100000,1.00000000),(11,202,'75030303','25110101',200000,1.00000000),(11,203,'75040303','25110101',300000,1.00000000),(36,101,'25110501','25110101',100000,1.00000000),(36,102,'25110501','25110101',200000,1.00000000),(36,103,'25110501','25110101',300000,1.00000000),(36,201,'25110501','25110101',100000,1.00000000),(36,202,'25110501','25110101',200000,1.00000000),(36,203,'25110501','25110101',300000,1.00000000),(152,52,'51020601','25140102',100000,1.00000000);

--
-- Table structure for table `conceptosp`
--

CREATE TABLE `conceptosp` (
  `cp_codcon` varchar(10) NOT NULL,
  `cp_detalle` varchar(150) NOT NULL,
  `cp_grupo` int(3) NOT NULL,
  `cp_tiptari` char(1) NOT NULL,
  `cp_referen` int(4) NOT NULL,
  `cp_unidad` char(10) NOT NULL,
  `cp_vlrcomp` double(12,2) DEFAULT NULL,
  `cp_vlrvent` double(12,2) DEFAULT NULL,
  `cp_existen` float(9,2) DEFAULT NULL,
  `cp_poriva` int(2) DEFAULT NULL,
  PRIMARY KEY (`cp_codcon`),
  KEY `cp_grupo` (`cp_grupo`)
) ENGINE=MyISAM DEFAULT CHARSET=latin1;

--
-- Dumping data for table `conceptosp`
--


--
-- Table structure for table `conductores`
--

CREATE TABLE `conductores` (
  `cl_codcli` bigint(12) NOT NULL DEFAULT '0',
  `cl_nombre` char(40) NOT NULL DEFAULT '',
  `cl_direcc` char(40) NOT NULL DEFAULT '',
  `cl_telefo` char(10) NOT NULL DEFAULT '',
  `cl_porcen` int(2) DEFAULT NULL,
  `cl_grupo` char(3) DEFAULT NULL,
  `cl_licen` char(20) DEFAULT NULL,
  `cl_catego` char(2) DEFAULT NULL,
  `cl_pasado` char(10) DEFAULT NULL,
  `cl_fecpas` date DEFAULT NULL,
  `cl_feclic` date DEFAULT NULL,
  `cl_estciv` varchar(1) NOT NULL,
  `cl_sexo` varchar(1) NOT NULL,
  `cl_nacepais` varchar(15) NOT NULL,
  `cl_nacedpto` varchar(15) NOT NULL,
  `cl_nacemun` varchar(15) NOT NULL,
  `cl_fecnac` date NOT NULL,
  `cl_nroper` int(3) NOT NULL,
  `cl_libmit` varchar(15) NOT NULL,
  `cl_dislib` varchar(4) NOT NULL,
  `cl_telfij` varchar(12) NOT NULL,
  `cl_esposa` varchar(40) NOT NULL,
  `cl_ocuesposa` varchar(30) NOT NULL,
  `cl_diresposa` varchar(40) NOT NULL,
  `cl_segsoc` varchar(1) NOT NULL,
  `cl_entidad` varchar(40) NOT NULL,
  PRIMARY KEY (`cl_codcli`)
) ENGINE=MyISAM DEFAULT CHARSET=latin1;

--
-- Dumping data for table `conductores`
--


--
-- Table structure for table `consignacion`
--

CREATE TABLE `consignacion` (
  `cs_numero` int(9) NOT NULL,
  `cs_cuenta` char(12) DEFAULT NULL,
  `cs_codres` char(12) NOT NULL,
  `cs_fecreg` date DEFAULT NULL,
  `cs_horreg` time NOT NULL DEFAULT '00:00:00',
  `cs_vlrtot` double(15,2) DEFAULT NULL,
  `cs_estado` char(1) NOT NULL,
  `cs_observa` text NOT NULL,
  `cs_codcli` bigint(12) NOT NULL DEFAULT '0',
  PRIMARY KEY (`cs_numero`),
  KEY `cs_cuenta` (`cs_cuenta`),
  KEY `cs_codcli` (`cs_codcli`),
  KEY `cs_codres` (`cs_codres`)
) ENGINE=InnoDB DEFAULT CHARSET=latin1;

--
-- Dumping data for table `consignacion`
--


--
-- Table structure for table `contable`
--

CREATE TABLE `contable` (
  `con_codcon` int(6) NOT NULL,
  `con_timovto` int(2) NOT NULL,
  `con_aplica` char(1) NOT NULL,
  `con_secuen` int(4) NOT NULL,
  `con_ctadeb` char(12) NOT NULL,
  `con_ctacre` char(12) NOT NULL,
  `con_tercer` bigint(12) DEFAULT NULL,
  `con_auxili` int(9) DEFAULT NULL,
  `con_porcen` decimal(10,8) NOT NULL,
  PRIMARY KEY (`con_codcon`,`con_timovto`,`con_aplica`,`con_secuen`),
  KEY `con_ctadeb` (`con_ctadeb`),
  KEY `con_ctacre` (`con_ctacre`),
  KEY `con_codcon` (`con_codcon`),
  KEY `con_timovto` (`con_timovto`),
  KEY `con_tercer` (`con_tercer`),
  KEY `con_auxili` (`con_auxili`)
) ENGINE=MyISAM DEFAULT CHARSET=latin1;

--
-- Dumping data for table `contable`
--

INSERT INTO `contable` (`con_codcon`, `con_timovto`, `con_aplica`, `con_secuen`, `con_ctadeb`, `con_ctacre`, `con_tercer`, `con_auxili`, `con_porcen`) VALUES (73,131,'G',1,'13180403','0',0,0,1.00000000),(68,131,'G',1,'13180403','0',0,0,1.00000000),(67,131,'G',1,'13180403','0',0,0,1.00000000),(80,131,'G',1,'13180304','0',0,0,1.00000000),(82,131,'G',1,'13180403','0',0,0,1.00000000),(84,131,'G',1,'13180403','0',0,0,1.00000000),(85,131,'G',1,'13180403','0',0,0,1.00000000),(86,131,'G',1,'13180205','0',0,0,1.00000000),(87,131,'G',1,'13180203','0',0,0,1.00000000),(88,131,'G',1,'13180204','0',0,0,1.00000000),(67,131,'G',2,'0','43231703',0,0,1.00000000),(68,131,'G',2,'0','43231703',0,0,1.00000000),(73,131,'G',2,'0','44231703',0,0,1.00000000),(80,131,'G',2,'0','43221003',0,0,1.00000000),(82,131,'G',2,'0','43231703',0,0,1.00000000),(84,131,'G',2,'0','43231703',0,0,1.00000000),(85,131,'G',2,'0','43231703',0,0,1.00000000),(86,131,'G',2,'0','43211004',0,0,1.00000000),(87,131,'G',2,'0','43211002',0,0,1.00000000),(88,131,'G',2,'0','43211003',0,0,1.00000000),(67,132,'G',1,'11050101','0',0,0,1.00000000),(68,132,'G',1,'11050101','0',0,0,1.00000000),(73,132,'G',1,'11050101','0',0,0,1.00000000),(80,132,'G',1,'11050101','0',0,0,1.00000000),(82,132,'G',1,'11050101','0',0,0,1.00000000),(84,132,'G',1,'11050101','0',0,0,1.00000000),(85,132,'G',1,'11050101','0',0,0,1.00000000),(86,132,'G',1,'11050101','0',0,0,1.00000000),(87,132,'G',1,'11050101','0',0,0,1.00000000),(88,132,'G',1,'11050101','0',0,0,1.00000000),(89,132,'G',1,'11050101','0',0,0,1.00000000),(62,132,'G',1,'11050101','0',0,0,1.00000000),(71,132,'G',1,'11050101','0',0,0,1.00000000),(67,132,'G',2,'0','13180403',0,0,1.00000000),(68,132,'G',2,'0','13180403',0,0,1.00000000),(73,132,'G',2,'0','13180403',0,0,1.00000000),(80,132,'G',2,'0','13180304',0,0,1.00000000),(82,132,'G',2,'0','13180403',0,0,1.00000000),(84,132,'G',2,'0','13180403',0,0,1.00000000),(85,132,'G',2,'0','13180403',0,0,1.00000000),(86,132,'G',2,'0','13180205',0,0,1.00000000),(87,132,'G',2,'0','13180203',0,0,1.00000000),(88,132,'G',2,'0','13180204',0,0,1.00000000),(89,132,'G',2,'0','13180902',0,0,1.00000000),(62,132,'G',2,'0','13180802',0,0,1.00000000),(71,132,'G',2,'0','13181001',0,0,1.00000000),(97,131,'G',1,'13180203','0',0,0,1.00000000),(97,131,'G',2,'0','43211002',0,0,1.00000000),(97,132,'G',1,'11050101','0',0,0,1.00000000),(97,132,'G',2,'0','13180203',0,0,1.00000000),(98,131,'G',1,'13180303','0',0,0,1.00000000),(98,131,'G',2,'0','43221002',0,0,1.00000000),(98,132,'G',1,'11050101','0',0,0,1.00000000),(98,132,'G',2,'0','13180303',0,0,1.00000000);

--
-- Table structure for table `contable_inv`
--

CREATE TABLE `contable_inv` (
  `con_codcon` int(6) NOT NULL,
  `con_timovto` int(2) NOT NULL,
  `con_aplica` char(1) NOT NULL,
  `con_secuen` int(4) NOT NULL,
  `con_ctadeb` char(12) NOT NULL,
  `con_ctacre` char(12) NOT NULL,
  `con_tercer` bigint(12) DEFAULT NULL,
  `con_auxili` int(9) DEFAULT NULL,
  `con_porcen` decimal(10,8) NOT NULL,
  PRIMARY KEY (`con_codcon`,`con_timovto`,`con_aplica`,`con_secuen`),
  KEY `con_ctadeb` (`con_ctadeb`),
  KEY `con_ctacre` (`con_ctacre`),
  KEY `con_codcon` (`con_codcon`),
  KEY `con_timovto` (`con_timovto`),
  KEY `con_tercer` (`con_tercer`),
  KEY `con_auxili` (`con_auxili`)
) ENGINE=MyISAM DEFAULT CHARSET=latin1;

--
-- Dumping data for table `contable_inv`
--


--
-- Table structure for table `contable_niif`
--

CREATE TABLE `contable_niif` (
  `con_codcon` char(12) NOT NULL,
  `con_timovto` int(2) NOT NULL,
  `con_aplica` char(1) NOT NULL,
  `con_secuen` int(4) NOT NULL,
  `con_ctadeb` char(12) NOT NULL,
  `con_ctacre` char(12) NOT NULL,
  `con_tercer` bigint(12) DEFAULT NULL,
  `con_auxili` int(9) DEFAULT NULL,
  `con_porcen` decimal(10,8) NOT NULL,
  PRIMARY KEY (`con_codcon`,`con_timovto`,`con_aplica`,`con_secuen`),
  KEY `con_ctadeb` (`con_ctadeb`),
  KEY `con_ctacre` (`con_ctacre`),
  KEY `con_codcon` (`con_codcon`),
  KEY `con_timovto_niif` (`con_timovto`),
  KEY `con_tercer` (`con_tercer`),
  KEY `con_auxili` (`con_auxili`)
) ENGINE=InnoDB DEFAULT CHARSET=latin1;

--
-- Dumping data for table `contable_niif`
--


--
-- Table structure for table `contable_tes`
--

CREATE TABLE `contable_tes` (
  `con_codcon` int(6) NOT NULL,
  `con_timovto` int(2) NOT NULL,
  `con_ccosto` int(6) NOT NULL,
  `con_aplica` char(1) NOT NULL,
  `con_secuen` int(4) NOT NULL,
  `con_ctadeb` char(12) NOT NULL,
  `con_ctacre` char(12) NOT NULL,
  `con_tercer` bigint(12) DEFAULT NULL,
  `con_auxili` int(9) DEFAULT NULL,
  `con_porcen` decimal(10,8) NOT NULL,
  `con_rubro` varchar(20) NOT NULL,
  PRIMARY KEY (`con_codcon`,`con_timovto`,`con_ccosto`,`con_aplica`,`con_secuen`),
  KEY `con_ctadeb` (`con_ctadeb`),
  KEY `con_ctacre` (`con_ctacre`),
  KEY `con_codcon` (`con_codcon`),
  KEY `con_timovto` (`con_timovto`),
  KEY `con_tercer` (`con_tercer`),
  KEY `con_auxili` (`con_auxili`)
) ENGINE=InnoDB DEFAULT CHARSET=latin1;

--
-- Dumping data for table `contable_tes`
--


--
-- Table structure for table `contratos_nom`
--

CREATE TABLE `contratos_nom` (
  `ct_numero` int(7) NOT NULL DEFAULT '0',
  `ct_cedula` bigint(12) NOT NULL DEFAULT '0',
  `ct_fecini` date DEFAULT NULL,
  `ct_fecfin` date DEFAULT NULL,
  `ct_dias` int(9) DEFAULT NULL,
  `ct_estado` char(1) NOT NULL,
  `ct_tipcon` char(1) NOT NULL,
  `ct_fecreg` date DEFAULT NULL,
  `ct_usuari` char(12) NOT NULL,
  PRIMARY KEY (`ct_numero`),
  KEY `ct_cedula` (`ct_cedula`)
) ENGINE=MyISAM DEFAULT CHARSET=latin1;

--
-- Dumping data for table `contratos_nom`
--

INSERT INTO `contratos_nom` (`ct_numero`, `ct_cedula`, `ct_fecini`, `ct_fecfin`, `ct_dias`, `ct_estado`, `ct_tipcon`, `ct_fecreg`, `ct_usuari`) VALUES (180001,92526482,'2018-12-01','2018-12-31',30,'A','F','2018-12-13','asexis');

--
-- Table structure for table `cuentas`
--

CREATE TABLE `cuentas` (
  `cu_codcta` varchar(25) NOT NULL,
  `cu_nombre` char(50) NOT NULL DEFAULT '',
  `cu_tipcta` char(1) NOT NULL DEFAULT '',
  `cu_natura` char(1) NOT NULL DEFAULT '',
  `cu_tercer` char(1) NOT NULL DEFAULT '',
  `cu_tipter` char(1) NOT NULL DEFAULT '',
  `cu_segaux` char(1) NOT NULL DEFAULT '',
  `cu_tipseg` char(1) NOT NULL DEFAULT '',
  `cu_cencos` char(1) NOT NULL DEFAULT '',
  `cu_balanc` char(1) NOT NULL DEFAULT '',
  `cu_basere` char(1) NOT NULL DEFAULT '',
  `cu_porcen` decimal(2,2) NOT NULL DEFAULT '0.00',
  PRIMARY KEY (`cu_codcta`)
) ENGINE=MyISAM DEFAULT CHARSET=latin1;

--
-- Dumping data for table `cuentas`
--

INSERT INTO `cuentas` (`cu_codcta`, `cu_nombre`, `cu_tipcta`, `cu_natura`, `cu_tercer`, `cu_tipter`, `cu_segaux`, `cu_tipseg`, `cu_cencos`, `cu_balanc`, `cu_basere`, `cu_porcen`) VALUES ('1','Efectivo y equivalentes al efectivo','T','D','','','','','','S','N',0.00),('11','CAJA','T','D','','','','','','S','N',0.00),('1105','Caja Principal','T','D','','','','','','S','N',0.00),('110501','Caja Principal','T','D','','','','','','S','N',0.00),('11050101','Caja Principal','D','D','N','','','','S','S','N',0.00),('1110','BANCOS Y CORPORACIONES','T','D','','','','','','S','N',0.00),('111005','Cuenta Corriente Bancaria','T','D','','','','','','S','N',0.00),('11100501','BOGOTA 588138792','D','D','S','','','','','S','N',0.00),('11100502','BOGOTA 588146928 COROZAL','D','D','S','','','','S','S','N',0.00),('32150101','Reserva Legal','D','C','S','','','','S','S','N',0.00),('321501','Reserva Legal','T','C','','','','','S','S','N',0.00),('3215','RESERVA','T','C','S','','','','S','S','N',0.00),('32040102','Capital Por Suscribir (DB)','D','C','S','','','','S','S','N',0.00),('32040101','Capital Autorizado','D','C','S','','','','S','S','N',0.00),('320401','Capital Autorizado','T','C','','','','','S','S','N',0.00),('29019001','Otros Avances y Anticpos','D','C','S','','','','S','S','N',0.00),('290190','Avancen y Anticipos Recibidos','T','C','S','','','','S','S','N',0.00),('11100503','BANCOLOMBIA CTE 78290876064','D','D','S','','','','S','S','N',0.00),('2901','Avancen y Anticipos Recibidos','T','C','S','','','','S','S','N',0.00),('29181801','Pasivo por Impuesto Diferido','D','C','S','','','','S','S','N',0.00),('291818','Pasivo por Impuesto Diferido','T','C','S','','','','S','S','N',0.00),('2918','Pasivo por Impuesto Diferido','T','C','S','','','','S','S','N',0.00),('24400101','Impuesto Sobre la Renta y Complementarios','D','C','S','','','','S','S','N',0.00),('244001','Impuesto Sobre la Renta y Complementarios','T','C','S','','','','S','S','N',0.00),('24905801','Arrendamientos','D','C','S','','','','S','S','N',0.00),('249058','Arrendamientos','T','C','S','','','','S','S','N',0.00),('24905601','Dividendos y Participaciones','D','C','S','','','','S','S','N',0.00),('249056','Dividendos y Participaciones','T','C','','','','','S','S','N',0.00),('111006','Cuentas de Ahorro','T','D','','','','','','S','N',0.00),('11100601','BANCO DE BOGOTA 588242545 CTA AHORROS','D','D','S','','','','S','S','N',0.00),('24010102','Proveedores de Servicios Sevilla','D','C','S','N','','','S','S','N',0.00),('19700502','Valorización Catastro Usuarios','D','D','S','','','','N','S','N',0.00),('12','INVERSIONES E INSTRUMENTOS DERIVADOS','T','D','','','','','','S','N',0.00),('1224','INVERSIONES DE ADMINISTRACION DE LIQUIDEZ AL COSTO','T','D','','','','','','S','N',0.00),('757008','SUMINISTRO Y SERVICIOS INFORMATICOS','T','D','S','','','','','S','S',0.00),('75700801','Suministro Y Servicios  Informaticos','D','D','S','','','','S','S','N',0.00),('122413','Acciones ordinarias','T','D','','','','','','S','N',0.00),('75040328','Dotacion y suministro a trabajadores','D','D','S','','','','S','S','S',0.00),('13','CUENTAS POR COBRAR','T','D','','','','','','S','N',0.00),('1318','PRESTACION DE SERVICIOS PUBLICOS','T','D','','','','','','S','N',0.00),('131802','Servicio de acueducto','T','D','','','','','','S','N',0.00),('13180201','Servicio de acueducto Cargo Fijo','D','D','S','N','','','S','S','N',0.00),('131803','Servicio de alcantarillado','T','D','','','','','','S','N',0.00),('13180301','Servicio de alcantarillado Cargo Fijo','D','D','S','N','','','S','S','N',0.00),('131804','Servicio de aseo','T','D','','','','','','S','N',0.00),('13180401','Servicio de aseo','D','D','S','N','','','S','S','N',0.00),('16','PROPIEDADES, PLANTA Y EQUIPO','T','D','','','','','','S','S',0.00),('1605','TERRENOS','T','D','','','','','','S','S',0.00),('160502','Rurales','T','D','','','','','','S','S',0.00),('16050201','lote uno A    cll 13 6a 78','D','D','N','','','','S','S','S',0.00),('16050202','Finca la Aguada Reventon','D','D','N','','','','S','S','S',0.00),('16050203','Meseta buena vista ereda pesc','D','D','N','','','','S','S','S',0.00),('16050204','Bosque acueducto municipal','D','D','N','','','','S','S','S',0.00),('16050205','El pantando vereda san luis','D','D','N','','','','S','S','S',0.00),('16050206','Lote para fortalecer el acueducto','D','D','N','','','','S','S','S',0.00),('1640','EDIFICACIONES','T','D','','','','','','S','S',0.00),('164001','Edificios y casas','T','D','','','','','','S','S',0.00),('16400101','Edificios y Casas','D','D','N','','','','S','S','S',0.00),('164024','TANQUES DE ALMACENAMIENTO','T','D','','','','','','S','S',0.00),('16402401','Embalse Construccion','D','D','N','','','','S','S','S',0.00),('1645','PLANTAS , DUCTOS Y T?NELES','T','D','','','','','','S','S',0.00),('164502','Plantas, Ductos Y Tuneles Planta de Tratam','T','D','','','','','','S','S',0.00),('16450201','Plantas Tratamiento','D','D','N','','','','S','S','S',0.00),('16450202','Sistema de Fitracion por Membr','D','D','N','','','','S','S','S',0.00),('16450203','Desarenador barrio laureano','D','D','N','','','','S','S','S',0.00),('16450204','Filtros planta de tratamiento','D','D','N','','','','S','S','S',0.00),('1650','REDES, LINEAS Y CABLES','T','D','','','','','','S','S',0.00),('165002','Redes de Distribucion','T','D','','','','','','S','S',0.00),('16500201','Redes De Distribucion - Acueducto','D','D','N','','','','S','S','S',0.00),('165003','Redes Recoleccion de Aguas','T','D','','','','','','S','S',0.00),('16500301','Redes Recoleccion de Aguas-Alcantarillado','D','D','N','','','','S','S','S',0.00),('16500302','Redes Recoleccion de acueducto','D','D','N','','','','S','S','S',0.00),('16500303','Redes acueducto urbanizacion prad','D','D','N','','','','S','S','S',0.00),('1655','MAQUINARIA Y EQUIPO','T','D','','','','','','S','S',0.00),('165503','Equipo de perforacion','T','D','','','','','','S','S',0.00),('16550301','Equipo de Perforacion E.P.M.','D','D','N','','','','S','S','S',0.00),('165509','Equipo de ense?anza','T','D','','','','','','S','S',0.00),('16550901','Libros Adquiridos','D','D','N','','','','S','S','S',0.00),('165590','Otras Maquinaria Y Equipo','T','D','','','','','','S','S',0.00),('16559001','Otras Maquinaria Y Equipo','D','D','N','','','','S','S','S',0.00),('16559002','Motobomba','D','D','N','','','','S','S','S',0.00),('16559003','Electrobomba de 2 con Accesorios','D','D','N','','','','S','S','S',0.00),('1660','EQUIPO M?DICO Y CIENT?FICO','T','D','','','','','','S','S',0.00),('166002','Equipo de laboratorio','T','D','','','','','','S','S',0.00),('16600201','Equipo de laboratorio','D','D','N','','','','S','S','S',0.00),('1665','MUEBLES, ENSERES Y EQUIPOS DE OFICINA','T','D','','','','','','S','S',0.00),('166501','Muebles Y Enseres','T','D','','','','','','S','S',0.00),('16650101','Muebles y Enseres','D','D','S','','','','S','S','S',0.00),('16650102','Equipo y maquinaria de Oficina','D','D','S','','','','S','S','S',0.00),('166502','Equipo Y Maquina de Oficina','T','D','','','','','','S','S',0.00),('16650201','Equipo y Maquina De Oficina','D','D','S','','','','S','S','S',0.00),('166590','Otros muebles, enseres y equipo de oficina','T','D','','','','','','S','S',0.00),('16659001','Otros muebles, enseres y equipo de oficina','D','D','N','','','','S','S','S',0.00),('1670','EQUIPOS DE COMUNICACI?N Y COMPUTACI?N','T','D','','','','','','S','S',0.00),('167001','Equipo de Comunicacion','T','D','','','','','','S','S',0.00),('16700101','Equipo De Comunicacion','D','D','S','','','','S','S','S',0.00),('167002','Equipo de Computacion','T','D','','','','','','S','S',0.00),('16700201','Equipo De Computacion','D','D','S','','','','S','S','S',0.00),('1675','EQUIPOS DE TRANSPORTE, TRACCI?N Y ELEVACI?N','T','D','','','','','','S','S',0.00),('167502','Terrestre','T','D','','','','','','S','S',0.00),('16750202','Volqueta osf 708','D','D','N','','','','S','S','S',0.00),('16750203','Volqueta osf 710','D','D','N','','','','S','S','S',0.00),('1680','EQUIPO DE COMEDOR, COCINA,DESPENSA Y HOTELERIA','T','D','','','','','','S','S',0.00),('168002','MAQUINARIA Y EQUIPO DE RESTAURANTE','T','D','','','','','','S','S',0.00),('16800201','Equipo de Cafeteria','D','D','N','','','','S','S','S',0.00),('1685','DEPRECIACI?N ACUMULADA DE PROPIEDADES, PLANTA Y EQ','T','D','','','','','','S','S',0.00),('168501','Edificaciones','T','D','','','','','','S','S',0.00),('16850101','Edificaciones','D','D','N','','','','S','S','S',0.00),('168502','Plantas, Ductos Y Tuneles','T','D','','','','','','S','S',0.00),('16850201','Filtracion Rapida para prefiltracion','D','D','N','','','','S','S','S',0.00),('16850202','Sistema de Filtracion por Membr','D','D','N','','','','S','S','S',0.00),('16850203','Desarenador de laureno rojas','D','D','N','','','','S','S','S',0.00),('16850204','Plantade Tratamiendo','D','D','N','','','','S','S','S',0.00),('168503','Redes, lineas y cables','T','D','','','','','','S','S',0.00),('16850301','Redes, Lineas y Cables','D','D','N','','','','S','S','S',0.00),('168504','Maquinaria Y Equipo','T','D','','','','','','S','S',0.00),('16850401','Equipo de perforacion','D','D','N','','','','S','S','S',0.00),('16850402','Herramientas y Accesorios','D','D','S','','','','S','S','S',0.00),('16850403','Otras maquinas y equipos','D','D','N','','','','S','S','S',0.00),('16850404','Motobomba','D','D','N','','','','S','S','S',0.00),('16850405','Electrobomba de 2 con accesorios','D','D','N','','','','S','S','S',0.00),('16850406','Equipo de Ense?anza','D','D','N','','','','S','S','S',0.00),('168505','Equipo medico y cientifico','T','D','','','','','','S','S',0.00),('16850501','Equipo medico y cientifico','D','D','N','','','','S','S','S',0.00),('168506','Muebles, Enseres Y Equipos de Oficina','T','D','','','','','','S','S',0.00),('16850601','Muebles, Enseres Y Equipos De Oficina','D','D','S','','','','S','S','S',0.00),('16850602','Equipo y maquinaria de oficina','D','D','N','','','','S','S','S',0.00),('16850603','Otros meres enseres y equipo','D','D','N','','','','S','S','S',0.00),('168507','Equipos de Comunicacion Y Computacion','T','D','','','','','','S','S',0.00),('16850701','Equipos De Comunicacion','D','D','S','N','','','S','S','S',0.00),('16850702','Equipo de Computacion','D','D','S','','','','S','S','S',0.00),('168508','Equipos de transporte, traccion y elevacio','T','D','','','','','','S','S',0.00),('16850801','Equipos de transporte, traccion y elevacio','D','D','N','','','','S','S','S',0.00),('16850802','Volqueta osf 708','D','D','N','','','','S','S','S',0.00),('16850803','olqueta osf 710','D','D','N','','','','S','S','S',0.00),('168509','EQUIPO DE COMEDOR, COCINA DESPENSA','T','D','','','','','','S','S',0.00),('16850901','Depreciacion Mensual','D','D','N','','','','S','S','S',0.00),('19','OTROS ACTIVOS','T','D','','','','','','S','S',0.00),('1970','ACTIVOS INTANGIBLES','T','D','','','','','','S','S',0.00),('197005','Derechos','T','D','','','','','','S','S',0.00),('19700501','Costo de Activo Intangible','D','D','N','','','','S','S','S',0.00),('197007','Licencias','T','D','','','','','','S','S',0.00),('19700701','Licencias Para Uso De Software','D','D','N','','','','S','S','S',0.00),('2','PASIVOS','T','C','','','','','','S','N',0.00),('22','EMISI?N Y COLOCACI?N DE T?TULOS DE DEUDA','T','C','','','','','','S','N',0.00),('2222','FINANCIAMIENTO INTERNO DE CORTO PLAZO','T','C','','','','','','S','N',0.00),('222201','Bonos y titulos emitidos','T','C','','','','','','S','N',0.00),('22220101','Credito IDESAN','D','C','S','N','','','S','S','N',0.00),('24','CUENTAS POR PAGAR','T','C','','','','','','S','N',0.00),('2490','OTRAS CUENTAS POR PAGAR','T','C','','','','','','S','N',0.00),('249051','Servicios Publicos','T','C','','','','','','S','N',0.00),('24905101','Servicios de Energia','D','C','S','N','','','S','S','N',0.00),('24905103','Servicio de Telecomunicaciones','D','C','S','N','','','S','S','N',0.00),('24905191','Servicios de Energia - Acuerdo Pago','D','C','S','N','','','S','S','N',0.00),('249027','Viaticos Y Gastos de Viaje','T','C','','','','','','S','N',0.00),('24902701','Viaticos y Gastos de viaje','D','C','S','N','','','S','S','N',0.00),('249028','Seguros','T','C','','','','','','S','N',0.00),('24902801','Seguros','D','C','S','N','','','S','S','N',0.00),('2424','DESCUENTOS DE N?MINA','T','C','','','','','','S','N',0.00),('242401','Aportes A Fondos Pensionales','T','C','','','','','','S','N',0.00),('24240101','Aportes a Pension','D','C','S','N','','','S','S','N',0.00),('242402','Aportes A Seguridad Social en Salud','T','C','','','','','','S','N',0.00),('24240201','Aportes a Salud','D','C','S','N','','','S','S','N',0.00),('249050','Aportes a ICBF Y Sena','T','C','','','','','','S','N',0.00),('24905001','Aportes a ICBF Y Sena','D','C','S','N','','','S','S','N',0.00),('249061','Aportes a sindicatos','T','C','','','','','','S','N',0.00),('24906101','Aportes a sindicatos','D','C','S','N','','','S','S','N',0.00),('242411','Embargos Judiciales','T','C','','','','','','S','N',0.00),('24241101','Embargo Judicial','D','C','S','N','','','S','S','N',0.00),('2511','BENEFICIOS A LOS EMPLEADOS A CORTO PLAZO','T','C','','','','','','S','N',0.00),('251111','Aporte Riesgos Profesionales','T','C','','','','','','S','N',0.00),('25111101','Aporte Riesgos Profesionales','D','C','S','N','','','S','S','N',0.00),('242407','Libranzas','T','C','','','','','','S','N',0.00),('24240701','Libranzas','D','C','S','N','','','S','S','N',0.00),('249054','Honorarios','T','C','','','','','','S','N',0.00),('24905401','Honorarios','D','C','S','N','','','S','S','N',0.00),('249055','Servicios','T','C','','','','','','S','N',0.00),('24905501','Servicios','D','C','S','N','','','S','S','N',0.00),('249090','Otras cuentas por pagar','T','C','','','','','','S','N',0.00),('24909001','Otras cuentas por pagar','D','C','S','N','','','S','S','N',0.00),('2436','RETENCION EN LA FUENTE E IMPUESTO DE TIMBRE','D','C','S','N','','','S','S','N',0.00),('243603','Honorarios','T','C','','','','','','S','N',0.00),('24360301','Honorarios','D','C','S','N','','','S','S','N',0.00),('243605','Servicios','T','C','','','','','','S','N',0.00),('24360501','Servicios en General (6%)','D','C','S','N','','','S','S','N',0.00),('24360502','Servicios en General (4%)','D','C','S','N','','','S','S','N',0.00),('24360505','Servicios Transporte de Carga','D','C','S','N','','','S','S','N',0.00),('243608','Compras','T','C','','','','','','S','N',0.00),('24360801','Compras En General','D','C','S','N','','','S','S','N',0.00),('24360802','Compras en General no declarantes','D','C','S','N','','','S','S','N',0.00),('243625','Impuesto a la ventas retenido','T','C','','','','','','S','N',0.00),('24362605','Contratos de construccion','D','C','S','N','','','S','S','N',0.00),('243626','Contratos de construccion','T','C','','','','','','S','N',0.00),('243627','Retencion de impuesto industria y comercio','T','C','','','','','','S','N',0.00),('24362701','Rete ICA Compras 1.5%','D','C','S','N','','','S','S','N',0.00),('24362702','Rete ICA 4.5*100','D','C','S','N','','','S','S','N',0.00),('24362703','Rete ICA 5*100','D','C','S','N','','','S','S','N',0.00),('243690','Otras Retenciones','T','C','','','','','','S','N',0.00),('24369001','Otras Retenciones','D','C','S','N','','','S','S','N',0.00),('2440','IMPUESTOS, CONTRIBUCIONES Y TASAS','T','C','','','','','','S','N',0.00),('244011','Licencias,Registro y Salvoconducto','T','C','','','','','','S','N',0.00),('24401101','Licencias,Registro y Salvoconducto','D','C','S','N','','','S','S','N',0.00),('244023','Contribuciones','T','C','','','','','','S','N',0.00),('24402301','Contribuciones a la Superservicios','D','C','S','N','','','S','S','N',0.00),('24402303','Comision de regulacion','D','C','S','N','','','S','S','N',0.00),('244024','Tasas','T','C','','','','','','S','N',0.00),('24402401','Tasa Retributiv por vertimiento','D','C','S','N','','','S','S','N',0.00),('25','BENEFICIOS A LOS EMPLEADOS','T','C','','','','','','S','N',0.00),('251101','Nomina por Pagar','T','C','','','','','','S','N',0.00),('25110101','Nomina Por Pagar','D','C','S','N','','','S','S','N',0.00),('251102','Cesantias','T','C','','','','','','S','N',0.00),('25110201','Cesantias','D','C','S','N','','','S','S','N',0.00),('251103','Intereses Sobre Cesantias','T','C','','','','','','S','N',0.00),('25110301','Intereses sobre cesantias','D','C','S','N','','','S','S','N',0.00),('251105','Prima de Vacaciones','T','C','','','','','','S','N',0.00),('25110501','Prima de Vacaciones','D','C','S','N','','','S','S','N',0.00),('251106','Prima de Servicios','T','C','','','','','','S','N',0.00),('25110601','Prima de Servicios','D','C','S','N','','','S','S','N',0.00),('251107','Prima de Navidad','T','C','','','','','','S','N',0.00),('25110701','Prima de Navidad','D','C','S','N','','','S','S','N',0.00),('2514','Beneficios post Empleo','T','C','','','','','','S','N',0.00),('251401','Pensiones de jubilaciones patronales','T','C','','','','','','S','N',0.00),('2513','BENEFICIOS POR TERMINACI?N DEL V?NCULO LABORAL O C','T','C','','','','','','S','N',0.00),('251301','Indemnizaciones','T','C','','','','','','S','N',0.00),('25130101','Indemnizaciones','D','C','S','N','','','S','S','N',0.00),('2407','RECURSOS A FAVOR DE TERCEROS','T','C','','','','','','S','N',0.00),('240722','Estampillas','T','C','','','','','','S','N',0.00),('24072201','Estampillas','T','C','','','','','','S','N',0.00),('2407220103','Estampilla Proanciano','D','C','S','N','','','S','S','N',0.00),('2407220105','Estampilla Procultura','D','C','S','N','','','S','S','N',0.00),('240790','Otros recursos a favor de terceros','T','C','','','','','','S','N',0.00),('24079001','Otros Recaudos a Favor de Terceros','D','C','S','N','','','S','S','N',0.00),('3','PATRIMONIO','T','C','','','','','','S','S',0.00),('32','PATRIMONIO DE LAS EMPRESAS','T','C','','','','','','S','S',0.00),('3203','APORTES SOCIALES','T','C','','','','','','S','S',0.00),('320301','Cuotas o partes de interes social','T','C','','','','','','S','S',0.00),('32030101','Cuotas o partes de interes social','D','C','N','','','','S','S','S',0.00),('3208','CAPITAL FISCAL','T','C','','','','','','S','S',0.00),('320801','Capital fiscal','T','C','','','','','','S','S',0.00),('32080101','Capital fiscal','D','C','N','','','','S','S','S',0.00),('3230','RESULTADO DEL EJERCICIO','T','C','','','','','','S','S',0.00),('323001','Resultado del Ejercicio','T','C','','','','','','S','S',0.00),('32300101','Resultado del Ejercicio','D','C','N','','','','S','S','S',0.00),('4','INGRESOS?','T','C','','','','','','S','N',0.00),('43','VENTA DE SERVICIOS','T','C','','','','','','S','N',0.00),('4321','SERVICIO DE ACUEDUCTO','T','C','','','','','','S','N',0.00),('432108','Abastecimiento','T','C','','','','','','S','N',0.00),('43210801','Abastecimiento Servicio Acueducto','D','C','S','N','','','S','S','N',0.00),('432110','Comercializacion','T','C','','','','','','S','N',0.00),('43211001','Comercializacion','D','C','S','N','','','S','S','N',0.00),('4322','SERVICIO DE ALCANTARILLADO','T','C','','','','','','S','N',0.00),('432210','Comercializacion','T','C','','','','','','S','N',0.00),('43221001','Comercializacion Cargo Fijo Alcantarillado','D','C','S','N','','','S','S','N',0.00),('4323','SERVICIO DE ASEO','T','C','','','','','','S','N',0.00),('432309','Barrido y limpieza','T','C','','','','','','S','N',0.00),('43230901','Barrido y limpieza','D','C','S','N','','','S','S','N',0.00),('432310','Transferencia','T','C','','','','','','S','N',0.00),('432317','Servicios de Aseo Comercialización','T','C','','','','','S','S','N',0.00),('432313','Disposicion final','T','C','','','','','','S','N',0.00),('43231301','Disposicion final','D','C','S','N','','','S','S','N',0.00),('44','TRANSFERENCIAS Y SUBVENCIONES','T','C','','','','','','S','N',0.00),('4430','SUBVENCIONES','T','C','','','','','','S','N',0.00),('443090','OTRAS SUBVENCIONES','T','C','','','','','','S','N',0.00),('44309001','Municipal','D','C','S','N','','','S','S','N',0.00),('44309041','Subsidio Acueducto','D','C','S','N','','','S','S','N',0.00),('44309051','Subsidio Alcantarillado','D','C','S','N','','','S','S','N',0.00),('44309061','Subsidio Aseo','D','C','S','N','','','S','S','N',0.00),('48','OTROS INGRESOS','T','C','','','','','','S','N',0.00),('4802','FINANCIEROS','T','C','','','','','','S','N',0.00),('480290','Otros ingresos financieros','T','C','','','','','','S','N',0.00),('48029001','Otros ingresos financieros','D','C','S','N','','','S','S','N',0.00),('4808','INGRESOS DIVERSOS','T','C','','','','','','S','N',0.00),('480890','Otros ingresos diversos','T','C','','','','','','S','N',0.00),('48089005','Otros ingresos diversos (ajuste al peso)','D','C','S','N','','','S','S','N',0.00),('5','GASTOS','T','D','','','','','','S','N',0.00),('51','DE ADMINISTRACI?N y OPERACI?N','T','D','','','','','','S','N',0.00),('5101','SUELDOS Y SALARIOS','T','D','','','','','','S','N',0.00),('510101','SUELDOS DEL PERSONAL','T','D','','','','','','S','N',0.00),('51010101','Sueldo Personal','D','D','S','N','','','S','S','N',0.00),('5108','GASTOS DE PERSONAL DIVERSOS','T','D','','','','','','S','N',0.00),('510801','REMUNERACION SERVICIOS TECNICOS?','T','D','','','','','','S','N',0.00),('51080101','Remuneracion Servicios Tecnicos?','D','D','S','N','','','S','S','N',0.00),('5107','PRESTACIONES SOCIALES','T','D','','','','','','S','N',0.00),('510704','Prima de Vacaciones','T','D','','','','','','S','N',0.00),('51070401','Prima de Vacaciones','D','D','S','N','','','S','S','N',0.00),('510705','Prima de Navidad','T','D','','','','','','S','N',0.00),('51070501','Prima de Navidad','D','D','S','N','','','S','S','N',0.00),('510123','Auxilio de transporte','T','D','','','','','','S','N',0.00),('51012301','Auxilio de transporte','D','D','S','N','','','S','S','N',0.00),('510702','Cesantias','T','D','','','','','','S','N',0.00),('51070201','Cesantias','D','D','S','N','','','S','S','N',0.00),('510703','Intereses a las cesantias','T','D','','','','','','S','N',0.00),('51070301','Intereses a las cesantias','D','D','S','N','','','S','S','N',0.00),('510803','Capacitacion,Bienestar Social y estimulos','T','D','','','','','','S','N',0.00),('51080301','Capacitacion','D','D','S','N','','','S','S','N',0.00),('51080302','Bienestar Social','D','D','S','N','','','S','S','N',0.00),('510804','Dotacion y suministro a trabajadores','T','D','','','','','','S','N',0.00),('51080401','Dotacion y suministro a trabajadores','D','D','S','N','','','S','S','N',0.00),('510810','Viaticos','T','D','','','','','','S','N',0.00),('51081001','Viaticos','D','D','S','N','','','S','S','N',0.00),('510807','Gastos de viaje','T','D','','','','','','S','N',0.00),('51080701','Gastos de viaje','D','D','S','N','','','S','S','N',0.00),('510706','Prima de Servicios','T','D','','','','','','S','N',0.00),('51070601','Prima de Servicios','D','D','S','N','','','S','S','N',0.00),('510160','Subsidio de alimentacion','T','D','','','','','','S','N',0.00),('51016001','Subsidio de Alimentacion','D','D','S','N','','','S','S','N',0.00),('510890','Otros gastos de personal diversos','T','D','','','','','','S','N',0.00),('51089001','mesadas Pensionales','D','D','S','N','','','S','S','N',0.00),('51089003','Otros beneficios de convencion','D','D','S','N','','','S','S','N',0.00),('5102','CONTRIBUCIONES IMPUTADAS','T','D','','','','','','S','N',0.00),('510203','Indemnizaciones','T','D','','','','','','S','N',0.00),('51020301','indemnizaciones','D','D','S','N','','','S','S','N',0.00),('5103','CONTRIBUCIONES EFECTIVAS','T','D','','','','','','S','N',0.00),('510302','Aportes a Cajas de Compensacion Familiar','T','D','','','','','','S','N',0.00),('51030201','Cajas de Compensacion Familiar','D','D','S','N','','','S','S','N',0.00),('510303','Cotizaciones a Seguridad Social en Salud','T','D','','','','','','S','N',0.00),('51030301','Cotizaciones a Seguridad Social en Salud','D','D','S','N','','','S','S','N',0.00),('510305','Cotizaciones a Riesgos Profesionales','T','D','','','','','','S','N',0.00),('51030501','Aporte Riesgos Profesionales','D','D','S','N','','','S','S','N',0.00),('510306','Cotizaciones a entidades administradoras del regim','T','D','','','','','','S','N',0.00),('51030601','Cotizaciones a entidades administradoras del regim','D','D','S','N','','','S','S','N',0.00),('510307','Cotizaciones a entidades administradoras del regim','T','D','','','','','','S','N',0.00),('51030701','Cotizaciones a entidades administradoras del regim','D','D','S','N','','','S','S','N',0.00),('5104','APORTES SOBRE LA N?MINA','T','D','','','','','','S','N',0.00),('510401','Aportes Al ICBF','T','D','','','','','','S','N',0.00),('51040101','Aportes Al ICBF','D','D','S','N','','','S','S','N',0.00),('510402','Aportes Al SENA','T','D','','','','','','S','N',0.00),('51040201','Aportes Al SENA','D','D','S','N','','','S','S','N',0.00),('5111','GENERALES','T','D','','','','','','S','N',0.00),('511178','Comisiones','T','D','','','','','','S','N',0.00),('51117801','Comisiones','D','D','S','N','','','S','S','N',0.00),('511179','Honorarios','T','D','','','','','','S','N',0.00),('51117901','Honorarios','D','D','S','N','','','S','S','N',0.00),('511180','Servicios','T','D','','','','','','S','N',0.00),('51118001','Servicios','D','D','S','N','','','S','S','N',0.00),('511114','Materiales Y Suministros','T','D','','','','','','S','N',0.00),('51111401','Materiales y Suministros','D','D','S','N','','','S','S','N',0.00),('51111402','Utiles y Papeleria','D','D','S','N','','','S','S','N',0.00),('51111403','Utiles de Aseo','D','D','S','N','','','S','S','N',0.00),('511115','Mantenimiento','T','D','','','','','','S','N',0.00),('51111501','Mantenimiento','D','D','S','N','','','S','S','N',0.00),('511116','Reparaciones','T','D','','','','','','S','N',0.00),('51111601','Reparaciones','D','D','S','N','','','S','S','N',0.00),('511117','Servicios Publicos','T','D','','','','','','S','N',0.00),('51111701','Serv. Telecomunicaciones','D','D','S','N','','','S','S','N',0.00),('51111702','Serv. de energia','D','D','S','N','','','S','S','N',0.00),('511119','Viaticos Y Gastos de Viaje','T','D','','','','','','S','N',0.00),('51111901','Viaticos y gastos de viaje','D','D','S','N','','','S','S','N',0.00),('511120','Publicidad Y Propaganda','T','D','','','','','','S','N',0.00),('51112001','Publicidad y propaganda','D','D','S','N','','','S','S','N',0.00),('511121','Impresos, publicaciones, suscripciones y afiliacio','T','D','','','','','','S','N',0.00),('51112101','Impresos, publicaciones, suscripciones y afiliacio','D','D','S','N','','','S','S','N',0.00),('511122','Fotocopias','T','D','','','','','','S','N',0.00),('51112201','Fotocopias','D','D','S','N','','','S','S','N',0.00),('511123','Comunicaciones Y Transporte','T','D','','','','','','S','N',0.00),('51112301','Comunicaiones y Transporte','D','D','S','N','','','S','S','N',0.00),('511125','Seguros generales','T','D','','','','','','S','N',0.00),('51112502','Seguros generales','D','D','S','N','','','S','S','N',0.00),('511146','Combustibles Y Lubricantes','T','D','','','','','','S','N',0.00),('51114601','Combustibles y Lubricantes','D','D','S','N','','','S','S','N',0.00),('511149','Serviciod de Aseo, Cafeteria,Restaurante y Lavande','T','D','','','','','','S','N',0.00),('51114901','Servicio Restaurante y Cafeteria','D','D','S','N','','','S','S','N',0.00),('511155','Elementos de Aseo, Lavanderia Y Cafeteria','T','D','','','','','','S','N',0.00),('51115501','Elementos de aseo, lavanderia y cafeteria','D','D','S','N','','','S','S','N',0.00),('5120','IMPUESTOS, CONTRIBUCIONES Y TASAS','T','D','','','','','','S','N',0.00),('512026','Contribuciones','T','D','','','','','','S','N',0.00),('51202601','Contribucion A La CRA','D','D','S','N','','','S','S','N',0.00),('5347','DETERIORO DE CUENTAS POR COBRAR','T','D','S','','','','S','S','N',0.00),('58','OTROS GASTOS','T','D','','','','','','S','N',0.00),('5802','COMISIONES','T','D','','','','','','S','N',0.00),('580240','Comisiones servicios financieros','T','D','','','','','','S','N',0.00),('58024001','Comisiones servicios financieros','D','D','S','N','','','S','S','N',0.00),('580290','Otras Comisiones','T','D','','','','','','S','N',0.00),('58029001','Otras Comisiones','D','D','S','N','','','S','S','N',0.00),('5804','FINANCIEROS','T','D','','','','','','S','N',0.00),('580490','Otros Gastos Financieros','T','D','','','','','','S','N',0.00),('58049001','Otros gastos financieros','D','D','S','N','','','S','S','N',0.00),('5890','GASTOS DIVERSOS','T','D','','','','','','S','N',0.00),('589090','Otros gastos diversos','T','D','','','','','','S','N',0.00),('58909001','Otros gastos diversos- extraordinarios','D','D','S','N','','','S','S','N',0.00),('58909005','Otros gastos diversos- ajuste al peso','D','D','S','N','','','S','S','N',0.00),('5897','COSTOS Y GASTOS POR DISTRIBUIR','T','D','','','','','','S','N',0.00),('589723','Servicios','T','D','','','','','','S','N',0.00),('58972303','Servicio De Alcantarillado','T','D','','','','','','S','N',0.00),('5897230315','Impuestos, Contribuciones Y Tasas','D','D','S','N','','','S','S','N',0.00),('59','CIERRE DE INGRESOS, GASTOS Y COSTOS','T','D','','','','','','S','N',0.00),('5905','CIERRE DE INGRESOS, GASTOS Y COSTOS','T','D','','','','','','S','N',0.00),('590501','Cierre de ingresos, gastos y costos','T','D','','','','','','S','N',0.00),('6','COSTO DE VENTAS','T','D','','','','','','S','N',0.00),('63','COSTO DE VENTAS DE SERVICIOS','T','D','','','','','','S','N',0.00),('6360','SERVICIOS PUBLICOS','T','D','','','','','','S','N',0.00),('636002','Servicio Acueducto','T','D','','','','','','S','N',0.00),('63600201','Act. De Captacion','D','D','S','N','','','S','S','N',0.00),('63600202','Act. De Tratamiento','D','D','S','N','','','S','S','N',0.00),('63600203','Act. De Distribucion','D','D','S','N','','','S','S','N',0.00),('63600204','Act. De comercializacon','D','D','S','N','','','S','S','N',0.00),('636003','Servicio alcantarillado','T','D','','','','','','S','N',0.00),('63600301','Act. De Recoleccion De Aguas Residuales','D','D','S','N','','','S','S','N',0.00),('63600302','Act. De Mantenimiento y Limpieza Alcantari','D','D','S','N','','','S','S','N',0.00),('636004','Servicio De Aseo','T','D','','','','','','S','N',0.00),('63600401','Act. Recoleccion Manual o Mecanica','D','D','S','N','','','S','S','N',0.00),('63600402','Barrido y Limpieza Manual o Mecanica','D','D','S','N','','','S','S','N',0.00),('63600403','Disposicion Final De Aseo','D','D','S','N','','','S','S','N',0.00),('2401','ADQUISICIÓN DE BIENES Y SERVICIOS NACIONALES','D','C','','','','','S','S','N',0.00),('240101','Bienes y Servicios','T','C','S','N','','','','S','N',0.00),('24010101','Proveedores de Bienes Sevilla','D','C','S','','','','S','S','N',0.00),('24362501','RETEIVA','D','C','S','','','','S','S','N',0.00),('25140101','Pensiones de jubilaciones patronales','D','C','S','A','S','','S','S','N',0.00),('75','SERVICIOS PUBLICOS','T','D','N','N','','','S','S','N',0.00),('7502','SERVICIO DE ACUEDUCTO','T','D','S','','N','','S','S','N',0.00),('750203','Sueldo y Salarios','T','D','N','','N','','S','S','N',0.00),('75020301','Sueldo Acueducto','D','D','S','A','N','A','S','S','N',0.00),('75020302','Jornales','D','D','S','A','N','N','S','S','N',0.00),('75020303','Horas Extras y Festivos','D','D','S','A','N','N','S','S','N',0.00),('75020323','Auxilio de Transporte Acueducto','D','D','S','A','N','N','S','S','N',0.00),('75020319','Bonificacion Acueducto','D','D','S','A','N','N','S','S','N',0.00),('750204','CONTRIBUCIONES IMPUTADAS','T','D','S','A','N','A','S','S','N',0.00),('75020401','Incapacidad Acueducto','D','D','S','A','N','N','S','S','N',0.00),('750205','CONTRIBUCIONES EFECTIVAS','T','D','S','A','N','A','S','S','N',0.00),('75020502','Caja de Compensacion Familiar','D','D','S','A','N','N','S','S','N',0.00),('75020503','Cotizacion Seguridad Social Acueducto','D','D','S','A','N','N','S','S','N',0.00),('75020505','Riesgos Laborales Acueducto','D','D','S','A','N','N','S','S','N',0.00),('750206','APORTES SOBRE LA NOMINA','T','D','S','A','N','','S','S','N',0.00),('75020601','Aporte al ICBF Acueducto','D','D','S','A','N','A','S','S','N',0.00),('75020602','Aporte al SENA ACUEDUCTO','D','D','S','A','N','N','S','S','N',0.00),('75020320','Cesantias Acueducto','D','D','S','A','N','N','S','S','N',0.00),('75020321','Intereses a las Cesantias Acueducto','D','D','S','A','N','N','S','S','N',0.00),('75020322','Prima de Servicios Acueducto','D','D','S','A','N','N','S','S','N',0.00),('75020324','Vacaciones Acueducto','D','D','S','A','N','N','S','S','N',0.00),('7503','SERVICIOS DE ALCANTARILLADO','T','D','S','A','N','N','S','S','N',0.00),('750303','Sueldo y Salarios','T','D','S','A','N','N','S','S','N',0.00),('75030301','Sueldo Alcantarillado','D','D','S','A','N','N','S','S','N',0.00),('75030302','Jornales Alcantarillado','D','D','S','A','N','N','S','S','N',0.00),('75030303','Horas Extras y Festivos Alcantarillado','D','D','S','A','N','N','S','S','N',0.00),('75030319','Bonificacion Alcantarillado','D','D','S','A','N','N','S','S','N',0.00),('75030320','Cesantias Alcantarillado','D','D','S','A','N','N','S','S','N',0.00),('75030321','Intereses a las Cesantias Alcantarillado','D','D','S','A','N','N','S','S','N',0.00),('75030322','Prima de Servicios Alcantarillado','D','D','S','A','N','N','S','S','N',0.00),('75030323','Auxilio de Transporte Alcantarillado','D','D','S','A','N','N','S','S','N',0.00),('75030324','Vacaciones Alcantarillado','D','D','S','A','N','N','S','S','N',0.00),('750304','CONTRIBUCIONES IMPUTADAS','T','D','S','A','N','N','S','S','N',0.00),('75030401','Incapacidad Alcantarillado','D','D','S','A','N','N','S','S','N',0.00),('750305','CONTRIBUCIONES EFECTIVAS','T','D','S','A','N','N','S','S','N',0.00),('75030502','Caja de Compensacion Familiar','D','D','S','A','N','N','S','S','N',0.00),('75030503','Cotizacion Seguridad Social Alcantarillado','D','D','S','A','N','N','S','S','N',0.00),('75030505','Riesgos Laborales Alcantarillado','D','D','S','A','N','N','S','S','N',0.00),('750306','APORTES SOBRE LA NOMINA','T','D','S','A','N','N','S','S','N',0.00),('75030601','Aporte al ICBF Alcantarillado','D','D','S','A','N','N','S','S','N',0.00),('75030602','Aporte al SENA Alcantarillado','D','D','S','A','N','A','S','S','N',0.00),('7504','SERVICIOS DE ASEO','T','D','S','A','N','N','S','S','N',0.00),('750403','Sueldo Aseo','T','D','S','A','N','N','S','S','N',0.00),('75040301','Sueldo Aseo','D','D','S','A','N','N','S','S','N',0.00),('75040302','Jornales Aseo','D','D','S','A','N','N','S','S','N',0.00),('75040303','Horas Extras y Festivos ASEO','D','D','S','A','N','N','S','S','N',0.00),('75040319','Bonificacion Aseo','D','D','S','A','N','N','S','S','N',0.00),('75040320','Cesantias Aseo','D','D','S','A','N','N','S','S','N',0.00),('75040321','Intereses a las Cesantias Aseo','D','D','S','A','N','N','S','S','N',0.00),('75040322','Prima de Servicios Aseo','D','D','S','A','N','N','S','S','N',0.00),('75040323','Auxilio de Transporte Aseo','D','D','S','A','N','N','S','S','N',0.00),('75040324','Vacaciones Aseo','D','D','S','A','N','N','S','S','N',0.00),('750404','CONTRIBUCIONES IMPUTADAS','T','D','S','A','N','N','S','S','N',0.00),('74040401','Incapacidad Aseo','D','D','S','A','N','N','S','S','N',0.00),('750405','CONTRIBUCIONES EFECTIVAS','T','D','S','A','N','N','S','S','N',0.00),('75040502','Caja de Compensacion Familiar Aseo','D','D','S','A','N','N','S','S','N',0.00),('75040503','Cotizacion Seguridad Social Aseo','D','D','S','A','N','N','S','S','N',0.00),('75040505','Riesgos Laborales Aseo','D','D','S','A','N','N','S','S','N',0.00),('750406','APORTES SOBRE LA NOMINA','T','D','S','A','N','N','S','S','N',0.00),('75040601','Aporte al ICBF Aseo','D','D','S','A','N','N','S','S','N',0.00),('75040602','Aporte al SENA Aseo','D','D','S','A','N','N','S','S','N',0.00),('75030504','Cotizacion Fondo de Pension','D','D','S','A','N','N','S','S','N',0.00),('75020504','Cotizacion Fondo de Pension Acueducto','D','D','S','A','N','N','S','S','N',0.00),('75040504','Cotizacion Fondo de Pension Aseo','D','D','S','A','N','N','S','S','N',0.00),('13180203','Servicio de acueducto Otros','D','D','S','N','N','N','S','S','N',0.00),('13180202','Servicio de acueducto Consumo Acueducto','D','D','S','A','','','S','S','N',0.00),('13180204','Derechos de Conexion','D','D','S','A','','','S','S','N',0.00),('13180205','Analisis Fisicoquimicos','D','D','S','A','','','S','S','N',0.00),('131808','Subsidios Servicios de Acueducto','T','D','','','','','','S','N',0.00),('13180801','Subsidios Servicios de Acueducto Cargo Fijo','D','D','S','N','','','S','S','N',0.00),('13180802','Subsidios Servicios de Acueducto Consumo','D','D','S','N','','','S','S','N',0.00),('131809','Subsidios Servicios de Alcantarillado','T','D','','','','','','S','N',0.00),('13180901','Subsidios Servicios de Alcantarillado Cargo Fijo','D','D','S','N','','','S','S','N',0.00),('13180902','Subsidios Servicios de Alcantarillado Consumo','D','D','S','N','','','S','S','N',0.00),('131810','Subsidios Servicios de Aseo','T','D','','','','','','S','N',0.00),('13181001','Subsidios Servicios de Aseo','D','D','S','N','','','S','S','N',0.00),('13180302','Servicio de alcantarillado Vertimiento','D','D','S','N','','','S','S','N',0.00),('13180303','Servicio Alcantarillado Otros','D','D','S','N','','','S','S','N',0.00),('13180304','Derechos de Conexion','D','D','S','N','','','S','S','N',0.00),('13080402','Servicios Aseo Otros','D','D','S','N','','','S','S','N',0.00),('13180402','Servicios de Aseo Otros','D','D','S','N','','','S','S','N',0.00),('13180403','Servicio de Aseo Disposición Final Otros Municipio','D','D','S','N','','','S','S','N',0.00),('432109','Distribucion Servicios de Acueducto','T','C','','','','','S','S','N',0.00),('43210901','Servicios de Acueducto Consumo','D','C','S','N','','','S','S','N',0.00),('43211002','Servicio de Acueducto Otros','D','C','S','N','','','S','S','N',0.00),('43211003','Derechos de Conexion','D','C','S','N','','','S','S','N',0.00),('43211004','Analisis Fisicoquimicos','D','C','S','N','','','S','S','N',0.00),('443005','Subvenciones Por Recursos Transferidos X El Gobier','T','C','','','','','S','S','N',0.00),('44300501','Subsidio Acueducto','D','C','S','N','','','S','S','N',0.00),('44300502','Subsidio Alcantarillado','D','C','S','N','','','S','S','N',0.00),('44300503','Subsidios Servicios de Aseo','D','C','S','N','','','S','S','N',0.00),('4395','DEVOLUCIONES REBAJAS Y DESCUENTOS','T','D','','','','','S','S','N',0.00),('439514','DEVOLUCIONES REBAJAS Y DESCUENTOS','T','D','','','','','S','S','N',0.00),('43951401','Devoluciones Servicio de Acueducto','D','D','S','N','','','S','S','N',0.00),('439515','DEVOLUCIONES REBAJAS Y DESCUENTOS','T','D','','','','','S','S','N',0.00),('43951501','Devoluciones Servicio de Alcantarillado','D','D','S','N','','','S','S','N',0.00),('439516','DEVOLUCIONES REBAJAS Y DESCUENTOS','T','D','','','','','S','S','N',0.00),('43951601','Devoluciones y Descuentos  Servicios de Aseo','D','C','S','N','','','S','S','N',0.00),('432208','RECOLECCION Y TRANSPORTE','T','C','','','','','S','S','N',0.00),('43220801','Servicio de Alcantarillado Vertimiento','D','C','S','N','','','S','S','N',0.00),('43221002','Servicios de Alcantarillado Otros','D','C','S','N','','','S','S','N',0.00),('43221003','Derechos de Conexion  Alcantarillado','D','C','S','N','','','S','S','N',0.00),('43231701','Servicio De Aseo Comercializacion','D','C','S','N','','','S','S','N',0.00),('43231702','Servicios de Aseo Otros','D','C','S','N','','N','S','S','N',0.00),('43231703','Disposición Final Otros','D','C','S','N','','','S','S','N',0.00),('29','OTROS PASIVOS','T','C','','','','','S','S','N',0.00),('2910','INGRESOS RECIBIDOS POR ANTICIPADO','T','C','','','','','S','S','N',0.00),('291018','Contribucion Servicio de Acueducto','T','C','S','N','','','S','S','N',0.00),('29101801','Contribucion Servicio de Acueducto','D','C','S','N','N','','S','S','N',0.00),('291019','Contribucion Servicio de Alcantarillado','T','C','','','','','S','S','N',0.00),('29101901','Contribucion Servicio de Alcantarillado','D','C','S','N','','','S','S','N',0.00),('291020','Contribucion Servicio de Aseo','T','C','','','','','S','S','N',0.00),('29102001','Contribucion Servicio de Aseo','D','C','S','N','','','S','S','N',0.00),('3204','CAPITAL SUSCRITO Y PAGADO','T','C','N','','','','S','S','N',0.00),('750201','Materiales','T','D','N','','N','','S','S','N',0.00),('75020101','Materiales de Ferreteria','D','D','S','A','N','A','S','S','N',0.00),('750301','Materiales','T','D','N','','N','','S','S','N',0.00),('750401','Materiales','T','D','N','A','N','A','S','S','N',0.00),('75040101','Materiales Ferreteria','D','D','S','A','N','A','S','S','N',0.00),('75030101','Materiales Ferreteria','D','D','S','A','N','A','S','S','N',0.00),('750202','Generales','T','D','S','A','','A','S','S','N',0.00),('75020201','Servicio de Energia Embalse y Planta de Tratamient','D','D','S','A','','A','S','S','N',0.00),('750402','Generales','T','D','S','A','','N','S','S','N',0.00),('75040201','Obras y Mejoras en Propiedad Ajena','D','D','S','A','','N','S','S','N',0.00),('24360302','Honorarios Personas Juridicas','D','C','S','A','','','S','S','N',0.00),('510206','Pensiones de jubilaciones patronales','T','D','S','','','','S','S','N',0.00),('51020601','Pensiones de jubilaciones patronales','D','D','S','A','','','S','S','N',0.00),('75020327','Auxilio de Alimentación Acueducto','D','D','S','','S','','S','S','N',0.00),('75030327','Auxilio de Alimentación Alcantarillado','D','D','S','','S','','S','S','N',0.00),('75040327','Auxilio de Alimentación Aseo','D','D','S','','S','','S','S','N',0.00),('510119','Bonificaciones','T','D','S','','','','S','S','N',0.00),('51011901','Bonificacion por servicios','D','D','S','','S','','S','S','N',0.00),('251109','Bonificaciones','T','C','','','','','','S','N',0.00),('25110901','Bonificacion por Servicios Profesionales','D','C','S','','S','','S','S','N',0.00),('510707','Prima de Antiguedad','T','D','','','','','','S','N',0.00),('51070701','Prima de Antiguedad','D','D','S','','S','','S','S','N',0.00),('251108','Prima de Antiguedad','T','C','','','','','','S','N',0.00),('25110801','Prima de Antiguedad','D','C','S','','S','','S','S','N',0.00),('75020325','Prima de Antiguedad Acueducto','D','D','S','','S','','S','S','N',0.00),('75030325','Prima de Antiguedad Alcantarillado','D','D','S','','S','','S','S','N',0.00),('75040325','Prima de Antiguedad Aseo','D','D','S','','S','','S','S','N',0.00),('75020326','Prima de Navidad Acueducto','D','D','S','','S','','S','S','N',0.00),('75030326','Prima de Navidad Alcantarillado','D','D','S','','S','','S','S','N',0.00),('75040326','Prima de Navidad Aseo','D','D','S','','S','','S','S','N',0.00),('242404','Sindicatos','T','C','','','','','','S','N',0.00),('24240401','Cuota Sindical','D','C','S','','S','','S','S','N',0.00),('251124','Caja de Compensación','T','C','','','','','','S','N',0.00),('25112401','Caja de Compensación','D','C','S','','S','','S','S','N',0.00),('242490','Otros Descuentos de Nomina','T','C','','','','','','S','N',0.00),('24249001','Prestamos','D','C','S','','S','','S','S','N',0.00),('24249002','Seguros Funerarios','D','C','S','','S','','S','S','N',0.00),('251122','Aporte a  Pension','T','C','','','','','','S','N',0.00),('25112201','Aporte a  Pension','D','C','S','','S','','S','S','N',0.00),('251123','Aporte a  Salud','T','C','','','','','','S','N',0.00),('25112301','Aporte a  Salud','D','C','S','','S','','S','S','N',0.00),('24360803','Compra de Combustible','D','C','S','N','N','N','S','S','N',0.00),('24905002','Sena','D','C','S','','','','S','S','N',0.00),('291090','Otros Ingresos Recibidos por Anticipado','T','C','','','','','S','S','N',0.00),('29109001','Otros Ingresos Recibidos por Anticipado','D','C','','','','','S','S','N',0.00),('75020102','suministro de cloro','D','D','S','A','N','A','S','S','N',0.00),('24360503','Contratos de Obra','D','C','S','N','S','A','S','S','N',0.00),('2407220104','Estampilla Pro deporte','D','C','S','N','S','N','S','S','N',0.00),('7','COSTOS DE PRODUCCION','T','D','N','','N','','N','S','N',0.00),('1132','EFECTIVO DE USO RESTRINGUIDO','T','D','','','','','','S','N',0.00),('113210','Efectivo de Uso Restringuido','T','D','','','','','','S','N',0.00),('11321001','Efectivo de Uso Restringuido','T','D','','','','','','S','N',0.00),('1132100101','Efectivo de Uso Restringuido','D','D','S','N','','','S','S','N',0.00),('160501','Terrenos Urbanos','T','D','','','','','','S','S',0.00),('16050101','Terrenos Urbanos','D','D','S','','','','S','S','S',0.00),('165511','Herramientas y Accesorios','T','D','','','','','','S','S',0.00),('16551101','Herramientas y Accesorios','D','D','S','','','','S','S','S',0.00),('165521','Maquinaria y Equipo de Dragado','T','D','','','','','','S','S',0.00),('16552101','Maquinaria y Equipo de Dragado','D','D','S','','','','S','S','S',0.00),('16750201','Terrestre','D','D','S','','S','','S','S','S',0.00),('16750204','Volqueta OJY 419','D','D','S','','S','','S','S','S',0.00),('16750205','Retroexcavadora registro N° M C062017','D','D','S','','S','','S','S','S',0.00),('3281','GANANCIA O PERDIDA X CONVERSION EF','T','C','S','','','','S','S','N',0.00),('328101','Ganancia o Perdida x Conversion Estados Financiero','T','C','','','S','','S','S','N',0.00),('32810101','Ajuste NIIF','D','C','S','','','','S','S','N',0.00),('1221','Inversion de Administracion de Liquidez','T','D','','','','','','S','N',0.00),('122190','Otras Inversion de Administracion de Liquidez a va','T','D','','','','','','S','N',0.00),('12219001','Otras Inversion de Administracion de Liquidez a va','T','D','','','','','','S','N',0.00),('1221900101','Otras Inversion de Administracion de Liquidez a va','D','D','S','','S','','S','S','N',0.00),('1222','Inversion de Administracion de Liquidez a valor de','T','D','','','','','','S','N',0.00),('122206','Sociedades Publicas','T','D','','','','','','S','N',0.00),('12220601','Sociedades Publicas','T','D','','','','','','S','N',0.00),('1222060101','Sociedades Publicas','D','D','S','','S','','S','S','N',0.00),('24360305','Servicios de Licenciaciamiento uso de sofware','D','C','S','A','','','S','S','N',0.00),('25140102','Mesa pensional','D','C','S','','','','S','S','N',0.00),('24259001','Otros acreedores','D','C','S','A','S','N','S','S','N',0.00),('51202602','Contribucion a la SSPD','D','D','S','N','','','S','S','N',0.00),('24402302','Impuesto Predial','D','C','S','N','','','S','S','N',0.00),('24360504','Servicio Hoteles y restaurantes 3.5 (no decla)','D','C','S','','','','S','S','N',0.00),('53','DETERIORO, DEPRECIACIONES, AGOTAMIENTO, AMORTIZACI','T','D','N','','','','S','S','N',0.00),('5360','DEPRECIACION DE PROPIEDADES, PLANTA Y EQUIPO','T','D','','','','','S','S','N',0.00),('536001','Edificaciones','D','D','S','','','','S','S','N',0.00),('536002','Plantas, ductos y túneles','D','D','S','','','','S','S','N',0.00),('536003','Redes, líneas y cables','D','D','S','','','','S','S','N',0.00),('536004','Maquinaria y Equipo','T','D','S','','','','S','S','N',0.00),('536005','Equipo médico y científico','D','D','S','','','','S','S','N',0.00),('536006','Muebles, enseres y equipo de oficina','T','D','S','','','','S','S','N',0.00),('536007','Equipo de comunicación y computación','T','D','S','','','','S','S','N',0.00),('536008','Equipo de transporte, tracción y elevación','D','D','S','','','','S','S','N',0.00),('536009','Equipo de comedor, cocina, despensa y hotelería','D','D','S','','','','S','S','N',0.00),('1319','PRESTACION DE SERVICIOS DE SALUD','T','D','N','','','','S','S','N',0.00),('131902','Plan obligatorio Salud (POS) por EPS con facturaci','D','D','S','','','','S','S','N',0.00),('13190201','Nuevaeps','D','D','S','N','S','','S','S','N',0.00),('1384','OTRAS CUENTAS POR COBRAR','T','D','N','','','','S','S','N',0.00),('138426','Pago por cuenta de Terceros','D','D','S','','','','S','S','N',0.00),('13842601','Nueva EPS','D','D','S','','','','S','S','N',0.00),('16050207','la Aguada pescadero','D','D','S','','','','S','S','S',0.00),('16050208','los Tanques San Luis','D','D','S','','','','S','S','S',0.00),('75040202','Impuestos y Publicaciones','D','D','S','','','','S','S','N',0.00),('75020202','Elementos de papeleria, Facturas y archivo','D','D','S','','','N','S','S','N',0.00),('75030102','Elementos de papeleria, facturas y archivo','D','D','S','N','','','S','S','N',0.00),('75040203','Fotocopia y Utiles de Escritorio','D','D','S','N','','','S','S','N',0.00),('75040204','Promoción y Divulgación','D','D','S','','','','S','S','N',0.00),('24360303','Honorarios y comisiones personas naturales','D','C','S','A','','','S','S','N',0.00),('244003','Impuesto Predial Unificado','T','C','N','A','','','S','S','N',0.00),('24400301','Impuesto Predial Unificado','D','C','S','N','S','','S','S','N',0.00),('512001','Impuesto Predial Unificado','D','D','S','','','','S','S','N',0.00),('51200101','Impuesto Predial Unificado','D','D','S','N','S','','S','S','N',0.00),('13842602','Comparta','D','D','S','','','N','S','S','N',0.00),('51089002','Examenes Salud Ocupacional','D','D','S','N','S','','S','N','S',0.00),('51089004','Elementos de Bioseguridad empleados','D','D','S','N','S','A','S','S','S',0.00),('512010','Tasas','D','D','S','N','S','','S','S','S',0.00),('51201001','Tasa Retributiva','D','D','S','N','S','N','S','S','S',0.00),('32150301','Reserva Ocasional','D','C','S','','','','S','S','N',0.00),('3225','RESULTADO DE EJERCICIOS ANTERIORES','T','C','','','','','S','S','N',0.00),('322501','Utilidades o Excedentes Acumulados','T','C','','','','','S','S','N',0.00),('32250101','Utilidades o Excedentes Acumulados','D','C','S','','','','S','S','N',0.00),('3240','SUPERAVIT POR VALORIZACIONES','T','C','S','','','','S','N','S',0.00),('324005','Otros Activos','T','C','','N','','','S','S','N',0.00),('32400501','Valorización Catastro de Usuarios','D','C','S','','','','S','S','N',0.00),('480201','Intereses Sobre Deposito En Inst Financieras','T','C','','','','','S','S','N',0.00),('48020101','Intereses Sobre Deposito En Inst Financieras','D','C','S','','','','S','S','N',0.00),('48020102','Intereses Rendimiento Fiducia','D','C','S','N','','','S','S','N',0.00),('48089001','Otros Ingresos Extraordinarios','D','C','S','','','','S','S','N',0.00),('511164','Gastos Legales','T','D','S','','','','S','S','N',0.00),('51116401','Renovación Mercantil','D','D','S','','','','S','S','N',0.00),('51116402','Certificados','D','D','S','','','','S','S','N',0.00),('511190','Otros Gastos Generales','T','D','S','','','','S','S','N',0.00),('51119001','Otros Gastos Generales','D','D','S','','','','S','S','N',0.00),('51119002','Activos de Menor Cuantia Controlados','D','D','S','','','','S','S','N',0.00),('51119003','Gastos Por Covid','D','D','S','','','','S','S','N',0.00),('534706','Deterioro de Cuentas por Cobrar','T','D','S','','','','S','S','N',0.00),('53470601','Deterioro de Cuentas por Cobrar','D','D','S','N','','','S','S','N',0.00),('5821','IMPUESTO A LAS GANANCIAS CORRIENTES','T','D','S','','','','S','S','N',0.00),('582101','Impuesto Sobre la Renta y Complementarios','T','D','S','','','','S','S','N',0.00),('58210101','Impuesto Sobre la Renta y Complementarios','D','D','S','','','','S','S','N',0.00),('53600401','Depreciación Maquinaria y Equipo','D','D','S','','','','S','S','N',0.00),('53600601','Depreciación Muebles, enseres y equipo de oficina','D','D','S','','','','S','S','N',0.00),('53600701','Depreciación Equipo de Computación','D','D','S','','','','S','S','N',0.00),('589003','Impuestos Asumidos','T','D','S','','','','S','S','N',0.00),('58900301','Impuestos Asumidos','D','D','S','','','','S','S','N',0.00),('75040401','Incapacidad Aseo','D','D','S','','','','S','S','N',0.00),('75040506','Aporte a Seguridad Social','D','D','S','','','','S','S','N',0.00),('75040402','Costos Medicos','D','D','S','','','','S','S','N',0.00),('75040205','Transporte Fletes y Acarreos','D','D','S','','','','S','S','N',0.00),('75040290','Otros Costos Generales','D','D','S','','','','S','S','N',0.00),('7540','ORDENES Y CONTRATOS DE MANTENIMIENTO Y REPACION','T','D','','N','','','S','S','N',0.00),('754002','Mantenimiento Maquinaria y Equipo','T','D','','','','','S','S','N',0.00),('75400201','Mantenimiento Maquinaria y Equipo','D','D','','','','','S','S','S',0.00),('7542','Honorarios','T','D','','','','','S','S','N',0.00),('754208','Diseño y Estudio','T','D','','','','','S','S','N',0.00),('75420802','Catastro de Usuarios','D','D','S','','','','S','S','S',0.00),('75420801','Estudios','D','D','S','','','','S','S','S',0.00),('75420803','Manual de Contratacion','D','D','S','','','','S','S','S',0.00),('754290','Otros Honorarios','T','D','S','','','','S','S','S',0.00),('75429001','Auditoria Externa','D','D','S','','S','','S','S','S',0.00),('75429005','Honorarios Juridicos','D','D','S','','','','S','S','S',0.00),('7550','MATERIALES Y OTROS COSTOS DE OPERACION','T','D','S','','','N','S','S','S',0.00),('755004','Combustible  y Lubricantes','T','D','S','','','','S','S','N',0.00),('75500401','Combustible  y Lubricantes','D','D','S','','','','S','S','S',0.00),('755012','Elementos y Accesorios de Aseo','T','D','S','','','','S','S','S',0.00),('75501201','Elementos y Accesorios de Aseo','D','D','S','','','','S','S','S',0.00),('750408','IMPUESTOS','T','D','S','','','','S','S','S',0.00),('75040801','Estampilla Prohospital Universitario','D','D','S','','','','S','S','N',0.00),('75040802','Fondo Local del Deporte','D','D','S','','','','S','S','S',0.00),('75040803','Gravamen Movimientos Financieros','D','D','S','','','','S','S','N',0.00),('75040804','Impuesto Industria y Comercio','D','D','S','','','','S','S','N',0.00),('7570','ORDENES Y CONTRATOS POR OTROS SERVICIOS','T','D','S','','','','S','S','N',0.00),('757001','Ordenes y Contratos de Aseo','T','D','S','','','','S','S','N',0.00),('75700101','Contrato de Recoleccion Residuos','D','D','S','','','','S','S','S',0.00),('757090','Otros Contratos','T','D','S','','','N','S','S','S',0.00),('75709001','Disposición Final','D','D','S','','','N','S','S','N',0.00),('75709002','Comisión Por Recaudos','D','D','S','','','','S','S','S',0.00),('75709003','Contrato Mano de Obra y Limpieza','D','D','S','','','','S','S','S',0.00),('75709004','Arreglo Parque Sevilla','D','D','S','','','','S','S','S',0.00),('75709097','Iva 19%','D','D','S','','','','S','S','N',0.00),('75700197','Iva 19%','D','D','S','','','','S','S','N',0.00),('75429097','Iva19%','D','D','S','N','','','S','S','N',0.00),('51115597','Iva 19%','D','D','S','','S','','S','S','N',0.00),('51111897','Iva 19%','D','D','S','','','','S','S','N',0.00),('511118','Arrendamiento','T','D','S','N','N','','S','S','S',0.00),('51111801','Arrendamiento Bienes Inmuebles','D','D','S','N','N','','S','S','S',0.00),('580439','Intereses de Mora','T','D','S','N','N','','S','S','N',0.00),('58043901','Intereses de Mora','D','D','S','N','N','','S','S','N',0.00),('512009','Impuesto Industria y Comercio','T','D','N','N','','','S','S','N',0.00),('51200901','Impuesto Industria y Comercio','D','D','S','N','N','','S','S','N',0.00),('244004','Impuesto Industria y Comercio','T','C','S','N','N','','S','S','N',0.00),('24400401','Impuesto Industria y Comercio','D','C','S','N','N','','S','S','N',0.00),('589025','Multas y Sanciones','T','D','S','N','N','','S','S','N',0.00),('58902501','Multas y Sanciones','D','D','S','N','N','','S','S','N',0.00),('249045','Multas y Sanciones','T','C','S','N','N','','S','S','N',0.00),('24904501','Multas y Sanciones','D','C','S','N','N','','S','S','N',0.00),('243695','Autorrtenciones','T','C','S','N','N','','S','S','S',0.00),('24369501','Autorretenciones 1.6%','D','C','S','N','','','S','S','S',0.00),('243628','Retencion de impuesto industria y comercio','T','C','S','','','','S','S','S',0.00),('24362801','Rete ICA Honorarios 1.5','D','C','S','A','','','S','S','N',0.00),('24362802','Rete ICA Servicios 0.5%','D','C','S','','','A','S','S','S',0.00),('24362803','Rete ICA Contrato de Obra','D','C','S','','N','','S','S','S',0.00),('3108','CAPITAL SUSCRITO Y PAGADO','T','C','','','','','S','S','N',0.00),('310801','Capital Autorizado','T','C','','','','','S','S','N',0.00),('31080101','Capital Autorizado','D','C','S','','','','S','S','N',0.00),('310802','Capital Por Suscribir (DB)','T','D','','','','','S','S','N',0.00),('31080201','Capital Por Suscribir (DB)','D','D','S','','','','S','S','N',0.00),('3109','RESULTADO DE EJERCICIOS ANTERIORES','T','C','S','','','','S','S','N',0.00),('310901','Utilidades o Excedentes Acumulados','T','C','','','','','S','S','N',0.00),('31090101','Utilidades o Excedentes Acumulados','D','C','S','','','','S','S','N',0.00),('3110','RESULTADO DE EJERCICIOS','T','C','S','','','','S','S','N',0.00),('311001','Resultado del Ejercicio','T','C','S','','','','S','S','N',0.00),('31100101','Resultado del Ejercicio','D','C','S','N','N','','S','S','N',0.00),('3114','RESERVA','T','C','','','','','S','S','N',0.00),('311401','Reservas','T','C','S','','','','S','S','N',0.00),('31140101','Reserva de Ley','D','C','S','','','','S','S','N',0.00),('311403','Reservas Ocasionales','T','C','','','','','S','S','N',0.00),('31140301','Reservas Ocasionales','D','C','S','','','','S','S','N',0.00),('3145','IMPACTOS POR LA TRANSICIÓN AL NUEVO MARCO DE REGUL','T','C','S','','','','S','S','N',0.00),('314505','Resultado Apertura NIIF','T','C','S','','','','S','S','N',0.00),('31450501','Resultado Por Adopcion NIIF','D','C','S','','','','S','S','N',0.00),('31100102','Resultado ORI Por Impuesto Diferido','D','C','S','','','','S','S','N',0.00),('32300102','Resultado ORI Por Impuesto Diferido','D','C','S','','','','S','S','N',0.00),('1926','DERECHO EN FIDEICOMISO','T','D','N','','','','S','S','N',0.00),('192603','Fiducia Mercantil','T','D','S','N','','','S','S','N',0.00),('19260301','Fiducia Mercantil','D','D','S','','','','S','S','N',0.00),('1386','DETERIORO ACUMULADO DE CUENTAS POR COBRA','T','C','','','','','S','S','N',0.00),('138606','Deterioro de Cuentas por Cobrar','T','C','S','','','','S','S','N',0.00),('13860601','Deterioro de Cuentas por Cobrar Aseo','D','C','S','','','','S','S','N',0.00),('1329','ANTICIPO O SALDO A FAVOR POR IMPUESTO Y CONTRIBUCI','T','D','','','','','','S','N',0.00),('132901','Anticipo de Impuesto Sobre la Renta','T','D','S','','','','S','S','N',0.00),('13290101','Anticipo de Impuesto Sobre la Renta','D','D','S','','','','S','S','N',0.00),('132903','Saldos a Favor en Liquidaciones Privadas','T','D','S','','','','S','S','N',0.00),('13290301','Saldo a Favor en Renta','D','D','S','','','','S','S','N',0.00),('132910','Autorretención Renta','T','D','S','','','','S','S','N',0.00),('13291001','Autorretenciones 1.6%','D','D','S','','','','S','S','N',0.00),('1328','AVANCES Y ANTICIPOS ENTREGADOS','T','D','S','','','','S','S','N',0.00),('132890','Otros Anticipos y Avances','T','D','','','','','S','S','N',0.00),('13289001','Otros Avances y Anticpos','D','D','S','','','','S','S','N',0.00),('138490','Otras Cuentas Por Cobrar','T','D','S','','','N','S','S','N',0.00),('13849001','Otras cuentas Por Cobrar Embargos','D','D','S','','','','S','S','N',0.00),('1985','ACTIVOS POR IMPUESTO DIFERIDO','T','D','','','','','S','S','N',0.00),('198503','Impuesto Diferrido','T','D','S','','','','S','S','N',0.00),('19850301','Impuesto Diferido Cuentas por Cobrar','D','D','S','','','','S','S','S',0.00),('53600402','Herramientas y Accesorios','D','D','S','A','','','S','S','N',0.00),('53600702','Depreciación Equipo de Comunicación','D','D','S','N','N','','S','S','N',0.00),('51111703','Servicio de AAA','D','D','S','','N','','S','S','N',0.00),('24905102','Servicio de AAA','D','C','S','N','N','','S','S','N',0.00),('512024','Gravamen Movimientos Financieros','T','D','S','N','','A','S','S','N',0.00),('51202401','Gravamen Movimientos Financieros','D','D','S','','N','','S','S','N',0.00),('24240102','Aporte a Fondo de Solidaridad','D','C','S','','N','','S','S','N',0.00),('75429002','Asesoria Tecnica -Sistemas','D','D','S','N','','N','S','S','S',0.00),('754009','Reparaciones de Construcciones y Edificaciones','T','D','S','','','','S','S','S',0.00),('75400901','Reparaciones de Construcciones y Edificaciones','D','D','S','','N','','S','S','S',0.00),('5373','PROVISIONES DIVERSAS','T','D','N','','S','','S','S','S',0.00),('537390','Otras Provisiones Diversas','T','D','S','A','S','','S','S','N',0.00),('53739001','Provisión Impuesto Industria y Comercio','D','D','S','','','','S','S','N',0.00),('243602','Dividendos y Participaciones','T','C','S','N','','','S','S','N',0.00),('24360201','Dividendos y Participaciones','D','C','S','N','','','S','S','S',0.00),('510701','Vacaciones','T','D','S','','','','S','S','N',0.00),('51070101','Vacaciones','D','D','S','N','S','','S','S','N',0.00),('321503','Reserva Ocasional','T','C','S','N','','','N','S','S',0.00),('480826','Recuperaciones','T','C','S','N','','','S','S','N',0.00),('48082601','Recuperaciones Ejercicios Anteriores','D','C','S','N','','','S','S','N',0.00),('14','PRESTAMOS POR COBRAR','T','D','N','','','','','S','N',0.00),('1415','Prestamos Concebidos','T','D','N','','','','N','S','N',0.00),('141590','Otros Prestamos Concedidos','T','D','','','','','N','S','N',0.00),('14159001','Otros Prestamos Concedidos','D','D','S','','','','S','S','N',0.00),('5822','IMPUESTO A LAS GANANCIAS DIFERIDO','T','D','','','','','','S','N',0.00),('582203','Impto Diferido Cuentas Por Cobrar','T','D','','','','','','S','N',0.00),('58220301','Impto Diferido Cuentas Por Cobrar','D','D','S','','','','S','S','N',0.00);

--
-- Table structure for table `cuentas_niif`
--

CREATE TABLE `cuentas_niif` (
  `cu_codcta` char(12) NOT NULL,
  `cu_nombre` char(50) NOT NULL DEFAULT '',
  `cu_tipcta` char(1) NOT NULL DEFAULT '',
  `cu_natura` char(1) NOT NULL DEFAULT '',
  `cu_tercer` char(1) NOT NULL DEFAULT '',
  `cu_tipter` char(1) NOT NULL DEFAULT '',
  `cu_segaux` char(1) NOT NULL DEFAULT '',
  `cu_tipseg` char(1) NOT NULL DEFAULT '',
  `cu_cencos` char(1) NOT NULL DEFAULT '',
  `cu_balanc` char(1) NOT NULL DEFAULT '',
  `cu_basere` char(1) NOT NULL DEFAULT '',
  `cu_porcen` decimal(2,2) NOT NULL DEFAULT '0.00',
  PRIMARY KEY (`cu_codcta`)
) ENGINE=MyISAM DEFAULT CHARSET=latin1;

--
-- Dumping data for table `cuentas_niif`
--


--
-- Table structure for table `cuentasban`
--

CREATE TABLE `cuentasban` (
  `cb_cuenta` char(12) NOT NULL,
  `cb_descri` char(50) DEFAULT NULL,
  `cb_codigo` char(12) DEFAULT NULL,
  PRIMARY KEY (`cb_cuenta`)
) ENGINE=MyISAM DEFAULT CHARSET=latin1;

--
-- Dumping data for table `cuentasban`
--

INSERT INTO `cuentasban` (`cb_cuenta`, `cb_descri`, `cb_codigo`) VALUES ('11100503','BANCOLOMBIA CTE 78290876064','11100503'),('11100502','BOGOTA 588146928','11100502'),('11050201','Caja Menor','11050201'),('0','NO APLICA','');

--
-- Table structure for table `cuentaspre`
--

CREATE TABLE `cuentaspre` (
  `cup_codcta` varchar(25) NOT NULL,
  `cup_nombre` varchar(100) NOT NULL,
  `cup_tipcta` char(1) NOT NULL DEFAULT '',
  `cup_cxp` varchar(12) NOT NULL,
  `cup_gasto` varchar(12) NOT NULL,
  `cup_pcgp` varchar(30) NOT NULL,
  `cup_recursos` varchar(20) NOT NULL,
  `cup_oei` varchar(20) NOT NULL,
  `cup_destinacion` varchar(20) NOT NULL,
  `cup_tercero` varchar(20) NOT NULL,
  `cup_finalidad` varchar(20) NOT NULL,
  `cup_situacion` varchar(1) NOT NULL,
  `cup_chip` varchar(30) NOT NULL,
  PRIMARY KEY (`cup_codcta`)
) ENGINE=MyISAM DEFAULT CHARSET=latin1;

--
-- Dumping data for table `cuentaspre`
--

INSERT INTO `cuentaspre` (`cup_codcta`, `cup_nombre`, `cup_tipcta`, `cup_cxp`, `cup_gasto`, `cup_pcgp`, `cup_recursos`, `cup_oei`, `cup_destinacion`, `cup_tercero`, `cup_finalidad`, `cup_situacion`, `cup_chip`) VALUES ('30001','REEMBOLSO CAJA MENOR','D','','','','','','','','','',''),('1214','RECURSOS DE TERCEROS ','T','240790','240790','','','','','','','',''),('1','INGRESOS ','T','','','','','','','','','',''),('1002','BANCOS ','D','','','','','','','','','',''),('11','INGRESOS CORRIENTES ','T','','','','','','','','','',''),('1102','NO TRIBUTARIOS ','T','','','','','','','','','',''),('110204','OPERACIONALES ','T','','','','','','','','','',''),('11020403','VENTA DE SERVICIOS ','T','','','','','','','','','',''),('1102040313','SERVICIOS DE ASEO ','T','','','','','','','','','',''),('110204031301','TARIFA RESIDENCIAL ','D','','','','','','','','','',''),('110204031303','TARIFA PEQUENOS PRODUCTORES ','D','','','','','','','','','',''),('110204031304','FONDO DE REDISTRIBUCION DE INGRESOS ','D','','','','','','','','','',''),('110204031398','OTROS SERVICIOS DE ASEO ','D','','','','','','','','','',''),('1202','OTROS RECURSOS DE CAPITAL ','T','','','','','','','','','',''),('120203','RENDIMIENTOS POR OPERACIONES FINANCIERAS ','T','','','','','','','','','',''),('12020301','INTERESES ','T','','','','','','','','','',''),('1202030101','PROVENIENTES DE RECURSOS DE LIBRE DESTINACION ','T','','','','','','','','','',''),('120203010198','OTROS INTERESES DE LIBRE DESTINACION ','D','','','','','','','','','',''),('2','GASTOS DE FUNCIONAMIENTO ','T','','','','','','','','','',''),('21101','GASTOS DE PERSONAL ','T','','','','','','','','','',''),('2110101','SERVICIOS PERSONALES ASOCIADOS A LA NOMINA ','T','','','','','','','','','',''),('2110101001','SUELDOS DE PERSONAL DE NOMINA ','T','','','','','','','','','',''),('211010100101','SUELDOS ','D','','','','','','','','','',''),('211010100105','Auxilio de transporte','D','','','','','','','','','',''),('211010100106','Prima de servicio','D','','','','','','','','','',''),('211010100107','BonificaciOn por servicios prestados','D','','','','','','','','','',''),('211010100108','Prestaciones sociales','T','','','','','','','','','',''),('21101010010801','Prima de navidad','D','','','','','','','','','',''),('21101010010802','Prima de vacaciones','D','','','','','','','','','',''),('211010100198','OTROS SERVICIOS PERSONALES ASOCIADOS A LA NOMINA ','T','','','','','','','','','',''),('21101010019801','OTROS SERVICIOS PERSONALES ASOCIADOS A LA NOMINA ','D','','','','','','','','','',''),('2110102','SERVICIOS PERSONALES INDIRECTOS ','T','','','','','','','','','',''),('2110102001','HONORARIOS PROFESIONALES ','D','','','','','','','','','',''),('2110103','CONTRIBUCIONES INHERENTES A LA NOMINA ','T','','','','','','','','','',''),('2110103001','AL SECTOR PRIVADO ','T','','','','','','','','','',''),('211010300101','FONDOS DE CESANTIAS ','D','','','','','','','','','',''),('211010300102','FONDOS DE PENSIONES ','D','','','','','','','','','',''),('211010300103','ADMINISTRADORAS RIESGOS PROFESIONALES ','D','','','','','','','','','',''),('211010300104','APORTES PARAFISCALES A LAS CAJAS DE COMPENSACION FAMILIAR ','D','','','','','','','','','',''),('212','GASTOS GENERALES ','T','','','','','','','','','',''),('21201','ADQUISICION DE BIENES ','T','','','','','','','','','',''),('2120101','MATERIALES Y SUMINISTROS ','T','','','','','','','','','',''),('2120101001','MATERIALES Y SUMINISTROS ','T','','','','','','','','','',''),('212010100101','MATERIALES Y SUMINISTROS ','D','','','','','','','','','',''),('212010100105','DOTACION DE PERSONAL ','D','','','','','','','','','',''),('21202','ADQUISICION DE SERVICIOS ','T','','','','','','','','','',''),('2120201','MATERIALES Y SUMINISTROS ','T','','','','','','','','','',''),('2120201003','VIATICOS Y GASTOS DE VIAJE ','D','','','','','','','','','',''),('2120201005','COMUNICACIONES Y TRANSPORTE ','D','','','','','','','','','',''),('2120201007','SERVICIOS PUBLICOS ','D','','','','','','','','','',''),('2120201009','SEGUROS ','D','','','','','','','','','',''),('2120202','AdquisiciOn de servicios','T','','','','','','','','','',''),('2120202015','MANTENIMIENTO ','D','','','','','','','','','',''),('2120202021','ARRENDAMIENTOS ','D','','','','','','','','','',''),('2120202023','COMISIONES, INTERESES Y DEMAS GASTOS BANCARIOS Y FIDUCIARIOS ','D','','','','','','','','','',''),('2120202098','OTRAS ADQUISICIONES DE SERVICIOS ','D','','','','','','','','','',''),('2120203','IMPUESTOS Y MULTAS ','D','','','','','','','','','',''),('213','TRANSFERENCIAS CORRIENTES ','T','','','','','','','','','',''),('21301','AL SECTOR PUBLICO ','T','','','','','','','','','',''),('2130101','AL NIVEL NACIONAL ','T','','','','','','','','','',''),('2130101001','A ENTIDADES DESCENTRALIZADAS NACIONALES ','T','','','','','','','','','',''),('213010100101','A ENTIDADES NO FINANCIERAS NACIONALES ','D','','','','','','','','','',''),('213010100198','OTROS PAGOS A ENTIDADES NO FINANCIERAS NACIONALES NO CONSIDERADAS EMPRESAS ','D','','','','','','','','','',''),('215','GASTOS NO OPERACIONALES ','T','','','','','','','','','',''),('2150107','MULTAS, SANCIONES Y LITIGIOS ','D','','','','','','','','','',''),('22','GASTOS DE OPERACION ','T','','','','','','','','','',''),('221','PRINCIPAL ','T','','','','','','','','','',''),('22101','GASTOS DE COMERCIALIZACION ','T','','','','','','','','','',''),('2210101','GASTOS DE COMERCIALIZACION ','T','','','','','','','','','',''),('2210101093','PAGOS VIGENCIAS ANTERIORES ','D','','','','','','','','','',''),('2210198','OTROS GASTOS DE COMERCIALIZACION ','T','','','','','','','','','',''),('2210101098','OTROS GASTOS DE COMERCIALIZACION NO ESPECIFICADOS ','D','','','','','','','','','',''),('23','GASTOS DE INVERSION ','T','','','','','','','','','',''),('231','DOTACION ','T','','','','','','','','','',''),('23101','EQUIPOS, MATERIALES, SUMINISTROS Y SERVICIOS PROPIOS DEL SECTOR ','T','','','','','','','','','',''),('2310101','ADQUISICION Y/O PRODUCCION DE EQUIPOS, MATERIALES, SUMINISTROS Y SERVICIOS PROPIOS DEL SECTOR ','T','','','','','','','','','',''),('2310101001','OTROS GASTOS ADQUISICION Y/O PRODUCCION EQUIPOS, MATERIALES, SUMINISTROS Y SERVICIOS PROPIOS SECTOR ','D','','','','','','','','','',''),('232','AQUISICION DE BIENES Y SERVICIOS ','T','','','','','','','','','',''),('23201','EQUIPOS, MATERIALES, SUMINISTROS Y SERVICIOS ADMINISTRATIVOS ','T','','','','','','','','','',''),('2320101','ADQUISICION Y/O PRODUCCION DE EQUIPOS, MATERIALES, SUMINISTROS Y SERVICIOS ADMINISTRATIVOS ','T','','','','','','','','','',''),('2320101001','OTROS GASTOS ADQUISICION Y/O PRODUCCION EQUIPOS, MATERIALES, SUMINISTROS Y SERVICIOS ADMINISTRATIVOS','T','','','','','','','','','',''),('232010100101','OTROS GASTOS ADQUISICION Y/O PRODUCCION EQUIPOS, MATERIALES, SUMINISTROS Y SERVICIOS ADMINISTRATIVOS','D','','','','','','','','','',''),('2303','RECURSO HUMANO ','T','','','','','','','','','',''),('230301','DIVULGACION, ASISTENCIA TECNICA Y CAPACITACION DEL RECURSO HUMANO ','T','','','','','','','','','',''),('23030198','OTROS GASTOS EN DIVULGACION, ASISTENCIA TECNICA Y CAPACITACION DEL RECURSO HUMANO ','D','','','','','','','','','',''),('121401','AHORRO VOLUNTARIO DE LOS TRABAJADORES','D','240790','240790','','','','','','','',''),('121402','DEPÓSITO EN PRENDA','D','240790','240790','','','','','','','',''),('121403','AUXILIO MUTUO','D','240790','240790','','','','','','','',''),('121404','RECURSOS DE TERCEROS EN ADMINISTRACIÓN','D','240790','240790','','','','','','','',''),('24502','ADQUISICIÓN DE SERVICIOS','T','','','','','','','','','',''),('2450205','SERVICIOS DE LA CONSTRUCCIÓN','D','240790','240790','','','','','','','',''),('2450206','SERVICIOS DE ALOJAMIENTO; SERVICIOS DE SUMINISTRO DE COMIDAS Y BEBIDAS','D','240790','240790','','','','','','','',''),('2450207','SERVICIOS PRESTADOS A LAS EMPRESAS Y SERVICIOS DE PRODUCCIÓN','D','240790','240790','','','','','','','',''),('2450208','SERVICIOS PRESTADOS A LAS EMPRESAS Y SERVICIOS DE PRODUCCIÓN','D','240790','240790','','','','','','','',''),('2450209','SERVICIOS PARA LA COMUNIDAD, SOCIALES Y PERSONALES','D','240790','240790','','','','','','','','');

--
-- Table structure for table `cuentaspred`
--

CREATE TABLE `cuentaspred` (
  `cupd_codcta` varchar(25) NOT NULL,
  `cupd_tipcta` varchar(5) NOT NULL DEFAULT '',
  `cupd_nombre` varchar(100) NOT NULL,
  `cupd_cxp` varchar(12) NOT NULL,
  `cupd_gasto` varchar(12) NOT NULL,
  PRIMARY KEY (`cupd_codcta`,`cupd_tipcta`)
) ENGINE=MyISAM DEFAULT CHARSET=latin1;

--
-- Dumping data for table `cuentaspred`
--

INSERT INTO `cuentaspred` (`cupd_codcta`, `cupd_tipcta`, `cupd_nombre`, `cupd_cxp`, `cupd_gasto`) VALUES ('110204031301','1','BANCOLOMBIA CTE 78290876064','13180401','11100503'),('110204031303','1','BANCOLOMBIA CTE 78290876064','13180401','11100503'),('110204031304','1','BOGOTA 588146928 COROZAL','13180401','11100502'),('110204031398','1','BOGOTA 588146928 COROZAL','13180402','11100502'),('120203010198','1','BANCOLOMBIA CTE 78290876064','48020101','11100503'),('120203010198','2','BOGOTA 588146928 COROZAL','48020101','11100502'),('120203010198','3','BANCOLOMBIA CTE 78290876064','48020102','11100503'),('211010100101','1','Sueldo Personal','25110101','51010101'),('211010100105','1','Auxilio de transporte','25110101','51012301'),('211010100106','1','Prima de Servicios','25110601','51070601'),('211010100107','1','Bonificacion por servicios','25110101','51011901'),('21101010010801','1','Prima de Servicios','25110601','51070601'),('21101010010802','1','Prima de Vacaciones','25110501','51070401'),('21101010019801','1','indemnizaciones','25130101','51020301'),('2110102001','1','Honorarios','24905401','51117901'),('2110102001','2','Servicios','24905501','51118001'),('2110102001','3','Estudios','24905401','75420801'),('2110102001','4','Catastro de Usuarios','24905401','75420802'),('2110102001','5','Manual de Contratacion','24905401','75420803'),('2110102001','6','Auditoria Externa','24905401','75429001'),('2110102001','7','Honorarios Juridicos','24905401','75429005'),('2110102001','8','Iva19%','24905401','75429097'),('211010300101','1','Cesantias','25110201','51070201'),('211010300101','2','Intereses a las cesantias','25110301','51070301'),('211010300102','1','Cotizaciones a entidades administradoras del regim','25112201','51030701'),('211010300103','1','Aporte Riesgos Profesionales','25111101','51030501'),('211010300104','1','Cajas de Compensacion Familiar','25112401','51030201'),('212010100101','1','Materiales y Suministros','24909001','51111401'),('212010100101','2','Utiles de Aseo','24909001','51111403'),('212010100101','3','Fotocopias','24909001','51112201'),('212010100101','4','Comunicaiones y Transporte','24909001','51112301'),('212010100101','5','Combustibles y Lubricantes','24010101','51114601'),('212010100101','6','Servicio Restaurante y Cafeteria','24909001','51114901'),('212010100101','7','Iva 19%','24909001','51115597'),('212010100105','1','Dotacion y suministro a trabajadores','24909001','51080401'),('2120201003','1','Viaticos y gastos de viaje','24902701','51111901'),('2120201005','1','Comunicaiones y Transporte','24909001','51112301'),('2120201007','1','Serv. Telecomunicaciones','24905103','51111701'),('2120201007','2','Serv. de energia','24905101','51111702'),('2120201007','3','Conctabilizacion 3','24905102','51111703'),('2120201009','1','Seguros generales','24902801','51112502'),('2120202015','1','Mantenimiento','24905501','51111501'),('2120202015','2','Reparaciones','24905501','51111601'),('2120202021','1','Arrendamiento Bienes Inmuebles','24905801','51111801'),('2120202023','1','Comisiones servicios financieros','24905101','58024001'),('2120202023','2','Intereses de Mora','24905101','58043901'),('2120202098','1','Elementos de aseo, lavanderia y cafeteria','24909001','51115501'),('2120202098','2','Publicidad y propaganda','24909001','51112001'),('2120202098','3','Utiles y Papeleria','24909001','51111402'),('2120202098','4','Impresos, publicaciones, suscripciones y afiliacio','24909001','51112101'),('2120203','1','Impuesto Sobre la Renta y Complementarios','24400101','58210101'),('2120203','2','Impuesto Industria y Comercio','24400401','51200901'),('213010100101','1','Contribucion A La CRA','24402303','51202601'),('213010100101','2','Contribucion a la SSPD','24402301','51202602'),('2150107','1','Multas y Sanciones','24904501','58902501'),('2210101098','1','ComisiÃ³n Por Recaudos','24010102','75709002'),('2210101098','2','Contrato Mano de Obra y Limpieza','24010102','75709003'),('2210101098','3','Arreglo Parque Sevilla','24010102','75709004'),('2210101098','4','Iva 19%','24010102','75709097'),('2210101093','1','Otras cuentas por pagar','24909001','24909001'),('2210101093','2','Proveedores de Bienes Sevilla','24010101','24010101'),('2210101093','3','Proveedores de Servicios Sevilla','24010102','24010102'),('2120202023','3','Impuestos Asumidos','24909001','58900301'),('212010100101','8','Otros Gastos Generales ','24909001','51119001'),('2210101093','4','Cesantias Consolidadas','24909001','25110201'),('2210101093','5','Intereses a Las Cesantias ','24909001','25110301'),('2210101093','6','Prima de Servicios ','24909001','25110601'),('2210101093','7','Vacaciones ','24909001','25110501'),('2120202021','2','Combustible ','24909001','51114601'),('212010100101','9','Renovacion de Camara de Comercio','24909001','51116401'),('21101010019801','2','Examenes Salud Ocupacional ','24259001','51089002'),('212010100101','10','ACTIVOS DE MENOR CUANTIA ','2490900','51119002'),('232010100101','1','Mantenimiento Infraestructura ','24010102','75400901'),('2210101098','5','Transporte y Recolección De Residuos ','24010102','75040205 '),('2150107','2','Impuestos Arumidos ','24909001','58900301'),('2120202023','4','Gravamen a los Moviemientos 4 x Mil ','24909001','51202401'),('2120203','3','Impuestos Asumidos ','24909001','58900301'),('232010100101','2','CONVENIO INTERADMINISTRATIVO PARQUE ','24010101','75709004'),('2450209','1','SERVICIOS PARA LA COMUNIDAD, SOCIALES Y PERSONALES','24010102','24079001'),('2450209','2','SERVICIOS PARA LA COMUNIDAD, SOCIALES Y PERSONALES','24010102','75709004'),('212010100101','11','SUM DE MATERIAL DE FERRETERIA ','24010101','75020101'),('2310101001','1','SUM DE MATERIAL DE FERRETERIA ','24010101','75020101'),('2120202015','3','Adecuacion Espacio Publicos ','24010102','75709004'),('2210101093','8','SSPD','24402301','24402301'),('213010100198','1','Superintendencia de Servicios Publicos Domicialiarios ','24402301','51202602');

--
-- Table structure for table `cuotasnom_liq`
--

CREATE TABLE `cuotasnom_liq` (
  `ct_periodo` int(7) NOT NULL DEFAULT '0',
  `ct_cedula` bigint(12) NOT NULL DEFAULT '0',
  `ct_codcon` int(4) NOT NULL,
  `ct_cobro` int(4) NOT NULL,
  `ct_totfin` double(15,2) DEFAULT NULL,
  `ct_vlrtot` double(15,2) DEFAULT NULL,
  `ct_vlrcuo` double(15,2) DEFAULT NULL,
  `ct_cuotas` int(9) DEFAULT NULL,
  `ct_pagada` int(9) DEFAULT NULL,
  `ct_fecreg` date DEFAULT NULL,
  `ct_usuari` char(12) NOT NULL,
  `ct_estado` char(1) NOT NULL DEFAULT 'A',
  PRIMARY KEY (`ct_periodo`,`ct_cedula`,`ct_codcon`,`ct_cobro`),
  KEY `ct_cedula` (`ct_cedula`),
  KEY `ct_codcon` (`ct_codcon`)
) ENGINE=MyISAM DEFAULT CHARSET=latin1;

--
-- Dumping data for table `cuotasnom_liq`
--


--
-- Table structure for table `cxp`
--

CREATE TABLE `cxp` (
  `cxp_numero` int(9) NOT NULL,
  `cxp_codcli` bigint(12) NOT NULL DEFAULT '0',
  `cxp_nropla` char(6) DEFAULT NULL,
  `cxp_codres` char(12) NOT NULL,
  `cxp_fecreg` date DEFAULT NULL,
  `cxp_horreg` time NOT NULL DEFAULT '00:00:00',
  `cxp_vlrtot` double(15,2) DEFAULT NULL,
  `cxp_descli` double(15,2) DEFAULT NULL,
  `cxp_vlriva` double(15,2) DEFAULT NULL,
  `cxp_vlretencion` double(15,2) NOT NULL,
  `cxp_vlreteica` double(15,2) NOT NULL,
  `cxp_vlretebom` double(15,2) NOT NULL,
  `cxp_vlreteiva` double(15,2) NOT NULL,
  `cxp_apagar` double(15,2) DEFAULT NULL,
  `cxp_estado` char(1) NOT NULL,
  `cxp_tippag` char(1) NOT NULL,
  `cxp_pagado` double(15,2) DEFAULT NULL,
  `cxp_observ` varchar(70) NOT NULL,
  `cxp_fecven` date DEFAULT NULL,
  `cxp_usuari` char(12) NOT NULL,
  PRIMARY KEY (`cxp_numero`),
  KEY `cxp_codcli` (`cxp_codcli`),
  KEY `cxp_nropla` (`cxp_nropla`),
  KEY `cxp_codres` (`cxp_codres`)
) ENGINE=MyISAM DEFAULT CHARSET=latin1;

--
-- Dumping data for table `cxp`
--

INSERT INTO `cxp` (`cxp_numero`, `cxp_codcli`, `cxp_nropla`, `cxp_codres`, `cxp_fecreg`, `cxp_horreg`, `cxp_vlrtot`, `cxp_descli`, `cxp_vlriva`, `cxp_vlretencion`, `cxp_vlreteica`, `cxp_vlretebom`, `cxp_vlreteiva`, `cxp_apagar`, `cxp_estado`, `cxp_tippag`, `cxp_pagado`, `cxp_observ`, `cxp_fecven`, `cxp_usuari`) VALUES (210002,14231061,'','contable','2021-04-10','11:41:18',873050.00,0.00,0.00,0.00,0.00,0.00,0.00,873050.00,'C','N',873050.00,'','2021-04-10','contable'),(210001,809011510,'','contable','2021-01-01','06:15:38',1147034.00,0.00,0.00,0.00,0.00,0.00,0.00,1147034.00,'P','N',0.00,'','2021-01-01','contable'),(210003,800197268,'','contable','2021-04-10','12:41:44',1720000.00,0.00,0.00,0.00,0.00,0.00,0.00,1720000.00,'C','N',1720000.00,'','2021-04-10','contable'),(210004,900297728,'','contable','2021-01-18','12:51:50',1553300.00,0.00,0.00,0.00,0.00,0.00,0.00,1553300.00,'C','N',1553300.00,'','2021-01-18','contable'),(210005,38755334,'','contable','2021-04-10','12:52:40',1576176.00,0.00,0.00,0.00,0.00,0.00,0.00,1576176.00,'C','N',1576176.00,'','2021-04-10','contable'),(210006,29820546,'','contable','2021-01-20','06:46:35',1399850.00,0.00,0.00,0.00,0.00,0.00,0.00,1399850.00,'C','N',1399850.00,'','2021-01-20','contable'),(210007,6459687,'','contable','2021-01-21','09:14:39',2382615.00,0.00,0.00,0.00,0.00,0.00,0.00,2382615.00,'C','N',2382615.00,'','2021-01-21','contable'),(210008,800153993,'','contable','2021-01-23','09:22:52',126609.00,0.00,0.00,0.00,0.00,0.00,0.00,126609.00,'C','N',126609.00,'','2021-01-23','contable'),(210009,900297728,'','admin','2021-01-27','10:20:25',699998.00,0.00,0.00,0.00,0.00,0.00,0.00,699998.00,'C','N',699998.00,'','2021-01-27','admin'),(210010,28538715,'','contable','2021-01-29','11:42:25',908526.00,0.00,0.00,0.00,0.00,0.00,0.00,908526.00,'C','N',908526.00,'','2021-01-29','contable'),(210011,900297728,'','contable','2021-01-29','12:25:38',9025866.06,0.00,0.00,0.00,0.00,0.00,0.00,9025866.06,'P','N',0.00,'','2021-01-29','contable'),(210012,53119470,'','contable','2021-01-29','12:44:21',908526.00,0.00,0.00,0.00,0.00,0.00,0.00,908526.00,'C','N',908526.00,'','2021-01-29','contable'),(210013,809011510,'','contable','2021-01-29','01:15:37',1147034.11,0.00,0.00,0.00,0.00,0.00,0.00,1147034.11,'C','N',1147034.11,'      ','2021-01-29','admin'),(210014,900297728,'','contable','2021-01-30','05:32:46',250580.24,0.00,0.00,0.00,0.00,0.00,0.00,250580.24,'P','N',0.00,'','2021-01-30','contable'),(210015,6459687,'','contable','2021-01-30','06:39:10',2382615.00,0.00,0.00,0.00,0.00,0.00,0.00,2382615.00,'P','N',0.00,'','2021-01-30','contable'),(210016,900301855,'','contable','2021-01-30','06:48:18',1420250.00,0.00,0.00,0.00,0.00,0.00,0.00,1420250.00,'P','N',1414075.00,'','2021-01-30','contable'),(210017,14281879,'','contable','2021-01-30','07:20:46',1930000.00,0.00,0.00,0.00,0.00,0.00,0.00,1930000.00,'C','N',1930000.00,'','2021-01-30','contable'),(210018,900301855,'','contable','2021-02-06','03:48:26',5725000.00,0.00,0.00,0.00,0.00,0.00,0.00,5725000.00,'C','N',5725000.00,'','2021-02-06','contable'),(210019,19374441,'','contable','2021-02-08','04:19:06',1248996.00,0.00,0.00,0.00,0.00,0.00,0.00,1248996.00,'C','N',1248996.00,'','2021-02-08','contable'),(210020,900297728,'','contable','2021-02-12','06:01:43',4893546.00,0.00,0.00,0.00,0.00,0.00,0.00,4893546.00,'C','N',4893546.00,'','2021-02-12','contable'),(210021,900297728,'','contable','2021-02-12','07:22:20',643937.00,0.00,0.00,0.00,0.00,0.00,0.00,643937.00,'C','N',643937.00,'','2021-02-12','contable'),(210022,14231061,'','contable','2021-02-18','09:32:45',2139773.00,0.00,0.00,0.00,0.00,0.00,0.00,2139773.00,'P','N',2129773.00,'','2021-02-18','contable'),(210023,900297728,'','contable','2021-02-25','12:06:03',868969.00,0.00,0.00,0.00,0.00,0.00,0.00,868969.00,'P','N',868829.00,'','2021-02-25','contable'),(210024,6459687,'','contable','2021-02-25','12:19:39',2382615.00,0.00,0.00,0.00,0.00,0.00,0.00,2382615.00,'C','N',2382615.00,'','2021-02-25','contable'),(210026,900297728,'','contable','2021-02-28','03:25:10',1136029.45,0.00,0.00,0.00,0.00,0.00,0.00,1136029.45,'P','N',0.00,'','2021-02-28','contable'),(210025,800100527,'','contable','2021-02-25','01:40:11',1267600.00,0.00,0.00,0.00,0.00,0.00,0.00,1267600.00,'C','N',1267600.00,'','2021-02-25','contable'),(210027,900297728,'','contable','2021-04-18','03:44:49',532041.00,0.00,0.00,0.00,0.00,0.00,0.00,532041.00,'P','N',0.00,'','2021-04-18','contable'),(210028,900301855,'','contable','2021-02-28','03:48:26',1420250.00,0.00,0.00,0.00,0.00,0.00,0.00,1420250.00,'P','N',2828150.00,'','2021-02-28','contable'),(210029,800249860,'','contable','2021-02-28','04:07:06',11126511.00,0.00,0.00,0.00,0.00,0.00,0.00,11126511.00,'P','N',0.00,'','2021-02-28','contable'),(210030,809011510,'','contable','2021-02-28','04:17:47',1147034.00,0.00,0.00,0.00,0.00,0.00,0.00,1147034.00,'C','N',1147034.00,'','2021-02-28','contable'),(210031,28538715,'','contable','2021-02-28','05:20:08',908526.00,0.00,0.00,0.00,0.00,0.00,0.00,908526.00,'C','N',908526.00,'','2021-02-28','contable'),(210032,53119470,'','contable','2021-02-28','05:24:18',908526.00,0.00,0.00,0.00,0.00,0.00,0.00,908526.00,'C','N',908526.00,'','2021-02-28','contable'),(210033,6457472,'','contable','2021-03-04','05:43:28',2789339.00,0.00,0.00,0.00,0.00,0.00,0.00,2789339.00,'C','N',2789339.00,'','2021-03-04','contable'),(210034,14231061,'','contable','2021-03-10','06:28:31',469101.00,0.00,0.00,0.00,0.00,0.00,0.00,469101.00,'C','N',469101.00,'','2021-03-10','contable'),(210035,6459687,'','contable','2021-03-10','06:42:23',4765230.00,0.00,0.00,0.00,0.00,0.00,0.00,4765230.00,'C','N',4765230.00,'','2021-03-10','contable'),(210036,800100527,'','contable','2021-03-16','06:53:23',633800.00,0.00,0.00,0.00,0.00,0.00,0.00,633800.00,'C','N',633800.00,'','2021-03-16','contable'),(210037,1110450802,'','contable','2021-03-23','07:06:02',686000.00,0.00,0.00,0.00,0.00,0.00,0.00,686000.00,'C','N',686000.00,'','2021-03-23','contable'),(210038,14231061,'','contable','2021-03-23','07:45:20',738683.00,0.00,0.00,0.00,0.00,0.00,0.00,738683.00,'C','N',738683.00,'','2021-03-23','contable'),(210039,800153993,'','contable','2021-03-23','07:52:51',163997.00,0.00,0.00,0.00,0.00,0.00,0.00,163997.00,'P','N',0.00,'','2021-03-23','contable'),(210040,14231061,'','contable','2021-03-24','08:04:37',980135.00,0.00,0.00,0.00,0.00,0.00,0.00,980135.00,'C','N',980135.00,'','2021-03-24','contable'),(210041,900301855,'','contable','2021-03-30','09:02:07',1420250.00,0.00,0.00,0.00,0.00,0.00,0.00,1420250.00,'C','N',1420250.00,'','2021-03-30','contable'),(210042,809011510,'','contable','2021-03-30','09:11:38',1367947.00,0.00,0.00,0.00,0.00,0.00,0.00,1367947.00,'C','N',1367947.00,'','2021-03-30','contable'),(210043,29820546,'','contable','2021-03-30','03:18:24',1117820.00,0.00,0.00,0.00,0.00,0.00,0.00,1117820.00,'C','N',1117820.00,'','2021-03-30','contable'),(210044,800249860,'','contable','2021-03-30','08:39:14',5637851.00,0.00,0.00,0.00,0.00,0.00,0.00,5637851.00,'P','N',0.00,'','2021-03-30','contable'),(210046,28538715,'','contable','2021-03-30','12:27:49',908526.00,0.00,0.00,0.00,0.00,0.00,0.00,908526.00,'C','N',908526.00,'','2021-03-30','contable'),(210047,53119470,'','contable','2021-03-30','12:30:58',908526.00,0.00,0.00,0.00,0.00,0.00,0.00,908526.00,'C','N',908526.00,'','2021-03-30','contable'),(210048,14231061,'','contable','2021-03-30','12:53:31',24000.00,0.00,0.00,0.00,0.00,0.00,0.00,24000.00,'C','N',24000.00,'','2021-03-30','contable'),(210049,891902186,'','contable','2021-03-30','05:34:18',1522900.00,0.00,0.00,0.00,0.00,0.00,0.00,1522900.00,'C','N',1522900.00,'','2021-03-30','contable'),(210050,900297728,'','contable','2021-03-30','06:01:17',9026136.73,0.00,0.00,0.00,0.00,0.00,0.00,9026136.73,'P','N',0.00,'','2021-03-30','contable'),(210052,900297728,'','contable','2021-03-30','10:12:14',693487.49,0.00,0.00,0.00,0.00,0.00,0.00,693487.49,'P','N',0.00,'','2021-03-30','contable'),(210053,14231061,'','contable','2021-03-30','09:21:31',267597.00,0.00,0.00,0.00,0.00,0.00,0.00,267597.00,'C','N',267597.00,'','2021-03-30','contable'),(210054,800100527,'','contable','2021-03-30','07:42:00',5406239.70,0.00,0.00,0.00,0.00,0.00,0.00,5406239.70,'C','N',5406239.70,'','2021-03-30','contable'),(210055,900297728,'','contable','2021-03-30','08:01:17',2700000.00,0.00,0.00,0.00,0.00,0.00,0.00,2700000.00,'C','N',2700000.00,'','2021-03-30','contable'),(210056,29820546,'','contable','2021-04-15','10:58:08',1179025.96,0.00,0.00,0.00,0.00,0.00,0.00,1179025.96,'P','N',1178802.00,'','2021-04-15','contable'),(210057,6459687,'','contable','2021-04-16','11:00:55',2382615.00,0.00,0.00,0.00,0.00,0.00,0.00,2382615.00,'C','N',2382615.00,'','2021-04-16','contable'),(210058,14231061,'','contable','2021-04-30','12:38:58',487687.00,0.00,0.00,0.00,0.00,0.00,0.00,487687.00,'C','N',487687.00,'','2021-04-30','contable'),(210059,14231061,'','contable','2021-04-30','05:56:24',754000.00,0.00,0.00,0.00,0.00,0.00,0.00,532041.00,'P','N',754000.00,'    ','2021-04-30','admin'),(210060,5822287,'','contable','2021-04-30','06:58:42',22000.00,0.00,0.00,0.00,0.00,0.00,0.00,22000.00,'P','N',0.00,'','2021-04-30','contable'),(210061,900301855,'','contable','2021-04-30','07:04:22',1420250.00,0.00,0.00,0.00,0.00,0.00,0.00,1420250.00,'C','N',1420250.00,'','2021-04-30','contable'),(210062,809011510,'','contable','2021-04-30','07:12:17',1367947.42,0.00,0.00,0.00,0.00,0.00,0.00,1367947.42,'P','N',1367947.00,'','2021-04-30','contable'),(210063,93363521,'','contable','2021-04-30','09:56:55',3139730.00,0.00,0.00,0.00,0.00,0.00,0.00,3139730.00,'C','N',3139730.00,'','2021-04-30','contable'),(210064,6459687,'','contable','2021-04-30','10:44:24',7729400.00,0.00,0.00,0.00,0.00,0.00,0.00,7729400.00,'C','N',7729400.00,'','2021-04-30','contable'),(210065,14231061,'','contable','2021-04-20','11:16:00',492648.00,0.00,0.00,0.00,0.00,0.00,0.00,492648.00,'C','N',492648.00,'','2021-04-20','contable'),(210066,800100527,'','contable','2021-04-30','11:55:09',633800.00,0.00,0.00,0.00,0.00,0.00,0.00,633800.00,'C','N',633800.00,'','2021-04-30','contable'),(210067,93363521,'','contable','2021-05-30','10:58:30',3358000.00,0.00,0.00,0.00,0.00,0.00,0.00,3358000.00,'P','N',0.00,'','2021-05-30','contable'),(210068,29820546,'','contable','2021-05-20','11:26:00',773489.00,0.00,0.00,0.00,0.00,0.00,0.00,773489.00,'C','N',773489.00,'','2021-05-20','contable'),(210069,28538715,'','contable','2021-04-30','12:17:07',908526.00,0.00,0.00,0.00,0.00,0.00,0.00,908526.00,'C','N',908526.00,'','2021-04-30','contable'),(210070,53119470,'','contable','2021-04-30','03:33:55',908526.00,0.00,0.00,0.00,0.00,0.00,0.00,906255.00,'C','N',908526.00,'    ','2021-04-30','contable'),(210071,800249860,'','contable','2021-05-31','06:17:04',12053460.00,0.00,0.00,0.00,0.00,0.00,0.00,12053460.00,'P','N',0.00,'','2021-05-31','contable'),(210072,800100527,'','contable','2021-05-28','08:28:16',633800.00,0.00,0.00,0.00,0.00,0.00,0.00,633800.00,'C','N',633800.00,'','2021-05-28','contable'),(210073,809012788,'','contable','2021-05-28','08:37:57',159813.00,0.00,0.00,0.00,0.00,0.00,0.00,159813.00,'C','N',159813.00,'','2021-05-28','contable'),(210074,809012788,'','contable','2021-05-28','08:54:23',126013.00,0.00,0.00,0.00,0.00,0.00,0.00,125887.00,'C','N',126013.00,'  ','2021-05-28','admin'),(210075,6459687,'','contable','2021-05-28','09:15:16',2385000.00,0.00,0.00,0.00,0.00,0.00,0.00,2385000.00,'P','N',2382616.00,'','2021-05-28','contable'),(210076,900301855,'','contable','2021-05-28','09:23:22',1420250.00,0.00,0.00,0.00,0.00,0.00,0.00,1420250.00,'C','N',1420250.00,'','2021-05-28','contable'),(210078,900297728,'','contable','2021-05-28','09:35:01',1800000.00,0.00,0.00,0.00,0.00,0.00,0.00,1800000.00,'C','N',1800000.00,'','2021-05-28','contable'),(210079,53119470,'','contable','2021-05-28','09:49:18',908526.00,0.00,0.00,0.00,0.00,0.00,0.00,885813.00,'C','N',908526.00,'  ','2021-05-28','contable'),(210080,28538715,'','contable','2021-05-28','09:54:35',908526.00,0.00,0.00,0.00,0.00,0.00,0.00,908526.00,'C','N',908526.00,'','2021-05-28','contable'),(210081,800197268,'','contable','2021-05-28','10:20:53',15792000.00,0.00,0.00,0.00,0.00,0.00,0.00,15792000.00,'P','N',0.00,'','2021-05-28','contable'),(210082,900297728,'','contable','2021-05-28','11:07:33',235223.00,0.00,0.00,0.00,0.00,0.00,0.00,235223.00,'C','N',235223.00,'','2021-05-28','contable'),(210077,809011510,'','contable','2021-05-28','09:31:07',1507275.00,0.00,0.00,0.00,0.00,0.00,0.00,1127290.00,'P','N',1367948.00,'  ','2021-05-28','contable'),(210083,93363521,'','contable','2021-05-28','02:52:47',3358000.00,0.00,0.00,0.00,0.00,0.00,0.00,3358000.00,'C','N',3358000.00,'','2021-05-28','contable'),(210085,29820546,'','contable','2021-05-28','05:13:59',598780.00,0.00,0.00,0.00,0.00,0.00,0.00,598780.00,'C','N',598780.00,'','2021-05-28','contable'),(210086,890903938,'','contable','2021-05-30','06:27:03',1038124.65,0.00,0.00,0.00,0.00,0.00,0.00,1038124.65,'C','N',1038124.65,'','2021-05-30','contable'),(210087,830122566,'','contable','2021-05-31','06:54:51',163997.00,0.00,0.00,0.00,0.00,0.00,0.00,163997.00,'C','N',163997.00,'','2021-05-31','contable'),(210088,900301855,'','contable','2021-06-04','04:15:58',4462815.00,0.00,0.00,0.00,0.00,0.00,0.00,4462815.00,'C','N',4462815.00,'','2021-06-04','contable'),(210089,900301855,'','contable','2021-06-04','04:39:46',1932773.00,0.00,0.00,0.00,0.00,0.00,0.00,1932773.00,'C','N',1932773.00,'','2021-06-04','contable'),(210090,93363521,'','contable','2021-06-23','01:55:17',2921460.00,0.00,0.00,0.00,0.00,0.00,0.00,2921460.00,'C','N',2921460.00,'','2021-06-23','contable'),(210091,900297728,'','contable','2021-06-24','11:09:18',2021618.00,0.00,0.00,0.00,0.00,0.00,0.00,2021618.00,'C','N',2021618.00,'','2021-06-24','contable'),(210092,65710785,'','contable','2021-06-25','10:18:46',4432500.00,0.00,0.00,0.00,0.00,0.00,0.00,4432500.00,'C','N',4432500.00,'','2021-06-25','contable'),(210093,900297728,'','contable','2021-06-25','12:29:41',724250.00,0.00,0.00,0.00,0.00,0.00,0.00,724250.00,'P','N',723854.00,'  ','2021-06-25','contable'),(210094,29820546,'','contable','2021-06-25','03:56:37',775950.00,0.00,0.00,0.00,0.00,0.00,0.00,775950.00,'C','N',775950.00,'','2021-06-25','contable'),(210084,809011510,'','contable','2021-05-28','03:17:25',1367947.42,0.00,0.00,0.00,0.00,0.00,0.00,1367947.42,'P','N',1367945.42,'','2021-05-28','contable'),(210095,900301855,'','contable','2021-06-30','10:18:59',1420250.00,0.00,0.00,0.00,0.00,0.00,0.00,1420250.00,'C','N',1420250.00,'','2021-06-30','contable'),(210096,28538715,'','contable','2021-06-30','10:26:03',908526.00,0.00,0.00,0.00,0.00,0.00,0.00,908526.00,'C','N',908526.00,'','2021-06-30','contable'),(210097,53119470,'','contable','2021-06-30','10:40:49',908526.00,0.00,0.00,0.00,0.00,0.00,0.00,908526.00,'C','N',908526.00,'','2021-06-30','contable'),(210098,900301855,'','contable','2021-06-30','11:36:46',2472533.00,0.00,0.00,0.00,0.00,0.00,0.00,2472533.00,'C','N',2472533.00,'','2021-06-30','contable'),(210099,900297728,'','contable','2021-06-30','12:04:58',8612339.25,0.00,0.00,0.00,0.00,0.00,0.00,8612339.25,'P','N',0.00,'','2021-06-30','contable'),(210100,29820546,'','contable','2021-06-30','12:15:40',330526.00,0.00,0.00,0.00,0.00,0.00,0.00,330526.00,'P','N',0.00,'','2021-06-30','contable'),(210101,800249860,'','contable','2021-06-30','12:23:24',5627278.00,0.00,0.00,0.00,0.00,0.00,0.00,5627278.00,'P','N',0.00,'','2021-06-30','contable'),(210102,900297728,'','contable','2021-06-30','10:27:47',455900.00,0.00,0.00,0.00,0.00,0.00,0.00,181800.00,'C','N',455900.00,'    ','2021-06-30','contable'),(210103,890903938,'','contable','2021-06-30','11:28:15',688231.10,0.00,0.00,0.00,0.00,0.00,0.00,688231.10,'C','N',688231.10,'','2021-06-30','contable'),(210104,809012788,'','contable','2021-06-30','12:20:10',290003.00,0.00,0.00,0.00,0.00,0.00,0.00,290003.00,'C','N',290003.00,'','2021-06-30','contable'),(210106,800100527,'','contable','2021-06-30','12:10:54',633800.00,0.00,0.00,0.00,0.00,0.00,0.00,633800.00,'C','N',633800.00,'','2021-06-30','contable'),(210107,6459687,'','contable','2021-06-30','12:49:34',2385000.00,0.00,0.00,0.00,0.00,0.00,0.00,2385000.00,'P','N',2382615.00,'','2021-06-30','contable'),(210108,900297728,'','contable','2021-06-30','10:08:14',47975.00,0.00,0.00,0.00,0.00,0.00,0.00,47975.00,'P','N',0.00,'','2021-06-30','contable'),(210105,860002964,'','contable','2021-06-30','11:19:17',40447.00,0.00,0.00,0.00,0.00,0.00,0.00,40447.00,'C','N',40447.00,'','2021-06-30','contable'),(210110,900297728,'','contable','2021-06-30','03:47:35',908526.00,0.00,0.00,0.00,0.00,0.00,0.00,908526.00,'P','N',0.00,'','2021-06-30','contable'),(210111,14231061,'','contable','2021-07-15','03:55:02',590364.00,0.00,0.00,0.00,0.00,0.00,0.00,590364.00,'C','N',590364.00,'','2021-07-15','contable'),(210112,800242106,'','contable','2021-07-15','04:21:31',349900.00,0.00,0.00,0.00,0.00,0.00,0.00,349900.00,'C','N',349900.00,'','2021-07-15','contable'),(210113,14231061,'','contable','2021-07-22','05:35:19',1146940.00,0.00,0.00,0.00,0.00,0.00,0.00,1146940.00,'C','N',1146940.00,'','2021-07-22','contable'),(210114,14231061,'','contable','2021-07-22','06:08:31',139473.00,0.00,0.00,0.00,0.00,0.00,0.00,139473.00,'P','N',130426.00,'','2021-07-22','contable'),(210115,809011510,'','contable','2021-07-26','06:48:54',1367947.42,0.00,0.00,0.00,0.00,0.00,0.00,1367947.42,'C','N',1367947.42,'','2021-07-26','contable'),(210116,14231061,'','contable','2021-07-29','07:09:44',1463558.00,0.00,0.00,0.00,0.00,0.00,0.00,1426969.00,'P','N',1463155.00,'  ','2021-07-29','admin'),(210117,800100527,'','contable','2021-07-29','07:36:56',633800.00,0.00,0.00,0.00,0.00,0.00,0.00,633800.00,'C','N',633800.00,'','2021-07-29','contable'),(210118,900297728,'','contable','2021-07-30','08:15:50',1800000.00,0.00,0.00,0.00,0.00,0.00,0.00,1800000.00,'C','N',1800000.00,'','2021-07-30','contable'),(210119,53119470,'','contable','2021-07-30','08:17:18',908526.00,0.00,0.00,0.00,0.00,0.00,0.00,908526.00,'C','N',908526.00,'','2021-07-30','contable'),(210120,900301855,'','contable','2021-07-30','08:24:40',1420250.00,0.00,0.00,0.00,0.00,0.00,0.00,1420250.00,'C','N',1420250.00,'','2021-07-30','contable'),(210121,809005093,'','contable','2021-07-30','08:58:18',808500.00,0.00,0.00,0.00,0.00,0.00,0.00,808500.00,'C','N',808500.00,'','2021-07-30','contable'),(210122,900301855,'','contable','2021-07-31','09:26:00',1932773.00,0.00,0.00,0.00,0.00,0.00,0.00,1932773.00,'C','N',1932773.00,'','2021-07-31','contable'),(210123,830075806,'','contable','2021-07-31','09:49:01',40000000.00,0.00,0.00,0.00,0.00,0.00,0.00,40000000.00,'C','N',40000000.00,'','2021-07-31','contable'),(210124,6459687,'','contable','2021-07-31','10:46:51',2382615.00,0.00,0.00,0.00,0.00,0.00,0.00,2382615.00,'C','N',2382615.00,'','2021-07-31','contable'),(210126,6459687,'','contable','2021-07-31','11:32:13',4224500.00,0.00,0.00,0.00,0.00,0.00,0.00,4224500.00,'P','N',4186250.00,'','2021-07-31','contable'),(210125,900297728,'','contable','2021-07-31','11:21:35',391250.00,0.00,0.00,0.00,0.00,0.00,0.00,391250.00,'P','N',0.00,'','2021-07-31','contable'),(210127,890903938,'','contable','2021-07-31','11:53:47',1192640.25,0.00,0.00,0.00,0.00,0.00,0.00,1192640.25,'C','N',1192640.25,'','2021-07-31','contable'),(210128,860002964,'','contable','2021-07-31','12:26:09',132065.00,0.00,0.00,0.00,0.00,0.00,0.00,132065.00,'C','N',132065.00,'  ','2021-07-31','contable'),(210129,800249860,'','contable','2021-07-31','09:18:34',5944131.00,0.00,0.00,0.00,0.00,0.00,0.00,5944131.00,'P','N',0.00,'','2021-07-31','contable'),(210131,79457037,'','contable','2021-08-26','02:31:50',3774750.00,0.00,0.00,0.00,0.00,0.00,0.00,3774750.00,'C','N',3774750.00,'','2021-08-26','contable'),(210130,900297728,'','contable','2021-07-31','10:11:16',7353072.15,0.00,0.00,0.00,0.00,0.00,0.00,7353072.15,'P','N',0.00,'','2021-07-31','contable'),(210132,14231061,'','contable','2021-05-08','07:32:23',732621.00,0.00,0.00,0.00,0.00,0.00,0.00,732621.00,'P','N',732182.00,'','2021-05-08','contable'),(210133,14231061,'','contable','2021-08-13','08:36:10',1626970.00,0.00,0.00,0.00,0.00,0.00,0.00,1626970.00,'P','N',1626670.00,'','2021-08-13','contable'),(210134,29820546,'','contable','2021-08-20','09:05:52',1439950.00,0.00,0.00,0.00,0.00,0.00,0.00,1439950.00,'C','N',1439950.00,'','2021-08-20','contable'),(210135,809011510,'','contable','2021-08-27','09:45:45',1367947.42,0.00,0.00,0.00,0.00,0.00,0.00,1367947.00,'P','N',1367947.00,'  ','2021-08-27','contable'),(210109,28538715,'','contable','2021-07-01','03:43:57',908526.00,0.00,0.00,0.00,0.00,0.00,0.00,908526.00,'C','N',908526.00,'','2021-07-01','contable'),(210137,28538715,'','contable','2021-07-01','11:07:15',908526.00,0.00,0.00,0.00,0.00,0.00,0.00,908526.00,'C','N',908526.00,'','2021-07-01','contable'),(210138,900301855,'','contable','2021-08-30','11:25:46',1414075.00,0.00,0.00,0.00,0.00,0.00,0.00,1414075.00,'C','N',1414075.00,'','2021-08-30','contable'),(210139,900301855,'','contable','2021-08-31','11:48:31',962185.00,0.00,0.00,0.00,0.00,0.00,0.00,962185.00,'C','N',962185.00,'','2021-08-31','contable'),(210140,900297728,'','contable','2021-08-31','11:58:17',900000.00,0.00,0.00,0.00,0.00,0.00,0.00,900000.00,'C','N',900000.00,'','2021-08-31','contable'),(210141,890903938,'','contable','2021-08-31','05:48:06',979292.33,0.00,0.00,0.00,0.00,0.00,0.00,979292.33,'C','N',979292.33,'','2021-08-31','contable'),(210142,891902186,'','contable','2021-08-31','06:25:38',341566.00,0.00,0.00,0.00,0.00,0.00,0.00,341566.00,'C','N',341566.00,'','2021-08-31','contable'),(210143,14231061,'','contable','2021-08-31','08:11:45',688692.00,0.00,0.00,0.00,0.00,0.00,0.00,688692.00,'C','N',688692.00,'','2021-08-31','contable'),(210144,800249860,'','contable','2021-09-09','10:27:27',5407682.00,0.00,0.00,0.00,0.00,0.00,0.00,5407682.00,'C','N',5407682.00,'','2021-09-09','contable'),(210145,14231061,'','contable','2021-08-31','10:45:09',190004.00,0.00,0.00,0.00,0.00,0.00,0.00,190004.00,'C','N',190004.00,'','2021-08-31','contable'),(210146,53119470,'','contable','2021-08-31','08:43:02',908526.00,0.00,0.00,0.00,0.00,0.00,0.00,908526.00,'C','N',908526.00,'','2021-08-31','contable'),(210147,900297728,'','contable','2021-08-31','09:16:44',33572.22,0.00,0.00,0.00,0.00,0.00,0.00,33572.22,'C','N',33572.22,'','2021-08-31','contable'),(210148,6459687,'','contable','2021-08-31','09:58:46',2382615.00,0.00,0.00,0.00,0.00,0.00,0.00,2370690.00,'C','N',2382615.00,'    ','2021-08-31','contable'),(210149,29820546,'','contable','2021-08-31','08:27:40',655769.00,0.00,0.00,0.00,0.00,0.00,0.00,655769.00,'C','N',655769.00,'','2021-08-31','contable'),(210150,6459687,'','contable','2021-09-03','12:19:24',2360750.00,0.00,0.00,0.00,0.00,0.00,0.00,2360750.00,'C','N',2360750.00,'','2021-09-03','contable'),(210151,14295369,'','contable','2021-09-03','12:03:22',2535000.00,0.00,0.00,0.00,0.00,0.00,0.00,2535000.00,'P','N',2534400.00,'','2021-09-03','contable'),(210152,29820546,'','contable','2021-09-16','04:19:16',933144.00,0.00,0.00,0.00,0.00,0.00,0.00,933144.00,'P','N',932867.00,'','2021-09-16','contable'),(210153,29820546,'','contable','2021-09-30','04:20:22',1679498.00,0.00,0.00,0.00,0.00,0.00,0.00,1679498.00,'P','N',1678785.00,'','2021-09-30','contable'),(210154,14231061,'','contable','2021-09-30','04:21:21',610386.00,0.00,0.00,0.00,0.00,0.00,0.00,610386.00,'C','N',610386.00,'','2021-09-30','contable'),(210155,900301855,'','contable','2021-09-30','04:23:57',1414075.00,0.00,0.00,0.00,0.00,0.00,0.00,1414075.00,'C','N',1414075.00,'','2021-09-30','contable'),(210156,809011510,'','contable','2021-09-30','04:31:20',1367947.42,0.00,0.00,0.00,0.00,0.00,0.00,1366047.42,'C','N',1367947.42,'    ','2021-09-30','contable'),(210157,800249860,'','contable','2021-09-30','04:44:00',6102585.00,0.00,0.00,0.00,0.00,0.00,0.00,6102585.00,'C','N',6102585.00,'','2021-09-30','contable'),(210158,900297728,'','contable','2021-09-30','06:10:21',8502054.23,0.00,0.00,0.00,0.00,0.00,0.00,8502054.23,'P','N',0.00,'','2021-09-30','contable'),(210159,900297728,'','contable','2021-09-30','06:22:04',295000.00,0.00,0.00,0.00,0.00,0.00,0.00,295000.00,'C','N',295000.00,'','2021-09-30','contable'),(210160,5819476,'','contable','2021-09-30','03:24:32',500000.00,0.00,0.00,0.00,0.00,0.00,0.00,500000.00,'C','N',500000.00,'','2021-09-30','contable'),(210161,800100527,'','contable','2021-09-30','05:37:14',1267600.00,0.00,0.00,0.00,0.00,0.00,0.00,1267600.00,'C','N',1267600.00,'','2021-09-30','contable'),(210162,28538715,'','contable','2021-09-30','05:49:39',908526.00,0.00,0.00,0.00,0.00,0.00,0.00,908526.00,'C','N',908526.00,'','2021-09-30','contable'),(210163,53119470,'','contable','2021-09-30','05:52:33',908526.00,0.00,0.00,0.00,0.00,0.00,0.00,908526.00,'C','N',908526.00,'','2021-09-30','contable'),(210164,900297728,'','contable','2021-09-30','05:54:38',900000.00,0.00,0.00,0.00,0.00,0.00,0.00,900000.00,'C','N',900000.00,'','2021-09-30','contable'),(210165,890903938,'','contable','2021-09-30','07:12:26',175237.51,0.00,0.00,0.00,0.00,0.00,0.00,175237.51,'C','N',175237.51,'','2021-09-30','contable'),(210176,800100527,'','contable','2021-10-28','09:40:10',633800.00,0.00,0.00,0.00,0.00,0.00,0.00,633800.00,'C','N',633800.00,'','2021-10-28','contable'),(210166,14231061,'','contable','2021-10-11','11:19:39',1018161.00,0.00,0.00,0.00,0.00,0.00,0.00,1018161.00,'P','N',1018021.00,'','2021-10-11','contable'),(210167,29820546,'','contable','2021-10-13','11:52:27',2686882.46,0.00,0.00,0.00,0.00,0.00,0.00,2686882.46,'P','N',2686384.00,'','2021-10-13','contable'),(210168,65779485,'','contable','2021-10-25','12:17:49',200000.00,0.00,0.00,0.00,0.00,0.00,0.00,200000.00,'C','N',200000.00,'','2021-10-25','contable'),(210169,14231061,'','contable','2021-10-29','04:28:28',881179.00,0.00,0.00,0.00,0.00,0.00,0.00,881179.00,'C','N',881179.00,'','2021-10-29','contable'),(210170,28538715,'','contable','2021-10-29','04:41:49',908526.00,0.00,0.00,0.00,0.00,0.00,0.00,908526.00,'C','N',908526.00,'','2021-10-29','contable'),(210171,900301855,'','contable','2021-10-29','05:02:50',1414075.00,0.00,0.00,0.00,0.00,0.00,0.00,1413075.00,'C','N',1414075.00,'  ','2021-10-29','contable'),(210172,900301855,'','contable','2021-10-29','05:21:33',962186.00,0.00,0.00,0.00,0.00,0.00,0.00,962185.00,'P','N',962185.00,'    ','2021-10-29','contable'),(210173,809011510,'','contable','2021-10-29','05:43:29',1367947.42,0.00,0.00,0.00,0.00,0.00,0.00,1367947.42,'C','N',1367947.42,'','2021-10-29','contable'),(210174,53119470,'','contable','2021-10-29','05:54:15',908526.00,0.00,0.00,0.00,0.00,0.00,0.00,908526.00,'C','N',908526.00,'','2021-10-29','contable'),(210175,890903938,'','contable','2021-10-31','10:52:40',405310.07,0.00,0.00,0.00,0.00,0.00,0.00,405310.07,'C','N',405310.07,'','2021-10-31','contable'),(210177,800249860,'','contable','2021-10-31','11:50:26',6289821.00,0.00,0.00,0.00,0.00,0.00,0.00,6289821.00,'C','N',6289821.00,'','2021-10-31','contable'),(210178,900297728,'','contable','2021-10-31','12:13:45',8441648.65,0.00,0.00,0.00,0.00,0.00,0.00,8441648.65,'P','N',0.00,'','2021-10-31','contable'),(210179,900297728,'','contable','2021-10-31','12:46:21',900000.00,0.00,0.00,0.00,0.00,0.00,0.00,900000.00,'C','N',900000.00,'','2021-10-31','contable'),(210180,6459687,'','contable','2021-10-31','02:44:39',2360750.00,0.00,0.00,0.00,0.00,0.00,0.00,2360750.00,'P','N',4721500.00,'','2021-10-31','contable'),(210181,14231061,'','contable','2021-11-09','08:18:20',1144051.00,0.00,0.00,0.00,0.00,0.00,0.00,1144051.00,'P','N',1143991.00,'','2021-11-09','contable'),(210182,800100527,'','contable','2021-11-16','08:36:39',633800.00,0.00,0.00,0.00,0.00,0.00,0.00,633800.00,'C','N',633800.00,'','2021-11-16','contable'),(210183,28873922,'','contable','2021-11-16','09:47:38',3000000.00,0.00,0.00,0.00,0.00,0.00,0.00,3000000.00,'P','N',1500000.00,'','2021-11-16','contable'),(210184,14231061,'','contable','2021-12-15','10:20:14',1316816.00,0.00,0.00,0.00,0.00,0.00,0.00,1316816.00,'C','N',1316816.00,'','2021-12-15','contable'),(210186,860524654,'','contable','2021-11-18','09:31:57',556871.00,0.00,0.00,0.00,0.00,0.00,0.00,556871.00,'C','N',556871.00,'','2021-11-18','contable'),(210187,900297728,'','contable','2021-11-30','10:09:28',8441648.65,0.00,0.00,0.00,0.00,0.00,0.00,8441648.65,'P','N',0.00,'','2021-11-30','contable'),(210188,28538715,'','contable','2021-11-30','10:12:16',908526.00,0.00,0.00,0.00,0.00,0.00,0.00,908526.00,'C','N',908526.00,'','2021-11-30','contable'),(210190,900301855,'','contable','2021-11-30','10:24:50',1414075.00,0.00,0.00,0.00,0.00,0.00,0.00,1414075.00,'C','N',1414075.00,'','2021-11-30','contable'),(210191,900301855,'','contable','2021-11-30','10:31:40',941177.00,0.00,0.00,0.00,0.00,0.00,0.00,941177.00,'P','N',0.00,'','2021-11-30','contable'),(210192,809011510,'','contable','2021-12-15','10:37:37',1507275.42,0.00,0.00,0.00,0.00,0.00,0.00,113925.42,'P','N',1367947.42,'      ','2021-12-15','contable'),(210193,14231061,'','contable','2021-11-30','11:00:11',1900588.00,0.00,0.00,0.00,0.00,0.00,0.00,1900588.00,'C','N',1900588.00,'','2021-11-30','contable'),(210194,38757399,'','contable','2021-11-30','11:18:17',1660765.00,0.00,0.00,0.00,0.00,0.00,0.00,1660765.00,'C','N',1660765.00,'','2021-11-30','contable'),(210195,14231061,'','contable','2021-11-30','11:24:42',492000.00,0.00,0.00,0.00,0.00,0.00,0.00,492000.00,'C','N',492000.00,'','2021-11-30','contable'),(210196,800249860,'','contable','2021-11-30','11:32:27',6693485.00,0.00,0.00,0.00,0.00,0.00,0.00,6693485.00,'C','N',6693485.00,'','2021-11-30','contable'),(210197,890903938,'','contable','2021-11-30','11:55:02',611545.97,0.00,0.00,0.00,0.00,0.00,0.00,611545.97,'C','N',611545.97,'','2021-11-30','contable'),(210198,53119470,'','contable','2021-11-30','12:04:33',908526.00,0.00,0.00,0.00,0.00,0.00,0.00,908526.00,'C','N',908526.00,'','2021-11-30','contable'),(210199,900297728,'','contable','2021-11-30','12:07:31',900000.00,0.00,0.00,0.00,0.00,0.00,0.00,900000.00,'C','N',900000.00,'','2021-11-30','contable'),(210200,6459687,'','contable','2021-12-16','09:37:01',2371437.00,0.00,0.00,0.00,0.00,0.00,0.00,2371437.00,'C','N',2371437.00,'','2021-12-16','contable'),(210201,1110450802,'','contable','2021-11-30','09:56:24',288800.00,0.00,0.00,0.00,0.00,0.00,0.00,288800.00,'C','N',288800.00,'  ','2021-11-30','contable'),(210202,38228232,'','contable','2021-12-07','10:19:20',95000.00,0.00,0.00,0.00,0.00,0.00,0.00,95000.00,'C','N',95000.00,'','2021-12-07','contable'),(210205,38755334,'','contable','2021-12-16','10:40:47',12795247.00,0.00,0.00,0.00,0.00,0.00,0.00,12795247.00,'C','N',12795247.00,'','2021-12-16','contable'),(210206,6459687,'','contable','2021-12-16','11:14:49',13298152.00,0.00,0.00,0.00,0.00,0.00,0.00,12960635.00,'C','N',13298152.00,'  ','2021-12-16','contable'),(210203,900297728,'','contable','2021-12-09','04:49:51',1465095.00,0.00,0.00,0.00,0.00,0.00,0.00,1465095.00,'P','N',1464668.00,'','2021-12-09','contable'),(210204,29820546,'','contable','2021-12-16','05:34:27',1069032.00,0.00,0.00,0.00,0.00,0.00,0.00,1069032.00,'C','N',1069032.00,'','2021-12-16','contable'),(210207,800100527,'','contable','2021-12-28','07:35:12',633800.00,0.00,0.00,0.00,0.00,0.00,0.00,633800.00,'P','N',1267600.00,'','2021-12-28','contable'),(210208,900301855,'','contable','2021-12-29','07:42:22',1414075.00,0.00,0.00,0.00,0.00,0.00,0.00,1414075.00,'C','N',1414075.00,'','2021-12-29','contable'),(210210,53119470,'','contable','2021-12-29','11:10:42',908526.00,0.00,0.00,0.00,0.00,0.00,0.00,908526.00,'C','N',908526.00,'','2021-12-29','contable'),(210211,28538715,'','contable','2021-12-31','11:13:26',908526.00,0.00,0.00,0.00,0.00,0.00,0.00,908526.00,'C','N',908526.00,'','2021-12-31','contable'),(210212,14231061,'','contable','2021-12-29','11:29:12',1735671.00,0.00,0.00,0.00,0.00,0.00,0.00,1735671.00,'P','N',1735426.00,'','2021-12-29','contable'),(210213,900297728,'','contable','2021-12-29','11:30:21',8441648.65,0.00,0.00,0.00,0.00,0.00,0.00,8441648.65,'P','N',0.00,'','2021-12-29','contable'),(210214,14231061,'','contable','2021-12-29','11:31:40',2842253.00,0.00,0.00,0.00,0.00,0.00,0.00,2842253.00,'P','N',2841960.00,'','2021-12-29','contable'),(210215,800250984,'','contable','2021-12-30','11:40:19',312859.00,0.00,0.00,0.00,0.00,0.00,0.00,312859.00,'P','N',0.00,'','2021-12-30','contable'),(210216,14231061,'','contable','2021-12-30','11:48:01',208900.00,0.00,0.00,0.00,0.00,0.00,0.00,208900.00,'P','N',0.00,'','2021-12-30','contable'),(210217,890903938,'','contable','2021-12-30','11:53:10',911615.27,0.00,0.00,0.00,0.00,0.00,0.00,911615.27,'C','N',911615.27,'','2021-12-30','contable'),(210218,809011510,'','contable','2021-12-31','07:49:09',471598.37,0.00,0.00,0.00,0.00,0.00,0.00,471598.37,'C','N',471598.37,'','2021-12-31','contable'),(210219,901451093,'','contable','2021-12-30','09:27:11',40635640.00,0.00,0.00,0.00,0.00,0.00,0.00,40635640.00,'P','N',24900000.00,'','2021-12-30','contable'),(210220,6459687,'','contable','2021-12-30','10:58:37',2372625.00,0.00,0.00,0.00,0.00,0.00,0.00,2372625.00,'P','N',0.00,'','2021-12-30','contable'),(210221,809011510,'','contable','2021-12-30','11:13:50',896349.05,0.00,0.00,0.00,0.00,0.00,0.00,896349.05,'C','N',896349.05,'','2021-12-30','contable'),(210222,94287305,'','contable','2021-12-31','11:54:20',10842500.00,0.00,0.00,0.00,0.00,0.00,0.00,10842500.00,'P','N',0.00,'','2021-12-31','contable'),(210223,14219700,'','contable','2021-12-31','12:44:20',3825156.00,0.00,0.00,0.00,0.00,0.00,0.00,3825156.00,'P','N',0.00,'','2021-12-31','contable'),(210224,900301855,'','contable','2021-12-31','12:44:20',1932773.00,0.00,0.00,0.00,0.00,0.00,0.00,1932773.00,'P','N',0.00,'','2021-12-31','contable'),(210225,800249860,'','contable','2021-12-31','04:55:23',5549200.00,0.00,0.00,0.00,0.00,0.00,0.00,5549200.00,'P','N',5549200.00,'','2021-12-31','contable'),(210226,901451093,'','contable','2021-12-31','05:10:37',10508521.65,0.00,0.00,0.00,0.00,0.00,0.00,10508521.65,'P','N',0.00,'','2021-12-31','contable'),(210227,6459687,'','contable','2021-12-31','07:25:50',79920.00,0.00,0.00,0.00,0.00,0.00,0.00,79920.00,'P','N',0.00,'','2021-12-31','contable'),(210228,900297728,'','contable','2021-12-30','05:45:30',93786.00,0.00,0.00,0.00,0.00,0.00,0.00,93786.00,'C','N',93786.00,'','2021-12-30','contable'),(210229,1110472397,'','contable','2021-12-31','06:26:39',806214.00,0.00,0.00,0.00,0.00,0.00,0.00,806214.00,'C','N',806214.00,'','2021-12-31','contable'),(210230,860002964,'','contable','2022-01-24','09:34:59',299151.00,0.00,0.00,0.00,0.00,0.00,0.00,299151.00,'P','N',598302.00,'','2022-01-24','contable'),(210231,900297728,'','contable','2021-12-31','12:00:23',14480828.66,0.00,0.00,0.00,0.00,0.00,0.00,14480828.66,'P','N',0.00,'','2021-12-31','contable'),(210232,800100527,'','contable','2021-12-31','05:47:38',6156617.00,0.00,0.00,0.00,0.00,0.00,0.00,6156617.00,'P','N',0.00,'','2021-12-31','contable'),(210233,800197268,'','contable','2021-12-31','03:14:05',23834000.00,0.00,0.00,0.00,0.00,0.00,0.00,23834000.00,'P','N',0.00,'','2021-12-31','contable'),(210234,800250984,'','contable','2022-03-02','03:39:38',509859.00,0.00,0.00,0.00,0.00,0.00,0.00,509859.00,'P','N',0.00,'','2022-03-02','contable');

--
